000
CDUS43 KOAX 250639
CLIOMA


CLIMATE REPORT
NATIONAL WEATHER SERVICE OMAHA NEBRASKA
137 AM CDT SUN SEP 25 2016


...................................

...THE OMAHA EPPLEY, NEBRASKA CLIMATE SUMMARY FOR SEPTEMBER 24 2016...

CLIMATE NORMAL PERIOD 1981 TO 2010
CLIMATE RECORD PERIOD 1871 TO 2016


WEATHER ITEM   OBSERVED TIME   RECORD YEAR NORMAL DEPARTURE LAST
                VALUE   (LST)  VALUE       VALUE  FROM      YEAR
                                                  NORMAL
..................................................................
TEMPERATURE (F)
 YESTERDAY
  MAXIMUM         84   1035 AM  91    1892  74     10       73
  MINIMUM         69   1159 PM  31    1965  50     19       66
  AVERAGE         77                        62     15       70

PRECIPITATION (IN)
  YESTERDAY        1.19          1.91 1913   0.08   1.11     1.48
  MONTH TO DATE    4.32                      2.19   2.13     9.00
  SINCE SEP 1      4.32                      2.19   2.13     9.00
  SINCE JAN 1     30.64                     25.30   5.34    35.65

SNOWFALL (IN)
  YESTERDAY        0.0                       0.0    0.0      0.0
  MONTH TO DATE    0.0                       0.0    0.0      0.0
  SINCE JUL 1      T                         0.0    0.0      0.0
  SNOW DEPTH       0

DEGREE DAYS
 HEATING
  YESTERDAY        0                         5     -5        0
  MONTH TO DATE    6                        58    -52       25
  SINCE SEP 1      6                        58    -52       25
  SINCE JUL 1      6                        66    -60       29

 COOLING
  YESTERDAY       12                         2     10        5
  MONTH TO DATE  207                       106    101      213
  SINCE SEP 1    207                       106    101      213
  SINCE JAN 1   1454                      1086    368     1166
..................................................................


WIND (MPH)
  HIGHEST WIND SPEED    22   HIGHEST WIND DIRECTION     S (160)
  HIGHEST GUST SPEED    27   HIGHEST GUST DIRECTION     S (180)
  AVERAGE WIND SPEED    10.9


SKY COVER
  POSSIBLE SUNSHINE  MM
  AVERAGE SKY COVER 0.7


WEATHER CONDITIONS
 THE FOLLOWING WEATHER WAS RECORDED YESTERDAY.
  THUNDERSTORM
  RAIN
  LIGHT RAIN
  FOG


RELATIVE HUMIDITY (PERCENT)
 HIGHEST    93           600 PM
 LOWEST     63          1100 AM
 AVERAGE    78

..........................................................


THE OMAHA EPPLEY, NEBRASKA CLIMATE NORMALS FOR TODAY
                         NORMAL    RECORD    YEAR
 MAXIMUM TEMPERATURE (F)   74        93      1998
 MINIMUM TEMPERATURE (F)   50        33      1926


SUNRISE AND SUNSET
SEPTEMBER 25 2016.....SUNRISE   715 AM CDT   SUNSET   715 PM CDT
SEPTEMBER 26 2016.....SUNRISE   716 AM CDT   SUNSET   713 PM CDT


-  INDICATES NEGATIVE NUMBERS.
R  INDICATES RECORD WAS SET OR TIED.
MM INDICATES DATA IS MISSING.
T  INDICATES TRACE AMOUNT.




$$
