000
CDUS43 KOAX 312148
CLIOMA


CLIMATE REPORT
NATIONAL WEATHER SERVICE OMAHA NEBRASKA
443 PM CDT TUE MAY 31 2016


...................................

...THE OMAHA EPPLEY, NEBRASKA CLIMATE SUMMARY FOR MAY 31 2016...
VALID TODAY AS OF 400 PM LOCAL TIME.

CLIMATE NORMAL PERIOD 1981 TO 2010
CLIMATE RECORD PERIOD 1871 TO 2016


WEATHER ITEM   OBSERVED TIME   RECORD YEAR NORMAL DEPARTURE LAST
                VALUE   (LST)  VALUE       VALUE  FROM      YEAR
                                                  NORMAL
..................................................................
TEMPERATURE (F)
 TODAY
  MAXIMUM         76    259 PM 102    1934  79     -3       69
  MINIMUM         66   1016 AM  42    1889  56     10       47
  AVERAGE         71                        67      4       58

PRECIPITATION (IN)
  TODAY            0.00          2.24 1877   0.17  -0.17     0.00
  MONTH TO DATE    4.84                      4.76   0.08     5.34
  SINCE MAR 1     11.27                      9.71   1.56     9.55
  SINCE JAN 1     12.99                     11.28   1.71    10.69

SNOWFALL (IN)
  TODAY            0.0                       0.0    0.0      0.0
  MONTH TO DATE    0.0                       0.0    0.0      0.0
  SINCE JUL 1     27.4                      26.4    1.0     13.8
  SNOW DEPTH       0

DEGREE DAYS
 HEATING
  TODAY            0                         2     -2        7
  MONTH TO DATE  121                       147    -26      138
  SINCE MAR 1    961                      1352   -391     1109
  SINCE JUL 1   4927                      6150  -1223     5820

 COOLING
  TODAY            6                         4      2        0
  MONTH TO DATE   71                        66      5       41
  SINCE MAR 1     84                        82      2       46
  SINCE JAN 1     84                        82      2       46
..................................................................


WIND (MPH)
  HIGHEST WIND SPEED    17   HIGHEST WIND DIRECTION    NW (310)
  HIGHEST GUST SPEED    22   HIGHEST GUST DIRECTION     S (200)
  AVERAGE WIND SPEED     9.9


SKY COVER
  POSSIBLE SUNSHINE  MM
  AVERAGE SKY COVER 0.9


WEATHER CONDITIONS
 THE FOLLOWING WEATHER WAS RECORDED TODAY.
  NO SIGNIFICANT WEATHER WAS OBSERVED.


RELATIVE HUMIDITY (PERCENT)
 HIGHEST    87           400 AM
 LOWEST     58           300 PM
 AVERAGE    73

..........................................................


THE OMAHA EPPLEY, NEBRASKA CLIMATE NORMALS FOR TOMORROW
                         NORMAL    RECORD    YEAR
 MAXIMUM TEMPERATURE (F)   79        95      1934
 MINIMUM TEMPERATURE (F)   56        42      1982


SUNRISE AND SUNSET
MAY 31 2016...........SUNRISE   553 AM CDT   SUNSET   850 PM CDT
JUNE  1 2016..........SUNRISE   553 AM CDT   SUNSET   851 PM CDT


-  INDICATES NEGATIVE NUMBERS.
R  INDICATES RECORD WAS SET OR TIED.
MM INDICATES DATA IS MISSING.
T  INDICATES TRACE AMOUNT.




$$

KLISH
