000
CDUS43 KOAX 200640
CLIOMA


CLIMATE REPORT
NATIONAL WEATHER SERVICE OMAHA NEBRASKA
139 AM CDT WED SEP 20 2017


...................................

...THE OMAHA EPPLEY, NEBRASKA CLIMATE SUMMARY FOR SEPTEMBER 19 2017...

CLIMATE NORMAL PERIOD 1981 TO 2010
CLIMATE RECORD PERIOD 1871 TO 2017


WEATHER ITEM   OBSERVED TIME   RECORD YEAR NORMAL DEPARTURE LAST
                VALUE   (LST)  VALUE       VALUE  FROM      YEAR
                                                  NORMAL
..................................................................
TEMPERATURE (F)
 YESTERDAY
  MAXIMUM         90    359 PM  97    1895  76     14       85
  MINIMUM         67    200 AM  31    1991  52     15       61
  AVERAGE         79                        64     15       73

PRECIPITATION (IN)
  YESTERDAY        0.00          2.76 1921   0.09  -0.09     0.00
  MONTH TO DATE    1.31                      1.79  -0.48     3.12
  SINCE SEP 1      1.31                      1.79  -0.48     3.12
  SINCE JAN 1     20.28                     24.90  -4.62    29.44

SNOWFALL (IN)
  YESTERDAY        0.0                       0.0    0.0      0.0
  MONTH TO DATE    0.0                       0.0    0.0      0.0
  SINCE JUL 1      0.0                       0.0    0.0       T
  SNOW DEPTH       0

DEGREE DAYS
 HEATING
  YESTERDAY        0                         4     -4        0
  MONTH TO DATE   14                        36    -22        6
  SINCE SEP 1     14                        36    -22        6
  SINCE JUL 1     14                        44    -30        6

 COOLING
  YESTERDAY       14                         3     11        8
  MONTH TO DATE  133                        94     39      134
  SINCE SEP 1    133                        94     39      134
  SINCE JAN 1   1262                      1074    188     1381
..................................................................


WIND (MPH)
  HIGHEST WIND SPEED    33   HIGHEST WIND DIRECTION    SE (150)
  HIGHEST GUST SPEED    39   HIGHEST GUST DIRECTION     S (160)
  AVERAGE WIND SPEED    19.0


SKY COVER
  POSSIBLE SUNSHINE  MM
  AVERAGE SKY COVER 0.7


WEATHER CONDITIONS
 THE FOLLOWING WEATHER WAS RECORDED YESTERDAY.
  FOG
  HAZE


RELATIVE HUMIDITY (PERCENT)
 HIGHEST    93          1200 AM
 LOWEST     44           300 PM
 AVERAGE    69

..........................................................


THE OMAHA EPPLEY, NEBRASKA CLIMATE NORMALS FOR TODAY
                         NORMAL    RECORD    YEAR
 MAXIMUM TEMPERATURE (F)   76        93      2016
                                             1931
 MINIMUM TEMPERATURE (F)   52        35      1943
                                             1918


SUNRISE AND SUNSET
SEPTEMBER 20 2017.....SUNRISE   709 AM CDT   SUNSET   724 PM CDT
SEPTEMBER 21 2017.....SUNRISE   710 AM CDT   SUNSET   722 PM CDT


-  INDICATES NEGATIVE NUMBERS.
R  INDICATES RECORD WAS SET OR TIED.
MM INDICATES DATA IS MISSING.
T  INDICATES TRACE AMOUNT.




$$
