000
CDUS43 KOAX 262126
CLIOMA


CLIMATE REPORT
NATIONAL WEATHER SERVICE OMAHA NEBRASKA
425 PM CDT SUN MAR 26 2017


...................................

...THE OMAHA EPPLEY, NEBRASKA CLIMATE SUMMARY FOR MARCH 26 2017...
VALID TODAY AS OF 0400 PM LOCAL TIME.

CLIMATE NORMAL PERIOD 1981 TO 2010
CLIMATE RECORD PERIOD 1871 TO 2017


WEATHER ITEM   OBSERVED TIME   RECORD YEAR NORMAL DEPARTURE LAST
                VALUE   (LST)  VALUE       VALUE  FROM      YEAR
                                                  NORMAL
..................................................................
TEMPERATURE (F)
 TODAY
  MAXIMUM         50    259 PM  86    1907  56     -6       49
  MINIMUM         40    655 AM   2    1873  32      8       34
  AVERAGE         45                        44      1       42

PRECIPITATION (IN)
  TODAY            T             1.42 1983   0.07  -0.07     0.43
  MONTH TO DATE    1.18                      1.57  -0.39     0.97
  SINCE MAR 1      1.18                      1.57  -0.39     0.97
  SINCE JAN 1      3.08                      3.14  -0.06     2.69

SNOWFALL (IN)
  TODAY            0.0                       0.1   -0.1      0.0
  MONTH TO DATE    0.3                       3.7   -3.4       T
  SINCE JUL 1     11.4                      24.9  -13.5     27.4
  SNOW DEPTH       0

DEGREE DAYS
 HEATING
  TODAY           20                        21     -1       23
  MONTH TO DATE  564                       690   -126      472
  SINCE MAR 1    564                       690   -126      472
  SINCE JUL 1   4391                      5488  -1097     4438

 COOLING
  TODAY            0                         0      0        0
  MONTH TO DATE    0                         0      0        2
  SINCE MAR 1      0                         0      0        2
  SINCE JAN 1      0                         0      0        2
..................................................................


WIND (MPH)
  HIGHEST WIND SPEED    10   HIGHEST WIND DIRECTION     N (350)
  HIGHEST GUST SPEED    13   HIGHEST GUST DIRECTION     N (360)
  AVERAGE WIND SPEED     6.6


SKY COVER
  POSSIBLE SUNSHINE  MM
  AVERAGE SKY COVER 0.9


WEATHER CONDITIONS
 THE FOLLOWING WEATHER WAS RECORDED TODAY.
  LIGHT RAIN
  FOG


RELATIVE HUMIDITY (PERCENT)
 HIGHEST    92           400 AM
 LOWEST     71           200 PM
 AVERAGE    82

..........................................................


THE OMAHA EPPLEY, NEBRASKA CLIMATE NORMALS FOR TOMORROW
                         NORMAL    RECORD    YEAR
 MAXIMUM TEMPERATURE (F)   56        83      1895
 MINIMUM TEMPERATURE (F)   32        11      1955


SUNRISE AND SUNSET
MARCH 26 2017.........SUNRISE   716 AM CDT   SUNSET   743 PM CDT
MARCH 27 2017.........SUNRISE   715 AM CDT   SUNSET   744 PM CDT


-  INDICATES NEGATIVE NUMBERS.
R  INDICATES RECORD WAS SET OR TIED.
MM INDICATES DATA IS MISSING.
T  INDICATES TRACE AMOUNT.




$$
