000
CDUS43 KOAX 010645
CLIOMA


CLIMATE REPORT
NATIONAL WEATHER SERVICE OMAHA NEBRASKA
142 AM CDT WED JUL 1 2015


...................................

...THE OMAHA EPPLEY, NEBRASKA CLIMATE SUMMARY FOR JUNE 30 2015...

CLIMATE NORMAL PERIOD 1981 TO 2010
CLIMATE RECORD PERIOD 1871 TO 2015


WEATHER ITEM   OBSERVED TIME   RECORD YEAR NORMAL DEPARTURE LAST
                VALUE   (LST)  VALUE       VALUE  FROM      YEAR
                                                  NORMAL
..................................................................
TEMPERATURE (F)
 YESTERDAY
  MAXIMUM         78    145 PM 101    1961  87     -9       80
  MINIMUM         67    504 AM  53    1988  65      2       67
                                      1959
                                      1951
  AVERAGE         73                        76     -3       74

PRECIPITATION (IN)
  YESTERDAY        0.11          2.06 1878   0.12  -0.01     0.02
  MONTH TO DATE    4.61                      4.18   0.43    10.52
  SINCE JUN 1      4.61                      4.18   0.43    10.52
  SINCE JAN 1     15.30                     15.46  -0.16    17.34

SNOWFALL (IN)
  YESTERDAY        0.0                       0.0    0.0      0.0
  MONTH TO DATE    0.0                       0.0    0.0      0.0
  SINCE JUL 1     13.8                      26.4  -12.6     17.8
  SNOW DEPTH       0

DEGREE DAYS
 HEATING
  YESTERDAY        0                         0      0        0
  MONTH TO DATE    0                        15    -15        6
  SINCE JUN 1      0                        17    -17        6
  SINCE JUL 1   5820                      6167   -347     6536

 COOLING
  YESTERDAY        8                        11     -3        9
  MONTH TO DATE  262                       230     32      267
  SINCE JUN 1    262                       230     32      267
  SINCE JAN 1    308                       312     -4      410
..................................................................


WIND (MPH)
  HIGHEST WIND SPEED    13   HIGHEST WIND DIRECTION     S (170)
  HIGHEST GUST SPEED    15   HIGHEST GUST DIRECTION     S (180)
  AVERAGE WIND SPEED     3.5


SKY COVER
  POSSIBLE SUNSHINE  MM
  AVERAGE SKY COVER 1.0


WEATHER CONDITIONS
 THE FOLLOWING WEATHER WAS RECORDED YESTERDAY.
  THUNDERSTORM
  LIGHT RAIN
  FOG
  HAZE


RELATIVE HUMIDITY (PERCENT)
 HIGHEST    90          1000 PM
 LOWEST     69           900 AM
 AVERAGE    80

..........................................................


THE OMAHA EPPLEY, NEBRASKA CLIMATE NORMALS FOR TODAY
                         NORMAL    RECORD    YEAR
 MAXIMUM TEMPERATURE (F)   87       105      1938
 MINIMUM TEMPERATURE (F)   65        48      1995


SUNRISE AND SUNSET
JULY  1 2015..........SUNRISE   554 AM CDT   SUNSET   901 PM CDT
JULY  2 2015..........SUNRISE   555 AM CDT   SUNSET   900 PM CDT


-  INDICATES NEGATIVE NUMBERS.
R  INDICATES RECORD WAS SET OR TIED.
MM INDICATES DATA IS MISSING.
T  INDICATES TRACE AMOUNT.




$$
