000
CDUS43 KOAX 192144
CLIOMA


CLIMATE REPORT
NATIONAL WEATHER SERVICE OMAHA NEBRASKA
442 PM CDT SAT APR 19 2014


...................................

...THE OMAHA EPPLEY, NEBRASKA CLIMATE SUMMARY FOR APRIL 19 2014...
VALID TODAY AS OF 0400 PM LOCAL TIME.

CLIMATE NORMAL PERIOD 1981 TO 2010
CLIMATE RECORD PERIOD 1871 TO 2014


WEATHER ITEM   OBSERVED TIME   RECORD YEAR NORMAL DEPARTURE LAST
                VALUE   (LST)  VALUE       VALUE  FROM      YEAR
                                                  NORMAL
..................................................................
TEMPERATURE (F)
 TODAY
  MAXIMUM         80    210 PM  90    1987  65     15       48
  MINIMUM         53    427 AM  24    1928  41     12       29
  AVERAGE         67                        53     14       39

PRECIPITATION (IN)
  TODAY            0.00          1.01 1958   0.10  -0.10     0.00
  MONTH TO DATE    1.56                      1.69  -0.13     3.47
  SINCE MAR 1      1.77                      3.68  -1.91     5.45
  SINCE JAN 1      2.63                      5.25  -2.62     6.74

SNOWFALL (IN)
  TODAY            0.0                       0.0    0.0      0.0
  MONTH TO DATE    0.6                       0.8   -0.2      0.1
  SINCE JUL 1     17.8                      26.2   -8.4     32.6
  SNOW DEPTH       0

DEGREE DAYS
 HEATING
  TODAY            0                        13    -13       26
  MONTH TO DATE  315                       298     17      393
  SINCE MAR 1   1194                      1089    105     1339
  SINCE JUL 1   6299                      5887    412     5820

 COOLING
  TODAY            2                         1      1        0
  MONTH TO DATE    8                         3      5        0
  SINCE MAR 1      8                         4      4        0
  SINCE JAN 1      8                         4      4        0
..................................................................


WIND (MPH)
  HIGHEST WIND SPEED    25   HIGHEST WIND DIRECTION     S (190)
  HIGHEST GUST SPEED    31   HIGHEST GUST DIRECTION     S (180)
  AVERAGE WIND SPEED    17.5


SKY COVER
  POSSIBLE SUNSHINE  MM
  AVERAGE SKY COVER 0.6


WEATHER CONDITIONS
 THE FOLLOWING WEATHER WAS RECORDED TODAY.
  NO SIGNIFICANT WEATHER WAS OBSERVED.


RELATIVE HUMIDITY (PERCENT)
 HIGHEST    64           400 AM
 LOWEST     28           200 PM
 AVERAGE    46

..........................................................


THE OMAHA EPPLEY, NEBRASKA CLIMATE NORMALS FOR TOMORROW
                         NORMAL    RECORD    YEAR
 MAXIMUM TEMPERATURE (F)   65        92      1902
 MINIMUM TEMPERATURE (F)   42        23      2013


SUNRISE AND SUNSET
APRIL 19 2014.........SUNRISE   638 AM CDT   SUNSET   808 PM CDT
APRIL 20 2014.........SUNRISE   636 AM CDT   SUNSET   809 PM CDT


-  INDICATES NEGATIVE NUMBERS.
R  INDICATES RECORD WAS SET OR TIED.
MM INDICATES DATA IS MISSING.
T  INDICATES TRACE AMOUNT.




$$
