000
CDUS43 KOAX 280627
CLIOMA


CLIMATE REPORT
NATIONAL WEATHER SERVICE OMAHA NEBRASKA
125 AM CDT FRI AUG 28 2015


...................................

...THE OMAHA EPPLEY, NEBRASKA CLIMATE SUMMARY FOR AUGUST 27 2015...

CLIMATE NORMAL PERIOD 1981 TO 2010
CLIMATE RECORD PERIOD 1871 TO 2015


WEATHER ITEM   OBSERVED TIME   RECORD YEAR NORMAL DEPARTURE LAST
                VALUE   (LST)  VALUE       VALUE  FROM      YEAR
                                                  NORMAL
..................................................................
TEMPERATURE (F)
 YESTERDAY
  MAXIMUM         84    317 PM 103    1955  84      0       75
  MINIMUM         65    755 AM  43    1967  62      3       67
  AVERAGE         75                        73      2       71

PRECIPITATION (IN)
  YESTERDAY        0.08          3.00 1903   0.11  -0.03     1.84
  MONTH TO DATE    8.11                      3.38   4.73     7.30
  SINCE JUN 1     15.12                     11.39   3.73    19.54
  SINCE JAN 1     25.81                     22.67   3.14    26.36

SNOWFALL (IN)
  YESTERDAY        0.0                       0.0    0.0      0.0
  MONTH TO DATE    0.0                       0.0    0.0      0.0
  SINCE JUL 1      0.0                       0.0    0.0      0.0
  SNOW DEPTH       0

DEGREE DAYS
 HEATING
  YESTERDAY        0                         0      0        0
  MONTH TO DATE    3                         0      3        0
  SINCE JUN 1      4                        18    -14       10
  SINCE JUL 1      4                         1      3        4

 COOLING
  YESTERDAY       10                         8      2        6
  MONTH TO DATE  242                       271    -29      293
  SINCE JUN 1    884                       866     18      841
  SINCE JAN 1    930                       948    -18      984
..................................................................


WIND (MPH)
  HIGHEST WIND SPEED    29   HIGHEST WIND DIRECTION     S (170)
  HIGHEST GUST SPEED    39   HIGHEST GUST DIRECTION     S (170)
  AVERAGE WIND SPEED    15.6


SKY COVER
  POSSIBLE SUNSHINE  MM
  AVERAGE SKY COVER 0.8


WEATHER CONDITIONS
 THE FOLLOWING WEATHER WAS RECORDED YESTERDAY.
  THUNDERSTORM
  LIGHT RAIN
  FOG


RELATIVE HUMIDITY (PERCENT)
 HIGHEST    81          1200 AM
 LOWEST     58           100 PM
 AVERAGE    70

..........................................................


THE OMAHA EPPLEY, NEBRASKA CLIMATE NORMALS FOR TODAY
                         NORMAL    RECORD    YEAR
 MAXIMUM TEMPERATURE (F)   84       101      2000
 MINIMUM TEMPERATURE (F)   62        44      1986


SUNRISE AND SUNSET
AUGUST 28 2015........SUNRISE   646 AM CDT   SUNSET   803 PM CDT
AUGUST 29 2015........SUNRISE   647 AM CDT   SUNSET   802 PM CDT


-  INDICATES NEGATIVE NUMBERS.
R  INDICATES RECORD WAS SET OR TIED.
MM INDICATES DATA IS MISSING.
T  INDICATES TRACE AMOUNT.




$$
