000
CDUS43 KOAX 180630
CLIOMA


CLIMATE REPORT
NATIONAL WEATHER SERVICE OMAHA NEBRASKA
1228 AM CST SUN FEB 18 2018


...................................

...THE OMAHA EPPLEY, NEBRASKA CLIMATE SUMMARY FOR FEBRUARY 17 2018...

CLIMATE NORMAL PERIOD 1981 TO 2010
CLIMATE RECORD PERIOD 1871 TO 2018


WEATHER ITEM   OBSERVED TIME   RECORD YEAR NORMAL DEPARTURE LAST
                VALUE   (LST)  VALUE       VALUE  FROM      YEAR
                                                  NORMAL
..................................................................
TEMPERATURE (F)
 YESTERDAY
  MAXIMUM         48    302 PM  75    2017  39      9       75
  MINIMUM         26   1109 PM -15    1958  19      7       34
  AVERAGE         37                        29      8       55

PRECIPITATION (IN)
  YESTERDAY        T             0.67 1871   0.03  -0.03     0.00
  MONTH TO DATE    0.40                      0.47  -0.07     0.17
  SINCE DEC 1      1.59                      2.23  -0.64     2.50
  SINCE JAN 1      1.17                      1.19  -0.02     1.03

SNOWFALL (IN)
  YESTERDAY        T                         0.2   -0.2      0.0
  MONTH TO DATE    6.0                       3.9    2.1      2.8
  SINCE JUL 1     12.9                      19.0   -6.1      8.7
  SNOW DEPTH       0

DEGREE DAYS
 HEATING
  YESTERDAY       28                        36     -8       10
  MONTH TO DATE  766                       656    110      516
  SINCE DEC 1   3212                      3151     61     2836
  SINCE JUL 1   4272                      4421   -149     3587

 COOLING
  YESTERDAY        0                         0      0        0
  MONTH TO DATE    0                         0      0        0
  SINCE DEC 1      0                         0      0        0
  SINCE JAN 1      0                         0      0        0
..................................................................


WIND (MPH)
  HIGHEST WIND SPEED    21   HIGHEST WIND DIRECTION    NW (310)
  HIGHEST GUST SPEED    27   HIGHEST GUST DIRECTION    NW (310)
  AVERAGE WIND SPEED    10.7


SKY COVER
  POSSIBLE SUNSHINE  MM
  AVERAGE SKY COVER 0.5


WEATHER CONDITIONS
 THE FOLLOWING WEATHER WAS RECORDED YESTERDAY.
  LIGHT SNOW


RELATIVE HUMIDITY (PERCENT)
 HIGHEST    84          1100 PM
 LOWEST     42           300 PM
 AVERAGE    63

..........................................................


THE OMAHA EPPLEY, NEBRASKA CLIMATE NORMALS FOR TODAY
                         NORMAL    RECORD    YEAR
 MAXIMUM TEMPERATURE (F)   39        70      1930
 MINIMUM TEMPERATURE (F)   19       -15      1903


SUNRISE AND SUNSET
FEBRUARY 18 2018......SUNRISE   714 AM CST   SUNSET   601 PM CST
FEBRUARY 19 2018......SUNRISE   713 AM CST   SUNSET   603 PM CST


-  INDICATES NEGATIVE NUMBERS.
R  INDICATES RECORD WAS SET OR TIED.
MM INDICATES DATA IS MISSING.
T  INDICATES TRACE AMOUNT.




$$
