000
CDUS43 KOAX 290626
CLIOMA


CLIMATE REPORT
NATIONAL WEATHER SERVICE OMAHA NEBRASKA
124 AM CDT WED JUL 29 2015


...................................

...THE OMAHA EPPLEY, NEBRASKA CLIMATE SUMMARY FOR JULY 28 2015...

CLIMATE NORMAL PERIOD 1981 TO 2010
CLIMATE RECORD PERIOD 1871 TO 2015


WEATHER ITEM   OBSERVED TIME   RECORD YEAR NORMAL DEPARTURE LAST
                VALUE   (LST)  VALUE       VALUE  FROM      YEAR
                                                  NORMAL
..................................................................
TEMPERATURE (F)
 YESTERDAY
  MAXIMUM         92    329 PM 105    1931  87      5       80
  MINIMUM         69   1137 PM  48    2013  66      3       58
  AVERAGE         81                        77      4       69

PRECIPITATION (IN)
  YESTERDAY        0.30          1.43 1927   0.13   0.17     0.00
  MONTH TO DATE    2.33                      3.45  -1.12     1.72
  SINCE JUN 1      6.94                      7.63  -0.69    12.24
  SINCE JAN 1     17.63                     18.91  -1.28    19.06

SNOWFALL (IN)
  YESTERDAY        0.0                       0.0    0.0      0.0
  MONTH TO DATE    0.0                       0.0    0.0      0.0
  SINCE JUL 1      0.0                       0.0    0.0      0.0
  SNOW DEPTH       0

DEGREE DAYS
 HEATING
  YESTERDAY        0                         0      0        0
  MONTH TO DATE    1                         0      1        4
  SINCE JUN 1      1                        17    -16       10
  SINCE JUL 1      1                         0      1        4

 COOLING
  YESTERDAY       16                        12      4        4
  MONTH TO DATE  342                       332     10      266
  SINCE JUN 1    604                       562     42      533
  SINCE JAN 1    650                       644      6      676
..................................................................


WIND (MPH)
  HIGHEST WIND SPEED    25   HIGHEST WIND DIRECTION     N (340)
  HIGHEST GUST SPEED    30   HIGHEST GUST DIRECTION     E (080)
  AVERAGE WIND SPEED    12.3


SKY COVER
  POSSIBLE SUNSHINE  MM
  AVERAGE SKY COVER 0.6


WEATHER CONDITIONS
 THE FOLLOWING WEATHER WAS RECORDED YESTERDAY.
  THUNDERSTORM
  HEAVY RAIN
  LIGHT RAIN
  FOG


RELATIVE HUMIDITY (PERCENT)
 HIGHEST    87           300 AM
 LOWEST     59           100 PM
 AVERAGE    73

..........................................................


THE OMAHA EPPLEY, NEBRASKA CLIMATE NORMALS FOR TODAY
                         NORMAL    RECORD    YEAR
 MAXIMUM TEMPERATURE (F)   87       104      1917
 MINIMUM TEMPERATURE (F)   66        50      1971


SUNRISE AND SUNSET
JULY 29 2015..........SUNRISE   616 AM CDT   SUNSET   844 PM CDT
JULY 30 2015..........SUNRISE   617 AM CDT   SUNSET   843 PM CDT


-  INDICATES NEGATIVE NUMBERS.
R  INDICATES RECORD WAS SET OR TIED.
MM INDICATES DATA IS MISSING.
T  INDICATES TRACE AMOUNT.


$$

BCM
