139
CDAK49 PAFG 210957
CLIOME

CLIMATE REPORT
NATIONAL WEATHER SERVICE FAIRBANKS AK
1257 AM AKST SAT JAN 21 2017


...................................

...THE NOME AK CLIMATE SUMMARY FOR JANUARY 20 2017...

CLIMATE NORMAL PERIOD 1981 TO 2010
CLIMATE RECORD PERIOD 1906 TO 2017


WEATHER ITEM   OBSERVED TIME   RECORD YEAR NORMAL DEPARTURE LAST
                VALUE   (LST)  VALUE       VALUE  FROM      YEAR
                                                  NORMAL
..................................................................
TEMPERATURE (F)
 YESTERDAY
  MAXIMUM         -8    250 AM  40    1940  13    -21       14
  MINIMUM        -24   1142 PM -40    1989  -3    -21       -2
  AVERAGE        -16                         5    -21        6

PRECIPITATION (IN)
  YESTERDAY        0.00          0.66 1937   0.03  -0.03     0.00
  MONTH TO DATE    0.32                      0.62  -0.30     0.23
  SINCE DEC 1      1.39                      1.70  -0.31     0.23
  SINCE JAN 1      0.32                      0.62  -0.30     0.23

SNOWFALL (IN)
  YESTERDAY        0.0           6.8  1937   0.4   -0.4      0.0
  MONTH TO DATE    3.0                       8.4   -5.4      3.2
  SINCE DEC 1     19.0                      22.9   -3.9      3.2
  SINCE JUL 1     27.6                      40.2  -12.6      3.2
  SNOW DEPTH      17

DEGREE DAYS
 HEATING
  YESTERDAY       81                        60     21       59
  MONTH TO DATE 1224                      1193     31      854
  SINCE DEC 1   2826                      2913    -87      854
  SINCE JUL 1   6441                      7006   -565      854

 COOLING
  YESTERDAY        0                         0      0        0
  MONTH TO DATE    0                         0      0        0
  SINCE DEC 1      0                         0      0        0
  SINCE JAN 1      0                         0      0        0
..................................................................


WIND (MPH)
  HIGHEST GUST SPEED    18   HIGHEST GUST DIRECTION     N (360)


SKY COVER
  AVERAGE SKY COVER 0.4


WEATHER CONDITIONS
 THE FOLLOWING WEATHER WAS RECORDED YESTERDAY.
  NO SIGNIFICANT WEATHER WAS OBSERVED.


RELATIVE HUMIDITY (PERCENT)
 HIGHEST    77
 LOWEST     63
 AVERAGE    70

..........................................................


THE NOME AK CLIMATE NORMALS FOR TODAY
                         NORMAL    RECORD    YEAR
 MAXIMUM TEMPERATURE (F)   13        39      1963
 MINIMUM TEMPERATURE (F)   -3       -44      1989


SUNRISE AND SUNSET
JANUARY 21 2017.......SUNRISE  1117 AM AKST  SUNSET   512 PM AKST
JANUARY 22 2017.......SUNRISE  1114 AM AKST  SUNSET   515 PM AKST

-  INDICATES NEGATIVE NUMBERS.
R  INDICATES RECORD WAS SET OR TIED.
MM INDICATES DATA IS MISSING.
T  INDICATES TRACE AMOUNT.

&&

SNOW DEPTH IS MEASURED AT 3AM AKST/4AM AKDT.

----------------------------
AVAILABLE DAYLIGHT

AMOUNT OF DAYLIGHT TODAY  (HOUR:MIN)........5:55
GAIN/LOSS SINCE YESTERDAY (HOUR:MIN:SEC)....+0:06:07

NOME TIDAL INFORMATION FOR 21 JANUARY 2017
0605  +0.7
1153  +1.2
1729  +0.7
2349  +0.6

$$
BJB JAN 17
