000
CDAK49 PAOM 170903
CLIOME

CLIMATE REPORT
NATIONAL WEATHER SERVICE NOME, AK
103 AM AKDT THU APR 17 2014

...................................
...THE NOME WSO AP CLIMATE SUMMARY FOR APRIL 16 2014...

CLIMATE NORMAL PERIOD  1981 TO  2010
CLIMATE RECORD PERIOD  1906 TO  2014

WEATHER ITEM   OBSERVED TIME    RECORD YEAR NORMAL DEPARTURE LAST
               VALUE    (LST)   VALUE       VALUE  FROM      YEAR
                                                   NORMAL
...................................................................
TEMPERATURE
YESTERDAY
 MAXIMUM            42  0441 PM    49  1940     27      15     23
 MINIMUM            26  0650 AM   -16  1927     14      12     -7
 AVERAGE            34                          21      13      8

PRECIPITATION
(INCHES)
 YESTERDAY        0.00           1.40  1915   0.03   -0.03   0.00
 MONTH TO DATE    0.25                        0.38   -0.13   0.25
 SINCE MAR 1      0.78                        1.03   -0.25   0.89
 SINCE JAN 1      2.95                        2.90    0.05   2.41

SNOWFALL
(INCHES)
 YESTERDAY         0.0            5.2  2002    0.2    -0.2    0.0
 MONTH TO DATE     2.5                         4.4    -1.9    3.9
 SINCE MAR 1      14.8                        13.3     1.5   13.0
 SINCE JUL 1      69.1                        70.0    -0.9   54.3
 SNOW DEPTH (IN)     5                                         21

DEGREE DAYS
 HEATING
  YESTERDAY         31                          45     -14     57
  MONTH TO DATE    718                         776     -58    872
  SINCE MAR 1     2345                        2472    -127   2620
  SINCE JUL 1    10491                       11754   -1263  12178

 COOLING
  YESTERDAY          0                           0       0      0
  MONTH TO DATE      0                           0       0      0
  SINCE MAR 1        0                           0       0      0
  SINCE JAN 1        0                           0       0      0
...................................................................

WIND (MPH)
 HIGHEST WIND SPEED    15     HIGHEST WIND DIRECTION     30
 HIGHEST GUST SPEED    18     HIGHEST GUST DIRECTION     30
 AVERAGE WIND SPEED   7.3

SKY COVER
  POSSIBLE SUNSHINE    MM          AVERAGE SKY COVER     MM

WEATHER CONDITIONS
 THE FOLLOWING WEATHER WAS RECORDED YESTERDAY.
  NO SIGNIFICANT WEATHER WAS OBSERVED.

RELATIVE HUMIDITY
 HIGHEST RH     MM PERCENT       MM
 LOWEST  RH     MM PERCENT       MM
 AVERAGE RH     MM PERCENT       MM
...................................................................

THE NOME CLIMATE NORMALS FOR TODAY
                           NORMAL    RECORD   YEAR
 MAXIMUM TEMPERATURE (F)     28        43     1995
 MINIMUM TEMPERATURE (F)     14       -14     1975

SUNRISE AND SUNSET
 APR 17 2014..........SUNRISE  7:21 AM      SUNSET 10:45 PM
 APR 18 2014..........SUNRISE  7:17 AM      SUNSET 10:48 PM

-  INDICATES NEGATIVE NUMBERS.
R  INDICATES RECORD HAS BEEN SET OR TIED.
MM INDICATES DATA IS MISSING.
T  INDICATES TRACE OF PRECIPITATION.

&&
-------------------------------------------------------------------

AMOUNT OF DAYLIGHT TODAY  (HOUR:MIN)........15 HOURS 24 MINUTES
GAIN/LOSS SINCE YESTERDAY (HOUR:MIN:SEC)....+0:06:45

TIDE INFORMATION FOR THURSDAY APRIL 17 2014

12:51 AM LOW  0.1 FT
 7:46 AM HIGH 1.2 FT
12:48 PM LOW  0.7 FT
 6:09 PM HIGH 1.3 FT

$$
RWM APR 14
