000
CDAK49 PAOM 302330
CLIOME

CLIMATE REPORT
NATIONAL WEATHER SERVICE NOME, AK
330 PM AKDT THU JUL 30 2015

...................................
...THE NOME WSO AP CLIMATE SUMMARY FOR JULY 30 2015...
VALID TODAY AS OF 3:30 PM LOCAL TIME

CLIMATE NORMAL PERIOD  1981 TO  2010
CLIMATE RECORD PERIOD  1906 TO  2015

WEATHER ITEM   OBSERVED TIME    RECORD YEAR NORMAL DEPARTURE LAST
               VALUE    (LST)   VALUE       VALUE  FROM      YEAR
                                                   NORMAL
...................................................................
TEMPERATURE
TODAY
 MAXIMUM            59  0230 PM    84  1977     57       2     58
 MINIMUM            45  0534 AM    33  1929     46      -1     43
 AVERAGE            52                          52       0     51

PRECIPITATION
(INCHES)
 TODAY            0.00           0.92  1984   0.10   -0.10   0.11
 MONTH TO DATE    1.44                        2.01   -0.57   2.59
 SINCE JUN 1      2.10                        2.99   -0.89   2.81
 SINCE JAN 1      6.54                        7.13   -0.59   7.28

SNOWFALL
(INCHES)
 TODAY             0.0            0.0  2015    0.0     0.0    0.0
 MONTH TO DATE     0.0                         0.0     0.0    0.0
 SINCE JUN 1       0.0                         0.3    -0.3    0.0
 SINCE JUL 1       0.0                         0.0     0.0    0.0
 SNOW DEPTH (IN)     0                                          0

DEGREE DAYS
 HEATING
  TODAY             13                          13       0     14
  MONTH TO DATE    292                         387     -95    411
  SINCE JUN 1      817                         903     -86    979
  SINCE JUL 1      292                         387     -95    411

 COOLING
  TODAY              0                           0       0      0
  MONTH TO DATE      0                           0       0      2
  SINCE JUN 1        5                           0       5      2
  SINCE JAN 1        5                           0       5      2
...................................................................

WIND (MPH)
 HIGHEST WIND SPEED    14     HIGHEST WIND DIRECTION    240
 HIGHEST GUST SPEED    18     HIGHEST GUST DIRECTION    240
 AVERAGE WIND SPEED    MM

SKY COVER
  POSSIBLE SUNSHINE  MM            AVERAGE SKY COVER MM

WEATHER CONDITIONS
 THE FOLLOWING WEATHER WAS RECORDED TODAY.
  PATCHY FOG
  DENSE FOG

RELATIVE HUMIDITY
 HIGHEST RH     MM PERCENT       MM
 LOWEST  RH     MM PERCENT       MM
 AVERAGE RH     MM PERCENT       MM
...................................................................

THE NOME CLIMATE NORMALS FOR TOMORROW
                        NORMAL    RECORD   YEAR
 MAXIMUM TEMPERATURE      57        86     1977
 MINIMUM TEMPERATURE      46        30     1929

SUNRISE AND SUNSET
 JUL 30 2015..........SUNRISE  5:59 AM      SUNSET 12:16 AM
 JUL 31 2015..........SUNRISE  6:02 AM      SUNSET 12:13 AM

-  INDICATES NEGATIVE NUMBERS.
R  INDICATES RECORD HAS BEEN SET OR TIED.
MM INDICATES DATA IS MISSING.
T  INDICATES TRACE OF PRECIPITATION.

&&
-------------------------------------------------------------------

AMOUNT OF DAYLIGHT TODAY  (HOUR:MIN)........18 HOURS 17 MINUTES
GAIN/LOSS SINCE YESTERDAY (HOUR:MIN:SEC)....-0:06:42

$$

CKC JUL 15
