000
CDAK49 PAOM 010912
CLIOME

CLIMATE REPORT
NATIONAL WEATHER SERVICE NOME, AK
112 AM AKDT WED JUL 1 2015

...................................
...THE NOME WSO AP CLIMATE SUMMARY FOR JUNE 30 2015...

CLIMATE NORMAL PERIOD  1981 TO  2010
CLIMATE RECORD PERIOD  1906 TO  2015

WEATHER ITEM   OBSERVED TIME    RECORD YEAR NORMAL DEPARTURE LAST
               VALUE    (LST)   VALUE       VALUE  FROM      YEAR
                                                   NORMAL
...................................................................
TEMPERATURE
YESTERDAY
 MAXIMUM            45  0939 PM    76  1921     58     -13     54
 MINIMUM            43  0127 PM    32  1924     45      -2     40
 AVERAGE            44                          52      -8     47

PRECIPITATION
(INCHES)
 YESTERDAY        0.02           1.12  1927   0.04   -0.02   0.00
 MONTH TO DATE    0.66                        0.98   -0.32   0.22
 SINCE JUN 1      0.66                        0.98   -0.32   0.22
 SINCE JAN 1      5.10                        5.12   -0.02   4.69

SNOWFALL
(INCHES)
 YESTERDAY         0.0            0.0  2015    0.0     0.0    0.0
 MONTH TO DATE      MM                         0.3      MM    0.0
 SINCE JUN 1       0.0                         0.3    -0.3    0.0
 SINCE JUL 1        MM                        75.7      MM   72.3
 SNOW DEPTH (IN)     0                                          0

DEGREE DAYS
 HEATING
  YESTERDAY         21                          14       7     18
  MONTH TO DATE    525                         516       9    568
  SINCE JUN 1      525                         516       9    568
  SINCE JUL 1    12528                       13704   -1176  12362

 COOLING
  YESTERDAY          0                           0       0      0
  MONTH TO DATE      5                           0       5      0
  SINCE JUN 1        5                           0       5      0
  SINCE JAN 1        5                           0       5      0
...................................................................

WIND (MPH)
 HIGHEST WIND SPEED    13     HIGHEST WIND DIRECTION    230
 HIGHEST GUST SPEED    14     HIGHEST GUST DIRECTION    230
 AVERAGE WIND SPEED   8.2

SKY COVER
  POSSIBLE SUNSHINE    MM          AVERAGE SKY COVER     MM

WEATHER CONDITIONS
 THE FOLLOWING WEATHER WAS RECORDED YESTERDAY.
  FOG
DRIZZLE
RAIN


RELATIVE HUMIDITY
 HIGHEST RH     MM PERCENT       MM
 LOWEST  RH     MM PERCENT       MM
 AVERAGE RH     MM PERCENT       MM
...................................................................

THE NOME CLIMATE NORMALS FOR TODAY
                           NORMAL    RECORD   YEAR
 MAXIMUM TEMPERATURE (F)     58        82     1990
 MINIMUM TEMPERATURE (F)     45        32     1932

SUNRISE AND SUNSET
 JUL 1 2015..........SUNRISE  4:31 AM      SUNSET  1:40 AM
 JUL 2 2015..........SUNRISE  4:33 AM      SUNSET  1:38 AM

-  INDICATES NEGATIVE NUMBERS.
R  INDICATES RECORD HAS BEEN SET OR TIED.
MM INDICATES DATA IS MISSING.
T  INDICATES TRACE OF PRECIPITATION.

&&
-------------------------------------------------------------------

AMOUNT OF DAYLIGHT TODAY  (HOUR:MIN)........21 HOURS 9 MINUTES
GAIN/LOSS SINCE YESTERDAY (HOUR:MIN:SEC)....-0:03:32

TIDE INFORMATION FOR WEDNESDAY JULY 1 2015
 6:40 AM HIGH 1.1 FT
 9:55 AM LOW  1.0 FT
 3:13 PM HIGH 1.4 FT
11:36 PM LOW  0.0 FT

$$
RWM JUL 15
