000
CDAK49 PAOM 231202
CLIOME

CLIMATE REPORT
NATIONAL WEATHER SERVICE NOME, AK
402 AM AKDT WED JUL 23 2014

...................................
...THE NOME WSO AP CLIMATE SUMMARY FOR JULY 22 2014...

CLIMATE NORMAL PERIOD  1981 TO  2010
CLIMATE RECORD PERIOD  1906 TO  2014

WEATHER ITEM   OBSERVED TIME    RECORD YEAR NORMAL DEPARTURE LAST
               VALUE    (LST)   VALUE       VALUE  FROM      YEAR
                                                   NORMAL
...................................................................
TEMPERATURE
YESTERDAY
 MAXIMUM            55  0642 PM    78  1988     58      -3     49
 MINIMUM            40  0600 AM    34  1999     47      -7     45
 AVERAGE            48                          52      -4     47

PRECIPITATION
(INCHES)
 YESTERDAY        0.04           1.58  1915   0.07   -0.03   0.00
 MONTH TO DATE    2.29                        1.32    0.97   2.06
 SINCE JUN 1      2.51                        2.30    0.21   4.59
 SINCE JAN 1      6.98                        6.44    0.54   8.84

SNOWFALL
(INCHES)
 YESTERDAY         0.0            0.0  2014    0.0     0.0    0.0
 MONTH TO DATE     0.0                         0.0     0.0    0.0
 SINCE JUN 1       0.0                         0.3    -0.3    0.1
 SINCE JUL 1       0.0                         0.0     0.0    0.0
 SNOW DEPTH (IN)     0                                          0

DEGREE DAYS
 HEATING
  YESTERDAY         17                          13       4     18
  MONTH TO DATE    290                         283       7    316
  SINCE JUN 1      858                         799      59    792
  SINCE JUL 1      290                         283       7    316

 COOLING
  YESTERDAY          0                           0       0      0
  MONTH TO DATE      2                           0       2      0
  SINCE JUN 1        2                           0       2      7
  SINCE JAN 1        2                           0       2      7
...................................................................

WIND (MPH)
 HIGHEST WIND SPEED    21     HIGHEST WIND DIRECTION    270
 HIGHEST GUST SPEED    24     HIGHEST GUST DIRECTION    280
 AVERAGE WIND SPEED   8.8

SKY COVER
  POSSIBLE SUNSHINE    MM          AVERAGE SKY COVER     MM

WEATHER CONDITIONS
 THE FOLLOWING WEATHER WAS RECORDED YESTERDAY.
  FOG
RAIN


RELATIVE HUMIDITY
 HIGHEST RH     MM PERCENT       MM
 LOWEST  RH     MM PERCENT       MM
 AVERAGE RH     MM PERCENT       MM
...................................................................

THE NOME CLIMATE NORMALS FOR TODAY
                           NORMAL    RECORD   YEAR
 MAXIMUM TEMPERATURE (F)     58        75     1991
 MINIMUM TEMPERATURE (F)     46        34     1992

SUNRISE AND SUNSET
 JUL 23 2014..........SUNRISE  5:36 AM      SUNSET 12:39 AM
 JUL 24 2014..........SUNRISE  5:39 AM      SUNSET 12:35 AM

-  INDICATES NEGATIVE NUMBERS.
R  INDICATES RECORD HAS BEEN SET OR TIED.
MM INDICATES DATA IS MISSING.
T  INDICATES TRACE OF PRECIPITATION.

&&
-------------------------------------------------------------------

AMOUNT OF DAYLIGHT TODAY  (HOUR:MIN)........19 HOURS 3 MINUTES
GAIN/LOSS SINCE YESTERDAY (HOUR:MIN:SEC)....-0:06:32

NOME TIDAL INFORMATION FOR 23 JULY 2014
04:01 AM +1.1
08:11 AM +0.8
02:33 PM +1.4
10:04 PM +0.0

$$
FONTENOT
