907
CDAK49 PAFG 121008
CLIOME

CLIMATE REPORT
NATIONAL WEATHER SERVICE FAIRBANKS AK
108 AM AKST TUE DEC 12 2017


...................................

...THE NOME AK CLIMATE SUMMARY FOR DECEMBER 11 2017...

CLIMATE NORMAL PERIOD 1981 TO 2010
CLIMATE RECORD PERIOD 1906 TO 2017


WEATHER ITEM   OBSERVED TIME   RECORD YEAR NORMAL DEPARTURE LAST
                VALUE   (LST)  VALUE       VALUE  FROM      YEAR
                                                  NORMAL
..................................................................
TEMPERATURE (F)
 YESTERDAY
  MAXIMUM         26    115 PM  39    1932  18      8       15
  MINIMUM         18   1230 AM -31    1964   3     15       -6
  AVERAGE         22                        10     12        5

PRECIPITATION (IN)
  YESTERDAY        0.05          0.22 1950   0.03   0.02     0.00
  MONTH TO DATE    0.52                      0.37   0.15     0.01
  SINCE DEC 1      0.52                      0.37   0.15     0.01
  SINCE JAN 1     17.97                     16.10   1.87    14.97

SNOWFALL (IN)
  YESTERDAY        0.8           2.4  2000   0.5    0.3      0.0
  MONTH TO DATE    7.5                       4.7    2.8      0.4
  SINCE DEC 1      7.5                       4.7    2.8      0.4
  SINCE JUL 1     39.1                      22.0   17.1      9.0
  SNOW DEPTH      16

DEGREE DAYS
 HEATING
  YESTERDAY       43                        55    -12       60
  MONTH TO DATE  478                       589   -111      697
  SINCE DEC 1    478                       589   -111      697
  SINCE JUL 1   4266                      4682   -416     4312

 COOLING
  YESTERDAY        0                         0      0        0
  MONTH TO DATE    0                         0      0        0
  SINCE DEC 1      0                         0      0        0
  SINCE JAN 1      4                         3      1        0
..................................................................


WIND (MPH)
  HIGHEST GUST SPEED    34   HIGHEST GUST DIRECTION     N (360)


SKY COVER
  AVERAGE SKY COVER 1.0


WEATHER CONDITIONS
 THE FOLLOWING WEATHER WAS RECORDED YESTERDAY.
  LIGHT SNOW
  FOG
  HAZE
  BLOWING SNOW


RELATIVE HUMIDITY (PERCENT)
 HIGHEST   100
 LOWEST     81
 AVERAGE    91

..........................................................


THE NOME AK CLIMATE NORMALS FOR TODAY
                         NORMAL    RECORD    YEAR
 MAXIMUM TEMPERATURE (F)   17        37      1932
 MINIMUM TEMPERATURE (F)    3       -29      1998


SUNRISE AND SUNSET
DECEMBER 12 2017......SUNRISE  1153 AM AKST  SUNSET   359 PM AKST
DECEMBER 13 2017......SUNRISE  1155 AM AKST  SUNSET   358 PM AKST

-  INDICATES NEGATIVE NUMBERS.
R  INDICATES RECORD WAS SET OR TIED.
MM INDICATES DATA IS MISSING.
T  INDICATES TRACE AMOUNT.

&&

SNOW DEPTH IS MEASURED AT 3AM AKST/4AM AKDT.

----------------------------
AVAILABLE DAYLIGHT

AMOUNT OF DAYLIGHT TODAY  (HOUR:MIN)........4:05
GAIN/LOSS SINCE YESTERDAY (HOUR:MIN:SEC)....-0:02:45

NOME TIDAL INFORMATION FOR 12 DECEMBER 2017
0007  +1.8
0607  +0.9
1202  +1.6
1814  +0.5

$$
DEC 17
