000
CDAK49 PAOM 301200
CLIOME

CLIMATE REPORT
NATIONAL WEATHER SERVICE NOME, AK
4 AM AKDT MON MAY 30 2016

...................................
...THE NOME WSO AP CLIMATE SUMMARY FOR MAY 29 2016...

CLIMATE NORMAL PERIOD  1981 TO  2010
CLIMATE RECORD PERIOD  1906 TO  2016

WEATHER ITEM   OBSERVED TIME    RECORD YEAR NORMAL DEPARTURE LAST
               VALUE    (LST)   VALUE       VALUE  FROM      YEAR
                                                   NORMAL
...................................................................
TEMPERATURE
YESTERDAY
 MAXIMUM            73R 0815 PM    72  1981     49      24     64
 MINIMUM            48  0326 AM    22  1976     35      13     43
 AVERAGE            61                          42      19     54

PRECIPITATION
(INCHES)
 YESTERDAY        0.00           0.34  1996   0.03   -0.03   0.00
 MONTH TO DATE    1.22                        0.80    0.42   1.48
 SINCE MAR 1      2.06                        2.21   -0.15   2.79
 SINCE JAN 1      3.09                        4.08   -0.99   4.43

SNOWFALL
(INCHES)
 YESTERDAY         0.0            1.9  1968    0.0     0.0    0.0
 MONTH TO DATE       T                         2.2    -2.2      T
 SINCE MAR 1       6.6                        18.6   -12.0   16.4
 SINCE JUL 1      48.9                        75.3   -26.4   59.7
 SNOW DEPTH (IN)     0                                          0

DEGREE DAYS
 HEATING
  YESTERDAY          4                          23     -19     11
  MONTH TO DATE    669                         830    -161    720
  SINCE MAR 1     3226                        3861    -635   3827
  SINCE JUL 1    11463                       13143   -1680  12005

 COOLING
  YESTERDAY          0                           0       0      0
  MONTH TO DATE      0                           0       0      0
  SINCE MAR 1        0                           0       0      0
  SINCE JAN 1        0                           0       0      0
...................................................................

WIND (MPH)
 HIGHEST WIND SPEED    10     HIGHEST WIND DIRECTION    250
 HIGHEST GUST SPEED    13     HIGHEST GUST DIRECTION    220
 AVERAGE WIND SPEED   4.6

SKY COVER
  POSSIBLE SUNSHINE    MM          AVERAGE SKY COVER     MM

WEATHER CONDITIONS
 THE FOLLOWING WEATHER WAS RECORDED YESTERDAY.
  NO SIGNIFICANT WEATHER WAS OBSERVED.

RELATIVE HUMIDITY
 HIGHEST RH     MM PERCENT       MM
 LOWEST  RH     MM PERCENT       MM
 AVERAGE RH     MM PERCENT       MM
...................................................................

THE NOME CLIMATE NORMALS FOR TODAY
                           NORMAL    RECORD   YEAR
 MAXIMUM TEMPERATURE (F)     49        78     1981
 MINIMUM TEMPERATURE (F)     36        21     1933

SUNRISE AND SUNSET
 MAY 30 2016..........SUNRISE  4:54 AM      SUNSET  1:09 AM
 MAY 31 2016..........SUNRISE  4:51 AM      SUNSET  1:12 AM

-  INDICATES NEGATIVE NUMBERS.
R  INDICATES RECORD HAS BEEN SET OR TIED.
MM INDICATES DATA IS MISSING.
T  INDICATES TRACE OF PRECIPITATION.

&&
-------------------------------------------------------------------

AMOUNT OF DAYLIGHT TODAY  (HOUR:MIN)........20 HOURS 15 MINUTES
GAIN/LOSS SINCE YESTERDAY (HOUR:MIN:SEC)....+0:05:58

NOME TIDAL INFORMATION FOR 30 MAY 2016
0547  -0.2
1251  +1.0
1847  +0.3

$$

CKC MAY 16
