000
CDAK49 PAOM 270908
CLIOME

CLIMATE REPORT
NATIONAL WEATHER SERVICE NOME, AK
1208 AM AKST SAT DEC 27 2014

...................................
...THE NOME WSO AP CLIMATE SUMMARY FOR DECEMBER 26 2014...

CLIMATE NORMAL PERIOD  1981 TO  2010
CLIMATE RECORD PERIOD  1906 TO  2014

WEATHER ITEM   OBSERVED TIME    RECORD YEAR NORMAL DEPARTURE LAST
               VALUE    (LST)   VALUE       VALUE  FROM      YEAR
                                                   NORMAL
...................................................................
TEMPERATURE
YESTERDAY
 MAXIMUM             4  1159 PM    41  1985     15     -11     14
 MINIMUM           -16  0740 AM   -37  1961      0     -16     -1
 AVERAGE            -6                           8     -14      7

PRECIPITATION
(INCHES)
 YESTERDAY        0.00           0.36  1973   0.03   -0.03   0.00
 MONTH TO DATE    0.25                        0.90   -0.65   1.98
 SINCE DEC 1      0.25                        0.90   -0.65   1.98
 SINCE JAN 1     13.92                       16.63   -2.71  22.30

SNOWFALL
(INCHES)
 YESTERDAY         0.0            4.0  1909    0.4    -0.4    0.0
 MONTH TO DATE     2.9                        12.0    -9.1   18.1
 SINCE DEC 1       2.9                        12.0    -9.1   18.1
 SINCE JUL 1      20.5                        29.3    -8.8   32.7
 SNOW DEPTH (IN)    10                                         16

DEGREE DAYS
 HEATING
  YESTERDAY         71                          57      14     58
  MONTH TO DATE   1343                        1430     -87   1258
  SINCE DEC 1     1343                        1430     -87   1258
  SINCE JUL 1     4885                        5528    -643   5060

 COOLING
  YESTERDAY          0                           0       0      0
  MONTH TO DATE      0                           0       0      0
  SINCE DEC 1        0                           0       0      0
  SINCE JAN 1        3                           0       3      7
...................................................................

WIND (MPH)
 HIGHEST WIND SPEED    14     HIGHEST WIND DIRECTION     40
 HIGHEST GUST SPEED    17     HIGHEST GUST DIRECTION     40
 AVERAGE WIND SPEED   3.5

SKY COVER
  POSSIBLE SUNSHINE    MM          AVERAGE SKY COVER     MM

WEATHER CONDITIONS
 THE FOLLOWING WEATHER WAS RECORDED YESTERDAY.
  NO SIGNIFICANT WEATHER WAS OBSERVED.

RELATIVE HUMIDITY
 HIGHEST RH     MM PERCENT       MM
 LOWEST  RH     MM PERCENT       MM
 AVERAGE RH     MM PERCENT       MM
...................................................................

THE NOME CLIMATE NORMALS FOR TODAY
                           NORMAL    RECORD   YEAR
 MAXIMUM TEMPERATURE (F)     15        40     1993
 MINIMUM TEMPERATURE (F)      0       -41     1961

SUNRISE AND SUNSET
 DEC 27 2014..........SUNRISE 12:04 PM      SUNSET  4:03 PM
 DEC 28 2014..........SUNRISE 12:03 PM      SUNSET  4:05 PM

-  INDICATES NEGATIVE NUMBERS.
R  INDICATES RECORD HAS BEEN SET OR TIED.
MM INDICATES DATA IS MISSING.
T  INDICATES TRACE OF PRECIPITATION.

&&
-------------------------------------------------------------------

AMOUNT OF DAYLIGHT TODAY  (HOUR:MIN)........3 HOURS 59 MINUTES
GAIN/LOSS SINCE YESTERDAY (HOUR:MIN:SEC)....+0:01:43

TIDE INFORMATION FOR 12/27/2014

LOW  2:19 AM  0.6 FT
HIGH 8:13 AM  1.4 FT
LOW  2:54 PM -0.1 FT
HIGH 9:38 PM  1.4 FT

$$
JAS DEC 14
