918
CDAK49 PAFG 290957
CLIOME

CLIMATE REPORT
NATIONAL WEATHER SERVICE FAIRBANKS AK
157 AM AKDT THU JUN 29 2017


...................................

...THE NOME AK CLIMATE SUMMARY FOR JUNE 28 2017...

CLIMATE NORMAL PERIOD 1981 TO 2010
CLIMATE RECORD PERIOD 1906 TO 2017


WEATHER ITEM   OBSERVED TIME   RECORD YEAR NORMAL DEPARTURE LAST
                VALUE   (LST)  VALUE       VALUE  FROM      YEAR
                                                  NORMAL
..................................................................
TEMPERATURE (F)
 YESTERDAY
  MAXIMUM         52    617 PM  81    2004  58     -6       55
  MINIMUM         49   1159 PM  30    1970  44      5       49
  AVERAGE         51                        51      0       52

PRECIPITATION (IN)
  YESTERDAY        0.11          0.95 2006   0.04   0.07     0.00
  MONTH TO DATE    0.94                      0.90   0.04     0.34
  SINCE JUN 1      0.94                      0.90   0.04     0.34
  SINCE JAN 1      3.79                      5.04  -1.25     3.43

SNOWFALL (IN)
  YESTERDAY       MM             0.0    MM   0.0   MM        0.0
  MONTH TO DATE    0.0                       0.3   -0.3      0.0
  SINCE JUN 1      0.0                       0.3   -0.3      0.0
  SINCE JUL 1     54.6                      75.7  -21.1     16.2
  SNOW DEPTH       0

DEGREE DAYS
 HEATING
  YESTERDAY       14                        14      0       13
  MONTH TO DATE  340                       488   -148      422
  SINCE JUN 1    340                       488   -148      422
  SINCE JUL 1  12958                     13672   -714     6361

 COOLING
  YESTERDAY        0                         0      0        0
  MONTH TO DATE    4                         0      4        0
  SINCE JUN 1      4                         0      4        0
  SINCE JAN 1      4                         0      4        0
..................................................................


WIND (MPH)
  HIGHEST GUST SPEED    26   HIGHEST GUST DIRECTION     E (110)


SKY COVER
  AVERAGE SKY COVER 1.0


WEATHER CONDITIONS
 THE FOLLOWING WEATHER WAS RECORDED YESTERDAY.
  LIGHT RAIN
  FOG


RELATIVE HUMIDITY (PERCENT)
 HIGHEST   100
 LOWEST     89
 AVERAGE    95

..........................................................


THE NOME AK CLIMATE NORMALS FOR TODAY
                         NORMAL    RECORD    YEAR
 MAXIMUM TEMPERATURE (F)   58        78      1911
 MINIMUM TEMPERATURE (F)   45        31      1949
                                             1929


SUNRISE AND SUNSET
JUNE 29 2017..........SUNRISE   428 AM AKDT  SUNSET   142 AM AKDT
JUNE 30 2017..........SUNRISE   430 AM AKDT  SUNSET   140 AM AKDT

-  INDICATES NEGATIVE NUMBERS.
R  INDICATES RECORD WAS SET OR TIED.
MM INDICATES DATA IS MISSING.
T  INDICATES TRACE AMOUNT.

&&

SNOW DEPTH IS MEASURED AT 3AM AKST/4AM AKDT.

----------------------------
AVAILABLE DAYLIGHT

AMOUNT OF DAYLIGHT TODAY  (HOUR:MIN)........21:16
GAIN/LOSS SINCE YESTERDAY (HOUR:MIN:SEC)....-0:03:04

NOME TIDAL INFORMATION FOR 29 JUNE 2017
0332  -0.4
1046  +1.4
1616  +0.6
2156  +1.1

$$
JUN 17
