000
CDAK49 PAOM 011130
CLIOME

CLIMATE REPORT
NATIONAL WEATHER SERVICE NOME, AK
330 AM AKDT SUN MAY 1 2016

...................................
...THE NOME WSO AP CLIMATE SUMMARY FOR APRIL 30 2016...

CLIMATE NORMAL PERIOD  1981 TO  2010
CLIMATE RECORD PERIOD  1906 TO  2016

WEATHER ITEM   OBSERVED TIME    RECORD YEAR NORMAL DEPARTURE LAST
               VALUE    (LST)   VALUE       VALUE  FROM      YEAR
                                                   NORMAL
...................................................................
TEMPERATURE
YESTERDAY
 MAXIMUM            50  0706 PM    51  1953     35      15     36
 MINIMUM            31  0611 AM   -10  1964     23       8     27
 AVERAGE            41                          29      12     32

PRECIPITATION
(INCHES)
 YESTERDAY           T           0.46  1920   0.03   -0.03   0.00
 MONTH TO DATE    0.80                        0.76    0.04   0.61
 SINCE MAR 1      0.84                        1.41   -0.57   1.31
 SINCE JAN 1      1.87                        3.28   -1.41   2.95

SNOWFALL
(INCHES)
 YESTERDAY         0.0            4.0  1937    0.2    -0.2    0.0
 MONTH TO DATE     6.1                         7.5    -1.4    7.6
 SINCE MAR 1       6.6                        16.4    -9.8   16.4
 SINCE JUL 1      48.9                        73.1   -24.2   59.7
 SNOW DEPTH (IN)     0                                          3

DEGREE DAYS
 HEATING
  YESTERDAY         24                          36     -12     33
  MONTH TO DATE    911                        1335    -424   1300
  SINCE MAR 1     2557                        3031    -474   3107
  SINCE JUL 1    10794                       12313   -1519  11285

 COOLING
  YESTERDAY          0                           0       0      0
  MONTH TO DATE      0                           0       0      0
  SINCE MAR 1        0                           0       0      0
  SINCE JAN 1        0                           0       0      0
...................................................................

WIND (MPH)
 HIGHEST WIND SPEED    14     HIGHEST WIND DIRECTION    360
 HIGHEST GUST SPEED    17     HIGHEST GUST DIRECTION    350
 AVERAGE WIND SPEED   4.6

SKY COVER
  POSSIBLE SUNSHINE    MM          AVERAGE SKY COVER     MM

WEATHER CONDITIONS
 THE FOLLOWING WEATHER WAS RECORDED YESTERDAY.
  RAIN


RELATIVE HUMIDITY
 HIGHEST RH     MM PERCENT       MM
 LOWEST  RH     MM PERCENT       MM
 AVERAGE RH     MM PERCENT       MM
...................................................................

THE NOME CLIMATE NORMALS FOR TODAY
                           NORMAL    RECORD   YEAR
 MAXIMUM TEMPERATURE (F)     36        56     2004
 MINIMUM TEMPERATURE (F)     24       -10     1964

SUNRISE AND SUNSET
 MAY 1 2016..........SUNRISE  6:29 AM      SUNSET 11:32 PM
 MAY 2 2016..........SUNRISE  6:25 AM      SUNSET 11:35 PM

-  INDICATES NEGATIVE NUMBERS.
R  INDICATES RECORD HAS BEEN SET OR TIED.
MM INDICATES DATA IS MISSING.
T  INDICATES TRACE OF PRECIPITATION.

&&
-------------------------------------------------------------------

AMOUNT OF DAYLIGHT TODAY  (HOUR:MIN)........17 HOURS 3 MINUTES
GAIN/LOSS SINCE YESTERDAY (HOUR:MIN:SEC)....+0:06:50

NOME TIDAL INFORMATION FOR 1 MAY 2013
0623  -0.2
1332  +0.9
1907  +0.4

$$

CKC MAY 16
