000
CDAK49 PAOM 020914
CLIOME

CLIMATE REPORT
NATIONAL WEATHER SERVICE NOME, AK
114 AM AKDT WED SEP 2 2015

...................................
...THE NOME WSO AP CLIMATE SUMMARY FOR SEPTEMBER 1 2015...

CLIMATE NORMAL PERIOD  1981 TO  2010
CLIMATE RECORD PERIOD  1906 TO  2015

WEATHER ITEM   OBSERVED TIME    RECORD YEAR NORMAL DEPARTURE LAST
               VALUE    (LST)   VALUE       VALUE  FROM      YEAR
                                                   NORMAL
...................................................................
TEMPERATURE
YESTERDAY
 MAXIMUM            52  0318 PM    66  2008     54      -2     54
 MINIMUM            37  0225 AM    26  1983     42      -5     38
 AVERAGE            45                          48      -3     46

PRECIPITATION
(INCHES)
 YESTERDAY        0.00           1.39  1942   0.09   -0.09   0.54
 MONTH TO DATE    0.00                        0.09   -0.09   0.54
 SINCE SEP 1      0.00                        0.09   -0.09   0.54
 SINCE JAN 1     10.24                       10.54   -0.30   9.56

SNOWFALL
(INCHES)
 YESTERDAY         0.0              T  1944    0.0     0.0    0.0
 MONTH TO DATE     0.0                         0.0     0.0    0.0
 SINCE SEP 1       0.0                         0.0     0.0    0.0
 SINCE JUL 1       0.0                         0.0     0.0    0.0
 SNOW DEPTH (IN)     0                                          0

DEGREE DAYS
 HEATING
  YESTERDAY         20                          17       3     19
  MONTH TO DATE     20                          17       3     19
  SINCE SEP 1       20                          17       3     19
  SINCE JUL 1      829                         881     -52    722

 COOLING
  YESTERDAY          0                           0       0      0
  MONTH TO DATE      0                           0       0      0
  SINCE SEP 1        0                           0       0      0
  SINCE JAN 1        5                           0       5      3
...................................................................

WIND (MPH)
 HIGHEST WIND SPEED    17     HIGHEST WIND DIRECTION    120
 HIGHEST GUST SPEED    21     HIGHEST GUST DIRECTION    120
 AVERAGE WIND SPEED   7.7

SKY COVER
  POSSIBLE SUNSHINE    MM          AVERAGE SKY COVER     MM

WEATHER CONDITIONS
 THE FOLLOWING WEATHER WAS RECORDED YESTERDAY.
  NO SIGNIFICANT WEATHER WAS OBSERVED.

RELATIVE HUMIDITY
 HIGHEST RH     MM PERCENT       MM
 LOWEST  RH     MM PERCENT       MM
 AVERAGE RH     MM PERCENT       MM
...................................................................

THE NOME CLIMATE NORMALS FOR TODAY
                           NORMAL    RECORD   YEAR
 MAXIMUM TEMPERATURE (F)     54        67     1991
 MINIMUM TEMPERATURE (F)     42        25     1983

SUNRISE AND SUNSET
 SEP 2 2015..........SUNRISE  7:46 AM      SUNSET 10:15 PM
 SEP 3 2015..........SUNRISE  7:49 AM      SUNSET 10:12 PM

-  INDICATES NEGATIVE NUMBERS.
R  INDICATES RECORD HAS BEEN SET OR TIED.
MM INDICATES DATA IS MISSING.
T  INDICATES TRACE OF PRECIPITATION.

&&
-------------------------------------------------------------------

AMOUNT OF DAYLIGHT TODAY  (HOUR:MIN)........14 HOURS 29 MINUTES
GAIN/LOSS SINCE YESTERDAY (HOUR:MIN:SEC)....-0:06:36

TIDE INFORMATION FOR WEDNESDAY SEPTEMBER 2 2015
1:47 AM LOW -0.1 FT
8:17 AM HIGH 1.5 FT
2:22 PM LOW  0.3 FT
8:30 PM HIGH 1.4 FT

$$
RWM SEP 15
