000
CDAK49 PAOM 271145
CLIOME

CLIMATE REPORT
NATIONAL WEATHER SERVICE NOME, AK
345 AM AKDT SAT AUG 27 2016

...................................
...THE NOME WSO AP CLIMATE SUMMARY FOR AUGUST 26 2016...

CLIMATE NORMAL PERIOD  1981 TO  2010
CLIMATE RECORD PERIOD  1906 TO  2016

WEATHER ITEM   OBSERVED TIME    RECORD YEAR NORMAL DEPARTURE LAST
               VALUE    (LST)   VALUE       VALUE  FROM      YEAR
                                                   NORMAL
...................................................................
TEMPERATURE
YESTERDAY
 MAXIMUM            54  0257 PM    70  2007     55      -1     58
 MINIMUM            49  1210 AM    28  2009     43       6     42
 AVERAGE            52                          49       3     50

PRECIPITATION
(INCHES)
 YESTERDAY        0.07           1.02  1907   0.10   -0.03   0.50
 MONTH TO DATE    3.02                        2.75    0.27   3.70
 SINCE JUN 1      7.18                        5.84    1.34   5.80
 SINCE JAN 1     10.27                        9.98    0.29  10.24

SNOWFALL
(INCHES)
 YESTERDAY         0.0            0.0  2016    0.0     0.0    0.0
 MONTH TO DATE     0.0                         0.0     0.0    0.0
 SINCE JUN 1       0.0                         0.3    -0.3    0.0
 SINCE JUL 1       0.0                         0.0     0.0    0.0
 SNOW DEPTH (IN)     0                                          0

DEGREE DAYS
 HEATING
  YESTERDAY         13                          16      -3     15
  MONTH TO DATE    300                         382     -82    388
  SINCE JUN 1     1167                        1298    -131   1220
  SINCE JUL 1      703                         782     -79    695

 COOLING
  YESTERDAY          0                           0       0      0
  MONTH TO DATE      0                           0       0      0
  SINCE JUN 1        0                           0       0      5
  SINCE JAN 1        0                           0       0      5
...................................................................

WIND (MPH)
 HIGHEST WIND SPEED    16     HIGHEST WIND DIRECTION    220
 HIGHEST GUST SPEED    19     HIGHEST GUST DIRECTION    220
 AVERAGE WIND SPEED   8.7

SKY COVER
  POSSIBLE SUNSHINE    MM          AVERAGE SKY COVER     MM

WEATHER CONDITIONS
 THE FOLLOWING WEATHER WAS RECORDED YESTERDAY.
  PATCHY FOG
  LIGHT DRIZZLE
  LIGHT RAINFALL

RELATIVE HUMIDITY
 HIGHEST RH     MM PERCENT       MM
 LOWEST  RH     MM PERCENT       MM
 AVERAGE RH     MM PERCENT       MM
...................................................................

THE NOME CLIMATE NORMALS FOR TODAY
                           NORMAL    RECORD   YEAR
 MAXIMUM TEMPERATURE (F)     55        70     1995
 MINIMUM TEMPERATURE (F)     43        27     1984

SUNRISE AND SUNSET
 AUG 27 2016..........SUNRISE  7:30 AM      SUNSET 10:34 PM
 AUG 28 2016..........SUNRISE  7:34 AM      SUNSET 10:31 PM

-  INDICATES NEGATIVE NUMBERS.
R  INDICATES RECORD HAS BEEN SET OR TIED.
MM INDICATES DATA IS MISSING.
T  INDICATES TRACE OF PRECIPITATION.

&&
-------------------------------------------------------------------

AMOUNT OF DAYLIGHT TODAY  (HOUR:MIN)........15 HOURS 4 MINUTES
GAIN/LOSS SINCE YESTERDAY (HOUR:MIN:SEC)....-0:06:39

NOME TIDAL INFORMATION FOR 27 AUGUST 2016
0109  +1.1
0609  +0.6
1226  +1.4
1947   0.0

$$

CKC AUG 16
