713
CDAK49 PAFG 010050
CLIOME

CLIMATE REPORT
NATIONAL WEATHER SERVICE FAIRBANKS AK
450 PM AKDT SUN APR 30 2017


...................................

...THE NOME AK CLIMATE SUMMARY FOR APRIL 30 2017...
VALID TODAY AS OF 0400 PM LOCAL TIME.

CLIMATE NORMAL PERIOD 1981 TO 2010
CLIMATE RECORD PERIOD 1906 TO 2017


WEATHER ITEM   OBSERVED TIME   RECORD YEAR NORMAL DEPARTURE LAST
                VALUE   (LST)  VALUE       VALUE  FROM      YEAR
                                                  NORMAL
..................................................................
TEMPERATURE (F)
 TODAY
  MAXIMUM         50    259 PM  51    1953  35     15       50
  MINIMUM         30    246 AM -10    1964  23      7       31
  AVERAGE         40                        29     11       41

PRECIPITATION (IN)
  TODAY            0.00          0.46 1920   0.03  -0.03      T
  MONTH TO DATE    0.15                      0.76  -0.61     0.80
  SINCE MAR 1      0.16                      1.41  -1.25     0.84
  SINCE JAN 1      1.91                      3.28  -1.37     1.87

SNOWFALL (IN)
  TODAY            0.0           4.0  1937   0.2   -0.2     MM
  MONTH TO DATE    1.1                       7.5   -6.4      0.7
  SINCE MAR 1      2.0                      16.4  -14.4      0.7
  SINCE JUL 1     54.2                      73.1  -18.9     16.2
  SNOW DEPTH       0

DEGREE DAYS
 HEATING
  TODAY           25                        36    -11       24
  MONTH TO DATE 1030                      1335   -305      880
  SINCE MAR 1   3018                      3031    -13     2522
  SINCE JUL 1  11813                     12310   -497     5313

 COOLING
  TODAY            0                         0      0        0
  MONTH TO DATE    0                         0      0        0
  SINCE MAR 1      0                         0      0        0
  SINCE JAN 1      0                         0      0        0
..................................................................


WIND (MPH)
  HIGHEST GUST SPEED    19   HIGHEST GUST DIRECTION    NE (30)


SKY COVER
  AVERAGE SKY COVER 0.3


WEATHER CONDITIONS
 THE FOLLOWING WEATHER WAS RECORDED TODAY.
  NO SIGNIFICANT WEATHER WAS OBSERVED.


RELATIVE HUMIDITY (PERCENT)
 HIGHEST   100
 LOWEST     54
 AVERAGE    77

..........................................................


THE NOME AK CLIMATE NORMALS FOR TOMORROW
                         NORMAL    RECORD    YEAR
 MAXIMUM TEMPERATURE (F)   36        56      2004
 MINIMUM TEMPERATURE (F)   24       -10      1964


SUNRISE AND SUNSET
APRIL 30 2017.........SUNRISE   633 AM AKDT  SUNSET  1128 PM AKDT
MAY 01 2017...........SUNRISE   630 AM AKDT  SUNSET  1131 PM AKDT

-  INDICATES NEGATIVE NUMBERS.
R  INDICATES RECORD WAS SET OR TIED.
MM INDICATES DATA IS MISSING.
T  INDICATES TRACE AMOUNT.

&&

SNOW DEPTH IS MEASURED AT 3AM AKST/4AM AKDT.

----------------------------
AVAILABLE DAYLIGHT

AMOUNT OF DAYLIGHT TODAY  (HOUR:MIN)........16:55
GAIN/LOSS SINCE YESTERDAY (HOUR:MIN:SEC)....+0:06:50

NOME TIDAL INFORMATION FOR  1 MAY 2017
0210  -0.4
0921  +1.3
1422  +0.5
2003  +1.2

$$
APR 17
