000
CDUS46 KOTX 180829
CLIOMK


CLIMATE REPORT
NATIONAL WEATHER SERVICE SPOKANE, WA
1228 AM PST SAT NOV 18 2017


...................................

...THE OMAK WA AIRPORT CLIMATE SUMMARY FOR NOVEMBER 17 2017...

CLIMATE NORMAL PERIOD 1981 TO 2010
CLIMATE RECORD PERIOD 9999 TO 9999


WEATHER ITEM   OBSERVED TIME   RECORD YEAR NORMAL DEPARTURE LAST
                VALUE   (LST)  VALUE       VALUE  FROM      YEAR
                                                  NORMAL
..................................................................
TEMPERATURE (F)
 YESTERDAY
  MAXIMUM         49    258 PM  54    2009  43      6       42
                                      2001
                                      1976
  MINIMUM         24    709 AM   8    1961  28     -4       24
  AVERAGE         37                        35      2       33

PRECIPITATION (IN)
  YESTERDAY        0.00                      0.06  -0.06     0.01
  MONTH TO DATE    0.69                      0.85  -0.16     0.65
  SINCE OCT 1      1.80                      1.93  -0.13     4.29
  SINCE JAN 1     12.29                     11.79   0.50    13.76

SNOWFALL (IN)
  YESTERDAY       MM

DEGREE DAYS
 HEATING
  YESTERDAY       28                        30     -2       32
  MONTH TO DATE  445                       449     -4      315
  SINCE SEP 1   1118                      1078     40      899
  SINCE JUL 1   1118                      1109      9      907

 COOLING
  YESTERDAY        0                         0      0        0
  MONTH TO DATE    0                         0      0        0
  SINCE SEP 1     93                        59     34       11
  SINCE JAN 1    885                       665    220      637
..................................................................


WIND (MPH)
  HIGHEST WIND SPEED    12   HIGHEST WIND DIRECTION     S (190)
  HIGHEST GUST SPEED    14   HIGHEST GUST DIRECTION     S (190)
  AVERAGE WIND SPEED     4.1


SKY COVER
  POSSIBLE SUNSHINE  MM
  AVERAGE SKY COVER 0.0


WEATHER CONDITIONS
 THE FOLLOWING WEATHER WAS RECORDED YESTERDAY.
  NO SIGNIFICANT WEATHER WAS OBSERVED.


RELATIVE HUMIDITY (PERCENT)
 HIGHEST   100           300 AM
 LOWEST     46           300 PM
 AVERAGE    73

..........................................................


THE OMAK WA AIRPORT CLIMATE NORMALS FOR TODAY
                         NORMAL    RECORD    YEAR
 MAXIMUM TEMPERATURE (F)   42        55      2003
                                             1938
 MINIMUM TEMPERATURE (F)   27        10      1955


SUNRISE AND SUNSET
NOVEMBER 18 2017......SUNRISE   711 AM PST   SUNSET   415 PM PST
NOVEMBER 19 2017......SUNRISE   712 AM PST   SUNSET   414 PM PST


-  INDICATES NEGATIVE NUMBERS.
R  INDICATES RECORD WAS SET OR TIED.
MM INDICATES DATA IS MISSING.
T  INDICATES TRACE AMOUNT.




$$
