000
CDUS46 KOTX 200831
CLIOMK


CLIMATE REPORT
NATIONAL WEATHER SERVICE SPOKANE, WA
1231 AM PST FRI JAN 20 2017


...................................

...THE OMAK WA AIRPORT CLIMATE SUMMARY FOR JANUARY 19 2017...

CLIMATE NORMAL PERIOD 1981 TO 2010
CLIMATE RECORD PERIOD 9999 TO 9999


WEATHER ITEM   OBSERVED TIME   RECORD YEAR NORMAL DEPARTURE LAST
                VALUE   (LST)  VALUE       VALUE  FROM      YEAR
                                                  NORMAL
..................................................................
TEMPERATURE (F)
 YESTERDAY
  MAXIMUM         35    325 PM  52    1944  34      1       35
  MINIMUM         30   1239 AM  -8    1957  21      9       30
  AVERAGE         33                        27      6       33

PRECIPITATION (IN)
  YESTERDAY        0.10                      0.05   0.05     0.18
  MONTH TO DATE    1.50                      1.31   0.19     1.44
  SINCE OCT 1      7.98                      6.20   1.78     6.80
  SINCE JAN 1      1.50                      1.31   0.19     1.44

SNOWFALL (IN)
  YESTERDAY       MM

DEGREE DAYS
 HEATING
  YESTERDAY       32                        38     -6       32
  MONTH TO DATE  936                       745    191      727
  SINCE DEC 1   2229                      1961    268     1878
  SINCE JUL 1   3467                      3494    -27     3179

 COOLING
  YESTERDAY        0                         0      0        0
  MONTH TO DATE    0                         0      0        0
  SINCE DEC 1      0                         0      0        0
  SINCE JAN 1      0                         0      0        0
..................................................................


WIND (MPH)
  HIGHEST WIND SPEED    12   HIGHEST WIND DIRECTION     S (190)
  HIGHEST GUST SPEED    13   HIGHEST GUST DIRECTION     S (170)
  AVERAGE WIND SPEED     5.3


SKY COVER
  POSSIBLE SUNSHINE  MM
  AVERAGE SKY COVER 1.0


WEATHER CONDITIONS
 THE FOLLOWING WEATHER WAS RECORDED YESTERDAY.
  LIGHT RAIN
  LT FREEZING RAIN
  LIGHT SNOW
  FOG


RELATIVE HUMIDITY (PERCENT)
 HIGHEST    92          1200 AM
 LOWEST     82           800 AM
 AVERAGE    87

..........................................................


THE OMAK WA AIRPORT CLIMATE NORMALS FOR TODAY
                         NORMAL    RECORD    YEAR
 MAXIMUM TEMPERATURE (F)   34        49      1967
 MINIMUM TEMPERATURE (F)   21       -20      1949


SUNRISE AND SUNSET
JANUARY 20 2017.......SUNRISE   740 AM PST   SUNSET   439 PM PST
JANUARY 21 2017.......SUNRISE   739 AM PST   SUNSET   440 PM PST


-  INDICATES NEGATIVE NUMBERS.
R  INDICATES RECORD WAS SET OR TIED.
MM INDICATES DATA IS MISSING.
T  INDICATES TRACE AMOUNT.




$$
