000
CDUS46 KOTX 300847
CLIOMK


CLIMATE REPORT
NATIONAL WEATHER SERVICE SPOKANE, WA
147 AM PDT SUN APR 30 2017


...................................

...THE OMAK WA AIRPORT CLIMATE SUMMARY FOR APRIL 29 2017...

CLIMATE NORMAL PERIOD 1981 TO 2010
CLIMATE RECORD PERIOD 9999 TO 9999


WEATHER ITEM   OBSERVED TIME   RECORD YEAR NORMAL DEPARTURE LAST
                VALUE   (LST)  VALUE       VALUE  FROM      YEAR
                                                  NORMAL
..................................................................
TEMPERATURE (F)
 YESTERDAY
  MAXIMUM         62    341 PM  85    1931  67     -5       65
  MINIMUM         35    518 AM  22    1972  39     -4       51
  AVERAGE         49                        53     -4       58

PRECIPITATION (IN)
  YESTERDAY        0.00                      0.04  -0.04     0.13
  MONTH TO DATE    2.66                      1.01   1.65     0.53
  SINCE OCT 1     15.08                     10.39   4.69    11.74
  SINCE JAN 1      8.60                      5.50   3.10     6.38

SNOWFALL (IN)
  YESTERDAY       MM

DEGREE DAYS
 HEATING
  YESTERDAY       16                        12      4        7
  MONTH TO DATE  483                       438     45      243
  SINCE MAR 1   1250                      1167     83      863
  SINCE JUL 1   6185                      6028    157     5269

 COOLING
  YESTERDAY        0                         0      0        0
  MONTH TO DATE    0                         0      0        5
  SINCE MAR 1      0                         0      0        5
  SINCE JAN 1      0                         0      0        5
..................................................................


WIND (MPH)
  HIGHEST WIND SPEED    20   HIGHEST WIND DIRECTION     S (160)
  HIGHEST GUST SPEED    24   HIGHEST GUST DIRECTION    SE (150)
  AVERAGE WIND SPEED    10.6


SKY COVER
  POSSIBLE SUNSHINE  MM
  AVERAGE SKY COVER 0.3


WEATHER CONDITIONS
 THE FOLLOWING WEATHER WAS RECORDED YESTERDAY.
  NO SIGNIFICANT WEATHER WAS OBSERVED.


RELATIVE HUMIDITY (PERCENT)
 HIGHEST    70           500 AM
 LOWEST     25           300 PM
 AVERAGE    48

..........................................................


THE OMAK WA AIRPORT CLIMATE NORMALS FOR TODAY
                         NORMAL    RECORD    YEAR
 MAXIMUM TEMPERATURE (F)   67        85      1957
 MINIMUM TEMPERATURE (F)   39        24      2013


SUNRISE AND SUNSET
APRIL 30 2017.........SUNRISE   540 AM PDT   SUNSET   812 PM PDT
MAY  1 2017...........SUNRISE   538 AM PDT   SUNSET   813 PM PDT


-  INDICATES NEGATIVE NUMBERS.
R  INDICATES RECORD WAS SET OR TIED.
MM INDICATES DATA IS MISSING.
T  INDICATES TRACE AMOUNT.




$$
