000
CDUS46 KOTX 260823
CLIOMK


CLIMATE REPORT
NATIONAL WEATHER SERVICE SPOKANE, WA
1222 AM PST THU FEB 26 2015


...................................

...THE OMAK WA AIRPORT CLIMATE SUMMARY FOR FEBRUARY 25 2015...

CLIMATE NORMAL PERIOD 1981 TO 2010
CLIMATE RECORD PERIOD 9999 TO 9999


WEATHER ITEM   OBSERVED TIME   RECORD YEAR NORMAL DEPARTURE LAST
                VALUE   (LST)  VALUE       VALUE  FROM      YEAR
                                                  NORMAL
..................................................................
TEMPERATURE (F)
 YESTERDAY
  MAXIMUM         54    135 PM  56    1958  44     10       30
  MINIMUM         20    636 AM  -1    1936  25     -5       19
  AVERAGE         37                        34      3       25

PRECIPITATION (IN)
  YESTERDAY        0.00          0.39 1958   0.04  -0.04     0.00
  MONTH TO DATE    1.00                      1.16  -0.16     1.50
  SINCE OCT 1      8.30                      8.30   0.00     2.99
  SINCE JAN 1      1.73                      2.85  -1.12     1.82

SNOWFALL (IN)
  YESTERDAY       MM

DEGREE DAYS
 HEATING
  YESTERDAY       28                        31     -3       40
  MONTH TO DATE  617                       838   -221      936
  SINCE DEC 1   2719                      3238   -519     3294
  SINCE JUL 1   4116                      4771   -655     4891

 COOLING
  YESTERDAY        0                         0      0        0
  MONTH TO DATE    0                         0      0        0
  SINCE DEC 1      0                         0      0        0
  SINCE JAN 1      0                         0      0        0
..................................................................


WIND (MPH)
  HIGHEST WIND SPEED     9   HIGHEST WIND DIRECTION     S (200)
  HIGHEST GUST SPEED    11   HIGHEST GUST DIRECTION     S (190)
  AVERAGE WIND SPEED     3.0


SKY COVER
  POSSIBLE SUNSHINE  MM
  AVERAGE SKY COVER 0.2


WEATHER CONDITIONS
 THE FOLLOWING WEATHER WAS RECORDED YESTERDAY.
  NO SIGNIFICANT WEATHER WAS OBSERVED.


RELATIVE HUMIDITY (PERCENT)
 HIGHEST    92           500 AM
 LOWEST     30           200 PM
 AVERAGE    61

..........................................................


THE OMAK WA AIRPORT CLIMATE NORMALS FOR TODAY
                         NORMAL    RECORD    YEAR
 MAXIMUM TEMPERATURE (F)   44        57      1968
 MINIMUM TEMPERATURE (F)   25         1      1975


SUNRISE AND SUNSET
FEBRUARY 26 2015......SUNRISE   646 AM PST   SUNSET   537 PM PST
FEBRUARY 27 2015......SUNRISE   644 AM PST   SUNSET   539 PM PST


-  INDICATES NEGATIVE NUMBERS.
R  INDICATES RECORD WAS SET OR TIED.
MM INDICATES DATA IS MISSING.
T  INDICATES TRACE AMOUNT.




$$
