000
CDUS46 KOTX 280827
CLIOMK


CLIMATE REPORT
NATIONAL WEATHER SERVICE SPOKANE, WA
1227 AM PST TUE FEB 28 2017


...................................

...THE OMAK WA AIRPORT CLIMATE SUMMARY FOR FEBRUARY 27 2017...

CLIMATE NORMAL PERIOD 1981 TO 2010
CLIMATE RECORD PERIOD 9999 TO 9999


WEATHER ITEM   OBSERVED TIME   RECORD YEAR NORMAL DEPARTURE LAST
                VALUE   (LST)  VALUE       VALUE  FROM      YEAR
                                                  NORMAL
..................................................................
TEMPERATURE (F)
 YESTERDAY
  MAXIMUM         33    322 PM  63    1932  45    -12       56
  MINIMUM         24    502 AM   7    1962  25     -1       35
  AVERAGE         29                        35     -6       46

PRECIPITATION (IN)
  YESTERDAY        T                         0.05  -0.05     0.00
  MONTH TO DATE    1.63                      1.36   0.27     0.90
  SINCE OCT 1     10.14                      8.14   2.00     8.54
  SINCE JAN 1      3.66                      3.25   0.41     3.18

SNOWFALL (IN)
  YESTERDAY       MM

DEGREE DAYS
 HEATING
  YESTERDAY       36                        30      6       19
  MONTH TO DATE 1041                       898    143      784
  SINCE DEC 1   3660                      3298    362     3062
  SINCE JUL 1   4898                      4831     67     4363

 COOLING
  YESTERDAY        0                         0      0        0
  MONTH TO DATE    0                         0      0        0
  SINCE DEC 1      0                         0      0        0
  SINCE JAN 1      0                         0      0        0
..................................................................


WIND (MPH)
  HIGHEST WIND SPEED    23   HIGHEST WIND DIRECTION     N (360)
  HIGHEST GUST SPEED    26   HIGHEST GUST DIRECTION     N (360)
  AVERAGE WIND SPEED     7.5


SKY COVER
  POSSIBLE SUNSHINE  MM
  AVERAGE SKY COVER 0.9


WEATHER CONDITIONS
 THE FOLLOWING WEATHER WAS RECORDED YESTERDAY.
  LIGHT SNOW
  FOG


RELATIVE HUMIDITY (PERCENT)
 HIGHEST    85           700 PM
 LOWEST     51           300 PM
 AVERAGE    68

..........................................................


THE OMAK WA AIRPORT CLIMATE NORMALS FOR TODAY
                         NORMAL    RECORD    YEAR
 MAXIMUM TEMPERATURE (F)   45        62      1945
 MINIMUM TEMPERATURE (F)   26        11      1960


SUNRISE AND SUNSET
FEBRUARY 28 2017......SUNRISE   641 AM PST   SUNSET   541 PM PST
MARCH  1 2017.........SUNRISE   639 AM PST   SUNSET   543 PM PST


-  INDICATES NEGATIVE NUMBERS.
R  INDICATES RECORD WAS SET OR TIED.
MM INDICATES DATA IS MISSING.
T  INDICATES TRACE AMOUNT.




$$
