000
CDUS46 KOTX 260826
CLIOMK


CLIMATE REPORT
NATIONAL WEATHER SERVICE SPOKANE, WA
1225 AM PST MON JAN 26 2015


...................................

...THE OMAK WA AIRPORT CLIMATE SUMMARY FOR JANUARY 25 2015...

CLIMATE NORMAL PERIOD 1981 TO 2010
CLIMATE RECORD PERIOD 9999 TO 9999


WEATHER ITEM   OBSERVED TIME   RECORD YEAR NORMAL DEPARTURE LAST
                VALUE   (LST)  VALUE       VALUE  FROM      YEAR
                                                  NORMAL
..................................................................
TEMPERATURE (F)
 YESTERDAY
  MAXIMUM         38    421 PM  50    2002  35      3       31
  MINIMUM         34   1159 PM -22    1949  22     12       29
  AVERAGE         36                        28      8       30

PRECIPITATION (IN)
  YESTERDAY        0.00          0.28 1942   0.03  -0.03     0.00
  MONTH TO DATE    0.73                      1.49  -0.76     0.16
  SINCE OCT 1      7.30                      6.94   0.36     1.33
  SINCE JAN 1      0.73                      1.49  -0.76     0.16

SNOWFALL (IN)
  YESTERDAY       MM

DEGREE DAYS
 HEATING
  YESTERDAY       29                        37     -8       35
  MONTH TO DATE  872                       967    -95      853
  SINCE DEC 1   1923                      2183   -260     2156
  SINCE JUL 1   3320                      3716   -396     3753

 COOLING
  YESTERDAY        0                         0      0        0
  MONTH TO DATE    0                         0      0        0
  SINCE DEC 1      0                         0      0        0
  SINCE JAN 1      0                         0      0        0
..................................................................


WIND (MPH)
  HIGHEST WIND SPEED     6   HIGHEST WIND DIRECTION    NW (310)
  HIGHEST GUST SPEED     7   HIGHEST GUST DIRECTION     E (100)
  AVERAGE WIND SPEED     1.3


SKY COVER
  POSSIBLE SUNSHINE  MM
  AVERAGE SKY COVER 1.0


WEATHER CONDITIONS
 THE FOLLOWING WEATHER WAS RECORDED YESTERDAY.
  FOG
  FOG W/VISIBILITY <= 1/4 MILE


RELATIVE HUMIDITY (PERCENT)
 HIGHEST   100           100 AM
 LOWEST     92          1200 AM
 AVERAGE    96

..........................................................


THE OMAK WA AIRPORT CLIMATE NORMALS FOR TODAY
                         NORMAL    RECORD    YEAR
 MAXIMUM TEMPERATURE (F)   35        48      1942
 MINIMUM TEMPERATURE (F)   22        -8      1950


SUNRISE AND SUNSET
JANUARY 26 2015.......SUNRISE   735 AM PST   SUNSET   447 PM PST
JANUARY 27 2015.......SUNRISE   733 AM PST   SUNSET   449 PM PST


-  INDICATES NEGATIVE NUMBERS.
R  INDICATES RECORD WAS SET OR TIED.
MM INDICATES DATA IS MISSING.
T  INDICATES TRACE AMOUNT.




$$
