000
CDUS46 KOTX 240835
CLIOMK


CLIMATE REPORT
NATIONAL WEATHER SERVICE SPOKANE, WA
1234 AM PST MON NOV 24 2014


...................................

...THE OMAK WA AIRPORT CLIMATE SUMMARY FOR NOVEMBER 23 2014...

CLIMATE NORMAL PERIOD 1981 TO 2010
CLIMATE RECORD PERIOD 9999 TO 9999


WEATHER ITEM   OBSERVED TIME   RECORD YEAR NORMAL DEPARTURE LAST
                VALUE   (LST)  VALUE       VALUE  FROM      YEAR
                                                  NORMAL
..................................................................
TEMPERATURE (F)
 YESTERDAY
  MAXIMUM         42    245 PM  61    1933  40      2       32
  MINIMUM         19   1212 AM  -1    2010  26     -7        9
  AVERAGE         31                        33     -2       21

PRECIPITATION (IN)
  YESTERDAY        0.00          0.56 1960   0.05  -0.05     0.00
  MONTH TO DATE    1.03                      1.39  -0.36     0.99
  SINCE OCT 1      3.07                      2.49   0.58     1.06
  SINCE JAN 1     10.08                     12.09  -2.01     9.89

SNOWFALL (IN)
  YESTERDAY       MM

DEGREE DAYS
 HEATING
  YESTERDAY       34                        32      2       44
  MONTH TO DATE  686                       636     50      673
  SINCE SEP 1   1141                      1265   -124     1333
  SINCE JUL 1   1146                      1296   -150     1333

 COOLING
  YESTERDAY        0                         0      0        0
  MONTH TO DATE    0                         0      0        0
  SINCE SEP 1     49                        59    -10      128
  SINCE JAN 1    873                       665    208      814
..................................................................


WIND (MPH)
  HIGHEST WIND SPEED    13   HIGHEST WIND DIRECTION     S (180)
  HIGHEST GUST SPEED    16   HIGHEST GUST DIRECTION     S (180)
  AVERAGE WIND SPEED     4.1


SKY COVER
  POSSIBLE SUNSHINE  MM
  AVERAGE SKY COVER 0.5


WEATHER CONDITIONS
 THE FOLLOWING WEATHER WAS RECORDED YESTERDAY.
  FOG
  FOG W/VISIBILITY <= 1/4 MILE
  HAZE


RELATIVE HUMIDITY (PERCENT)
 HIGHEST    92           200 AM
 LOWEST     73           200 PM
 AVERAGE    83

..........................................................


THE OMAK WA AIRPORT CLIMATE NORMALS FOR TODAY
                         NORMAL    RECORD    YEAR
 MAXIMUM TEMPERATURE (F)   39        70      1933
 MINIMUM TEMPERATURE (F)   26        -6      2010


SUNRISE AND SUNSET
NOVEMBER 24 2014......SUNRISE   719 AM PST   SUNSET   410 PM PST
NOVEMBER 25 2014......SUNRISE   721 AM PST   SUNSET   409 PM PST


-  INDICATES NEGATIVE NUMBERS.
R  INDICATES RECORD WAS SET OR TIED.
MM INDICATES DATA IS MISSING.
T  INDICATES TRACE AMOUNT.




$$
