000
CDUS45 KBOI 310931
CLIONO


CLIMATE REPORT
NATIONAL WEATHER SERVICE BOISE ID
231 AM MST SAT JAN 31 2015


...................................

...THE ONTARIO OR CLIMATE SUMMARY FOR JANUARY 30 2015...

CLIMATE NORMAL PERIOD 1981 TO 2010
CLIMATE RECORD PERIOD 1948 TO 2015


WEATHER ITEM   OBSERVED TIME   RECORD YEAR NORMAL DEPARTURE LAST
                VALUE   (LST)  VALUE       VALUE  FROM      YEAR
                                                  NORMAL
..................................................................
TEMPERATURE (F)
 YESTERDAY
  MAXIMUM         50    452 PM  57    1953  38     12       33
  MINIMUM         28   1159 PM -20    1957  21      7       24
  AVERAGE         39                        29     10       29

PRECIPITATION (IN)
  YESTERDAY        0.00          0.53 1995   0.03  -0.03     0.00
  MONTH TO DATE    0.56                      1.15  -0.59     0.64
  SINCE OCT 1      5.02                      4.56   0.46     2.15
  SINCE JAN 1      0.56                      1.15  -0.59     0.64

DEGREE DAYS
 HEATING
  YESTERDAY       26                        36    -10       36
  MONTH TO DATE 1005                      1127   -122     1118
  SINCE DEC 1   1886                      2280   -394     2515
  SINCE JUL 1   3167                      3708   -541     3910

 COOLING
  YESTERDAY        0                         0      0        0
  MONTH TO DATE    0                         0      0        0
  SINCE DEC 1      0                         0      0        0
  SINCE JAN 1      0                         0      0        0
..................................................................


WIND (MPH)
  HIGHEST WIND SPEED     8   HIGHEST WIND DIRECTION     N (340)
  HIGHEST GUST SPEED    10   HIGHEST GUST DIRECTION     N (350)
  AVERAGE WIND SPEED     1.5


SKY COVER
  AVERAGE SKY COVER 0.4


WEATHER CONDITIONS
 THE FOLLOWING WEATHER WAS RECORDED YESTERDAY.
  NO SIGNIFICANT WEATHER WAS OBSERVED.


RELATIVE HUMIDITY (PERCENT)
 HIGHEST    92          1200 AM
 LOWEST     54           200 PM
 AVERAGE    73

..........................................................


THE ONTARIO OR CLIMATE NORMALS FOR TODAY
                         NORMAL    RECORD    YEAR
 MAXIMUM TEMPERATURE (F)   38        57      1953
 MINIMUM TEMPERATURE (F)   21       -19      1979


SUNRISE AND SUNSET
JANUARY 31 2015.......SUNRISE   807 AM MST   SUNSET   557 PM MST
FEBRUARY  1 2015......SUNRISE   806 AM MST   SUNSET   558 PM MST


-  INDICATES NEGATIVE NUMBERS.
R  INDICATES RECORD WAS SET OR TIED.
MM INDICATES DATA IS MISSING.
T  INDICATES TRACE AMOUNT.




$$
