000
CDUS45 KBOI 271423
CLIONO


CLIMATE REPORT
NATIONAL WEATHER SERVICE BOISE ID
823 AM MDT THU APR 27 2017


...................................

...THE ONTARIO OR CLIMATE SUMMARY FOR APRIL 26 2017...

CLIMATE NORMAL PERIOD 1981 TO 2010
CLIMATE RECORD PERIOD 1948 TO 2017


WEATHER ITEM   OBSERVED TIME   RECORD YEAR NORMAL DEPARTURE LAST
                VALUE   (LST)  VALUE       VALUE  FROM      YEAR
                                                  NORMAL
..................................................................
TEMPERATURE (F)
 YESTERDAY
  MAXIMUM         57    527 PM  88    1987  68    -11       70
  MINIMUM         40   1030 PM  27    2008  38      2       46
                                      1969
  AVERAGE         49                        53     -4       58

PRECIPITATION (IN)
  YESTERDAY        0.17          0.54 2012   0.02   0.15     0.00
  MONTH TO DATE    1.14                      0.68   0.46     0.46
  SINCE OCT 1     10.90                      7.08   3.82     6.68
  SINCE JAN 1      7.58                      3.67   3.91     1.93

DEGREE DAYS
 HEATING
  YESTERDAY       16                        12      4        7
  MONTH TO DATE  378                       395    -17      235
  SINCE MAR 1    930                      1065   -135      778
  SINCE JUL 1   5804                      5695    109     4768

 COOLING
  YESTERDAY        0                         0      0        0
  MONTH TO DATE    0                         0      0        0
  SINCE MAR 1      0                         0      0        0
  SINCE JAN 1      0                         0      0        0
..................................................................


WIND (MPH)
  HIGHEST WIND SPEED    26   HIGHEST WIND DIRECTION    NW (320)
  HIGHEST GUST SPEED    31   HIGHEST GUST DIRECTION    NW (320)
  AVERAGE WIND SPEED     6.3


SKY COVER
  AVERAGE SKY COVER 0.7


WEATHER CONDITIONS
 THE FOLLOWING WEATHER WAS RECORDED YESTERDAY.
  LIGHT RAIN
  FOG


RELATIVE HUMIDITY (PERCENT)
 HIGHEST    86           700 AM
 LOWEST     66          1200 AM
 AVERAGE    76

..........................................................


THE ONTARIO OR CLIMATE NORMALS FOR TODAY
                         NORMAL    RECORD    YEAR
 MAXIMUM TEMPERATURE (F)   68        93      1987
 MINIMUM TEMPERATURE (F)   38        26      2011


SUNRISE AND SUNSET
APRIL 27 2017.........SUNRISE   645 AM MDT   SUNSET   847 PM MDT
APRIL 28 2017.........SUNRISE   644 AM MDT   SUNSET   848 PM MDT


-  INDICATES NEGATIVE NUMBERS.
R  INDICATES RECORD WAS SET OR TIED.
MM INDICATES DATA IS MISSING.
T  INDICATES TRACE AMOUNT.




$$
