000
CDUS45 KBOI 230933
CLIONO


CLIMATE REPORT
NATIONAL WEATHER SERVICE BOISE ID
232 AM MST SUN NOV 23 2014


...................................

...THE ONTARIO OR CLIMATE SUMMARY FOR NOVEMBER 22 2014...

CLIMATE NORMAL PERIOD 1981 TO 2010
CLIMATE RECORD PERIOD 1948 TO 2014


WEATHER ITEM   OBSERVED TIME   RECORD YEAR NORMAL DEPARTURE LAST
                VALUE   (LST)  VALUE       VALUE  FROM      YEAR
                                                  NORMAL
..................................................................
TEMPERATURE (F)
 YESTERDAY
  MAXIMUM         41    942 PM  69    2006  44     -3       40
  MINIMUM         30    911 AM   2    1994  25      5       18
  AVERAGE         36                        34      2       29

PRECIPITATION (IN)
  YESTERDAY        0.06          0.37 1981   0.04   0.02     0.00
  MONTH TO DATE    1.32                      0.78   0.54     0.80
  SINCE OCT 1      1.85                      1.41   0.44     1.06
  SINCE JAN 1      7.81                      8.06  -0.25     4.83

DEGREE DAYS
 HEATING
  YESTERDAY       29                        31     -2       36
  MONTH TO DATE  723                       577    146      550
  SINCE SEP 1   1070                      1154    -84     1128
  SINCE JUL 1   1071                      1170    -99     1128

 COOLING
  YESTERDAY        0                         0      0        0
  MONTH TO DATE    0                         0      0        0
  SINCE SEP 1     91                        59     32      127
  SINCE JAN 1   1088                       852    236     1299
..................................................................


WIND (MPH)
  HIGHEST WIND SPEED    17   HIGHEST WIND DIRECTION     W (280)
  HIGHEST GUST SPEED    23   HIGHEST GUST DIRECTION    NW (320)
  AVERAGE WIND SPEED     4.4


SKY COVER
  AVERAGE SKY COVER 0.5


WEATHER CONDITIONS
 THE FOLLOWING WEATHER WAS RECORDED YESTERDAY.
  LIGHT RAIN
  LT FREEZING RAIN
  LIGHT SNOW
  FOG
  HAZE


RELATIVE HUMIDITY (PERCENT)
 HIGHEST    92           200 AM
 LOWEST     64          1000 PM
 AVERAGE    78

..........................................................


THE ONTARIO OR CLIMATE NORMALS FOR TODAY
                         NORMAL    RECORD    YEAR
 MAXIMUM TEMPERATURE (F)   44        59      1998
 MINIMUM TEMPERATURE (F)   24        -3      1985


SUNRISE AND SUNSET
NOVEMBER 23 2014......SUNRISE   753 AM MST   SUNSET   515 PM MST
NOVEMBER 24 2014......SUNRISE   755 AM MST   SUNSET   515 PM MST


-  INDICATES NEGATIVE NUMBERS.
R  INDICATES RECORD WAS SET OR TIED.
MM INDICATES DATA IS MISSING.
T  INDICATES TRACE AMOUNT.




$$
