000
CDUS45 KBOI 250931
CLIONO


CLIMATE REPORT
NATIONAL WEATHER SERVICE BOISE ID
330 AM MDT THU AUG 25 2016


...................................

...THE ONTARIO OR CLIMATE SUMMARY FOR AUGUST 24 2016...

CLIMATE NORMAL PERIOD 1981 TO 2010
CLIMATE RECORD PERIOD 1948 TO 2016


WEATHER ITEM   OBSERVED TIME   RECORD YEAR NORMAL DEPARTURE LAST
                VALUE   (LST)  VALUE       VALUE  FROM      YEAR
                                                  NORMAL
..................................................................
TEMPERATURE (F)
 YESTERDAY
  MAXIMUM         87    538 PM 105    1969  90     -3       93
  MINIMUM         58    608 AM  36    1992  53      5       50
  AVERAGE         73                        71      2       72

PRECIPITATION (IN)
  YESTERDAY        0.00          0.65 1989   0.01  -0.01     0.00
  MONTH TO DATE    0.01                      0.13  -0.12     0.01
  SINCE OCT 1      7.32                      9.60  -2.28     9.24
  SINCE JAN 1      2.57                      6.19  -3.62     4.78

DEGREE DAYS
 HEATING
  YESTERDAY        0                         0      0        0
  MONTH TO DATE    0                         0      0        0
  SINCE JUN 1     35                        57    -22        3
  SINCE JUL 1      9                         5      4        2

 COOLING
  YESTERDAY        8                         7      1        7
  MONTH TO DATE  260                       231     29      286
  SINCE JUN 1    845                       718    127     1016
  SINCE JAN 1    884                       754    130     1049
..................................................................


WIND (MPH)
  HIGHEST WIND SPEED    17   HIGHEST WIND DIRECTION    NW (320)
  HIGHEST GUST SPEED    23   HIGHEST GUST DIRECTION     N (340)
  AVERAGE WIND SPEED     7.8


SKY COVER
  AVERAGE SKY COVER 0.0


WEATHER CONDITIONS
 THE FOLLOWING WEATHER WAS RECORDED YESTERDAY.
  NO SIGNIFICANT WEATHER WAS OBSERVED.


RELATIVE HUMIDITY (PERCENT)
 HIGHEST    47           500 AM
 LOWEST     12           100 PM
 AVERAGE    30

..........................................................


THE ONTARIO OR CLIMATE NORMALS FOR TODAY
                         NORMAL    RECORD    YEAR
 MAXIMUM TEMPERATURE (F)   89       104      1969
 MINIMUM TEMPERATURE (F)   52        37      1992


SUNRISE AND SUNSET
AUGUST 25 2016........SUNRISE   704 AM MDT   SUNSET   835 PM MDT
AUGUST 26 2016........SUNRISE   705 AM MDT   SUNSET   833 PM MDT


-  INDICATES NEGATIVE NUMBERS.
R  INDICATES RECORD WAS SET OR TIED.
MM INDICATES DATA IS MISSING.
T  INDICATES TRACE AMOUNT.




$$
