000
CDUS45 KBOI 170935
CLIONO


CLIMATE REPORT
NATIONAL WEATHER SERVICE BOISE ID
335 AM MDT TUE OCT 17 2017


...................................

...THE ONTARIO OR CLIMATE SUMMARY FOR OCTOBER 16 2017...

CLIMATE NORMAL PERIOD 1981 TO 2010
CLIMATE RECORD PERIOD 1948 TO 2017


WEATHER ITEM   OBSERVED TIME   RECORD YEAR NORMAL DEPARTURE LAST
                VALUE   (LST)  VALUE       VALUE  FROM      YEAR
                                                  NORMAL
..................................................................
TEMPERATURE (F)
 YESTERDAY
  MAXIMUM         MM        MM  83    1991  66     MM       67
  MINIMUM         MM        MM  19    1970  34     MM       40
  AVERAGE         MM                        50     MM       54

PRECIPITATION (IN)
  YESTERDAY        0.00          0.33 2012   0.02  -0.02     0.04
  MONTH TO DATE    0.20                      0.25  -0.05     0.40
  SINCE OCT 1      0.20                      0.25  -0.05     0.40
  SINCE JAN 1     10.09                      6.90   3.19     3.02

DEGREE DAYS
 HEATING
  YESTERDAY       MM                        15     MM       11
  MONTH TO DATE  239                       184     55      176
  SINCE SEP 1    372                       302     70      249
  SINCE JUL 1    372                       318     54      258

 COOLING
  YESTERDAY       MM                         0     MM        0
  MONTH TO DATE    0                         0      0        0
  SINCE SEP 1    141                        58     83       31
  SINCE JAN 1   1254                       851    403      976
..................................................................


WIND (MPH)
  HIGHEST WIND SPEED    MM   HIGHEST WIND DIRECTION    MM
  HIGHEST GUST SPEED    MM   HIGHEST GUST DIRECTION    MM
  AVERAGE WIND SPEED     1.9


SKY COVER
  AVERAGE SKY COVER 0.0


WEATHER CONDITIONS
 THE FOLLOWING WEATHER WAS RECORDED YESTERDAY.
  NO SIGNIFICANT WEATHER WAS OBSERVED.


RELATIVE HUMIDITY (PERCENT)
 HIGHEST    MM           300 AM
 LOWEST     MM          1100 AM
 AVERAGE    MM

..........................................................


THE ONTARIO OR CLIMATE NORMALS FOR TODAY
                         NORMAL    RECORD    YEAR
 MAXIMUM TEMPERATURE (F)   66        80      1973
 MINIMUM TEMPERATURE (F)   34        18      1970


SUNRISE AND SUNSET
OCTOBER 17 2017.......SUNRISE   806 AM MDT   SUNSET   700 PM MDT
OCTOBER 18 2017.......SUNRISE   807 AM MDT   SUNSET   659 PM MDT


-  INDICATES NEGATIVE NUMBERS.
R  INDICATES RECORD WAS SET OR TIED.
MM INDICATES DATA IS MISSING.
T  INDICATES TRACE AMOUNT.




$$
