000
CDUS45 KBOI 260931
CLIONO


CLIMATE REPORT
NATIONAL WEATHER SERVICE BOISE ID
231 AM MST WED NOV 26 2014


...................................

...THE ONTARIO OR CLIMATE SUMMARY FOR NOVEMBER 25 2014...

CLIMATE NORMAL PERIOD 1981 TO 2010
CLIMATE RECORD PERIOD 1948 TO 2014


WEATHER ITEM   OBSERVED TIME   RECORD YEAR NORMAL DEPARTURE LAST
                VALUE   (LST)  VALUE       VALUE  FROM      YEAR
                                                  NORMAL
..................................................................
TEMPERATURE (F)
 YESTERDAY
  MAXIMUM         46    347 PM  62    1960  43      3       43
  MINIMUM         33   1036 PM  -6    1993  24      9       19
  AVERAGE         40                        33      7       31

PRECIPITATION (IN)
  YESTERDAY        0.00          0.82 1997   0.04  -0.04     0.00
  MONTH TO DATE    1.32                      0.90   0.42     0.80
  SINCE OCT 1      1.85                      1.53   0.32     1.06
  SINCE JAN 1      7.81                      8.18  -0.37     4.83

DEGREE DAYS
 HEATING
  YESTERDAY       25                        32     -7       34
  MONTH TO DATE  813                       671    142      658
  SINCE SEP 1   1160                      1248    -88     1236
  SINCE JUL 1   1161                      1264   -103     1236

 COOLING
  YESTERDAY        0                         0      0        0
  MONTH TO DATE    0                         0      0        0
  SINCE SEP 1     91                        59     32      127
  SINCE JAN 1   1088                       852    236     1299
..................................................................


WIND (MPH)
  HIGHEST WIND SPEED     7   HIGHEST WIND DIRECTION    NE (50)
  HIGHEST GUST SPEED    10   HIGHEST GUST DIRECTION     W (260)
  AVERAGE WIND SPEED     1.8


SKY COVER
  AVERAGE SKY COVER 0.7


WEATHER CONDITIONS
 THE FOLLOWING WEATHER WAS RECORDED YESTERDAY.
  FOG


RELATIVE HUMIDITY (PERCENT)
 HIGHEST    96          1100 PM
 LOWEST     76          1200 PM
 AVERAGE    86

..........................................................


THE ONTARIO OR CLIMATE NORMALS FOR TODAY
                         NORMAL    RECORD    YEAR
 MAXIMUM TEMPERATURE (F)   42        61      1998
 MINIMUM TEMPERATURE (F)   24        -4      1993


SUNRISE AND SUNSET
NOVEMBER 26 2014......SUNRISE   757 AM MST   SUNSET   513 PM MST
NOVEMBER 27 2014......SUNRISE   758 AM MST   SUNSET   513 PM MST


-  INDICATES NEGATIVE NUMBERS.
R  INDICATES RECORD WAS SET OR TIED.
MM INDICATES DATA IS MISSING.
T  INDICATES TRACE AMOUNT.




$$
