000
CDUS45 KBOI 070931
CLIONO


CLIMATE REPORT
NATIONAL WEATHER SERVICE BOISE ID
231 AM MST SUN FEB 7 2016


...................................

...THE ONTARIO OR CLIMATE SUMMARY FOR FEBRUARY 6 2016...

CLIMATE NORMAL PERIOD 1981 TO 2010
CLIMATE RECORD PERIOD 1948 TO 2016


WEATHER ITEM   OBSERVED TIME   RECORD YEAR NORMAL DEPARTURE LAST
                VALUE   (LST)  VALUE       VALUE  FROM      YEAR
                                                  NORMAL
..................................................................
TEMPERATURE (F)
 YESTERDAY
  MAXIMUM         40    505 PM  63    2015  40      0       63
  MINIMUM         28    837 AM -23    1989  22      6       37
  AVERAGE         34                        31      3       50

PRECIPITATION (IN)
  YESTERDAY        0.00          0.35 1951   0.03  -0.03      T
  MONTH TO DATE    0.09                      0.17  -0.08     0.49
  SINCE OCT 1      5.59                      4.76   0.83     5.51
  SINCE JAN 1      0.84                      1.35  -0.51     1.05

DEGREE DAYS
 HEATING
  YESTERDAY       31                        34     -3       15
  MONTH TO DATE  203                       209     -6      140
  SINCE DEC 1   2328                      2524   -196     2054
  SINCE JUL 1   3453                      3952   -499     3335

 COOLING
  YESTERDAY        0                         0      0        0
  MONTH TO DATE    0                         0      0        0
  SINCE DEC 1      0                         0      0        0
  SINCE JAN 1      0                         0      0        0
..................................................................


WIND (MPH)
  HIGHEST WIND SPEED    10   HIGHEST WIND DIRECTION    NW (320)
  HIGHEST GUST SPEED    12   HIGHEST GUST DIRECTION    SW (240)
  AVERAGE WIND SPEED     3.1


SKY COVER
  AVERAGE SKY COVER 0.3


WEATHER CONDITIONS
 THE FOLLOWING WEATHER WAS RECORDED YESTERDAY.
  FOG
  FOG W/VISIBILITY <= 1/4 MILE


RELATIVE HUMIDITY (PERCENT)
 HIGHEST    92          1200 AM
 LOWEST     64           200 PM
 AVERAGE    78

..........................................................


THE ONTARIO OR CLIMATE NORMALS FOR TODAY
                         NORMAL    RECORD    YEAR
 MAXIMUM TEMPERATURE (F)   40        67      2015
 MINIMUM TEMPERATURE (F)   22       -22      1989


SUNRISE AND SUNSET
FEBRUARY  7 2016......SUNRISE   759 AM MST   SUNSET   606 PM MST
FEBRUARY  8 2016......SUNRISE   757 AM MST   SUNSET   608 PM MST


-  INDICATES NEGATIVE NUMBERS.
R  INDICATES RECORD WAS SET OR TIED.
MM INDICATES DATA IS MISSING.
T  INDICATES TRACE AMOUNT.




$$
