000
CDUS45 KBOI 170935
CLIONO


CLIMATE REPORT
NATIONAL WEATHER SERVICE BOISE ID
235 AM MST WED DEC 17 2014


...................................

...THE ONTARIO OR CLIMATE SUMMARY FOR DECEMBER 16 2014...

CLIMATE NORMAL PERIOD 1981 TO 2010
CLIMATE RECORD PERIOD 1948 TO 2014


WEATHER ITEM   OBSERVED TIME   RECORD YEAR NORMAL DEPARTURE LAST
                VALUE   (LST)  VALUE       VALUE  FROM      YEAR
                                                  NORMAL
..................................................................
TEMPERATURE (F)
 YESTERDAY
  MAXIMUM         44    337 PM  54    2002  35      9       22
  MINIMUM         35   1225 AM  -5    1985  19     16        9
  AVERAGE         40                        27     13       16

PRECIPITATION (IN)
  YESTERDAY        0.02          0.62 1995   0.06  -0.04      T
  MONTH TO DATE    0.86                      0.82   0.04     0.24
  SINCE OCT 1      2.78                      2.55   0.23     1.30
  SINCE JAN 1      8.74                      9.20  -0.46     5.07

DEGREE DAYS
 HEATING
  YESTERDAY       25                        38    -13       49
  MONTH TO DATE  404                       578   -174      744
  SINCE DEC 1    404                       578   -174      744
  SINCE JUL 1   1685                      2006   -321     2139

 COOLING
  YESTERDAY        0                         0      0        0
  MONTH TO DATE    0                         0      0        0
  SINCE DEC 1      0                         0      0        0
  SINCE JAN 1   1088                       852    236     1299
..................................................................


WIND (MPH)
  HIGHEST WIND SPEED    14   HIGHEST WIND DIRECTION    SE (140)
  HIGHEST GUST SPEED    18   HIGHEST GUST DIRECTION    SE (120)
  AVERAGE WIND SPEED     4.8


SKY COVER
  AVERAGE SKY COVER 1.0


WEATHER CONDITIONS
 THE FOLLOWING WEATHER WAS RECORDED YESTERDAY.
  LIGHT RAIN


RELATIVE HUMIDITY (PERCENT)
 HIGHEST    92          1100 PM
 LOWEST     70           100 PM
 AVERAGE    81

..........................................................


THE ONTARIO OR CLIMATE NORMALS FOR TODAY
                         NORMAL    RECORD    YEAR
 MAXIMUM TEMPERATURE (F)   35        54      2002
 MINIMUM TEMPERATURE (F)   19       -11      1964


SUNRISE AND SUNSET
DECEMBER 17 2014......SUNRISE   817 AM MST   SUNSET   511 PM MST
DECEMBER 18 2014......SUNRISE   818 AM MST   SUNSET   512 PM MST


-  INDICATES NEGATIVE NUMBERS.
R  INDICATES RECORD WAS SET OR TIED.
MM INDICATES DATA IS MISSING.
T  INDICATES TRACE AMOUNT.




$$
