930
CDUS46 KSGX 031422
CLIONT


CLIMATE REPORT
NATIONAL WEATHER SERVICE SAN DIEGO, CA
722 AM PDT TUE MAY 3 2016


...................................

...THE ONTARIO INTL AIRPORT CA CLIMATE SUMMARY FOR MAY 2 2016...

CLIMATE NORMAL PERIOD 1981 TO 2010
CLIMATE RECORD PERIOD 1998 TO 2016


WEATHER ITEM   OBSERVED TIME   RECORD YEAR NORMAL DEPARTURE LAST
                VALUE   (LST)  VALUE       VALUE  FROM      YEAR
                                                  NORMAL
..................................................................
TEMPERATURE (F)
 YESTERDAY
  MAXIMUM         87    218 PM 101    2004  77     10       90
  MINIMUM         53    252 AM  46    1999  54     -1       57
  AVERAGE         70                        65      5       74

PRECIPITATION (IN)
  YESTERDAY        0.00          0.06 2003   0.01  -0.01     0.00
  MONTH TO DATE    0.00                      0.03  -0.03     0.00
  SINCE OCT 1      6.44                     14.16  -7.72     8.93
  SINCE JAN 1      4.32                      9.99  -5.67     3.29

DEGREE DAYS
 HEATING
  YESTERDAY        0                         2     -2        0
  MONTH TO DATE    1                         4     -3        0
  SINCE MAR 1    166                       340   -174      113
  SINCE JUL 1   1175                      1497   -322      713

 COOLING
  YESTERDAY        5                         3      2        9
  MONTH TO DATE    5                         5      0       23
  SINCE MAR 1    119                        58     61      219
  SINCE JAN 1    162                        64     98      249
..................................................................


WIND (MPH)
  RESULTANT WIND SPEED   4   RESULTANT WIND DIRECTION   W (250)
  HIGHEST WIND SPEED    20   HIGHEST WIND DIRECTION     W (250)
  HIGHEST GUST SPEED    26   HIGHEST GUST DIRECTION    SW (240)
  AVERAGE WIND SPEED     5.8


SKY COVER
  POSSIBLE SUNSHINE  MM
  AVERAGE SKY COVER 0.3


WEATHER CONDITIONS
 THE FOLLOWING WEATHER WAS RECORDED YESTERDAY.
  HAZE


RELATIVE HUMIDITY (PERCENT)
 HIGHEST    89           300 AM
 LOWEST     16           200 PM
 AVERAGE    53

..........................................................


THE ONTARIO INTL AIRPORT CA CLIMATE NORMALS FOR TODAY
                         NORMAL    RECORD    YEAR
 MAXIMUM TEMPERATURE (F)   77       103      2004
                                             1970
 MINIMUM TEMPERATURE (F)   54        49      2002


SUNRISE AND SUNSET
MAY  3 2016...........SUNRISE   559 AM PDT   SUNSET   736 PM PDT
MAY  4 2016...........SUNRISE   558 AM PDT   SUNSET   737 PM PDT


-  INDICATES NEGATIVE NUMBERS.
R  INDICATES RECORD WAS SET OR TIED.
MM INDICATES DATA IS MISSING.
T  INDICATES TRACE AMOUNT.




$$
