647
CDUS46 KSGX 141518
CLIONT


CLIMATE REPORT
NATIONAL WEATHER SERVICE SAN DIEGO, CA
717 AM PST SUN FEB 14 2016


...................................

...THE ONTARIO INTL AIRPORT CA CLIMATE SUMMARY FOR FEBRUARY 13 2016...

CLIMATE NORMAL PERIOD 1981 TO 2010
CLIMATE RECORD PERIOD 1998 TO 2016


WEATHER ITEM   OBSERVED TIME   RECORD YEAR NORMAL DEPARTURE LAST
                VALUE   (LST)  VALUE       VALUE  FROM      YEAR
                                                  NORMAL
..................................................................
TEMPERATURE (F)
 YESTERDAY
  MAXIMUM         83    231 PM  87    2006  65     18       86
  MINIMUM         47    605 AM  36    2013  45      2       49
  AVERAGE         65                        55     10       68

PRECIPITATION (IN)
  YESTERDAY        0.00          0.70 2001   0.14  -0.14     0.00
  MONTH TO DATE    0.00                      1.38  -1.38      T
  SINCE OCT 1      4.31                      8.86  -4.55     6.58
  SINCE JAN 1      2.19                      4.69  -2.50     0.94

DEGREE DAYS
 HEATING
  YESTERDAY        0                        10    -10        0
  MONTH TO DATE   82                       131    -49       17
  SINCE DEC 1    791                       798     -7      457
  SINCE JUL 1    988                      1020    -32      527

 COOLING
  YESTERDAY        0                         0      0        3
  MONTH TO DATE   18                         0     18       14
  SINCE DEC 1     20                         5     15       29
  SINCE JAN 1     18                         3     15       27
..................................................................


WIND (MPH)
  RESULTANT WIND SPEED   1   RESULTANT WIND DIRECTION   W (260)
  HIGHEST WIND SPEED    14   HIGHEST WIND DIRECTION     W (250)
  HIGHEST GUST SPEED    18   HIGHEST GUST DIRECTION     W (270)
  AVERAGE WIND SPEED     3.2


SKY COVER
  POSSIBLE SUNSHINE  MM
  AVERAGE SKY COVER 0.2


WEATHER CONDITIONS
 THE FOLLOWING WEATHER WAS RECORDED YESTERDAY.
  HAZE


RELATIVE HUMIDITY (PERCENT)
 HIGHEST    61          1100 PM
 LOWEST     16          1200 PM
 AVERAGE    39

..........................................................


THE ONTARIO INTL AIRPORT CA CLIMATE NORMALS FOR TODAY
                         NORMAL    RECORD    YEAR
 MAXIMUM TEMPERATURE (F)   66        85      2015
                                             2014
 MINIMUM TEMPERATURE (F)   45        37      2004


SUNRISE AND SUNSET
FEBRUARY 14 2016......SUNRISE   637 AM PST   SUNSET   533 PM PST
FEBRUARY 15 2016......SUNRISE   636 AM PST   SUNSET   534 PM PST


-  INDICATES NEGATIVE NUMBERS.
R  INDICATES RECORD WAS SET OR TIED.
MM INDICATES DATA IS MISSING.
T  INDICATES TRACE AMOUNT.




$$
