000
CDUS46 KSGX 220024
CLIONT


CLIMATE REPORT
NATIONAL WEATHER SERVICE SAN DIEGO, CA
424 PM PST FRI NOV 21 2014


...................................

...THE ONTARIO INTL AIRPORT CA CLIMATE SUMMARY FOR NOVEMBER 21 2014...
VALID TODAY AS OF 0400 PM LOCAL TIME.

CLIMATE NORMAL PERIOD 1981 TO 2010
CLIMATE RECORD PERIOD 1998 TO 2014


WEATHER ITEM   OBSERVED TIME   RECORD YEAR NORMAL DEPARTURE LAST
                VALUE   (LST)  VALUE       VALUE  FROM      YEAR
                                                  NORMAL
..................................................................
TEMPERATURE (F)
 TODAY
  MAXIMUM         70    243 PM  88    2002  71     -1       62
  MINIMUM         54    454 AM  42    2011  45      9       54
                                      2004
  AVERAGE         62                        58      4       58

PRECIPITATION (IN)
  TODAY            0.17          0.38 2004   0.04   0.13     0.24
  MONTH TO DATE    0.72                      0.92  -0.20     0.29
  SINCE JUL 1      1.15                      2.05  -0.90     0.53
  SINCE JAN 1      4.64                     12.43  -7.79     3.32

SNOWFALL (IN)
  TODAY            0.0
  MONTH TO DATE    0.0
  SINCE JAN 1      0.0
  SINCE JUL 1      0.0
  SNOW DEPTH       0

DEGREE DAYS
 HEATING
  TODAY            3                         7     -4        7
  MONTH TO DATE   49                       100    -51       54
  SINCE SEP 1     49                       145    -96       97
  SINCE JUL 1     49                       145    -96       97

 COOLING
  TODAY            0                         0      0        0
  MONTH TO DATE   35                        21     14       25
  SINCE SEP 1    770                       481    289      524
  SINCE JAN 1   2389                      1704    685     1997
..................................................................


WIND (MPH)
  RESULTANT WIND SPEED   2   RESULTANT WIND DIRECTION  SW (240)
  HIGHEST WIND SPEED    14   HIGHEST WIND DIRECTION     W (290)
  HIGHEST GUST SPEED    17   HIGHEST GUST DIRECTION     W (290)
  AVERAGE WIND SPEED     4.2


SKY COVER
  POSSIBLE SUNSHINE  MM
  AVERAGE SKY COVER 0.6


WEATHER CONDITIONS
 THE FOLLOWING WEATHER WAS RECORDED TODAY.
  THUNDERSTORM
  RAIN
  LIGHT RAIN
  FOG


RELATIVE HUMIDITY (PERCENT)
 HIGHEST    93           200 AM
 LOWEST     47           300 PM
 AVERAGE    70

..........................................................


THE ONTARIO INTL AIRPORT CA CLIMATE NORMALS FOR TOMORROW
                         NORMAL    RECORD    YEAR
 MAXIMUM TEMPERATURE (F)   71        84      2005
 MINIMUM TEMPERATURE (F)   45        40      2011


SUNRISE AND SUNSET
NOVEMBER 21 2014......SUNRISE   629 AM PST   SUNSET   444 PM PST
NOVEMBER 22 2014......SUNRISE   630 AM PST   SUNSET   443 PM PST


-  INDICATES NEGATIVE NUMBERS.
R  INDICATES RECORD WAS SET OR TIED.
MM INDICATES DATA IS MISSING.
T  INDICATES TRACE AMOUNT.




$$
