000
CDUS41 KAKQ 240545
CLIORF


CLIMATE REPORT
NATIONAL WEATHER SERVICE WAKEFIELD, VA
145 AM EDT THU AUG 24 2017


...................................

...THE NORFOLK VA CLIMATE SUMMARY FOR AUGUST 23 2017...

CLIMATE NORMAL PERIOD 1981 TO 2010
CLIMATE RECORD PERIOD 1871 TO 2017


WEATHER ITEM   OBSERVED TIME   RECORD YEAR NORMAL DEPARTURE LAST
                VALUE   (LST)  VALUE       VALUE  FROM      YEAR
                                                  NORMAL
..................................................................
TEMPERATURE (F)
 YESTERDAY
  MAXIMUM         90   1113 AM  96    1998  84      6       81
  MINIMUM         77   1156 PM  58    1969  70      7       69
  AVERAGE         84                        77      7       75

PRECIPITATION (IN)
  YESTERDAY        0.21          2.63 1949   0.18   0.03     0.00
  MONTH TO DATE    5.02                      4.22   0.80     4.75
  SINCE JUN 1     12.70                     13.62  -0.92    20.14
  SINCE JAN 1     34.52                     30.64   3.88    42.37

SNOWFALL (IN)
  YESTERDAY        0.0           0.0  2002   0.0    0.0
                                      2001
  MONTH TO DATE    0.0                       0.0    0.0
  SINCE NOV 1      5.4                       5.8   -0.4
  SINCE JUL 1      0.0                       0.0    0.0
  SNOW DEPTH       0

DEGREE DAYS
 HEATING
  YESTERDAY        0                         0      0        0
  MONTH TO DATE    0                         0      0        0
  SINCE JUN 1      2                         6     -4        0
  SINCE JUL 1      0                         0      0        0

 COOLING
  YESTERDAY       19                        12      7       10
  MONTH TO DATE  352                       307     45      395
  SINCE JUN 1   1282                      1076    206     1273
  SINCE JAN 1   1603                      1242    361     1430
..................................................................


WIND (MPH)
  HIGHEST WIND SPEED    21   HIGHEST WIND DIRECTION    NE (30)
  HIGHEST GUST SPEED    24   HIGHEST GUST DIRECTION    NE (30)
  AVERAGE WIND SPEED    10.1


SKY COVER
  POSSIBLE SUNSHINE  MM
  AVERAGE SKY COVER 0.4


WEATHER CONDITIONS
 THE FOLLOWING WEATHER WAS RECORDED YESTERDAY.
  HEAVY RAIN
  RAIN
  LIGHT RAIN
  FOG


RELATIVE HUMIDITY (PERCENT)
 HIGHEST    91           200 AM
 LOWEST     63          1100 AM
 AVERAGE    77

..........................................................


THE NORFOLK VA CLIMATE NORMALS FOR TODAY
                         NORMAL    RECORD    YEAR
 MAXIMUM TEMPERATURE (F)   84        97      2002
                                             1968
 MINIMUM TEMPERATURE (F)   70        56      1888


SUNRISE AND SUNSET
AUGUST 24 2017........SUNRISE   629 AM EDT   SUNSET   744 PM EDT
AUGUST 25 2017........SUNRISE   630 AM EDT   SUNSET   743 PM EDT


-  INDICATES NEGATIVE NUMBERS.
R  INDICATES RECORD WAS SET OR TIED.
MM INDICATES DATA IS MISSING.
T  INDICATES TRACE AMOUNT.




$$
