000
CDUS41 KAKQ 180545
CLIORF


CLIMATE REPORT
NATIONAL WEATHER SERVICE WAKEFIELD, VA
145 AM EDT WED OCT 18 2017


...................................

...THE NORFOLK VA CLIMATE SUMMARY FOR OCTOBER 17 2017...

CLIMATE NORMAL PERIOD 1981 TO 2010
CLIMATE RECORD PERIOD 1871 TO 2017


WEATHER ITEM   OBSERVED TIME   RECORD YEAR NORMAL DEPARTURE LAST
                VALUE   (LST)  VALUE       VALUE  FROM      YEAR
                                                  NORMAL
..................................................................
TEMPERATURE (F)
 YESTERDAY
  MAXIMUM         61   1207 AM  87    1925  70     -9       82
  MINIMUM         47   1155 PM  38    1875  53     -6       58
  AVERAGE         54                        62     -8       70

PRECIPITATION (IN)
  YESTERDAY        0.00          6.23 1999   0.10  -0.10     0.00
  MONTH TO DATE    2.89                      1.90   0.99     9.34
  SINCE SEP 1      4.88                      6.66  -1.78    22.88
  SINCE JAN 1     43.42                     38.60   4.82    65.25

SNOWFALL (IN)
  YESTERDAY        0.0           0.0  2002   0.0    0.0
                                      2001
  MONTH TO DATE    0.0                       0.0    0.0
  SINCE NOV 1      5.4                       5.8   -0.4
  SINCE JUL 1      0.0                       0.0    0.0
  SNOW DEPTH       0

DEGREE DAYS
 HEATING
  YESTERDAY       11                         5      6        0
  MONTH TO DATE   11                        53    -42       26
  SINCE SEP 1     11                        64    -53       26
  SINCE JUL 1     11                        64    -53       26

 COOLING
  YESTERDAY        0                         1     -1        5
  MONTH TO DATE  122                        42     80       63
  SINCE SEP 1    389                       272    117      394
  SINCE JAN 1   2081                      1607    474     1946
..................................................................


WIND (MPH)
  HIGHEST WIND SPEED    26   HIGHEST WIND DIRECTION     N (20)
  HIGHEST GUST SPEED    32   HIGHEST GUST DIRECTION    NE (30)
  AVERAGE WIND SPEED    11.5


SKY COVER
  POSSIBLE SUNSHINE  MM
  AVERAGE SKY COVER 0.1


WEATHER CONDITIONS
 THE FOLLOWING WEATHER WAS RECORDED YESTERDAY.
  NO SIGNIFICANT WEATHER WAS OBSERVED.


RELATIVE HUMIDITY (PERCENT)
 HIGHEST    93          1100 PM
 LOWEST     53           300 AM
 AVERAGE    73

..........................................................


THE NORFOLK VA CLIMATE NORMALS FOR TODAY
                         NORMAL    RECORD    YEAR
 MAXIMUM TEMPERATURE (F)   69        86      2011
 MINIMUM TEMPERATURE (F)   53        34      1977


SUNRISE AND SUNSET
OCTOBER 18 2017.......SUNRISE   715 AM EDT   SUNSET   624 PM EDT
OCTOBER 19 2017.......SUNRISE   716 AM EDT   SUNSET   623 PM EDT


-  INDICATES NEGATIVE NUMBERS.
R  INDICATES RECORD WAS SET OR TIED.
MM INDICATES DATA IS MISSING.
T  INDICATES TRACE AMOUNT.




$$
