000
CDUS41 KAKQ 170633
CLIORF


CLIMATE REPORT
NATIONAL WEATHER SERVICE WAKEFIELD, VA
133 AM EST SUN DEC 17 2017


...................................

...THE NORFOLK VA CLIMATE SUMMARY FOR DECEMBER 16 2017...

CLIMATE NORMAL PERIOD 1981 TO 2010
CLIMATE RECORD PERIOD 1871 TO 2017


WEATHER ITEM   OBSERVED TIME   RECORD YEAR NORMAL DEPARTURE LAST
                VALUE   (LST)  VALUE       VALUE  FROM      YEAR
                                                  NORMAL
..................................................................
TEMPERATURE (F)
 YESTERDAY
  MAXIMUM         48    332 PM  79    1971  52     -4       34
  MINIMUM         27    655 AM  15    1958  36     -9       22
  AVERAGE         38                        44     -6       28

PRECIPITATION (IN)
  YESTERDAY        0.00          1.76 1970   0.10  -0.10     0.00
  MONTH TO DATE    2.40                      1.69   0.71     1.93
  SINCE DEC 1      2.40                      1.69   0.71     1.93
  SINCE JAN 1     49.16                     44.96   4.20    68.25

SNOWFALL (IN)
  YESTERDAY        0.0           3.7  1942   0.0    0.0
  MONTH TO DATE    T                         0.3   -0.3
  SINCE NOV 1      T                         0.3   -0.3
  SINCE JUL 1      T                         0.3   -0.3
  SNOW DEPTH       0

DEGREE DAYS
 HEATING
  YESTERDAY       27                        21      6       37
  MONTH TO DATE  331                       307     24      323
  SINCE DEC 1    331                       307     24      323
  SINCE JUL 1    757                       837    -80      786

 COOLING
  YESTERDAY        0                         0      0        0
  MONTH TO DATE    0                         0      0        0
  SINCE DEC 1      0                         0      0        0
  SINCE JAN 1   2107                      1628    479     1998
..................................................................


WIND (MPH)
  HIGHEST WIND SPEED    15   HIGHEST WIND DIRECTION    SW (230)
  HIGHEST GUST SPEED    20   HIGHEST GUST DIRECTION     S (200)
  AVERAGE WIND SPEED     5.8


SKY COVER
  POSSIBLE SUNSHINE  MM
  AVERAGE SKY COVER 0.0


WEATHER CONDITIONS
 THE FOLLOWING WEATHER WAS RECORDED YESTERDAY.
  NO SIGNIFICANT WEATHER WAS OBSERVED.


RELATIVE HUMIDITY (PERCENT)
 HIGHEST    78           100 AM
 LOWEST     31           300 PM
 AVERAGE    55

..........................................................


THE NORFOLK VA CLIMATE NORMALS FOR TODAY
                         NORMAL    RECORD    YEAR
 MAXIMUM TEMPERATURE (F)   52        73      1924
 MINIMUM TEMPERATURE (F)   36        17      1951


SUNRISE AND SUNSET
DECEMBER 17 2017......SUNRISE   712 AM EST   SUNSET   450 PM EST
DECEMBER 18 2017......SUNRISE   712 AM EST   SUNSET   451 PM EST


-  INDICATES NEGATIVE NUMBERS.
R  INDICATES RECORD WAS SET OR TIED.
MM INDICATES DATA IS MISSING.
T  INDICATES TRACE AMOUNT.




$$
