000
CDUS41 KAKQ 170827
CLIORF


CLIMATE REPORT
NATIONAL WEATHER SERVICE WAKEFIELD, VA
426 AM EDT THU APR 17 2014


...................................

...THE NORFOLK VA CLIMATE SUMMARY FOR APRIL 16 2014...

CLIMATE NORMAL PERIOD 1981 TO 2010
CLIMATE RECORD PERIOD 1871 TO 2014


WEATHER ITEM   OBSERVED TIME   RECORD YEAR NORMAL DEPARTURE LAST
                VALUE   (LST)  VALUE       VALUE  FROM      YEAR
                                                  NORMAL
..................................................................
TEMPERATURE (F)
 YESTERDAY
  MAXIMUM         47    512 PM  91    1976  68    -21       74
  MINIMUM         37    633 AM  33    1943  49    -12       59
  AVERAGE         42                        58    -16       67

PRECIPITATION (IN)
  YESTERDAY        0.03          4.60 1889   0.11  -0.08     0.00
  MONTH TO DATE    3.24                      1.83   1.41     1.14
  SINCE MAR 1      7.06                      5.51   1.55     3.64
  SINCE JAN 1     13.35                     12.03   1.32    11.20

SNOWFALL (IN)
  YESTERDAY        0.0           0.0  2002   0.0    0.0
  MONTH TO DATE    0.0                       0.0    0.0
  SINCE NOV 1     15.5                       5.8    9.7
  SINCE JUL 1     15.5                       5.8    9.7
  SNOW DEPTH       0

DEGREE DAYS
 HEATING
  YESTERDAY       23                         8     15        0
  MONTH TO DATE  107                       153    -46      110
  SINCE MAR 1    681                       645     36      722
  SINCE JUL 1   3292                      3214     78     3097

 COOLING
  YESTERDAY        0                         1     -1        2
  MONTH TO DATE   18                        16      2       45
  SINCE MAR 1     19                        22     -3       45
  SINCE JAN 1     19                        23     -4       45
..................................................................


WIND (MPH)
  HIGHEST WIND SPEED    26   HIGHEST WIND DIRECTION    NE (30)
  HIGHEST GUST SPEED    35   HIGHEST GUST DIRECTION    NE (30)
  AVERAGE WIND SPEED    16.8


SKY COVER
  POSSIBLE SUNSHINE  MM
  AVERAGE SKY COVER 0.2


WEATHER CONDITIONS
 THE FOLLOWING WEATHER WAS RECORDED YESTERDAY.
  RAIN
  LIGHT RAIN
  FOG


RELATIVE HUMIDITY (PERCENT)
 HIGHEST    85          1200 AM
 LOWEST     45           200 PM
 AVERAGE    65

..........................................................


THE NORFOLK VA CLIMATE NORMALS FOR TODAY
                         NORMAL    RECORD    YEAR
 MAXIMUM TEMPERATURE (F)   68        93      2002
 MINIMUM TEMPERATURE (F)   49        34      1875


SUNRISE AND SUNSET
APRIL 17 2014.........SUNRISE   628 AM EDT   SUNSET   741 PM EDT
APRIL 18 2014.........SUNRISE   627 AM EDT   SUNSET   742 PM EDT


-  INDICATES NEGATIVE NUMBERS.
R  INDICATES RECORD WAS SET OR TIED.
MM INDICATES DATA IS MISSING.
T  INDICATES TRACE AMOUNT.




$$
