000
CDUS41 KAKQ 260541
CLIORF


CLIMATE REPORT
NATIONAL WEATHER SERVICE WAKEFIELD, VA
140 AM EDT FRI AUG 26 2016


...................................

...THE NORFOLK VA CLIMATE SUMMARY FOR AUGUST 25 2016...

CLIMATE NORMAL PERIOD 1981 TO 2010
CLIMATE RECORD PERIOD 1871 TO 2016


WEATHER ITEM   OBSERVED TIME   RECORD YEAR NORMAL DEPARTURE LAST
                VALUE   (LST)  VALUE       VALUE  FROM      YEAR
                                                  NORMAL
..................................................................
TEMPERATURE (F)
 YESTERDAY
  MAXIMUM         88    352 PM  99    1968  84      4       84
  MINIMUM         69    449 AM  57    1994  70     -1       74
                                      1952
  AVERAGE         79                        77      2       79

PRECIPITATION (IN)
  YESTERDAY        0.00          2.81 1958   0.17  -0.17     0.00
  MONTH TO DATE    4.75                      4.56   0.19     1.74
  SINCE JUN 1     20.14                     13.96   6.18    18.01
  SINCE JAN 1     42.37                     30.98  11.39    33.01

SNOWFALL (IN)
  YESTERDAY        0.0           0.0  2002   0.0    0.0
                                      2001
  MONTH TO DATE    0.0                       0.0    0.0
  SINCE NOV 1      5.0                       5.8   -0.8
  SINCE JUL 1      0.0                       0.0    0.0
  SNOW DEPTH       0

DEGREE DAYS
 HEATING
  YESTERDAY        0                         0      0        0
  MONTH TO DATE    0                         0      0        0
  SINCE JUN 1      0                         6     -6        0
  SINCE JUL 1      0                         0      0        0

 COOLING
  YESTERDAY       14                        12      2       14
  MONTH TO DATE  418                       331     87      353
  SINCE JUN 1   1296                      1100    196     1257
  SINCE JAN 1   1453                      1266    187     1493
..................................................................


WIND (MPH)
  HIGHEST WIND SPEED    13   HIGHEST WIND DIRECTION     S (190)
  HIGHEST GUST SPEED    17   HIGHEST GUST DIRECTION     S (180)
  AVERAGE WIND SPEED     7.2


SKY COVER
  POSSIBLE SUNSHINE  MM
  AVERAGE SKY COVER 0.1


WEATHER CONDITIONS
 THE FOLLOWING WEATHER WAS RECORDED YESTERDAY.
  NO SIGNIFICANT WEATHER WAS OBSERVED.


RELATIVE HUMIDITY (PERCENT)
 HIGHEST    97           400 AM
 LOWEST     51          1200 PM
 AVERAGE    74

..........................................................


THE NORFOLK VA CLIMATE NORMALS FOR TODAY
                         NORMAL    RECORD    YEAR
 MAXIMUM TEMPERATURE (F)   84        97      1954
 MINIMUM TEMPERATURE (F)   70        58      2013


SUNRISE AND SUNSET
AUGUST 26 2016........SUNRISE   631 AM EDT   SUNSET   741 PM EDT
AUGUST 27 2016........SUNRISE   632 AM EDT   SUNSET   740 PM EDT


-  INDICATES NEGATIVE NUMBERS.
R  INDICATES RECORD WAS SET OR TIED.
MM INDICATES DATA IS MISSING.
T  INDICATES TRACE AMOUNT.




$$
