000
CDUS41 KAKQ 010839
CLIORF


CLIMATE REPORT
NATIONAL WEATHER SERVICE WAKEFIELD, VA
338 AM EST SUN FEB 1 2015


...................................

...THE NORFOLK VA CLIMATE SUMMARY FOR JANUARY 31 2015...

CLIMATE NORMAL PERIOD 1981 TO 2010
CLIMATE RECORD PERIOD 1871 TO 2015


WEATHER ITEM   OBSERVED TIME   RECORD YEAR NORMAL DEPARTURE LAST
                VALUE   (LST)  VALUE       VALUE  FROM      YEAR
                                                  NORMAL
..................................................................
TEMPERATURE (F)
 YESTERDAY
  MAXIMUM         39    446 PM  73    1914  49    -10       44
  MINIMUM         23    701 AM  10    1966  33    -10       22
  AVERAGE         31                        41    -10       33

PRECIPITATION (IN)
  YESTERDAY        0.00          1.60 1878   0.12  -0.12     0.00
  MONTH TO DATE    3.64                      3.40   0.24     3.23
  SINCE DEC 1      7.34                      6.66   0.68     7.98
  SINCE JAN 1      3.64                      3.40   0.24     3.23

SNOWFALL (IN)
  YESTERDAY        0.0           4.0  1980   0.1   -0.1
  MONTH TO DATE    1.0                       2.4   -1.4
  SINCE NOV 1      1.0                       3.6   -2.6
  SINCE JUL 1      1.0                       3.6   -2.6
  SNOW DEPTH       0

DEGREE DAYS
 HEATING
  YESTERDAY       34                        24     10       32
  MONTH TO DATE  778                       766     12      857
  SINCE DEC 1   1371                      1412    -41     1428
  SINCE JUL 1   1934                      1942     -8     1959

 COOLING
  YESTERDAY        0                         0      0        0
  MONTH TO DATE    0                         0      0        0
  SINCE DEC 1      0                         1     -1        5
  SINCE JAN 1      0                         0      0        0
..................................................................


WIND (MPH)
  HIGHEST WIND SPEED    24   HIGHEST WIND DIRECTION     N (340)
  HIGHEST GUST SPEED    34   HIGHEST GUST DIRECTION     N (340)
  AVERAGE WIND SPEED     7.8


SKY COVER
  POSSIBLE SUNSHINE  MM
  AVERAGE SKY COVER 0.0


WEATHER CONDITIONS
 THE FOLLOWING WEATHER WAS RECORDED YESTERDAY.
  NO SIGNIFICANT WEATHER WAS OBSERVED.


RELATIVE HUMIDITY (PERCENT)
 HIGHEST    62          1000 PM
 LOWEST     23           200 PM
 AVERAGE    43

..........................................................


THE NORFOLK VA CLIMATE NORMALS FOR TODAY
                         NORMAL    RECORD    YEAR
 MAXIMUM TEMPERATURE (F)   49        81      2002
 MINIMUM TEMPERATURE (F)   33         8      1965


SUNRISE AND SUNSET
FEBRUARY  1 2015......SUNRISE   707 AM EST   SUNSET   530 PM EST
FEBRUARY  2 2015......SUNRISE   706 AM EST   SUNSET   531 PM EST


-  INDICATES NEGATIVE NUMBERS.
R  INDICATES RECORD WAS SET OR TIED.
MM INDICATES DATA IS MISSING.
T  INDICATES TRACE AMOUNT.




$$
