750
CDUS41 KAKQ 240545
CLIORF


CLIMATE REPORT
NATIONAL WEATHER SERVICE WAKEFIELD, VA
145 AM EDT FRI MAR 24 2017


...................................

...THE NORFOLK VA CLIMATE SUMMARY FOR MARCH 23 2017...

CLIMATE NORMAL PERIOD 1981 TO 2010
CLIMATE RECORD PERIOD 1871 TO 2017


WEATHER ITEM   OBSERVED TIME   RECORD YEAR NORMAL DEPARTURE LAST
                VALUE   (LST)  VALUE       VALUE  FROM      YEAR
                                                  NORMAL
..................................................................
TEMPERATURE (F)
 YESTERDAY
  MAXIMUM         42    409 PM  90    1907  60    -18       76
  MINIMUM         32   1004 PM  20    1888  42    -10       50
  AVERAGE         37                        51    -14       63

PRECIPITATION (IN)
  YESTERDAY        0.00          1.34 1989   0.11  -0.11     0.00
  MONTH TO DATE    2.80                      2.72   0.08     2.09
  SINCE MAR 1      2.80                      2.72   0.08     2.09
  SINCE JAN 1      7.87                      9.24  -1.37    12.96

SNOWFALL (IN)
  YESTERDAY        0.0           1.5  1934   0.0    0.0
  MONTH TO DATE    0.1                       0.2   -0.1
  SINCE NOV 1      5.4                       5.8   -0.4
  SINCE JUL 1      5.4                       5.8   -0.4
  SNOW DEPTH       0

DEGREE DAYS
 HEATING
  YESTERDAY       28                        14     14        2
  MONTH TO DATE  425                       392     33      247
  SINCE MAR 1    425                       392     33      247
  SINCE JUL 1   2477                      2961   -484     2163

 COOLING
  YESTERDAY        0                         0      0        0
  MONTH TO DATE    8                         0      8       11
  SINCE MAR 1      8                         0      8       11
  SINCE JAN 1     11                         1     10       11
..................................................................


WIND (MPH)
  HIGHEST WIND SPEED    23   HIGHEST WIND DIRECTION    NE (40)
  HIGHEST GUST SPEED    29   HIGHEST GUST DIRECTION    NE (30)
  AVERAGE WIND SPEED    10.2


SKY COVER
  POSSIBLE SUNSHINE  MM
  AVERAGE SKY COVER 0.0


WEATHER CONDITIONS
 THE FOLLOWING WEATHER WAS RECORDED YESTERDAY.
  NO SIGNIFICANT WEATHER WAS OBSERVED.


RELATIVE HUMIDITY (PERCENT)
 HIGHEST    63          1000 PM
 LOWEST     32           800 AM
 AVERAGE    48

..........................................................


THE NORFOLK VA CLIMATE NORMALS FOR TODAY
                         NORMAL    RECORD    YEAR
 MAXIMUM TEMPERATURE (F)   61        86      1929
 MINIMUM TEMPERATURE (F)   43        20      1885


SUNRISE AND SUNSET
MARCH 24 2017.........SUNRISE   702 AM EDT   SUNSET   720 PM EDT
MARCH 25 2017.........SUNRISE   701 AM EDT   SUNSET   721 PM EDT


-  INDICATES NEGATIVE NUMBERS.
R  INDICATES RECORD WAS SET OR TIED.
MM INDICATES DATA IS MISSING.
T  INDICATES TRACE AMOUNT.




$$
