000
CDUS41 KBOX 090534
CLIORH


CLIMATE REPORT
NATIONAL WEATHER SERVICE TAUNTON MA
1232 AM EST TUE FEB 9 2016


...................................

...THE WORCESTER MA CLIMATE SUMMARY FOR FEBRUARY 8 2016...

CLIMATE NORMAL PERIOD 1981 TO 2010
CLIMATE RECORD PERIOD 1892 TO 2016


WEATHER ITEM   OBSERVED TIME   RECORD YEAR NORMAL DEPARTURE LAST
                VALUE   (LST)  VALUE       VALUE  FROM      YEAR
                                                  NORMAL
..................................................................
TEMPERATURE (F)
 YESTERDAY
  MAXIMUM         31    151 AM  65    1925  33     -2       25
  MINIMUM         15   1221 PM -10    1963  18     -3       10
  AVERAGE         23                        26     -3       18

PRECIPITATION (IN)
  YESTERDAY        0.30          2.07 1971   0.12   0.18     0.38
  MONTH TO DATE    1.78                      0.91   0.87     1.62
  SINCE DEC 1      8.55                      8.22   0.33    11.55
  SINCE JAN 1      3.90                      4.40  -0.50     6.65

SNOWFALL (IN)
  YESTERDAY        5.5          15.2  2013   0.6    4.9      5.4
  MONTH TO DATE   18.0                       4.6   13.4     28.6
  SINCE DEC 1     29.1                      36.1   -7.0     76.6
  SINCE JUL 1     29.1                      38.9   -9.8     83.8
  SNOW DEPTH      MM

DEGREE DAYS
 HEATING
  YESTERDAY       42                        39      3       47
  MONTH TO DATE  238                       318    -80      396
  SINCE DEC 1   2128                      2689   -561     2718
  SINCE JUL 1   3277                      4091   -814     4096

 COOLING
  YESTERDAY        0                         0      0        0
  MONTH TO DATE    0                         0      0        0
  SINCE DEC 1      0                         0      0        0
  SINCE JAN 1      0                         0      0        0
..................................................................


WIND (MPH)
  RESULTANT WIND SPEED  13   RESULTANT WIND DIRECTION  NE (30)
  HIGHEST WIND SPEED    24   HIGHEST WIND DIRECTION    NE (50)
  HIGHEST GUST SPEED    38   HIGHEST GUST DIRECTION    NE (50)
  AVERAGE WIND SPEED    14.0


SKY COVER
  POSSIBLE SUNSHINE  MM
  AVERAGE SKY COVER 1.0


WEATHER CONDITIONS
 THE FOLLOWING WEATHER WAS RECORDED YESTERDAY.
  HEAVY SNOW
  SNOW
  LIGHT SNOW
  FOG
  FOG W/VISIBILITY <= 1/4 MILE


RELATIVE HUMIDITY (PERCENT)
 HIGHEST    88           100 PM
 LOWEST     49          1000 AM
 AVERAGE    69

..........................................................


THE WORCESTER MA CLIMATE NORMALS FOR TODAY
                         NORMAL    RECORD    YEAR
 MAXIMUM TEMPERATURE (F)   33        56      1925
 MINIMUM TEMPERATURE (F)   18       -20      1934


SUNRISE AND SUNSET
FEBRUARY  9 2016......SUNRISE   652 AM EST   SUNSET   512 PM EST
FEBRUARY 10 2016......SUNRISE   651 AM EST   SUNSET   513 PM EST


-  INDICATES NEGATIVE NUMBERS.
R  INDICATES RECORD WAS SET OR TIED.
MM INDICATES DATA IS MISSING.
T  INDICATES TRACE AMOUNT.




$$
