000
CDUS41 KBOX 230550
CLIORH


CLIMATE REPORT
NATIONAL WEATHER SERVICE TAUNTON MA
146 AM EDT THU MAR 23 2017


...................................

...THE WORCESTER MA CLIMATE SUMMARY FOR MARCH 22 2017...

CLIMATE NORMAL PERIOD 1981 TO 2010
CLIMATE RECORD PERIOD 1892 TO 2017


WEATHER ITEM   OBSERVED TIME   RECORD YEAR NORMAL DEPARTURE LAST
                VALUE   (LST)  VALUE       VALUE  FROM      YEAR
                                                  NORMAL
..................................................................
TEMPERATURE (F)
 YESTERDAY
  MAXIMUM         36   1234 AM  78    2012  45     -9       45
  MINIMUM         13   1159 PM   8    1988  28    -15       27
  AVERAGE         25                        37    -12       36

PRECIPITATION (IN)
  YESTERDAY        T             1.66 2001   0.16  -0.16     0.01
  MONTH TO DATE    1.83                      2.90  -1.07     2.53
  SINCE MAR 1      1.83                      2.90  -1.07     2.53
  SINCE JAN 1      8.18                      9.62  -1.44     9.92

SNOWFALL (IN)
  YESTERDAY        T            10.3  1977   0.3   -0.3       T
  MONTH TO DATE   16.1                       9.0    7.1      5.5
  SINCE MAR 1     16.1                       9.0    7.1      5.5
  SINCE JUL 1     73.9                      58.9   15.0     37.2
  SNOW DEPTH      MM

DEGREE DAYS
 HEATING
  YESTERDAY       40                        28     12       29
  MONTH TO DATE  802                       699    103      568
  SINCE MAR 1    802                       699    103      568
  SINCE JUL 1   5079                      5536   -457     4627

 COOLING
  YESTERDAY        0                         0      0        0
  MONTH TO DATE    0                         0      0        0
  SINCE MAR 1      0                         0      0        0
  SINCE JAN 1      0                         0      0        0
..................................................................


WIND (MPH)
  RESULTANT WIND SPEED  20   RESULTANT WIND DIRECTION  NW (300)
  HIGHEST WIND SPEED    35   HIGHEST WIND DIRECTION     W (290)
  HIGHEST GUST SPEED    45   HIGHEST GUST DIRECTION    NW (300)
  AVERAGE WIND SPEED    21.7


SKY COVER
  POSSIBLE SUNSHINE  MM
  AVERAGE SKY COVER 0.1


WEATHER CONDITIONS
 THE FOLLOWING WEATHER WAS RECORDED YESTERDAY.
  NO SIGNIFICANT WEATHER WAS OBSERVED.


RELATIVE HUMIDITY (PERCENT)
 HIGHEST    61           700 AM
 LOWEST     25           100 PM
 AVERAGE    43

..........................................................


THE WORCESTER MA CLIMATE NORMALS FOR TODAY
                         NORMAL    RECORD    YEAR
 MAXIMUM TEMPERATURE (F)   45        78      1938
 MINIMUM TEMPERATURE (F)   29         4      1934


SUNRISE AND SUNSET
MARCH 23 2017.........SUNRISE   645 AM EDT   SUNSET   703 PM EDT
MARCH 24 2017.........SUNRISE   643 AM EDT   SUNSET   705 PM EDT


-  INDICATES NEGATIVE NUMBERS.
R  INDICATES RECORD WAS SET OR TIED.
MM INDICATES DATA IS MISSING.
T  INDICATES TRACE AMOUNT.




$$
