000
CDUS46 KMFR 200851
CLIOTH


CLIMATE REPORT
NATIONAL WEATHER SERVICE MEDFORD, OR
1251 AM PST SAT JAN 20 2018


...................................

...THE NORTH BEND OR CLIMATE SUMMARY FOR JANUARY 19 2018...

CLIMATE NORMAL PERIOD 1981 TO 2010
CLIMATE RECORD PERIOD 1902 TO 2018


WEATHER ITEM   OBSERVED TIME   RECORD YEAR NORMAL DEPARTURE LAST
                VALUE   (LST)  VALUE       VALUE  FROM      YEAR
                                                  NORMAL
..................................................................
TEMPERATURE (F)
 YESTERDAY
  MAXIMUM         50        MM  67    1977  52     -2       54
  MINIMUM         41        MM  19    1922  40      1       46
  AVERAGE         46                        46      0       50

PRECIPITATION (IN)
  YESTERDAY        0.75          2.12 1964   0.33   0.42     0.13
  MONTH TO DATE    2.63                      6.61  -3.98     7.61
  SINCE OCT 1     21.53                     32.70 -11.17    41.76
  SINCE JAN 1      2.63                      6.61  -3.98     7.61

SNOWFALL (IN)
  YESTERDAY       MM
  SNOW DEPTH      MM

DEGREE DAYS
 HEATING
  YESTERDAY       19                        19      0       15
  MONTH TO DATE  279                       363    -84      415
  SINCE DEC 1    804                       972   -168     1073
  SINCE JUL 1   1959                      2424   -465     2069

 COOLING
  YESTERDAY        0                         0      0        0
  MONTH TO DATE    0                         0      0        0
  SINCE DEC 1      0                         0      0        0
  SINCE JAN 1      0                         0      0        0
..................................................................


WIND (MPH)
  HIGHEST WIND SPEED    17   HIGHEST WIND DIRECTION     W (260)
  HIGHEST GUST SPEED    22   HIGHEST GUST DIRECTION     W (260)
  AVERAGE WIND SPEED    11.2


SKY COVER
  POSSIBLE SUNSHINE  MM
  AVERAGE SKY COVER 1.0


WEATHER CONDITIONS
 THE FOLLOWING WEATHER WAS RECORDED YESTERDAY.
  HEAVY RAIN
  RAIN
  LIGHT RAIN
  FOG


RELATIVE HUMIDITY (PERCENT)
 HIGHEST   100           900 PM
 LOWEST     86           200 PM

..........................................................


THE NORTH BEND OR CLIMATE NORMALS FOR TODAY
                         NORMAL    RECORD    YEAR
 MAXIMUM TEMPERATURE (F)   52        67      1981
 MINIMUM TEMPERATURE (F)   40        19      1962


SUNRISE AND SUNSET
JANUARY 20 2018.......SUNRISE   744 AM PST   SUNSET   513 PM PST
JANUARY 21 2018.......SUNRISE   743 AM PST   SUNSET   514 PM PST


-  INDICATES NEGATIVE NUMBERS.
R  INDICATES RECORD WAS SET OR TIED.
MM INDICATES DATA IS MISSING.
T  INDICATES TRACE AMOUNT.




$$
