000
CDUS46 KMFR 240044
CLIOTH


CLIMATE REPORT
NATIONAL WEATHER SERVICE MEDFORD, OR
544 PM PDT MON OCT 23 2017


...................................

...THE NORTH BEND OR CLIMATE SUMMARY FOR OCTOBER 23 2017...
VALID TODAY AS OF 0500 PM LOCAL TIME.

CLIMATE NORMAL PERIOD 1981 TO 2010
CLIMATE RECORD PERIOD 1902 TO 2017


WEATHER ITEM   OBSERVED TIME   RECORD YEAR NORMAL DEPARTURE LAST
                VALUE   (LST)  VALUE       VALUE  FROM      YEAR
                                                  NORMAL
..................................................................
TEMPERATURE (F)
 TODAY
  MAXIMUM         69        MM  83    1929  60      9       63
  MINIMUM         47        MM  30    1918  45      2       54
  AVERAGE         58                        53      5       59

PRECIPITATION (IN)
  TODAY            T             2.01 1989   0.19  -0.19     0.03
  MONTH TO DATE    5.63                      2.98   2.65     9.09
  SINCE OCT 1      5.63                      2.98   2.65     9.09
  SINCE JAN 1     53.98                     41.80  12.18    41.67

SNOWFALL (IN)
  TODAY           MM                         0.0   MM       MM
  MONTH TO DATE   MM                         0.0   MM       MM
  SINCE JUL 1     MM                         0.0   MM       MM
  SNOW DEPTH      MM

DEGREE DAYS
 HEATING
  TODAY            7                        12     -5        6
  MONTH TO DATE  232                       254    -22      151
  SINCE SEP 1    382                       483   -101      317
  SINCE JUL 1    689                       862   -173      605

 COOLING
  TODAY            0                         0      0        0
  MONTH TO DATE    0                         0      0        0
  SINCE SEP 1      6                         1      5        0
  SINCE JAN 1      9                         2      7       15
..................................................................


WIND (MPH)
  HIGHEST WIND SPEED    10   HIGHEST WIND DIRECTION    NW (330)
  HIGHEST GUST SPEED    MM   HIGHEST GUST DIRECTION    MM
  AVERAGE WIND SPEED     3.2


SKY COVER
  POSSIBLE SUNSHINE  MM
  AVERAGE SKY COVER 0.2


WEATHER CONDITIONS
 THE FOLLOWING WEATHER WAS RECORDED TODAY.
  LIGHT RAIN
  FOG
  FOG W/VISIBILITY <= 1/4 MILE
  HAZE


RELATIVE HUMIDITY (PERCENT)
 HIGHEST   100          1200 AM
 LOWEST     66           200 PM

..........................................................


THE NORTH BEND OR CLIMATE NORMALS FOR TOMORROW
                         NORMAL    RECORD    YEAR
 MAXIMUM TEMPERATURE (F)   60        81      1965
 MINIMUM TEMPERATURE (F)   45        30      1919


SUNRISE AND SUNSET
OCTOBER 23 2017.......SUNRISE   741 AM PDT   SUNSET   621 PM PDT
OCTOBER 24 2017.......SUNRISE   743 AM PDT   SUNSET   619 PM PDT


-  INDICATES NEGATIVE NUMBERS.
R  INDICATES RECORD WAS SET OR TIED.
MM INDICATES DATA IS MISSING.
T  INDICATES TRACE AMOUNT.




$$
