000
CDUS46 KMFR 200837
CLIOTH


CLIMATE REPORT
NATIONAL WEATHER SERVICE MEDFORD, OR
137 AM PDT SUN APR 20 2014


...................................

...THE NORTH BEND OR CLIMATE SUMMARY FOR APRIL 19 2014...

CLIMATE NORMAL PERIOD 1981 TO 2010
CLIMATE RECORD PERIOD 1902 TO 2014


WEATHER ITEM   OBSERVED TIME   RECORD YEAR NORMAL DEPARTURE LAST
                VALUE   (LST)  VALUE       VALUE  FROM      YEAR
                                                  NORMAL
..................................................................
TEMPERATURE (F)
 YESTERDAY
  MAXIMUM         59        MM  84    1918  56      3       54
  MINIMUM         45        MM  30    1927  43      2       48
  AVERAGE         52                        49      3       51

PRECIPITATION (IN)
  YESTERDAY        0.01          1.09 1965   0.17  -0.16     0.15
  MONTH TO DATE    0.76                      3.60  -2.84     2.67
  SINCE SEP 1     28.40                     56.88 -28.48    38.41
  SINCE JAN 1     16.83                     29.21 -12.38    12.31

SNOWFALL (IN)
  YESTERDAY       MM
  SNOW DEPTH      MM

DEGREE DAYS
 HEATING
  YESTERDAY       13                        16     -3       14
  MONTH TO DATE  268                       313    -45      290
  SINCE MAR 1    704                       851   -147      802
  SINCE JUL 1   3501                      4025   -524     3840

 COOLING
  YESTERDAY        0                         0      0        0
  MONTH TO DATE    0                         0      0        0
  SINCE MAR 1      0                         0      0        0
  SINCE JAN 1      0                         0      0        0
..................................................................


WIND (MPH)
  HIGHEST WIND SPEED    18   HIGHEST WIND DIRECTION    SW (230)
  HIGHEST GUST SPEED    24   HIGHEST GUST DIRECTION    SW (230)
  AVERAGE WIND SPEED     8.8


SKY COVER
  POSSIBLE SUNSHINE  MM
  AVERAGE SKY COVER 0.7


WEATHER CONDITIONS
 THE FOLLOWING WEATHER WAS RECORDED YESTERDAY.
  NO SIGNIFICANT WEATHER WAS OBSERVED.


RELATIVE HUMIDITY (PERCENT)
 HIGHEST   100           200 AM
 LOWEST     67           400 PM

..........................................................


THE NORTH BEND OR CLIMATE NORMALS FOR TODAY
                         NORMAL    RECORD    YEAR
 MAXIMUM TEMPERATURE (F)   56        84      1931
 MINIMUM TEMPERATURE (F)   43        30      1922


SUNRISE AND SUNSET
APRIL 20 2014.........SUNRISE   626 AM PDT   SUNSET   806 PM PDT
APRIL 21 2014.........SUNRISE   625 AM PDT   SUNSET   807 PM PDT


-  INDICATES NEGATIVE NUMBERS.
R  INDICATES RECORD WAS SET OR TIED.
MM INDICATES DATA IS MISSING.
T  INDICATES TRACE AMOUNT.




$$
