000
CDUS46 KMFR 260836
CLIOTH


CLIMATE REPORT
NATIONAL WEATHER SERVICE MEDFORD, OR
136 AM PDT FRI AUG 26 2016


...................................

...THE NORTH BEND OR CLIMATE SUMMARY FOR AUGUST 25 2016...

CLIMATE NORMAL PERIOD 1981 TO 2010
CLIMATE RECORD PERIOD 1902 TO 2016


WEATHER ITEM   OBSERVED TIME   RECORD YEAR NORMAL DEPARTURE LAST
                VALUE   (LST)  VALUE       VALUE  FROM      YEAR
                                                  NORMAL
..................................................................
TEMPERATURE (F)
 YESTERDAY
  MAXIMUM         91R       MM  79    1944  66     25       68
  MINIMUM         50        MM  38    1925  53     -3       46
  AVERAGE         71                        59     12       57

PRECIPITATION (IN)
  YESTERDAY        0.00          0.94 1953   0.02  -0.02     0.00
  MONTH TO DATE    0.00                      0.44  -0.44     0.19
  SINCE OCT 1     57.85                     63.15  -5.30    42.73
  SINCE JAN 1     32.22                     37.06  -4.84    19.43

SNOWFALL (IN)
  YESTERDAY       MM
  SNOW DEPTH      MM

DEGREE DAYS
 HEATING
  YESTERDAY        0                         6     -6        8
  MONTH TO DATE  139                       150    -11       89
  SINCE JUN 1    445                       614   -169      393
  SINCE JUL 1    255                       347    -92      169

 COOLING
  YESTERDAY        6                         0      6        0
  MONTH TO DATE    6                         0      6        5
  SINCE JUN 1      7                         0      7        9
  SINCE JAN 1     15                         0     15        9
..................................................................


WIND (MPH)
  HIGHEST WIND SPEED    24   HIGHEST WIND DIRECTION     N (350)
  HIGHEST GUST SPEED    31   HIGHEST GUST DIRECTION     N (350)
  AVERAGE WIND SPEED     7.8


SKY COVER
  POSSIBLE SUNSHINE  MM
  AVERAGE SKY COVER 0.0


WEATHER CONDITIONS
 THE FOLLOWING WEATHER WAS RECORDED YESTERDAY.
  NO SIGNIFICANT WEATHER WAS OBSERVED.


RELATIVE HUMIDITY (PERCENT)
 HIGHEST   100          1200 AM
 LOWEST     26           100 PM

..........................................................


THE NORTH BEND OR CLIMATE NORMALS FOR TODAY
                         NORMAL    RECORD    YEAR
 MAXIMUM TEMPERATURE (F)   66        77      2013
                                             1935
 MINIMUM TEMPERATURE (F)   53        41      1908


SUNRISE AND SUNSET
AUGUST 26 2016........SUNRISE   635 AM PDT   SUNSET   801 PM PDT
AUGUST 27 2016........SUNRISE   636 AM PDT   SUNSET   800 PM PDT


-  INDICATES NEGATIVE NUMBERS.
R  INDICATES RECORD WAS SET OR TIED.
MM INDICATES DATA IS MISSING.
T  INDICATES TRACE AMOUNT.




$$
