000
CDUS46 KMFR 080037
CLIOTH


CLIMATE REPORT
NATIONAL WEATHER SERVICE MEDFORD, OR
537 PM PDT TUE JUL 7 2015


...................................

...THE NORTH BEND OR CLIMATE SUMMARY FOR JULY 7 2015...
VALID TODAY AS OF 0500 PM LOCAL TIME.

CLIMATE NORMAL PERIOD 1981 TO 2010
CLIMATE RECORD PERIOD 1902 TO 2015


WEATHER ITEM   OBSERVED TIME   RECORD YEAR NORMAL DEPARTURE LAST
                VALUE   (LST)  VALUE       VALUE  FROM      YEAR
                                                  NORMAL
..................................................................
TEMPERATURE (F)
 TODAY
  MAXIMUM         64        MM  84    1952  64      0       66
  MINIMUM         57        MM  40    1924  52      5       57
  AVERAGE         61                        58      3       62

PRECIPITATION (IN)
  TODAY            0.00          0.41 1974   0.02  -0.02     0.00
  MONTH TO DATE    0.00                      0.16  -0.16     0.00
  SINCE OCT 1     42.54                     62.37 -19.83    28.05
  SINCE JAN 1     19.24                     36.28 -17.04    22.43

SNOWFALL (IN)
  TODAY           MM                         0.0   MM       MM
  MONTH TO DATE    0.0                       0.0    0.0     MM
  SINCE JUL 1      0.0                       0.0    0.0     MM
  SNOW DEPTH      MM

DEGREE DAYS
 HEATING
  TODAY            4                         7     -3        3
  MONTH TO DATE   34                        49    -15       20
  SINCE JUN 1    258                       316    -58      217
  SINCE JUL 1     34                        49    -15       20

 COOLING
  TODAY            0                         0      0        0
  MONTH TO DATE    0                         0      0        0
  SINCE JUN 1      0                         0      0        0
  SINCE JAN 1      0                         0      0       12
..................................................................


WIND (MPH)
  HIGHEST WIND SPEED    13   HIGHEST WIND DIRECTION    NW (330)
  HIGHEST GUST SPEED    MM   HIGHEST GUST DIRECTION    MM
  AVERAGE WIND SPEED     6.1


SKY COVER
  POSSIBLE SUNSHINE  MM
  AVERAGE SKY COVER  MM


WEATHER CONDITIONS
 THE FOLLOWING WEATHER WAS RECORDED TODAY.
  NO SIGNIFICANT WEATHER WAS OBSERVED.


RELATIVE HUMIDITY (PERCENT)
 HIGHEST    MM
 LOWEST     MM

..........................................................


THE NORTH BEND OR CLIMATE NORMALS FOR TOMORROW
                         NORMAL    RECORD    YEAR
 MAXIMUM TEMPERATURE (F)   64        98      1905
 MINIMUM TEMPERATURE (F)   53        41      1930


SUNRISE AND SUNSET
JULY  7 2015..........SUNRISE   544 AM PDT   SUNSET   900 PM PDT
JULY  8 2015..........SUNRISE   544 AM PDT   SUNSET   859 PM PDT


-  INDICATES NEGATIVE NUMBERS.
R  INDICATES RECORD WAS SET OR TIED.
MM INDICATES DATA IS MISSING.
T  INDICATES TRACE AMOUNT.




$$
