653
CDUS46 KMFR 250035
CLIOTH


CLIMATE REPORT
NATIONAL WEATHER SERVICE MEDFORD, OR
535 PM PDT SUN JUL 24 2016


...................................

...THE NORTH BEND OR CLIMATE SUMMARY FOR JULY 24 2016...
VALID TODAY AS OF 0500 PM LOCAL TIME.

CLIMATE NORMAL PERIOD 1981 TO 2010
CLIMATE RECORD PERIOD 1902 TO 2016


WEATHER ITEM   OBSERVED TIME   RECORD YEAR NORMAL DEPARTURE LAST
                VALUE   (LST)  VALUE       VALUE  FROM      YEAR
                                                  NORMAL
..................................................................
TEMPERATURE (F)
 TODAY
  MAXIMUM         66        MM  76    1926  65      1       72
  MINIMUM         54        MM  41    2010  53      1       52
  AVERAGE         60                        59      1       62

PRECIPITATION (IN)
  TODAY            0.00          0.06 1991   0.01  -0.01     0.00
  MONTH TO DATE    0.90                      0.42   0.48     0.00
  SINCE OCT 1     57.85                     62.63  -4.78    42.54
  SINCE JAN 1     32.22                     36.54  -4.32    19.24

SNOWFALL (IN)
  TODAY           MM                         0.0   MM       MM
  MONTH TO DATE   MM                         0.0   MM        0.0
  SINCE JUL 1     MM                         0.0   MM        0.0
  SNOW DEPTH      MM

DEGREE DAYS
 HEATING
  TODAY            5                         6     -1        3
  MONTH TO DATE   88                       155    -67       65
  SINCE JUN 1    278                       422   -144      289
  SINCE JUL 1     88                       155    -67       65

 COOLING
  TODAY            0                         0      0        0
  MONTH TO DATE    1                         0      1        4
  SINCE JUN 1      1                         0      1        4
  SINCE JAN 1      9                         0      9        4
..................................................................


WIND (MPH)
  HIGHEST WIND SPEED    25   HIGHEST WIND DIRECTION     N (360)
  HIGHEST GUST SPEED    33   HIGHEST GUST DIRECTION     N (350)
  AVERAGE WIND SPEED    12.1


SKY COVER
  POSSIBLE SUNSHINE  MM
  AVERAGE SKY COVER 0.1


WEATHER CONDITIONS
 THE FOLLOWING WEATHER WAS RECORDED TODAY.
  NO SIGNIFICANT WEATHER WAS OBSERVED.


RELATIVE HUMIDITY (PERCENT)
 HIGHEST   100           300 AM
 LOWEST     73           900 AM

..........................................................


THE NORTH BEND OR CLIMATE NORMALS FOR TOMORROW
                         NORMAL    RECORD    YEAR
 MAXIMUM TEMPERATURE (F)   65        77      1917
 MINIMUM TEMPERATURE (F)   53        42      1917


SUNRISE AND SUNSET
JULY 24 2016..........SUNRISE   559 AM PDT   SUNSET   847 PM PDT
JULY 25 2016..........SUNRISE   600 AM PDT   SUNSET   846 PM PDT


-  INDICATES NEGATIVE NUMBERS.
R  INDICATES RECORD WAS SET OR TIED.
MM INDICATES DATA IS MISSING.
T  INDICATES TRACE AMOUNT.




$$
