000
CDUS46 KMFR 180837
CLIOTH


CLIMATE REPORT
NATIONAL WEATHER SERVICE MEDFORD, OR
1236 AM PST WED JAN 18 2017


...................................

...THE NORTH BEND OR CLIMATE SUMMARY FOR JANUARY 17 2017...

CLIMATE NORMAL PERIOD 1981 TO 2010
CLIMATE RECORD PERIOD 1902 TO 2017


WEATHER ITEM   OBSERVED TIME   RECORD YEAR NORMAL DEPARTURE LAST
                VALUE   (LST)  VALUE       VALUE  FROM      YEAR
                                                  NORMAL
..................................................................
TEMPERATURE (F)
 YESTERDAY
  MAXIMUM         59        MM  67    1981  52      7       55
  MINIMUM         41    200 AM  23    1917  40      1       52
  AVERAGE         50                        46      4       54

PRECIPITATION (IN)
  YESTERDAY        0.55          2.75 1953   0.33   0.22     1.16
  MONTH TO DATE    5.91                      5.94  -0.03     5.27
  SINCE OCT 1     40.06                     32.03   8.03    30.90
  SINCE JAN 1      5.91                      5.94  -0.03     5.27

SNOWFALL (IN)
  YESTERDAY       MM
  SNOW DEPTH      MM

DEGREE DAYS
 HEATING
  YESTERDAY       15                        19     -4       11
  MONTH TO DATE  390                       325     65      274
  SINCE DEC 1   1048                       934    114      753
  SINCE JUL 1   2044                      2386   -342     1760

 COOLING
  YESTERDAY        0                         0      0        0
  MONTH TO DATE    0                         0      0        0
  SINCE DEC 1      0                         0      0        0
  SINCE JAN 1      0                         0      0        0
..................................................................


WIND (MPH)
  HIGHEST WIND SPEED    21   HIGHEST WIND DIRECTION     S (200)
  HIGHEST GUST SPEED    40   HIGHEST GUST DIRECTION     S (200)
  AVERAGE WIND SPEED    10.3


SKY COVER
  POSSIBLE SUNSHINE  MM
  AVERAGE SKY COVER 0.8


WEATHER CONDITIONS
 THE FOLLOWING WEATHER WAS RECORDED YESTERDAY.
  RAIN
  LIGHT RAIN


RELATIVE HUMIDITY (PERCENT)
 HIGHEST   100          1000 PM
 LOWEST     67           200 PM

..........................................................


THE NORTH BEND OR CLIMATE NORMALS FOR TODAY
                         NORMAL    RECORD    YEAR
 MAXIMUM TEMPERATURE (F)   52        69      1992
 MINIMUM TEMPERATURE (F)   40        19      1943


SUNRISE AND SUNSET
JANUARY 18 2017.......SUNRISE   745 AM PST   SUNSET   511 PM PST
JANUARY 19 2017.......SUNRISE   744 AM PST   SUNSET   512 PM PST


-  INDICATES NEGATIVE NUMBERS.
R  INDICATES RECORD WAS SET OR TIED.
MM INDICATES DATA IS MISSING.
T  INDICATES TRACE AMOUNT.




$$
