000
CDUS46 KMFR 210836
CLIOTH


CLIMATE REPORT
NATIONAL WEATHER SERVICE MEDFORD, OR
136 AM PDT SUN SEP 21 2014


...................................

...THE NORTH BEND OR CLIMATE SUMMARY FOR SEPTEMBER 20 2014...

CLIMATE NORMAL PERIOD 1981 TO 2010
CLIMATE RECORD PERIOD 1902 TO 2014


WEATHER ITEM   OBSERVED TIME   RECORD YEAR NORMAL DEPARTURE LAST
                VALUE   (LST)  VALUE       VALUE  FROM      YEAR
                                                  NORMAL
..................................................................
TEMPERATURE (F)
 YESTERDAY
  MAXIMUM         73        MM  86    1939  65      8       63
  MINIMUM         54        MM  39    1902  49      5       54
  AVERAGE         64                        57      7       59

PRECIPITATION (IN)
  YESTERDAY        0.00          0.63 1945   0.06  -0.06     0.55
  MONTH TO DATE    0.00                      0.88  -0.88     1.11
  SINCE SEP 1      0.00                      0.88  -0.88     1.11
  SINCE JAN 1     22.45                     38.12 -15.67    19.04

SNOWFALL (IN)
  YESTERDAY       MM
  SNOW DEPTH      MM

DEGREE DAYS
 HEATING
  YESTERDAY        1                         8     -7        6
  MONTH TO DATE   77                       140    -63       53
  SINCE SEP 1     77                       140    -63       53
  SINCE JUL 1    342                       519   -177      220

 COOLING
  YESTERDAY        0                         0      0        0
  MONTH TO DATE    8                         0      8        1
  SINCE SEP 1      8                         0      8        1
  SINCE JAN 1     20                         1     19       13
..................................................................


WIND (MPH)
  HIGHEST WIND SPEED    14   HIGHEST WIND DIRECTION     W (270)
  HIGHEST GUST SPEED    MM   HIGHEST GUST DIRECTION    MM
  AVERAGE WIND SPEED     5.0


SKY COVER
  POSSIBLE SUNSHINE   0 PERCENT
  AVERAGE SKY COVER 0.0


WEATHER CONDITIONS
 THE FOLLOWING WEATHER WAS RECORDED YESTERDAY.
  NO SIGNIFICANT WEATHER WAS OBSERVED.


RELATIVE HUMIDITY (PERCENT)
 HIGHEST     0          1200 AM
 LOWEST      0          1200 AM

..........................................................


THE NORTH BEND OR CLIMATE NORMALS FOR TODAY
                         NORMAL    RECORD    YEAR
 MAXIMUM TEMPERATURE (F)   65        98      1928
 MINIMUM TEMPERATURE (F)   49        37      1929


SUNRISE AND SUNSET
SEPTEMBER 21 2014.....SUNRISE   703 AM PDT   SUNSET   716 PM PDT
SEPTEMBER 22 2014.....SUNRISE   704 AM PDT   SUNSET   714 PM PDT


-  INDICATES NEGATIVE NUMBERS.
R  INDICATES RECORD WAS SET OR TIED.
MM INDICATES DATA IS MISSING.
T  INDICATES TRACE AMOUNT.




$$
