000
CDUS43 KDMX 180638 RRC
CLIOTM

CLIMATE REPORT
NATIONAL WEATHER SERVICE DES MOINES IA
1237 AM CST WED JAN 18 2017


...................................

...THE OTTUMWA IA CLIMATE SUMMARY FOR JANUARY 17 2017...

CLIMATE NORMAL PERIOD 1981 TO 2010
CLIMATE RECORD PERIOD 1920 TO 2017


WEATHER ITEM   OBSERVED TIME   RECORD YEAR NORMAL DEPARTURE LAST
                VALUE   (LST)  VALUE       VALUE  FROM      YEAR
                                                  NORMAL
..................................................................
TEMPERATURE (F)
 YESTERDAY
  MAXIMUM         37    422 PM  59    1996  31      6        7
  MINIMUM         34   1159 PM -16    1982  13     21       -5
  AVERAGE         36                        22     14        1

PRECIPITATION (IN)
  YESTERDAY        0.00          0.66 1996   0.03  -0.03     0.02
  MONTH TO DATE    0.95                      0.53   0.42     0.40
  SINCE DEC 1      2.32                      1.90   0.42     4.43
  SINCE JAN 1      0.95                      0.53   0.42     0.40

DEGREE DAYS
 HEATING
  YESTERDAY       29                        43    -14       64
  MONTH TO DATE  712                       725    -13      730
  SINCE DEC 1   1868                      1932    -64     1576
  SINCE JUL 1   2652                      3230   -578     2587

 COOLING
  YESTERDAY        0                         0      0        0
  MONTH TO DATE    0                         0      0        0
  SINCE DEC 1      0                         0      0        0
  SINCE JAN 1      0                         0      0        0
..................................................................


WIND (MPH)
  HIGHEST WIND SPEED    16   HIGHEST WIND DIRECTION     W (290)
  HIGHEST GUST SPEED    21   HIGHEST GUST DIRECTION    NW (300)
  AVERAGE WIND SPEED    10.0


SKY COVER
  POSSIBLE SUNSHINE  MM
  AVERAGE SKY COVER 1.0


WEATHER CONDITIONS
 THE FOLLOWING WEATHER WAS RECORDED YESTERDAY.
  FOG


RELATIVE HUMIDITY (PERCENT)
 HIGHEST   100          1200 AM
 LOWEST     85           400 PM
 AVERAGE    93

..........................................................


THE OTTUMWA IA CLIMATE NORMALS FOR TODAY
                         NORMAL    RECORD    YEAR
 MAXIMUM TEMPERATURE (F)   31        60      1951
 MINIMUM TEMPERATURE (F)   13       -22      1930


SUNRISE AND SUNSET
JANUARY 18 2017.......SUNRISE   731 AM CST   SUNSET   510 PM CST
JANUARY 19 2017.......SUNRISE   731 AM CST   SUNSET   511 PM CST


-  INDICATES NEGATIVE NUMBERS.
R  INDICATES RECORD WAS SET OR TIED.
MM INDICATES DATA IS MISSING.
T  INDICATES TRACE AMOUNT.




$$
