000
CDUS43 KDMX 190642 RRC
CLIOTM

CLIMATE REPORT
NATIONAL WEATHER SERVICE DES MOINES IA
1239 AM CST FRI DEC 19 2014


...................................

...THE OTTUMWA IA CLIMATE SUMMARY FOR DECEMBER 18 2014...

CLIMATE NORMAL PERIOD 1981 TO 2010
CLIMATE RECORD PERIOD 1920 TO 2014


WEATHER ITEM   OBSERVED TIME   RECORD YEAR NORMAL DEPARTURE LAST
                VALUE   (LST)  VALUE       VALUE  FROM      YEAR
                                                  NORMAL
..................................................................
TEMPERATURE (F)
 YESTERDAY
  MAXIMUM         27   1159 PM  67    1939  34     -7       51
  MINIMUM         17   1202 AM -15    1985  16      1       16
  AVERAGE         22                        25     -3       34

PRECIPITATION (IN)
  YESTERDAY        0.04          0.47 1957   0.05  -0.01     0.00
  MONTH TO DATE    0.61                      0.90  -0.29     0.17
  SINCE DEC 1      0.61                      0.90  -0.29     0.17
  SINCE JAN 1     40.74                     36.60   4.14    36.49

DEGREE DAYS
 HEATING
  YESTERDAY       43                        40      3       31
  MONTH TO DATE  597                       672    -75      779
  SINCE DEC 1    597                       672    -75      779
  SINCE JUL 1   2105                      1970    135     2109

 COOLING
  YESTERDAY        0                         0      0        0
  MONTH TO DATE    0                         0      0        0
  SINCE DEC 1      0                         0      0        0
  SINCE JAN 1    801                       938   -137     1014
..................................................................


WIND (MPH)
  HIGHEST WIND SPEED     7   HIGHEST WIND DIRECTION    NE (50)
  HIGHEST GUST SPEED     8   HIGHEST GUST DIRECTION    NE (40)
  AVERAGE WIND SPEED     2.1


SKY COVER
  POSSIBLE SUNSHINE  MM
  AVERAGE SKY COVER 0.9


WEATHER CONDITIONS
 THE FOLLOWING WEATHER WAS RECORDED YESTERDAY.
  LIGHT SNOW
  FOG
  HAZE


RELATIVE HUMIDITY (PERCENT)
 HIGHEST    92           900 AM
 LOWEST     77           200 AM
 AVERAGE    85

..........................................................


THE OTTUMWA IA CLIMATE NORMALS FOR TODAY
                         NORMAL    RECORD    YEAR
 MAXIMUM TEMPERATURE (F)   33        59      1941
 MINIMUM TEMPERATURE (F)   16       -18      1983


SUNRISE AND SUNSET
DECEMBER 19 2014......SUNRISE   730 AM CST   SUNSET   443 PM CST
DECEMBER 20 2014......SUNRISE   731 AM CST   SUNSET   444 PM CST


-  INDICATES NEGATIVE NUMBERS.
R  INDICATES RECORD WAS SET OR TIED.
MM INDICATES DATA IS MISSING.
T  INDICATES TRACE AMOUNT.




$$
