000
CDUS43 KDMX 260655 RRB
CLIOTM

CLIMATE REPORT
NATIONAL WEATHER SERVICE DES MOINES IA
154 AM CDT WED APR 26 2017

...................................

...THE OTTUMWA IA CLIMATE SUMMARY FOR APRIL 25 2017...

CLIMATE NORMAL PERIOD 1981 TO 2010
CLIMATE RECORD PERIOD 1920 TO 2017


WEATHER ITEM   OBSERVED TIME   RECORD YEAR NORMAL DEPARTURE LAST
                VALUE   (LST)  VALUE       VALUE  FROM      YEAR
                                                  NORMAL
..................................................................
TEMPERATURE (F)
 YESTERDAY
  MAXIMUM         76    226 PM  89    1986  66     10       79
  MINIMUM         55    558 AM  23    1934  43     12       54
  AVERAGE         66                        54     12       67

PRECIPITATION (IN)
  YESTERDAY        0.01          3.09 1904   0.13  -0.12     0.01
  MONTH TO DATE    3.11                      2.73   0.38     0.89
  SINCE MAR 1      6.31                      4.97   1.34     2.11
  SINCE JAN 1      7.90                      7.15   0.75     3.41

DEGREE DAYS
 HEATING
  YESTERDAY        0                        11    -11        0
  MONTH TO DATE  215                       385   -170      340
  SINCE MAR 1    942                      1196   -254      955
  SINCE JUL 1   4749                      6081  -1332     5009

 COOLING
  YESTERDAY        1                         1      0        2
  MONTH TO DATE   15                         5     10        9
  SINCE MAR 1     15                         6      9        9
  SINCE JAN 1     15                         6      9        9
..................................................................


WIND (MPH)
  HIGHEST WIND SPEED    21   HIGHEST WIND DIRECTION    SE (130)
  HIGHEST GUST SPEED    26   HIGHEST GUST DIRECTION     S (160)
  AVERAGE WIND SPEED    10.4


SKY COVER
  POSSIBLE SUNSHINE  MM
  AVERAGE SKY COVER 0.4


WEATHER CONDITIONS
 THE FOLLOWING WEATHER WAS RECORDED YESTERDAY.
  LIGHT RAIN


RELATIVE HUMIDITY (PERCENT)
 HIGHEST    90          1100 PM
 LOWEST     35          1200 AM
 AVERAGE    63

..........................................................


THE OTTUMWA IA CLIMATE NORMALS FOR TODAY
                         NORMAL    RECORD    YEAR
 MAXIMUM TEMPERATURE (F)   66        88      1989
 MINIMUM TEMPERATURE (F)   44        29      1926


SUNRISE AND SUNSET
APRIL 26 2017.........SUNRISE   614 AM CDT   SUNSET   802 PM CDT
APRIL 27 2017.........SUNRISE   613 AM CDT   SUNSET   803 PM CDT


-  INDICATES NEGATIVE NUMBERS.
R  INDICATES RECORD WAS SET OR TIED.
MM INDICATES DATA IS MISSING.
T  INDICATES TRACE AMOUNT.




$$
