000
CDUS46 KOTX 230827
CLIOTX


CLIMATE REPORT
NATIONAL WEATHER SERVICE SPOKANE, WA
1226 AM PST THU FEB 23 2017


...................................

...THE SPOKANE  WA WFO CLIMATE SUMMARY FOR FEBRUARY 22 2017...

CLIMATE NORMAL PERIOD 1981 TO 2010
CLIMATE RECORD PERIOD 1881 TO 2017


WEATHER ITEM   OBSERVED TIME   RECORD YEAR NORMAL DEPARTURE LAST
                VALUE   (LST)  VALUE       VALUE  FROM      YEAR
                                                  NORMAL
..................................................................
TEMPERATURE (F)
 YESTERDAY
  MAXIMUM         34        MM  MM      MM  41     -7       42
  MINIMUM         22        MM  MM      MM  24     -2       25
  AVERAGE         28                        32     -4       34

PRECIPITATION (IN)
  YESTERDAY        T            MM      MM   0.05  -0.05     0.00
  MONTH TO DATE    3.55                      1.16   2.39     0.71
  SINCE OCT 1     15.58                      9.06   6.52    10.08
  SINCE JAN 1      5.21                      3.03   2.18     3.33

SNOWFALL (IN)
  YESTERDAY        T            MM      MM   0.1   -0.1      0.0
  MONTH TO DATE   11.3                       5.0    6.3      1.1
  SINCE DEC 1     42.8                      37.5    5.3     31.1
  SINCE JUL 1     45.0                      45.4   -0.4     32.6
  SNOW DEPTH       5

DEGREE DAYS
 HEATING
  YESTERDAY       37                        32      5       31
  MONTH TO DATE  794                       751     43      621
  SINCE DEC 1   3558                      3126    432     2822
  SINCE JUL 1   5114                      5008    106     4482

 COOLING
  YESTERDAY        0                         0      0        0
  MONTH TO DATE    0                         0      0        0
  SINCE DEC 1      0                         0      0        0
  SINCE JAN 1      0                         0      0        0
..................................................................


WIND (MPH)
  HIGHEST WIND SPEED    MM   HIGHEST WIND DIRECTION    MM
  HIGHEST GUST SPEED    MM   HIGHEST GUST DIRECTION    MM
  AVERAGE WIND SPEED    MM


SKY COVER
  POSSIBLE SUNSHINE  MM
  AVERAGE SKY COVER  MM


WEATHER CONDITIONS
 THE FOLLOWING WEATHER WAS RECORDED YESTERDAY.
  LIGHT RAIN
  LIGHT SNOW
  FOG


RELATIVE HUMIDITY (PERCENT)
 HIGHEST    MM
 LOWEST     MM
 AVERAGE    MM

..........................................................


THE SPOKANE  WA WFO CLIMATE NORMALS FOR TODAY
                         NORMAL    RECORD    YEAR
 MAXIMUM TEMPERATURE (F)   41        MM        MM
 MINIMUM TEMPERATURE (F)   24        MM        MM


SUNRISE AND SUNSET
FEBRUARY 23 2017......SUNRISE   642 AM PST   SUNSET   527 PM PST
FEBRUARY 24 2017......SUNRISE   640 AM PST   SUNSET   528 PM PST


-  INDICATES NEGATIVE NUMBERS.
R  INDICATES RECORD WAS SET OR TIED.
MM INDICATES DATA IS MISSING.
T  INDICATES TRACE AMOUNT.




$$
