302
CDUS46 KOTX 210823
CLIOTX


CLIMATE REPORT
NATIONAL WEATHER SERVICE SPOKANE, WA
1223 AM PST SAT JAN 21 2017


...................................

...THE SPOKANE  WA WFO CLIMATE SUMMARY FOR JANUARY 20 2017...

CLIMATE NORMAL PERIOD 1981 TO 2010
CLIMATE RECORD PERIOD 1881 TO 2017


WEATHER ITEM   OBSERVED TIME   RECORD YEAR NORMAL DEPARTURE LAST
                VALUE   (LST)  VALUE       VALUE  FROM      YEAR
                                                  NORMAL
..................................................................
TEMPERATURE (F)
 YESTERDAY
  MAXIMUM         42        MM  MM      MM  34      8       36
  MINIMUM         24        MM  MM      MM  23      1       28
  AVERAGE         33                        28      5       32

PRECIPITATION (IN)
  YESTERDAY        0.00         MM      MM   0.06  -0.06     0.03
  MONTH TO DATE    1.37                      1.32   0.05     1.54
  SINCE OCT 1     11.74                      7.35   4.39     8.29
  SINCE JAN 1      1.37                      1.32   0.05     1.54

SNOWFALL (IN)
  YESTERDAY        0.0          MM      MM   0.5   -0.5      0.3
  MONTH TO DATE   11.5                      11.2    0.3      5.0
  SINCE DEC 1     30.4                      28.2    2.2     29.2
  SINCE JUL 1     32.6                      36.1   -3.5     30.7
  SNOW DEPTH      10

DEGREE DAYS
 HEATING
  YESTERDAY       32                        37     -5       33
  MONTH TO DATE  975                       763    212      764
  SINCE DEC 1   2319                      1979    340     1855
  SINCE JUL 1   3875                      3861     14     3515

 COOLING
  YESTERDAY        0                         0      0        0
  MONTH TO DATE    0                         0      0        0
  SINCE DEC 1      0                         0      0        0
  SINCE JAN 1      0                         0      0        0
..................................................................


WIND (MPH)
  HIGHEST WIND SPEED    10   HIGHEST WIND DIRECTION    MM
  HIGHEST GUST SPEED     0   HIGHEST GUST DIRECTION    MM
  AVERAGE WIND SPEED     5.0


SKY COVER
  POSSIBLE SUNSHINE  MM
  AVERAGE SKY COVER  MM


WEATHER CONDITIONS
 THE FOLLOWING WEATHER WAS RECORDED YESTERDAY.
  NO SIGNIFICANT WEATHER WAS OBSERVED.


RELATIVE HUMIDITY (PERCENT)
 HIGHEST   100
 LOWEST     67
 AVERAGE    84

..........................................................


THE SPOKANE  WA WFO CLIMATE NORMALS FOR TODAY
                         NORMAL    RECORD    YEAR
 MAXIMUM TEMPERATURE (F)   34        MM        MM
 MINIMUM TEMPERATURE (F)   23        MM        MM


SUNRISE AND SUNSET
JANUARY 21 2017.......SUNRISE   729 AM PST   SUNSET   435 PM PST
JANUARY 22 2017.......SUNRISE   728 AM PST   SUNSET   437 PM PST


-  INDICATES NEGATIVE NUMBERS.
R  INDICATES RECORD WAS SET OR TIED.
MM INDICATES DATA IS MISSING.
T  INDICATES TRACE AMOUNT.




$$
