000
CDAK49 PAFG 230042
CLIOTZ

CLIMATE REPORT
NATIONAL WEATHER SERVICE FAIRBANKS AK
442 PM AKDT WED MAR 22 2017


...................................

...THE KOTZEBUE AK CLIMATE SUMMARY FOR MARCH 22 2017...
VALID TODAY AS OF 0400 PM LOCAL TIME.

CLIMATE NORMAL PERIOD 1981 TO 2010
CLIMATE RECORD PERIOD 1920 TO 2017


WEATHER ITEM   OBSERVED TIME   RECORD YEAR NORMAL DEPARTURE LAST
                VALUE   (LST)  VALUE       VALUE  FROM      YEAR
                                                  NORMAL
..................................................................
TEMPERATURE (F)
 TODAY
  MAXIMUM          1    259 PM  37    1965   9     -8       12
  MINIMUM        -16    739 AM -43    1943  -7     -9       -1
  AVERAGE         -7                         1     -8        6

PRECIPITATION (IN)
  TODAY           MM             0.28 1965   0.02  MM        0.00
  MONTH TO DATE    0.03                      0.34  -0.31     0.08
  SINCE MAR 1      0.03                      0.34  -0.31     0.08
  SINCE JAN 1      1.62                      1.62   0.00     0.79

SNOWFALL (IN)
  TODAY           MM             6.0  1934   0.2   MM        0.0
  MONTH TO DATE    0.5                       4.6   -4.1      1.4
  SINCE MAR 1      0.5                       4.6   -4.1      1.4
  SINCE JUL 1     50.7                      52.2   -1.5     21.4
  SNOW DEPTH      MM

DEGREE DAYS
 HEATING
  TODAY           72                        64      8       59
  MONTH TO DATE 1433                      1424      9     1332
  SINCE MAR 1   1433                      1424      9     1332
  SINCE JUL 1  10292                     11669  -1377    10110

 COOLING
  TODAY            0                         0      0        0
  MONTH TO DATE    0                         0      0        0
  SINCE MAR 1      0                         0      0        0
  SINCE JAN 1      0                         0      0        0
..................................................................


WIND (MPH)
  HIGHEST GUST SPEED    12   HIGHEST GUST DIRECTION     E (110)


SKY COVER
  AVERAGE SKY COVER 0.6


WEATHER CONDITIONS
 THE FOLLOWING WEATHER WAS RECORDED TODAY.
  LIGHT SNOW
  FOG
  HAZE


RELATIVE HUMIDITY (PERCENT)
 HIGHEST    83
 LOWEST     72
 AVERAGE    78

..........................................................


THE KOTZEBUE AK CLIMATE NORMALS FOR TOMORROW
                         NORMAL    RECORD    YEAR
 MAXIMUM TEMPERATURE (F)    9        36      1965
 MINIMUM TEMPERATURE (F)   -7       -35      1938


SUNRISE AND SUNSET
MARCH 22 2017.........SUNRISE   841 AM AKDT  SUNSET   916 PM AKDT
MARCH 23 2017.........SUNRISE   837 AM AKDT  SUNSET   920 PM AKDT

-  INDICATES NEGATIVE NUMBERS.
R  INDICATES RECORD WAS SET OR TIED.
MM INDICATES DATA IS MISSING.
T  INDICATES TRACE AMOUNT.

&&

SNOW DEPTH IS MEASURED AT 3AM AKST/4AM AKDT.

----------------------------
AVAILABLE DAYLIGHT

AMOUNT OF DAYLIGHT TODAY  (HOUR:MIN)........12:36
GAIN/LOSS SINCE YESTERDAY (HOUR:MIN:SEC)....+0:07:24

$$
HFL MAR 17
