000
CDAK49 PAFG 210041
CLIOTZ

CLIMATE REPORT
NATIONAL WEATHER SERVICE FAIRBANKS AK
341 PM AKST MON NOV 20 2017


...................................

...THE KOTZEBUE AK CLIMATE SUMMARY FOR NOVEMBER 20 2017...
VALID TODAY AS OF 0300 PM LOCAL TIME.

CLIMATE NORMAL PERIOD 1981 TO 2010
CLIMATE RECORD PERIOD 1920 TO 2017


WEATHER ITEM   OBSERVED TIME   RECORD YEAR NORMAL DEPARTURE LAST
                VALUE   (LST)  VALUE       VALUE  FROM      YEAR
                                                  NORMAL
..................................................................
TEMPERATURE (F)
 TODAY
  MAXIMUM          7   1230 AM  37    1949  13     -6        5
  MINIMUM         -4   1115 AM -30    1939   2     -6       -1
  AVERAGE          2                         7     -5        2

PRECIPITATION (IN)
  TODAY            0.00          0.43 2003   0.02  -0.02     0.00
  MONTH TO DATE    0.65                      0.50   0.15     0.09
  SINCE SEP 1      4.12                      3.09   1.03     2.41
  SINCE JAN 1     10.58                      9.97   0.61     8.15

SNOWFALL (IN)
  TODAY            0.0           9.6  2003   0.4   -0.4      0.0
  MONTH TO DATE    3.1                       6.5   -3.4      2.0
  SINCE SEP 1     11.7                      13.4   -1.7      4.8
  SINCE JUL 1     11.7                      13.4   -1.7      4.8
  SNOW DEPTH      17

DEGREE DAYS
 HEATING
  TODAY           63                        58      5       63
  MONTH TO DATE  844                      1088   -244      925
  SINCE SEP 1   2570                      3031   -461     2455
  SINCE JUL 1   3257                      3769   -512     2947

 COOLING
  TODAY            0                         0      0        0
  MONTH TO DATE    0                         0      0        0
  SINCE SEP 1      0                         0      0        0
  SINCE JAN 1      1                         5     -4        5
..................................................................


WIND (MPH)
  HIGHEST GUST SPEED    30   HIGHEST GUST DIRECTION    SE (120)


SKY COVER
  AVERAGE SKY COVER 0.1


WEATHER CONDITIONS
 THE FOLLOWING WEATHER WAS RECORDED TODAY.
  HAZE


RELATIVE HUMIDITY (PERCENT)
 HIGHEST    83
 LOWEST     62
 AVERAGE    73

..........................................................


THE KOTZEBUE AK CLIMATE NORMALS FOR TOMORROW
                         NORMAL    RECORD    YEAR
 MAXIMUM TEMPERATURE (F)   12        38      1949
 MINIMUM TEMPERATURE (F)    2       -28      2008


SUNRISE AND SUNSET
NOVEMBER 20 2017......SUNRISE  1112 AM AKST  SUNSET   401 PM AKST
NOVEMBER 21 2017......SUNRISE  1116 AM AKST  SUNSET   357 PM AKST

-  INDICATES NEGATIVE NUMBERS.
R  INDICATES RECORD WAS SET OR TIED.
MM INDICATES DATA IS MISSING.
T  INDICATES TRACE AMOUNT.

&&

SNOW DEPTH IS MEASURED AT 3AM AKST/4AM AKDT.

----------------------------
AVAILABLE DAYLIGHT

AMOUNT OF DAYLIGHT TODAY  (HOUR:MIN)........4:49
GAIN/LOSS SINCE YESTERDAY (HOUR:MIN:SEC)....-0:07:55

$$
AY NOV 17
