000
CDAK49 PAFG 230957
CLIOTZ

CLIMATE REPORT
NATIONAL WEATHER SERVICE FAIRBANKS AK
157 AM AKDT SUN JUL 23 2017


...................................

...THE KOTZEBUE AK CLIMATE SUMMARY FOR JULY 22 2017...

CLIMATE NORMAL PERIOD 1981 TO 2010
CLIMATE RECORD PERIOD 1920 TO 2017


WEATHER ITEM   OBSERVED TIME   RECORD YEAR NORMAL DEPARTURE LAST
                VALUE   (LST)  VALUE       VALUE  FROM      YEAR
                                                  NORMAL
..................................................................
TEMPERATURE (F)
 YESTERDAY
  MAXIMUM         66    734 PM  79    1947  60      6       65
  MINIMUM         56   1228 PM  36    1931  51      5       57
  AVERAGE         61                        55      6       61

PRECIPITATION (IN)
  YESTERDAY        0.00          0.50 1994   0.05  -0.05     0.00
  MONTH TO DATE    0.94                      0.91   0.03     1.23
  SINCE JUN 1      1.14                      1.49  -0.35     1.48
  SINCE JAN 1      3.22                      4.16  -0.94     3.61

SNOWFALL (IN)
  YESTERDAY        0.0           0.0    MM   0.0    0.0      0.0
  MONTH TO DATE    0.0                       0.0    0.0      0.0
  SINCE JUN 1      0.0                       0.0    0.0      0.0
  SINCE JUL 1      0.0                       0.0    0.0      0.0
  SNOW DEPTH       0

DEGREE DAYS
 HEATING
  YESTERDAY        4                        10     -6        4
  MONTH TO DATE  155                       235    -80      168
  SINCE JUN 1    566                       815   -249      572
  SINCE JUL 1    155                       235    -80      168

 COOLING
  YESTERDAY        0                         0      0        0
  MONTH TO DATE    1                         0      1        5
  SINCE JUN 1      1                         1      0        5
  SINCE JAN 1      1                         1      0        5
..................................................................


WIND (MPH)
  HIGHEST GUST SPEED    22   HIGHEST GUST DIRECTION    SW (240)


SKY COVER
  AVERAGE SKY COVER 0.5


WEATHER CONDITIONS
 THE FOLLOWING WEATHER WAS RECORDED YESTERDAY.
  NO SIGNIFICANT WEATHER WAS OBSERVED.


RELATIVE HUMIDITY (PERCENT)
 HIGHEST    93
 LOWEST     67
 AVERAGE    80

..........................................................


THE KOTZEBUE AK CLIMATE NORMALS FOR TODAY
                         NORMAL    RECORD    YEAR
 MAXIMUM TEMPERATURE (F)   60        79      1950
 MINIMUM TEMPERATURE (F)   51        34      1931


SUNRISE AND SUNSET
JULY 23 2017..........SUNRISE   446 AM AKDT  SUNSET   105 AM AKDT
JULY 24 2017..........SUNRISE   451 AM AKDT  SUNSET   100 AM AKDT

-  INDICATES NEGATIVE NUMBERS.
R  INDICATES RECORD WAS SET OR TIED.
MM INDICATES DATA IS MISSING.
T  INDICATES TRACE AMOUNT.

&&

SNOW DEPTH IS MEASURED AT 3AM AKST/4AM AKDT.

----------------------------
AVAILABLE DAYLIGHT

AMOUNT OF DAYLIGHT TODAY  (HOUR:MIN)........20:24
GAIN/LOSS SINCE YESTERDAY (HOUR:MIN:SEC)....-0:09:48

$$
EWP JUL 17
