000
CDAK49 PAOT 260930
CLIOTZ

CLIMATE REPORT
NATIONAL WEATHER SERVICE KOTZEBUE, AK
130 AM AKDT THU MAR 26 2015

...................................
...THE KOTZEBUE WSO AP CLIMATE SUMMARY FOR MARCH 25 2015...

CLIMATE NORMAL PERIOD  1981 TO  2010
CLIMATE RECORD PERIOD  1897 TO  2015

WEATHER ITEM   OBSERVED TIME    RECORD YEAR NORMAL DEPARTURE LAST
               VALUE    (LST)   VALUE       VALUE  FROM      YEAR
                                                   NORMAL
...................................................................
TEMPERATURE
YESTERDAY
 MAXIMUM            14  1021 PM    36  1979     10       4     33
 MINIMUM             6  1040 AM   -33  1938     -6      12     16
 AVERAGE            10                           2       8     25

PRECIPITATION
(INCHES)
 YESTERDAY        0.01           0.17  1965   0.01    0.00   0.00
 MONTH TO DATE    0.51                        0.37    0.14   0.34
 SINCE MAR 1      0.51                        0.37    0.14   0.34
 SINCE JAN 1      1.36                        1.65   -0.29   1.06

SNOWFALL
(INCHES)
 YESTERDAY         0.1            5.0  1932    0.1     0.0    0.0
 MONTH TO DATE     5.1                         5.0     0.1    6.5
 SINCE MAR 1       5.1                         5.0     0.1    6.5
 SINCE JUL 1      20.4                        52.6   -32.2   31.5
 SNOW DEPTH (IN)     8                                          6

DEGREE DAYS
 HEATING
  YESTERDAY         55                          63      -8     40
  MONTH TO DATE   1672                        1614      58   1443
  SINCE MAR 1     1664                        1614      50   1440
  SINCE JUL 1    10515                       11856   -1341  10391

 COOLING
  YESTERDAY          0                           0       0      0
  MONTH TO DATE      0                           0       0      0
  SINCE MAR 1        0                           0       0      0
  SINCE JAN 1        0                           0       0      0
...................................................................

WIND (MPH)
 HIGHEST WIND SPEED    12     HIGHEST WIND DIRECTION    360
 HIGHEST GUST SPEED    13     HIGHEST GUST DIRECTION    360
 AVERAGE WIND SPEED   3.5

SKY COVER
  POSSIBLE SUNSHINE    MM          AVERAGE SKY COVER     MM

WEATHER CONDITIONS
 THE FOLLOWING WEATHER WAS RECORDED YESTERDAY.
 FOG
 SNOW


RELATIVE HUMIDITY
 HIGHEST RH     MM PERCENT       MM
 LOWEST  RH     MM PERCENT       MM
 AVERAGE RH     MM PERCENT       MM
...................................................................

THE KOTZEBUE CLIMATE NORMALS FOR TODAY
                           NORMAL    RECORD   YEAR
 MAXIMUM TEMPERATURE (F)     10        36     1965
 MINIMUM TEMPERATURE (F)     -6       -40     1939

SUNRISE AND SUNSET
 MAR 26 2015..........SUNRISE  8:27 AM      SUNSET  9:28 PM
 MAR 27 2015..........SUNRISE  8:23 AM      SUNSET  9:32 PM

-  INDICATES NEGATIVE NUMBERS.
R  INDICATES RECORD HAS BEEN SET OR TIED.
MM INDICATES DATA IS MISSING.
T  INDICATES TRACE OF PRECIPITATION.

&&
-------------------------------------------------------------------

AMOUNT OF DAYLIGHT TODAY  (HOUR:MIN)........13 HOURS 1 MINUTES
GAIN/LOSS SINCE YESTERDAY (HOUR:MIN:SEC)....+0:07:25

$$


MAR 15
