000
CDAK49 PAOT 311201
CLIOTZ

CLIMATE REPORT
NATIONAL WEATHER SERVICE KOTZEBUE, AK
401 AM AKDT FRI OCT 31 2014

...................................
...THE KOTZEBUE WSO AP CLIMATE SUMMARY FOR OCTOBER 30 2014...

CLIMATE NORMAL PERIOD  1981 TO  2010
CLIMATE RECORD PERIOD  1897 TO  2014

WEATHER ITEM   OBSERVED TIME    RECORD YEAR NORMAL DEPARTURE LAST
               VALUE    (LST)   VALUE       VALUE  FROM      YEAR
                                                   NORMAL
...................................................................
TEMPERATURE
YESTERDAY
 MAXIMUM            17  1248 AM    40  2002     20      -3     29
 MINIMUM             9  1019 PM   -14  1975     11      -2     25
 AVERAGE            13                          16      -3     27

PRECIPITATION
(INCHES)
 YESTERDAY        0.00           0.12  1952   0.03   -0.03      T
 MONTH TO DATE    0.43                        0.99   -0.56   1.61
 SINCE SEP 1      2.24                        2.57   -0.33   3.63
 SINCE JAN 1      8.98                        9.45   -0.47  10.09

SNOWFALL
(INCHES)
 YESTERDAY         0.0            2.5  1952    0.2    -0.2    0.0
 MONTH TO DATE     3.6                         5.8    -2.2    0.5
 SINCE SEP 1       3.6                         6.6    -3.0    0.9
 SINCE JUL 1       3.6                         6.6    -3.0    0.9
 SNOW DEPTH (IN)     4                                          0

DEGREE DAYS
 HEATING
  YESTERDAY         52                          49       3     38
  MONTH TO DATE   1128                        1214     -86    898
  SINCE SEP 1     1699                        1894    -195   1660
  SINCE JUL 1     2259                        2632    -373   2254

 COOLING
  YESTERDAY          0                           0       0      0
  MONTH TO DATE      0                           0       0      0
  SINCE SEP 1        0                           0       0      0
  SINCE JAN 1       19                           0      19     13
...................................................................

WIND (MPH)
 HIGHEST WIND SPEED    17     HIGHEST WIND DIRECTION    350
 HIGHEST GUST SPEED    20     HIGHEST GUST DIRECTION    350
 AVERAGE WIND SPEED   8.8

SKY COVER
  POSSIBLE SUNSHINE    MM          AVERAGE SKY COVER     MM

WEATHER CONDITIONS
 THE FOLLOWING WEATHER WAS RECORDED YESTERDAY.
 NO SIGNIFICANT WEATHER WAS OBSERVED.

RELATIVE HUMIDITY
 HIGHEST RH     MM PERCENT       MM
 LOWEST  RH     MM PERCENT       MM
 AVERAGE RH     MM PERCENT       MM
...................................................................

THE KOTZEBUE CLIMATE NORMALS FOR TODAY
                           NORMAL    RECORD   YEAR
 MAXIMUM TEMPERATURE (F)     20        39     2002
 MINIMUM TEMPERATURE (F)     11       -19     1975

SUNRISE AND SUNSET
 OCT 31 2014..........SUNRISE 10:50 AM      SUNSET  6:18 PM
 NOV 1 2014...........SUNRISE 10:54 AM      SUNSET  6:14 PM

-  INDICATES NEGATIVE NUMBERS.
R  INDICATES RECORD HAS BEEN SET OR TIED.
MM INDICATES DATA IS MISSING.
T  INDICATES TRACE OF PRECIPITATION.

&&
-------------------------------------------------------------------

AMOUNT OF DAYLIGHT TODAY  (HOUR:MIN)........7 HOURS 28 MINUTES
GAIN/LOSS SINCE YESTERDAY (HOUR:MIN:SEC)....-0:07:42

$$


OCT 14
