960
CDAK49 PAOT 081244
CLIOTZ

CLIMATE REPORT
NATIONAL WEATHER SERVICE KOTZEBUE, AK
345 AM AKST MON FEB 8 2016

...................................
...THE KOTZEBUE WSO AP CLIMATE SUMMARY FOR FEBRUARY 7 2016...

CLIMATE NORMAL PERIOD  1981 TO  2010
CLIMATE RECORD PERIOD  1897 TO  2016

WEATHER ITEM   OBSERVED TIME    RECORD YEAR NORMAL DEPARTURE LAST
               VALUE    (LST)   VALUE       VALUE  FROM      YEAR
                                                   NORMAL
...................................................................
TEMPERATURE
YESTERDAY
 MAXIMUM            21  0927 PM    40  1989      5      16      0
 MINIMUM            18  1159 PM   -45  1991     -9      27    -12
 AVERAGE            20                          -2      22     -6

PRECIPITATION
(INCHES)
 YESTERDAY        0.01           0.18  2005   0.02   -0.01   0.00
 MONTH TO DATE    0.07                        0.15   -0.08      T
 SINCE DEC 1      0.91                        1.53   -0.62   0.71
 SINCE JAN 1      0.45                        0.77   -0.32   0.36

SNOWFALL
(INCHES)
 YESTERDAY         0.2            3.6  2005    0.3    -0.1    0.0
 MONTH TO DATE     1.6                         2.2    -0.6      T
 SINCE DEC 1      18.0                        22.8    -4.8    6.4
 SINCE JUL 1      39.5                        40.2    -0.7   11.1
 SNOW DEPTH (IN)    28                                          4

DEGREE DAYS
 HEATING
  YESTERDAY         45                          67     -22     71
  MONTH TO DATE    347                         470    -123    459
  SINCE DEC 1     3876                        4510    -634   4107
  SINCE JUL 1     7778                        8869   -1091   7793

 COOLING
  YESTERDAY          0                           0       0      0
  MONTH TO DATE      0                           0       0      0
  SINCE DEC 1        0                           0       0      0
  SINCE JAN 1        0                           0       0      0
...................................................................

WIND (MPH)
 HIGHEST WIND SPEED    35     HIGHEST WIND DIRECTION    110
 HIGHEST GUST SPEED    41     HIGHEST GUST DIRECTION    110
 AVERAGE WIND SPEED   0.0

SKY COVER
  POSSIBLE SUNSHINE    MM          AVERAGE SKY COVER     MM

WEATHER CONDITIONS
 THE FOLLOWING WEATHER WAS RECORDED YESTERDAY.
 FOG
 BLOWING SNOW
 SNOW


RELATIVE HUMIDITY
 HIGHEST RH     MM PERCENT       MM
 LOWEST  RH     MM PERCENT       MM
 AVERAGE RH     MM PERCENT       MM
...................................................................

THE KOTZEBUE CLIMATE NORMALS FOR TODAY
                           NORMAL    RECORD   YEAR
 MAXIMUM TEMPERATURE (F)      5        39     2011
 MINIMUM TEMPERATURE (F)     -9       -42     1999

SUNRISE AND SUNSET
 FEB 8 2016..........SUNRISE 10:29 AM      SUNSET  5:42 PM
 FEB 9 2016..........SUNRISE 10:25 AM      SUNSET  5:46 PM

-  INDICATES NEGATIVE NUMBERS.
R  INDICATES RECORD HAS BEEN SET OR TIED.
MM INDICATES DATA IS MISSING.
T  INDICATES TRACE OF PRECIPITATION.

&&
-------------------------------------------------------------------

AMOUNT OF DAYLIGHT TODAY  (HOUR:MIN)........7 HOURS 13 MINUTES
GAIN SINCE YESTERDAY (HOUR:MIN:SEC).........+0:07:50

$$
TGH FEB 16
