189
CDAK49 PAFG 261003
CLIOTZ

CLIMATE REPORT
NATIONAL WEATHER SERVICE FAIRBANKS AK
203 AM AKDT TUE SEP 26 2017


...................................

...THE KOTZEBUE AK CLIMATE SUMMARY FOR SEPTEMBER 25 2017...

CLIMATE NORMAL PERIOD 1981 TO 2010
CLIMATE RECORD PERIOD 1920 TO 2017


WEATHER ITEM   OBSERVED TIME   RECORD YEAR NORMAL DEPARTURE LAST
                VALUE   (LST)  VALUE       VALUE  FROM      YEAR
                                                  NORMAL
..................................................................
TEMPERATURE (F)
 YESTERDAY
  MAXIMUM         45    550 PM  54    1984  42      3       42
                                      1929
  MINIMUM         33   1159 PM  18    1992  34     -1       33
  AVERAGE         39                        38      1       38

PRECIPITATION (IN)
  YESTERDAY        0.00          0.41 1997   0.05  -0.05     0.37
  MONTH TO DATE    1.58                      1.34   0.24     1.69
  SINCE SEP 1      1.58                      1.34   0.24     1.69
  SINCE JAN 1      8.04                      8.22  -0.18     7.43

SNOWFALL (IN)
  YESTERDAY        0.0           1.8  1973   0.1   -0.1      0.2
  MONTH TO DATE    0.0                       0.5   -0.5      0.2
  SINCE SEP 1      0.0                       0.5   -0.5      0.2
  SINCE JUL 1      0.0                       0.5   -0.5      0.2
  SNOW DEPTH       0

DEGREE DAYS
 HEATING
  YESTERDAY       26                        27     -1       27
  MONTH TO DATE  508                       535    -27      501
  SINCE SEP 1    508                       535    -27      501
  SINCE JUL 1   1195                      1273    -78      993

 COOLING
  YESTERDAY        0                         0      0        0
  MONTH TO DATE    0                         0      0        0
  SINCE SEP 1      0                         0      0        0
  SINCE JAN 1      1                         5     -4        5
..................................................................


WIND (MPH)
  HIGHEST GUST SPEED    24   HIGHEST GUST DIRECTION     N (360)


SKY COVER
  AVERAGE SKY COVER 0.0


WEATHER CONDITIONS
 THE FOLLOWING WEATHER WAS RECORDED YESTERDAY.
  NO SIGNIFICANT WEATHER WAS OBSERVED.


RELATIVE HUMIDITY (PERCENT)
 HIGHEST    82
 LOWEST     53
 AVERAGE    68

..........................................................


THE KOTZEBUE AK CLIMATE NORMALS FOR TODAY
                         NORMAL    RECORD    YEAR
 MAXIMUM TEMPERATURE (F)   41        56      1966
 MINIMUM TEMPERATURE (F)   33        20      1948


SUNRISE AND SUNSET
SEPTEMBER 26 2017.....SUNRISE   848 AM AKDT  SUNSET   834 PM AKDT
SEPTEMBER 27 2017.....SUNRISE   851 AM AKDT  SUNSET   830 PM AKDT

-  INDICATES NEGATIVE NUMBERS.
R  INDICATES RECORD WAS SET OR TIED.
MM INDICATES DATA IS MISSING.
T  INDICATES TRACE AMOUNT.

&&

SNOW DEPTH IS MEASURED AT 3AM AKST/4AM AKDT.

----------------------------
AVAILABLE DAYLIGHT

AMOUNT OF DAYLIGHT TODAY  (HOUR:MIN)........11:47
GAIN/LOSS SINCE YESTERDAY (HOUR:MIN:SEC)....-0:07:17

$$
CCC SEP 17
