000
CDAK49 PAOT 050916
CLIOTZ

CLIMATE REPORT
NATIONAL WEATHER SERVICE KOTZEBUE, AK
117 AM AKDT SAT SEP 5 2015

...................................
...THE KOTZEBUE WSO AP CLIMATE SUMMARY FOR SEPTEMBER 4 2015...

CLIMATE NORMAL PERIOD  1981 TO  2010
CLIMATE RECORD PERIOD  1897 TO  2015

WEATHER ITEM   OBSERVED TIME    RECORD YEAR NORMAL DEPARTURE LAST
               VALUE    (LST)   VALUE       VALUE  FROM      YEAR
                                                   NORMAL
...................................................................
TEMPERATURE
YESTERDAY
 MAXIMUM            64  0412 PM    67  1996     52      12     48
 MINIMUM            49  1159 PM    30  1931     43       6     36
 AVERAGE            57                          47      10     42

PRECIPITATION
(INCHES)
 YESTERDAY        0.00           0.78  1986   0.05   -0.05   0.00
 MONTH TO DATE    0.00                        0.22   -0.22   0.24
 SINCE SEP 1      0.00                        0.22   -0.22   0.24
 SINCE JAN 1      7.06                        7.10   -0.04   6.98

SNOWFALL
(INCHES)
 YESTERDAY         0.0              T  1993    0.0     0.0    0.0
 MONTH TO DATE     0.0                         0.0     0.0    0.0
 SINCE SEP 1       0.0                         0.0     0.0    0.0
 SINCE JUL 1       0.0                         0.0     0.0    0.0
 SNOW DEPTH (IN)     0                                          0

DEGREE DAYS
 HEATING
  YESTERDAY          8                          18     -10     23
  MONTH TO DATE     49                          69     -20     90
  SINCE SEP 1       49                          69     -20     90
  SINCE JUL 1      670                         807    -137    650

 COOLING
  YESTERDAY          0                           0       0      0
  MONTH TO DATE      0                           0       0      0
  SINCE SEP 1        0                           0       0      0
  SINCE JAN 1       14                           0      14     19
...................................................................

WIND (MPH)
 HIGHEST WIND SPEED    24     HIGHEST WIND DIRECTION     90
 HIGHEST GUST SPEED    29     HIGHEST GUST DIRECTION    100
 AVERAGE WIND SPEED  11.6

SKY COVER
  POSSIBLE SUNSHINE    MM          AVERAGE SKY COVER     MM

WEATHER CONDITIONS
  THE FOLLOWING WEATHER WAS RECORDED YESTERDAY.
  NO SIGNIFICANT WEATHER WAS OBSERVED.

RELATIVE HUMIDITY
 HIGHEST RH     MM PERCENT       MM
 LOWEST  RH     MM PERCENT       MM
 AVERAGE RH     MM PERCENT       MM
...................................................................

THE KOTZEBUE CLIMATE NORMALS FOR TODAY
                           NORMAL    RECORD   YEAR
 MAXIMUM TEMPERATURE (F)     52        72     1942
 MINIMUM TEMPERATURE (F)     42        29     1960

SUNRISE AND SUNSET
 SEP 5 2015..........SUNRISE  7:36 AM      SUNSET 10:01 PM
 SEP 6 2015..........SUNRISE  7:40 AM      SUNSET  9:57 PM

-  INDICATES NEGATIVE NUMBERS.
R  INDICATES RECORD HAS BEEN SET OR TIED.
MM INDICATES DATA IS MISSING.
T  INDICATES TRACE OF PRECIPITATION.

&&
-------------------------------------------------------------------

AMOUNT OF DAYLIGHT TODAY  (HOUR:MIN)........14 HOURS 25 MINUTES
GAIN/LOSS SINCE YESTERDAY (HOUR:MIN:SEC)....-0:07:26

$$
LEHL SEP 15
