000
CDAK49 PAOT 201207
CLIOTZ

CLIMATE REPORT
NATIONAL WEATHER SERVICE KOTZEBUE, AK
407 AM AKDT SUN APR 20 2014

...................................
...THE KOTZEBUE WSO AP CLIMATE SUMMARY FOR APRIL 19 2014...

CLIMATE NORMAL PERIOD  1981 TO  2010
CLIMATE RECORD PERIOD  1897 TO  2014

WEATHER ITEM   OBSERVED TIME    RECORD YEAR NORMAL DEPARTURE LAST
               VALUE    (LST)   VALUE       VALUE  FROM      YEAR
                                                   NORMAL
...................................................................
TEMPERATURE
YESTERDAY
 MAXIMUM            39  0320 PM    41  1983     23      16     17
 MINIMUM            26  0849 AM   -23  1985      8      18     -5
 AVERAGE            33                          16      17      6

PRECIPITATION
(INCHES)
 YESTERDAY        0.00           0.09  1955   0.02   -0.02   0.00
 MONTH TO DATE    0.07                        0.32   -0.25   0.04
 SINCE MAR 1      0.41                        0.76   -0.35   0.41
 SINCE JAN 1      1.13                        2.04   -0.91   2.47

SNOWFALL
(INCHES)
 YESTERDAY         0.0            1.8  1955    0.2    -0.2    0.0
 MONTH TO DATE     0.4                         3.5    -3.1    0.4
 SINCE MAR 1       7.2                         9.4    -2.2    4.1
 SINCE JUL 1      32.2                        57.0   -24.8   28.4
 SNOW DEPTH (IN)     3                                          4

DEGREE DAYS
 HEATING
  YESTERDAY         32                          49     -17     59
  MONTH TO DATE    960                        1054     -94   1150
  SINCE MAR 1     2725                        3041    -316   3104
  SINCE JUL 1    11657                       13283   -1626  13435

 COOLING
  YESTERDAY          0                           0       0      0
  MONTH TO DATE      0                           0       0      0
  SINCE MAR 1        0                           0       0      0
  SINCE JAN 1        0                           0       0      0
...................................................................

WIND (MPH)
 HIGHEST WIND SPEED    14     HIGHEST WIND DIRECTION     10
 HIGHEST GUST SPEED    17     HIGHEST GUST DIRECTION     10
 AVERAGE WIND SPEED   8.4

SKY COVER
  POSSIBLE SUNSHINE    MM          AVERAGE SKY COVER     MM

WEATHER CONDITIONS
 THE FOLLOWING WEATHER WAS RECORDED YESTERDAY.
 NONE

RELATIVE HUMIDITY
 HIGHEST RH     MM PERCENT       MM
 LOWEST  RH     MM PERCENT       MM
 AVERAGE RH     MM PERCENT       MM
...................................................................

THE KOTZEBUE CLIMATE NORMALS FOR TODAY
                           NORMAL    RECORD   YEAR
 MAXIMUM TEMPERATURE (F)     24        42     1983
 MINIMUM TEMPERATURE (F)      9       -18     1929

SUNRISE AND SUNSET
 APR 20 2014..........SUNRISE  6:45 AM      SUNSET 10:58 PM
 APR 21 2014..........SUNRISE  6:40 AM      SUNSET 11:01 PM

-  INDICATES NEGATIVE NUMBERS.
R  INDICATES RECORD HAS BEEN SET OR TIED.
MM INDICATES DATA IS MISSING.
T  INDICATES TRACE OF PRECIPITATION.

&&
-------------------------------------------------------------------

AMOUNT OF DAYLIGHT TODAY  (HOUR:MIN)........16 HOURS 13 MINUTES
GAIN SINCE YESTERDAY (HOUR:MIN:SEC).........+0:07:50

$$
TGH APR 14
