000
CDUS43 KDDC 262326
CLIP28


CLIMATE REPORT
NATIONAL WEATHER SERVICE DODGE CITY KS
625 PM CDT FRI MAY 26 2017


...................................

...THE MEDICINE LODGE KS CLIMATE SUMMARY FOR MAY 26 2017...
VALID TODAY AS OF 0500 PM LOCAL TIME.

CLIMATE NORMAL PERIOD 1981 TO 2010
CLIMATE RECORD PERIOD 1893 TO 2017


WEATHER ITEM   OBSERVED TIME   RECORD YEAR NORMAL DEPARTURE LAST
                VALUE   (LST)  VALUE       VALUE  FROM      YEAR
                                                  NORMAL
..................................................................
TEMPERATURE (F)
 TODAY
  MAXIMUM         87    330 PM 101    1953  83      4       89
  MINIMUM         60    512 AM  40    1901  59      1       62
  AVERAGE         74                        70      4       76

PRECIPITATION (IN)
  TODAY            0.00          2.12 1898   0.10  -0.10     0.23
  MONTH TO DATE    4.93                      2.66   2.27     1.84
  SINCE MAR 1     11.38                      7.35   4.03     7.45
  SINCE JAN 1     15.30                      9.10   6.20     8.34

DEGREE DAYS
 HEATING
  TODAY            0                         1     -1        0
  MONTH TO DATE   37                        68    -31      109
  SINCE MAR 1    710                       924   -214      712
  SINCE JUL 1   3711                      4453   -742     3601

 COOLING
  TODAY            9                         6      3       11
  MONTH TO DATE   24                        97    -73       73
  SINCE MAR 1     64                       121    -57      109
  SINCE JAN 1     64                       121    -57      109
..................................................................


WIND (MPH)
  HIGHEST WIND SPEED    21   HIGHEST WIND DIRECTION     N (10)
  HIGHEST GUST SPEED    26   HIGHEST GUST DIRECTION     N (350)
  AVERAGE WIND SPEED    11.5




RELATIVE HUMIDITY (PERCENT)
 HIGHEST    90           400 AM
 LOWEST     37           300 PM
 AVERAGE    64

..........................................................


THE MEDICINE LODGE KS CLIMATE NORMALS FOR TOMORROW
                         NORMAL    RECORD    YEAR
 MAXIMUM TEMPERATURE (F)   83       100      1896
                                             1953
 MINIMUM TEMPERATURE (F)   59        44      1992


SUNRISE AND SUNSET
MAY 26 2017...........SUNRISE   618 AM CDT   SUNSET   845 PM CDT
MAY 27 2017...........SUNRISE   617 AM CDT   SUNSET   846 PM CDT


-  INDICATES NEGATIVE NUMBERS.
R  INDICATES RECORD WAS SET OR TIED.
MM INDICATES DATA IS MISSING.
T  INDICATES TRACE AMOUNT.




$$
