000
CDUS43 KDDC 042332
CLIP28


CLIMATE REPORT
NATIONAL WEATHER SERVICE DODGE CITY KS
632 PM CDT TUE AUG 4 2015


...................................

...THE MEDICINE LODGE KS CLIMATE SUMMARY FOR AUGUST 4 2015...
VALID TODAY AS OF 0500 PM LOCAL TIME.

CLIMATE NORMAL PERIOD 1981 TO 2010
CLIMATE RECORD PERIOD 1893 TO 2015


WEATHER ITEM   OBSERVED TIME   RECORD YEAR NORMAL DEPARTURE LAST
                VALUE   (LST)  VALUE       VALUE  FROM      YEAR
                                                  NORMAL
..................................................................
TEMPERATURE (F)
 TODAY
  MAXIMUM         86    318 PM 112    1923  95     -9       92
  MINIMUM         71    659 AM  49    1974  70      1       65
  AVERAGE         79                        82     -3       79

PRECIPITATION (IN)
  TODAY            0.00          1.33 1921   0.09  -0.09     0.00
  MONTH TO DATE    0.00                      0.34  -0.34     0.00
  SINCE JUN 1     12.91                      7.83   5.08    12.61
  SINCE JAN 1     24.87                     17.57   7.30    15.50

DEGREE DAYS
 HEATING
  TODAY            0                         0      0        0
  MONTH TO DATE    0                         0      0        0
  SINCE JUN 1      0                         3     -3        5
  SINCE JUL 1      0                         0      0        5

 COOLING
  TODAY           14                        17     -3       14
  MONTH TO DATE   62                        68     -6       46
  SINCE JUN 1   1023                       949     74      757
  SINCE JAN 1   1130                      1105     25     1026
..................................................................


WIND (MPH)
  HIGHEST WIND SPEED    15   HIGHEST WIND DIRECTION    SW (220)
  HIGHEST GUST SPEED    22   HIGHEST GUST DIRECTION    SW (210)
  AVERAGE WIND SPEED     7.7




RELATIVE HUMIDITY (PERCENT)
 HIGHEST    87           400 AM
 LOWEST     65          1200 PM
 AVERAGE    76

..........................................................


THE MEDICINE LODGE KS CLIMATE NORMALS FOR TOMORROW
                         NORMAL    RECORD    YEAR
 MAXIMUM TEMPERATURE (F)   95       110      1954
 MINIMUM TEMPERATURE (F)   70        55      1978


SUNRISE AND SUNSET
AUGUST  4 2015........SUNRISE   641 AM CDT   SUNSET   839 PM CDT
AUGUST  5 2015........SUNRISE   642 AM CDT   SUNSET   838 PM CDT


-  INDICATES NEGATIVE NUMBERS.
R  INDICATES RECORD WAS SET OR TIED.
MM INDICATES DATA IS MISSING.
T  INDICATES TRACE AMOUNT.




$$
