000
CDUS43 KDDC 272326
CLIP28


CLIMATE REPORT
NATIONAL WEATHER SERVICE DODGE CITY KS
526 PM CST MON FEB 27 2017


...................................

...THE MEDICINE LODGE KS CLIMATE SUMMARY FOR FEBRUARY 27 2017...
VALID TODAY AS OF 0500 PM LOCAL TIME.

CLIMATE NORMAL PERIOD 1981 TO 2010
CLIMATE RECORD PERIOD 1893 TO 2017


WEATHER ITEM   OBSERVED TIME   RECORD YEAR NORMAL DEPARTURE LAST
                VALUE   (LST)  VALUE       VALUE  FROM      YEAR
                                                  NORMAL
..................................................................
TEMPERATURE (F)
 TODAY
  MAXIMUM         69    359 PM  83    1932  54     15       77
  MINIMUM         30    517 AM   3    1912  29      1       24
  AVERAGE         50                        42      8       51

PRECIPITATION (IN)
  TODAY            0.00          2.90 1948   0.05  -0.05     0.00
  MONTH TO DATE    0.22                      0.99  -0.77     0.38
  SINCE DEC 1      4.62                      2.62   2.00     3.26
  SINCE JAN 1      3.92                      1.70   2.22     0.89

DEGREE DAYS
 HEATING
  TODAY           15                        23     -8       14
  MONTH TO DATE  532                       729   -197      581
  SINCE DEC 1   2456                      2648   -192     2269
  SINCE JUL 1   2992                      3506   -514     2864

 COOLING
  TODAY            0                         0      0        0
  MONTH TO DATE    0                         0      0        0
  SINCE DEC 1      0                         0      0        0
  SINCE JAN 1      0                         0      0        0
..................................................................


WIND (MPH)
  HIGHEST WIND SPEED    22   HIGHEST WIND DIRECTION     S (180)
  HIGHEST GUST SPEED    32   HIGHEST GUST DIRECTION     S (180)
  AVERAGE WIND SPEED     8.8




RELATIVE HUMIDITY (PERCENT)
 HIGHEST    96          1200 PM
 LOWEST     27           400 PM
 AVERAGE    62

..........................................................


THE MEDICINE LODGE KS CLIMATE NORMALS FOR TOMORROW
                         NORMAL    RECORD    YEAR
 MAXIMUM TEMPERATURE (F)   54        79      2006
                                             1972
 MINIMUM TEMPERATURE (F)   30         3      1962


SUNRISE AND SUNSET
FEBRUARY 27 2017......SUNRISE   708 AM CST   SUNSET   627 PM CST
FEBRUARY 28 2017......SUNRISE   706 AM CST   SUNSET   628 PM CST


-  INDICATES NEGATIVE NUMBERS.
R  INDICATES RECORD WAS SET OR TIED.
MM INDICATES DATA IS MISSING.
T  INDICATES TRACE AMOUNT.




$$
