000
CDUS43 KDDC 240706
CLIP28


CLIMATE REPORT
NATIONAL WEATHER SERVICE DODGE CITY KS
206 AM CDT MON APR 24 2017


...................................

...THE MEDICINE LODGE KS CLIMATE SUMMARY FOR APRIL 23 2017...

CLIMATE NORMAL PERIOD 1981 TO 2010
CLIMATE RECORD PERIOD 1893 TO 2017


WEATHER ITEM   OBSERVED TIME   RECORD YEAR NORMAL DEPARTURE LAST
                VALUE   (LST)  VALUE       VALUE  FROM      YEAR
                                                  NORMAL
..................................................................
TEMPERATURE (F)
 YESTERDAY
  MAXIMUM         68    354 PM  99    1989  71     -3       81
  MINIMUM         34    559 AM  27    1982  46    -12       51
  AVERAGE         51                        59     -8       66

PRECIPITATION (IN)
  YESTERDAY        0.00          0.92 1933   0.10  -0.10     0.00
  MONTH TO DATE    2.32                      1.74   0.58     3.78
  SINCE MAR 1      4.55                      4.00   0.55     4.45
  SINCE JAN 1      8.47                      5.75   2.72     5.34

SNOWFALL (IN)
  YESTERDAY        0.0          MM      MM   0.0             0.0
  MONTH TO DATE    0.0                       0.0             0.0
  SINCE MAR 1      0.0                       0.1             1.0
  SINCE JUL 1      1.4                       8.5             2.0
  SNOW DEPTH       0

DEGREE DAYS
 HEATING
  YESTERDAY       14                         7      7        0
  MONTH TO DATE  168                       246    -78      150
  SINCE MAR 1    612                       814   -202      561
  SINCE JUL 1   3613                      4343   -730     3450

 COOLING
  YESTERDAY        0                         1     -1        1
  MONTH TO DATE   28                        15     13       10
  SINCE MAR 1     40                        17     23       20
  SINCE JAN 1     40                        17     23       20
..................................................................


WIND (MPH)
  HIGHEST WIND SPEED    15   HIGHEST WIND DIRECTION     S (180)
  HIGHEST GUST SPEED    19   HIGHEST GUST DIRECTION    SE (150)
  AVERAGE WIND SPEED     6.8




RELATIVE HUMIDITY (PERCENT)
 HIGHEST    96           600 AM
 LOWEST     28           300 PM
 AVERAGE    62

..........................................................


THE MEDICINE LODGE KS CLIMATE NORMALS FOR TODAY
                         NORMAL    RECORD    YEAR
 MAXIMUM TEMPERATURE (F)   71        94      2012
                                             1989
 MINIMUM TEMPERATURE (F)   47        25      2013


SUNRISE AND SUNSET
APRIL 24 2017.........SUNRISE   648 AM CDT   SUNSET   818 PM CDT
APRIL 25 2017.........SUNRISE   646 AM CDT   SUNSET   819 PM CDT


-  INDICATES NEGATIVE NUMBERS.
R  INDICATES RECORD WAS SET OR TIED.
MM INDICATES DATA IS MISSING.
T  INDICATES TRACE AMOUNT.




$$
