000
CDUS43 KDDC 161007
CLIP28


CLIMATE REPORT
NATIONAL WEATHER SERVICE DODGE CITY KS
506 AM CDT TUE SEP 16 2014


...................................

...THE MEDICINE LODGE KS CLIMATE SUMMARY FOR SEPTEMBER 15 2014...

CLIMATE NORMAL PERIOD 1981 TO 2010
CLIMATE RECORD PERIOD 1893 TO 2014


WEATHER ITEM   OBSERVED TIME   RECORD YEAR NORMAL DEPARTURE LAST
                VALUE   (LST)  VALUE       VALUE  FROM      YEAR
                                                  NORMAL
..................................................................
TEMPERATURE (F)
 YESTERDAY
  MAXIMUM         83   1131 AM 105    1978  84     -1       94
  MINIMUM         65   1159 PM  33    1993  59      6       64
  AVERAGE         74                        72      2       79

PRECIPITATION (IN)
  YESTERDAY        0.00          2.40 1996   0.06  -0.06     0.00
  MONTH TO DATE    0.54                      1.11  -0.57     0.04
  SINCE SEP 1      0.54                      1.11  -0.57     0.04
  SINCE JAN 1     18.05                     21.46  -3.41    21.68

SNOWFALL (IN)
  YESTERDAY        0.0          MM      MM   0.0             0.0
  MONTH TO DATE    0.0                       0.0             0.0
  SINCE SEP 1      0.0                       0.0             0.0
  SINCE JUL 1      0.0                       0.0             0.0
  SNOW DEPTH       0

DEGREE DAYS
 HEATING
  YESTERDAY        0                         1     -1
  MONTH TO DATE   19                         3     16
  SINCE SEP 1     19                         3     16
  SINCE JUL 1     24                         3     21

 COOLING
  YESTERDAY        9                         7      2       14
  MONTH TO DATE  126                       144    -18      203
  SINCE SEP 1    126                       144    -18      203
  SINCE JAN 1   1610                      1655    -45     1652
..................................................................


WIND (MPH)
  HIGHEST WIND SPEED    22   HIGHEST WIND DIRECTION     N (20)
  HIGHEST GUST SPEED    26   HIGHEST GUST DIRECTION     N (20)
  AVERAGE WIND SPEED    11.2




RELATIVE HUMIDITY (PERCENT)
 HIGHEST    87           700 AM
 LOWEST     51          1100 AM
 AVERAGE    69

..........................................................


THE MEDICINE LODGE KS CLIMATE NORMALS FOR TODAY
                         NORMAL    RECORD    YEAR
 MAXIMUM TEMPERATURE (F)   84       106      1978
 MINIMUM TEMPERATURE (F)   59        41      1961


SUNRISE AND SUNSET
SEPTEMBER 16 2014.....SUNRISE   717 AM CDT   SUNSET   740 PM CDT
SEPTEMBER 17 2014.....SUNRISE   718 AM CDT   SUNSET   739 PM CDT


-  INDICATES NEGATIVE NUMBERS.
R  INDICATES RECORD WAS SET OR TIED.
MM INDICATES DATA IS MISSING.
T  INDICATES TRACE AMOUNT.




$$
