466
CDUS43 KDDC 251425
CLIP28


CLIMATE REPORT
NATIONAL WEATHER SERVICE DODGE CITY KS
925 AM CDT MON SEP 25 2017


...................................

...THE MEDICINE LODGE KS CLIMATE SUMMARY FOR SEPTEMBER 25 2017...
VALID AS OF 0800 AM LOCAL TIME.

CLIMATE NORMAL PERIOD 1981 TO 2010
CLIMATE RECORD PERIOD 1893 TO 2017


WEATHER ITEM   OBSERVED TIME   RECORD YEAR NORMAL DEPARTURE LAST
                VALUE   (LST)  VALUE       VALUE  FROM      YEAR
                                                  NORMAL
..................................................................
TEMPERATURE (F)
 TODAY
  MAXIMUM         74    224 AM 103    1904  80     -6       71
  MINIMUM         68    759 AM  35    1975  55     13       52
  AVERAGE         71                        67      4       62

PRECIPITATION (IN)
  TODAY            1.15          1.56 1981   0.07   1.08     0.37
  MONTH TO DATE    2.87                      1.78   1.09     7.18
  SINCE SEP 1      2.87                      1.78   1.09     7.18
  SINCE JAN 1     25.00                     22.13   2.87    27.61

..................................................................


WIND (MPH)
  HIGHEST WIND SPEED    24   HIGHEST WIND DIRECTION     S (180)
  HIGHEST GUST SPEED    35   HIGHEST GUST DIRECTION     S (160)



WEATHER CONDITIONS
 THE FOLLOWING WEATHER WAS RECORDED TODAY.
  THUNDERSTORM
  HEAVY RAIN
  RAIN
  LIGHT RAIN


RELATIVE HUMIDITY (PERCENT)
 HIGHEST    87           800 AM
 LOWEST     68          1200 AM

..........................................................


THE MEDICINE LODGE KS CLIMATE NORMALS FOR TOMORROW
                         NORMAL    RECORD    YEAR
 MAXIMUM TEMPERATURE (F)   80       101      1984
 MINIMUM TEMPERATURE (F)   54        30      1912


SUNRISE AND SUNSET
SEPTEMBER 25 2017.....SUNRISE   725 AM CDT   SUNSET   726 PM CDT
SEPTEMBER 26 2017.....SUNRISE   726 AM CDT   SUNSET   725 PM CDT


-  INDICATES NEGATIVE NUMBERS.
R  INDICATES RECORD WAS SET OR TIED.
MM INDICATES DATA IS MISSING.
T  INDICATES TRACE AMOUNT.




$$
