000
CDUS43 KDDC 192326
CLIP28


CLIMATE REPORT
NATIONAL WEATHER SERVICE DODGE CITY KS
526 PM CST MON FEB 19 2018


...................................

...THE MEDICINE LODGE KS CLIMATE SUMMARY FOR FEBRUARY 19 2018...
VALID TODAY AS OF 0500 PM LOCAL TIME.

CLIMATE NORMAL PERIOD 1981 TO 2010
CLIMATE RECORD PERIOD 1893 TO 2018


WEATHER ITEM   OBSERVED TIME   RECORD YEAR NORMAL DEPARTURE LAST
                VALUE   (LST)  VALUE       VALUE  FROM      YEAR
                                                  NORMAL
..................................................................
TEMPERATURE (F)
 TODAY
  MAXIMUM         63    300 AM  80    1907  52     11       64
  MINIMUM         29   1003 AM  -2    1978  27      2       44
  AVERAGE         46                        39      7       54

PRECIPITATION (IN)
  TODAY            0.00          0.23 1954   0.04  -0.04     0.09
  MONTH TO DATE    0.01                      0.63  -0.62     0.22
  SINCE DEC 1      0.09                      2.26  -2.17     4.62
  SINCE JAN 1      0.09                      1.34  -1.25     3.92

DEGREE DAYS
 HEATING
  TODAY           19                        26     -7       11
  MONTH TO DATE  562                       533     29      398
  SINCE DEC 1   2363                      2452    -89     2322
  SINCE JUL 1   3123                      3310   -187     2858

 COOLING
  TODAY            0                         0      0        0
  MONTH TO DATE    0                         0      0        0
  SINCE DEC 1      0                         0      0        0
  SINCE JAN 1      0                         0      0        0
..................................................................


WIND (MPH)
  HIGHEST WIND SPEED    24   HIGHEST WIND DIRECTION     S (180)
  HIGHEST GUST SPEED    37   HIGHEST GUST DIRECTION     S (180)
  AVERAGE WIND SPEED    16.0




RELATIVE HUMIDITY (PERCENT)
 HIGHEST    90          1200 AM
 LOWEST     59           400 PM
 AVERAGE    75

..........................................................


THE MEDICINE LODGE KS CLIMATE NORMALS FOR TOMORROW
                         NORMAL    RECORD    YEAR
 MAXIMUM TEMPERATURE (F)   52        86      1981
 MINIMUM TEMPERATURE (F)   27         4      1918


SUNRISE AND SUNSET
FEBRUARY 19 2018......SUNRISE   718 AM CST   SUNSET   618 PM CST
FEBRUARY 20 2018......SUNRISE   717 AM CST   SUNSET   619 PM CST


-  INDICATES NEGATIVE NUMBERS.
R  INDICATES RECORD WAS SET OR TIED.
MM INDICATES DATA IS MISSING.
T  INDICATES TRACE AMOUNT.




$$
