000
CDUS43 KDDC 291006
CLIP28


CLIMATE REPORT
NATIONAL WEATHER SERVICE DODGE CITY KS
405 AM CST MON DEC 29 2014


...................................

...THE MEDICINE LODGE KS CLIMATE SUMMARY FOR DECEMBER 28 2014...

CLIMATE NORMAL PERIOD 1981 TO 2010
CLIMATE RECORD PERIOD 1893 TO 2014


WEATHER ITEM   OBSERVED TIME   RECORD YEAR NORMAL DEPARTURE LAST
                VALUE   (LST)  VALUE       VALUE  FROM      YEAR
                                                  NORMAL
..................................................................
TEMPERATURE (F)
 YESTERDAY
  MAXIMUM         42    327 PM  73    1928  44     -2       57
  MINIMUM         13    811 AM  -9    1924  22     -9       26
  AVERAGE         28                        33     -5       42

PRECIPITATION (IN)
  YESTERDAY        0.00          0.53 1979   0.02  -0.02     0.00
  MONTH TO DATE    0.80                      0.85  -0.05     0.51
  SINCE DEC 1      0.80                      0.85  -0.05     0.51
  SINCE JAN 1     20.16                     27.07  -6.91    25.74

SNOWFALL (IN)
  YESTERDAY        0.0          MM      MM   0.1             0.0
  MONTH TO DATE    0.8                       2.6             5.0
  SINCE DEC 1      0.8                       2.6             5.0
  SINCE JUL 1      3.3                       2.8             6.5
  SNOW DEPTH       0

DEGREE DAYS
 HEATING
  YESTERDAY       37                        32      5       23
  MONTH TO DATE  725                       845   -120      955
  SINCE DEC 1    725                       845   -120      955
  SINCE JUL 1   1630                      1703    -73     1893

 COOLING
  YESTERDAY        0                         0      0        0
  MONTH TO DATE    0                         0      0        0
  SINCE DEC 1      0                         0      0        0
  SINCE JAN 1   1802                      1770     32     1786
..................................................................


WIND (MPH)
  HIGHEST WIND SPEED    14   HIGHEST WIND DIRECTION     S (160)
  HIGHEST GUST SPEED    20   HIGHEST GUST DIRECTION    SE (150)
  AVERAGE WIND SPEED     5.6




RELATIVE HUMIDITY (PERCENT)
 HIGHEST    92          1200 AM
 LOWEST     40           100 PM
 AVERAGE    66

..........................................................


THE MEDICINE LODGE KS CLIMATE NORMALS FOR TODAY
                         NORMAL    RECORD    YEAR
 MAXIMUM TEMPERATURE (F)   44        75      1922
 MINIMUM TEMPERATURE (F)   22       -10      1983


SUNRISE AND SUNSET
DECEMBER 29 2014......SUNRISE   748 AM CST   SUNSET   525 PM CST
DECEMBER 30 2014......SUNRISE   748 AM CST   SUNSET   526 PM CST


-  INDICATES NEGATIVE NUMBERS.
R  INDICATES RECORD WAS SET OR TIED.
MM INDICATES DATA IS MISSING.
T  INDICATES TRACE AMOUNT.




$$
