000
CDUS43 KDDC 231457
CLIP28


CLIMATE REPORT
NATIONAL WEATHER SERVICE DODGE CITY KS
941 AM CDT SAT AUG 23 2014


...................................

...THE MEDICINE LODGE KS CLIMATE SUMMARY FOR AUGUST 23 2014...
VALID AS OF 0800 AM LOCAL TIME.

CLIMATE NORMAL PERIOD 1981 TO 2010
CLIMATE RECORD PERIOD 1893 TO 2014


WEATHER ITEM   OBSERVED TIME   RECORD YEAR NORMAL DEPARTURE LAST
                VALUE   (LST)  VALUE       VALUE  FROM      YEAR
                                                  NORMAL
..................................................................
TEMPERATURE (F)
 TODAY
  MAXIMUM         82   1208 AM 112    1922  92    -10       96
  MINIMUM         68    637 AM  48    1896  67      1       70
                                      1939
  AVERAGE         75                        79     -4       83

PRECIPITATION (IN)
  TODAY            0.00          2.83 1933   0.11  -0.11     0.00
  MONTH TO DATE    1.13                      2.26  -1.13     6.29
  SINCE JUN 1     13.74                      9.75   3.99    11.29
  SINCE JAN 1     16.63                     19.49  -2.86    21.64

..................................................................


WIND (MPH)
  HIGHEST WIND SPEED     9   HIGHEST WIND DIRECTION     S (160)
  HIGHEST GUST SPEED    13   HIGHEST GUST DIRECTION     S (160)



WEATHER CONDITIONS
 THE FOLLOWING WEATHER WAS RECORDED TODAY.
  NO SIGNIFICANT WEATHER WAS OBSERVED.


RELATIVE HUMIDITY (PERCENT)
 HIGHEST    57

..........................................................


THE MEDICINE LODGE KS CLIMATE NORMALS FOR TOMORROW
                         NORMAL    RECORD    YEAR
 MAXIMUM TEMPERATURE (F)   91       109      1939
 MINIMUM TEMPERATURE (F)   67        45      1896


SUNRISE AND SUNSET
AUGUST 23 2014........SUNRISE   657 AM CDT   SUNSET   816 PM CDT
AUGUST 24 2014........SUNRISE   658 AM CDT   SUNSET   814 PM CDT


-  INDICATES NEGATIVE NUMBERS.
R  INDICATES RECORD WAS SET OR TIED.
MM INDICATES DATA IS MISSING.
T  INDICATES TRACE AMOUNT.




$$
