000
CDUS45 KRIW 010734
CLIP60


CLIMATE REPORT
NATIONAL WEATHER SERVICE RIVERTON WY
134 AM MDT WED OCT 1 2014


...................................

...THE LAKE YELLOWSTONE WY CLIMATE SUMMARY FOR SEPTEMBER 30 2014...

CLIMATE NORMAL PERIOD 1981 TO 2010
CLIMATE RECORD PERIOD 1998 TO 2014


WEATHER ITEM   OBSERVED TIME   RECORD YEAR NORMAL DEPARTURE LAST
                VALUE   (LST)  VALUE       VALUE  FROM      YEAR
                                                  NORMAL
..................................................................
TEMPERATURE (F)
 YESTERDAY
  MAXIMUM         44    236 PM  72    2011  55    -11       46
  MINIMUM         32   1108 PM  23    2003  28      4       35
  AVERAGE         38                        41     -3       41

PRECIPITATION (IN)
  YESTERDAY        0.28          0.70 2013   0.03   0.25     0.69
  MONTH TO DATE    2.17                      1.30   0.87     4.08
  SINCE SEP 1      2.17                      1.30   0.87     4.08
  SINCE JAN 1     25.29                     15.37   9.92    16.25

DEGREE DAYS
 HEATING
  YESTERDAY       27                        24      3       24
  MONTH TO DATE  538                       547     -9      529
  SINCE SEP 1    538                       548    -10      529
  SINCE JUL 1   1200                      1135     65      953

 COOLING
  YESTERDAY        0                         0      0        0
  MONTH TO DATE    0                         0      0        0
  SINCE SEP 1      0                         0      0        0
  SINCE JAN 1      0                         0      0        0
..................................................................


WIND (MPH)
  HIGHEST WIND SPEED    14   HIGHEST WIND DIRECTION     W (280)
  HIGHEST GUST SPEED    19   HIGHEST GUST DIRECTION     W (270)
  AVERAGE WIND SPEED     3.2


SKY COVER
  POSSIBLE SUNSHINE  MM
  AVERAGE SKY COVER 0.0


WEATHER CONDITIONS
 THE FOLLOWING WEATHER WAS RECORDED YESTERDAY.
  NO SIGNIFICANT WEATHER WAS OBSERVED.


RELATIVE HUMIDITY (PERCENT)
 HIGHEST    96           900 PM
 LOWEST     76          1100 AM
 AVERAGE    86

..........................................................


THE LAKE YELLOWSTONE WY CLIMATE NORMALS FOR TODAY
                         NORMAL    RECORD    YEAR
 MAXIMUM TEMPERATURE (F)   55        72      2011
 MINIMUM TEMPERATURE (F)   27        22      2002


SUNRISE AND SUNSET
OCTOBER  1 2014.......SUNRISE   720 AM MDT   SUNSET   702 PM MDT
OCTOBER  2 2014.......SUNRISE   721 AM MDT   SUNSET   700 PM MDT


-  INDICATES NEGATIVE NUMBERS.
R  INDICATES RECORD WAS SET OR TIED.
MM INDICATES DATA IS MISSING.
T  INDICATES TRACE AMOUNT.




$$
