000
CDUS45 KRIW 240029
CLIP60


CLIMATE REPORT
NATIONAL WEATHER SERVICE RIVERTON WY
628 PM MDT THU OCT 23 2014


...................................

...THE LAKE YELLOWSTONE WY CLIMATE SUMMARY FOR OCTOBER 23 2014...
VALID TODAY AS OF 0500 PM LOCAL TIME.

CLIMATE NORMAL PERIOD 1981 TO 2010
CLIMATE RECORD PERIOD 1998 TO 2014


WEATHER ITEM   OBSERVED TIME   RECORD YEAR NORMAL DEPARTURE LAST
                VALUE   (LST)  VALUE       VALUE  FROM      YEAR
                                                  NORMAL
..................................................................
TEMPERATURE (F)
 TODAY
  MAXIMUM         51        MM  56    2005  45      6       52
  MINIMUM         25   1200 AM  12    2008  21      4       21
  AVERAGE         38

PRECIPITATION (IN)
  TODAY            0.00          0.63 2004   0.05  -0.05     0.00
  MONTH TO DATE    0.40                      0.95  -0.55     1.33
  SINCE SEP 1      2.57                      2.25   0.32     5.41
  SINCE JAN 1     25.69                     16.32   9.37    17.58

DEGREE DAYS
 HEATING
  TODAY           27                        32     -5       28
  MONTH TO DATE  583                       642    -59      757
  SINCE SEP 1   1121                      1190    -69     1286
  SINCE JUL 1   1783                      1777      6     1710

 COOLING
  TODAY            0                         0      0        0
  MONTH TO DATE    0                         0      0        0
  SINCE SEP 1      0                         0      0        0
  SINCE JAN 1      0                         0      0        0
..................................................................


WIND (MPH)
  HIGHEST WIND SPEED    14   HIGHEST WIND DIRECTION    SW (240)
  HIGHEST GUST SPEED    23   HIGHEST GUST DIRECTION    SW (240)
  AVERAGE WIND SPEED     4.1


SKY COVER
  POSSIBLE SUNSHINE  MM
  AVERAGE SKY COVER 0.0


WEATHER CONDITIONS
 THE FOLLOWING WEATHER WAS RECORDED TODAY.
  NO SIGNIFICANT WEATHER WAS OBSERVED.


RELATIVE HUMIDITY (PERCENT)
 HIGHEST    92          1200 AM
 LOWEST     35           100 PM
 AVERAGE    64

..........................................................


THE LAKE YELLOWSTONE WY CLIMATE NORMALS FOR TOMORROW
                         NORMAL    RECORD    YEAR
 MAXIMUM TEMPERATURE (F)   45        57      2005
                                             1999
 MINIMUM TEMPERATURE (F)   21        10      2012
                                             2004


SUNRISE AND SUNSET
OCTOBER 23 2014.......SUNRISE   747 AM MDT   SUNSET   624 PM MDT
OCTOBER 24 2014.......SUNRISE   749 AM MDT   SUNSET   622 PM MDT


-  INDICATES NEGATIVE NUMBERS.
R  INDICATES RECORD WAS SET OR TIED.
MM INDICATES DATA IS MISSING.
T  INDICATES TRACE AMOUNT.




$$
