000
CDUS45 KRIW 050739
CLIP60


CLIMATE REPORT
NATIONAL WEATHER SERVICE RIVERTON WY
1237 AM MST FRI FEB 5 2016


...................................

...THE LAKE YELLOWSTONE WY CLIMATE SUMMARY FOR FEBRUARY 4 2016...

CLIMATE NORMAL PERIOD 1981 TO 2010
CLIMATE RECORD PERIOD 1998 TO 2016


WEATHER ITEM   OBSERVED TIME   RECORD YEAR NORMAL DEPARTURE LAST
                VALUE   (LST)  VALUE       VALUE  FROM      YEAR
                                                  NORMAL
..................................................................
TEMPERATURE (F)
 YESTERDAY
  MAXIMUM         18    125 PM  45    2000  25     -7       31
  MINIMUM          4   1108 PM -20    2014   1      3       19
  AVERAGE         11                        13     -2       25

PRECIPITATION (IN)
  YESTERDAY        0.02          0.19 2006   0.05  -0.03     0.05
  MONTH TO DATE    0.02                      0.19  -0.17     0.28
  SINCE DEC 1      4.27                      3.80   0.47     4.81
  SINCE JAN 1      1.23                      2.30  -1.07     2.31

DEGREE DAYS
 HEATING
  YESTERDAY       54                        52      2       40
  MONTH TO DATE  250                       208     42      171
  SINCE DEC 1   3391                      3419    -28     3161
  SINCE JUL 1   6719                      6739    -20     6488

 COOLING
  YESTERDAY        0                         0      0        0
  MONTH TO DATE    0                         0      0        0
  SINCE DEC 1      0                         0      0        0
  SINCE JAN 1      0                         0      0        0
..................................................................


WIND (MPH)
  HIGHEST WIND SPEED    10   HIGHEST WIND DIRECTION     W (260)
  HIGHEST GUST SPEED    18   HIGHEST GUST DIRECTION     W (280)
  AVERAGE WIND SPEED     1.9


SKY COVER
  POSSIBLE SUNSHINE  MM
  AVERAGE SKY COVER 0.0


WEATHER CONDITIONS
 THE FOLLOWING WEATHER WAS RECORDED YESTERDAY.
  NO SIGNIFICANT WEATHER WAS OBSERVED.


RELATIVE HUMIDITY (PERCENT)
 HIGHEST    88          1200 AM
 LOWEST     61          1200 PM
 AVERAGE    75

..........................................................


THE LAKE YELLOWSTONE WY CLIMATE NORMALS FOR TODAY
                         NORMAL    RECORD    YEAR
 MAXIMUM TEMPERATURE (F)   25        49      2000
 MINIMUM TEMPERATURE (F)    1       -28      2014


SUNRISE AND SUNSET
FEBRUARY  5 2016......SUNRISE   736 AM MST   SUNSET   536 PM MST
FEBRUARY  6 2016......SUNRISE   735 AM MST   SUNSET   537 PM MST


-  INDICATES NEGATIVE NUMBERS.
R  INDICATES RECORD WAS SET OR TIED.
MM INDICATES DATA IS MISSING.
T  INDICATES TRACE AMOUNT.




$$
