000
CDUS45 KRIW 250735
CLIP60


CLIMATE REPORT
NATIONAL WEATHER SERVICE RIVERTON WY
1234 AM MST SAT FEB 25 2017


...................................

...THE LAKE YELLOWSTONE WY CLIMATE SUMMARY FOR FEBRUARY 24 2017...

CLIMATE NORMAL PERIOD 1981 TO 2010
CLIMATE RECORD PERIOD 1998 TO 2017


WEATHER ITEM   OBSERVED TIME   RECORD YEAR NORMAL DEPARTURE LAST
                VALUE   (LST)  VALUE       VALUE  FROM      YEAR
                                                  NORMAL
..................................................................
TEMPERATURE (F)
 YESTERDAY
  MAXIMUM         18    238 PM  43    2012  30    -12       33
  MINIMUM          1    403 AM -38    2003   4     -3      -14
  AVERAGE         10                        17     -7       10

PRECIPITATION (IN)
  YESTERDAY        0.09          0.35 2009   0.05   0.04     0.00
  MONTH TO DATE    7.20                      1.20   6.00     1.25
  SINCE DEC 1     12.99                      4.81   8.18     5.50
  SINCE JAN 1      9.89                      3.31   6.58     2.46

DEGREE DAYS
 HEATING
  YESTERDAY       55                        48      7       55
  MONTH TO DATE 1098                      1215   -117     1098
  SINCE DEC 1   4686                      4426    260     4239
  SINCE JUL 1   7830                      7746     84     7567

 COOLING
  YESTERDAY        0                         0      0        0
  MONTH TO DATE    0                         0      0        0
  SINCE DEC 1      0                         0      0        0
  SINCE JAN 1      0                         0      0        0
..................................................................


WIND (MPH)
  HIGHEST WIND SPEED    10   HIGHEST WIND DIRECTION     W (280)
  HIGHEST GUST SPEED    17   HIGHEST GUST DIRECTION     W (280)
  AVERAGE WIND SPEED     1.3


SKY COVER
  POSSIBLE SUNSHINE  MM
  AVERAGE SKY COVER 0.0


WEATHER CONDITIONS
 THE FOLLOWING WEATHER WAS RECORDED YESTERDAY.
  NO SIGNIFICANT WEATHER WAS OBSERVED.


RELATIVE HUMIDITY (PERCENT)
 HIGHEST    96           100 AM
 LOWEST     67           400 PM
 AVERAGE    82

..........................................................


THE LAKE YELLOWSTONE WY CLIMATE NORMALS FOR TODAY
                         NORMAL    RECORD    YEAR
 MAXIMUM TEMPERATURE (F)   30        41      1999
 MINIMUM TEMPERATURE (F)    4       -31      2003


SUNRISE AND SUNSET
FEBRUARY 25 2017......SUNRISE   705 AM MST   SUNSET   605 PM MST
FEBRUARY 26 2017......SUNRISE   704 AM MST   SUNSET   606 PM MST


-  INDICATES NEGATIVE NUMBERS.
R  INDICATES RECORD WAS SET OR TIED.
MM INDICATES DATA IS MISSING.
T  INDICATES TRACE AMOUNT.




$$
