000
CDUS45 KRIW 200739
CLIP60


CLIMATE REPORT
NATIONAL WEATHER SERVICE RIVERTON WY
137 AM MDT SUN APR 20 2014


...................................

...THE LAKE YELLOWSTONE WY CLIMATE SUMMARY FOR APRIL 19 2014...

CLIMATE NORMAL PERIOD 1981 TO 2010
CLIMATE RECORD PERIOD 1998 TO 2014


WEATHER ITEM   OBSERVED TIME   RECORD YEAR NORMAL DEPARTURE LAST
                VALUE   (LST)  VALUE       VALUE  FROM      YEAR
                                                  NORMAL
..................................................................
TEMPERATURE (F)
 YESTERDAY
  MAXIMUM         49    418 PM  56    2010  44      5       35
  MINIMUM         16    520 AM   5    2006  20     -4       23
  AVERAGE         33                        32      1       29

PRECIPITATION (IN)
  YESTERDAY        0.00          0.20 2007   0.07  -0.07     0.07
  MONTH TO DATE    2.15                      1.27   0.88     2.01
  SINCE MAR 1      6.73                      2.48   4.25     4.32
  SINCE JAN 1     11.81                      6.00   5.81     6.66

DEGREE DAYS
 HEATING
  YESTERDAY       32                        33     -1       36
  MONTH TO DATE  745                       671     74      763
  SINCE MAR 1   2118                      1973    145     2159
  SINCE JUL 1  10171                      9910    261    10026

 COOLING
  YESTERDAY        0                         0      0        0
  MONTH TO DATE    0                         0      0        0
  SINCE MAR 1      0                         0      0        0
  SINCE JAN 1      0                         0      0        0
..................................................................


WIND (MPH)
  HIGHEST WIND SPEED    12   HIGHEST WIND DIRECTION     W (270)
  HIGHEST GUST SPEED    20   HIGHEST GUST DIRECTION    NW (300)
  AVERAGE WIND SPEED     2.2


SKY COVER
  POSSIBLE SUNSHINE  MM
  AVERAGE SKY COVER 0.0


WEATHER CONDITIONS
 THE FOLLOWING WEATHER WAS RECORDED YESTERDAY.
  NO SIGNIFICANT WEATHER WAS OBSERVED.


RELATIVE HUMIDITY (PERCENT)
 HIGHEST    92           200 AM
 LOWEST     19           200 PM
 AVERAGE    56

..........................................................


THE LAKE YELLOWSTONE WY CLIMATE NORMALS FOR TODAY
                         NORMAL    RECORD    YEAR
 MAXIMUM TEMPERATURE (F)   45        57      2010
 MINIMUM TEMPERATURE (F)   20         1      2011


SUNRISE AND SUNSET
APRIL 20 2014.........SUNRISE   629 AM MDT   SUNSET   813 PM MDT
APRIL 21 2014.........SUNRISE   627 AM MDT   SUNSET   814 PM MDT


-  INDICATES NEGATIVE NUMBERS.
R  INDICATES RECORD WAS SET OR TIED.
MM INDICATES DATA IS MISSING.
T  INDICATES TRACE AMOUNT.




$$
