000
CDUS45 KLKN 280030
CLIP68


CLIMATE REPORT
NATIONAL WEATHER SERVICE ELKO NV
526 PM PDT FRI MAY 27 2016


...................................

...THE EUREKA AIRPORT NV CLIMATE SUMMARY FOR MAY 27 2016...
VALID TODAY AS OF 500 PM LOCAL TIME.

CLIMATE NORMAL PERIOD 1981 TO 2010
CLIMATE RECORD PERIOD 1963 TO 2016


WEATHER ITEM   OBSERVED TIME   RECORD YEAR NORMAL DEPARTURE LAST
                VALUE   (LST)  VALUE       VALUE  FROM      YEAR
                                                  NORMAL
..................................................................
TEMPERATURE (F)
 TODAY
  MAXIMUM         70    331 PM  90    2014  73     -3       72
                                      2003
  MINIMUM         38    239 AM  24    1980  36      2       45
  AVERAGE         54                        55     -1       59

PRECIPITATION (IN)
  TODAY            0.00          0.81 1987   0.02  -0.02     0.11
  MONTH TO DATE    1.88                      0.64   1.24     1.96
  SINCE OCT 1     11.58                      6.27   5.31     4.33
  SINCE JAN 1      7.31                      4.14   3.17     3.21

DEGREE DAYS
 HEATING
  TODAY           11                        11      0        6
  MONTH TO DATE  382                       372     10      372
  SINCE MAR 1   1686                      1891   -205     1652
  SINCE JUL 1   6789                      7176   -387     5695

 COOLING
  TODAY            0                         0      0        0
  MONTH TO DATE    0                         0      0        0
  SINCE MAR 1      0                         0      0        0
  SINCE JAN 1      0                         0      0        0
..................................................................


WIND (MPH)
  HIGHEST WIND SPEED    18   HIGHEST WIND DIRECTION     W (250)
  HIGHEST GUST SPEED    27   HIGHEST GUST DIRECTION     W (250)




RELATIVE HUMIDITY (PERCENT)
 HIGHEST    79          1200 AM
 LOWEST     22           200 PM
 AVERAGE    51

..........................................................


THE EUREKA AIRPORT NV CLIMATE NORMALS FOR TOMORROW
                         NORMAL    RECORD    YEAR
 MAXIMUM TEMPERATURE (F)   73        95      2003
 MINIMUM TEMPERATURE (F)   36        25      1982


SUNRISE AND SUNSET
MAY 27 2016...........SUNRISE   521 AM PDT   SUNSET   802 PM PDT
MAY 28 2016...........SUNRISE   520 AM PDT   SUNSET   803 PM PDT


-  INDICATES NEGATIVE NUMBERS.
R  INDICATES RECORD WAS SET OR TIED.
MM INDICATES DATA IS MISSING.
T  INDICATES TRACE AMOUNT.




$$
