248
CDUS45 KLKN 260937
CLIP68


CLIMATE REPORT
NATIONAL WEATHER SERVICE ELKO NV
233 AM PDT WED JUL 26 2017


...................................

...THE EUREKA AIRPORT NV CLIMATE SUMMARY FOR JULY 25 2017...

CLIMATE NORMAL PERIOD 1981 TO 2010
CLIMATE RECORD PERIOD 1963 TO 2017


WEATHER ITEM   OBSERVED TIME   RECORD YEAR NORMAL DEPARTURE LAST
                VALUE   (LST)  VALUE       VALUE  FROM      YEAR
                                                  NORMAL
..................................................................
TEMPERATURE (F)
 YESTERDAY
  MAXIMUM         85    116 PM  99    2016  91     -6       99
  MINIMUM         54    212 AM  34    1999  50      4       47
  AVERAGE         70                        70      0       73

PRECIPITATION (IN)
  YESTERDAY        0.04          0.57 1982   0.02   0.02     0.00
  MONTH TO DATE    0.21                      0.48  -0.27     0.00
  SINCE OCT 1      9.47                      7.69   1.78    12.05
  SINCE JAN 1      7.38                      5.56   1.82     7.78

DEGREE DAYS
 HEATING
  YESTERDAY        0                         0      0        0
  MONTH TO DATE    0                         8     -8       13
  SINCE JUN 1     74                       168    -94       67
  SINCE JUL 1      0                         8     -8       13

 COOLING
  YESTERDAY        5                         6     -1        8
  MONTH TO DATE  221                       111    110      126
  SINCE JUN 1    297                       140    157      217
  SINCE JAN 1    297                       143    154      217
..................................................................


WIND (MPH)
  HIGHEST WIND SPEED    35   HIGHEST WIND DIRECTION     W (260)
  HIGHEST GUST SPEED    43   HIGHEST GUST DIRECTION     W (260)
  AVERAGE WIND SPEED     5.7




RELATIVE HUMIDITY (PERCENT)
 HIGHEST    86          1200 AM
 LOWEST     28           300 PM
 AVERAGE    57

..........................................................


THE EUREKA AIRPORT NV CLIMATE NORMALS FOR TODAY
                         NORMAL    RECORD    YEAR
 MAXIMUM TEMPERATURE (F)   91        99      2016
 MINIMUM TEMPERATURE (F)   50        33      1983


SUNRISE AND SUNSET
JULY 26 2017..........SUNRISE   538 AM PDT   SUNSET   802 PM PDT
JULY 27 2017..........SUNRISE   539 AM PDT   SUNSET   801 PM PDT


-  INDICATES NEGATIVE NUMBERS.
R  INDICATES RECORD WAS SET OR TIED.
MM INDICATES DATA IS MISSING.
T  INDICATES TRACE AMOUNT.




$$
