000
CDUS45 KLKN 260928
CLIP68


CLIMATE REPORT
NATIONAL WEATHER SERVICE ELKO NV
227 AM PDT SAT JUL 26 2014


...................................

...THE EUREKA AIRPORT NV CLIMATE SUMMARY FOR JULY 25 2014...

CLIMATE NORMAL PERIOD 1981 TO 2010
CLIMATE RECORD PERIOD 1963 TO 2014


WEATHER ITEM   OBSERVED TIME   RECORD YEAR NORMAL DEPARTURE LAST
                VALUE   (LST)  VALUE       VALUE  FROM      YEAR
                                                  NORMAL
..................................................................
TEMPERATURE (F)
 YESTERDAY
  MAXIMUM         96    338 PM  98    2008  91      5       94
  MINIMUM         48    421 AM  34    1999  50     -2       55
  AVERAGE         72                        70      2       75

PRECIPITATION (IN)
  YESTERDAY        0.00          0.57 1982   0.02  -0.02     0.00
  MONTH TO DATE    0.24                      0.48  -0.24     0.74
  SINCE OCT 1      7.31                      7.69  -0.38     5.31
  SINCE JAN 1      4.91                      5.56  -0.65     3.87

DEGREE DAYS
 HEATING
  YESTERDAY        0                         0      0        0
  MONTH TO DATE    0                         8     -8        1
  SINCE JUN 1    103                       168    -65       81
  SINCE JUL 1      0                         8     -8        1

 COOLING
  YESTERDAY        7                         6      1       10
  MONTH TO DATE  221                       111    110      235
  SINCE JUN 1    262                       140    122      327
  SINCE JAN 1    264                       143    121      328
..................................................................


WIND (MPH)
  HIGHEST WIND SPEED    23   HIGHEST WIND DIRECTION     W (270)
  HIGHEST GUST SPEED    33   HIGHEST GUST DIRECTION     W (270)
  AVERAGE WIND SPEED     6.6




RELATIVE HUMIDITY (PERCENT)
 HIGHEST    46           500 AM
 LOWEST      5           400 PM
 AVERAGE    26

..........................................................


THE EUREKA AIRPORT NV CLIMATE NORMALS FOR TODAY
                         NORMAL    RECORD    YEAR
 MAXIMUM TEMPERATURE (F)   91        98      1996
 MINIMUM TEMPERATURE (F)   50        33      1983


SUNRISE AND SUNSET
JULY 26 2014..........SUNRISE   538 AM PDT   SUNSET   802 PM PDT
JULY 27 2014..........SUNRISE   539 AM PDT   SUNSET   801 PM PDT


-  INDICATES NEGATIVE NUMBERS.
R  INDICATES RECORD WAS SET OR TIED.
MM INDICATES DATA IS MISSING.
T  INDICATES TRACE AMOUNT.




$$
