000
CDUS45 KLKN 290928
CLIP68


CLIMATE REPORT
NATIONAL WEATHER SERVICE ELKO NV
227 AM PDT SAT AUG 29 2015


...................................

...THE EUREKA AIRPORT NV CLIMATE SUMMARY FOR AUGUST 28 2015...

CLIMATE NORMAL PERIOD 1981 TO 2010
CLIMATE RECORD PERIOD 1963 TO 2015


WEATHER ITEM   OBSERVED TIME   RECORD YEAR NORMAL DEPARTURE LAST
                VALUE   (LST)  VALUE       VALUE  FROM      YEAR
                                                  NORMAL
..................................................................
TEMPERATURE (F)
 YESTERDAY
  MAXIMUM         92    129 PM  94    2009  84      8       87
                                      2001
  MINIMUM         51    525 AM  32    1963  45      6       48
  AVERAGE         72                        64      8       68

PRECIPITATION (IN)
  YESTERDAY        0.00          0.83 1982   0.02  -0.02     0.00
  MONTH TO DATE    0.72                      0.52   0.20     1.84
  SINCE OCT 1      6.74                      8.36  -1.62     9.21
  SINCE JAN 1      5.62                      6.23  -0.61     6.81

DEGREE DAYS
 HEATING
  YESTERDAY        0                         2     -2        0
  MONTH TO DATE    7                        26    -19       23
  SINCE JUN 1     67                       199   -132      126
  SINCE JUL 1     28                        39    -11       23

 COOLING
  YESTERDAY        7                         2      5        3
  MONTH TO DATE  174                        97     77       84
  SINCE JUN 1    452                       269    183      385
  SINCE JAN 1    460                       272    188      387
..................................................................


WIND (MPH)
  HIGHEST WIND SPEED    25   HIGHEST WIND DIRECTION     S (180)
  HIGHEST GUST SPEED    33   HIGHEST GUST DIRECTION     S (160)
  AVERAGE WIND SPEED     7.8




RELATIVE HUMIDITY (PERCENT)
 HIGHEST    48           600 AM
 LOWEST     12           100 PM
 AVERAGE    30

..........................................................


THE EUREKA AIRPORT NV CLIMATE NORMALS FOR TODAY
                         NORMAL    RECORD    YEAR
 MAXIMUM TEMPERATURE (F)   84        95      1998
 MINIMUM TEMPERATURE (F)   44        31      1969


SUNRISE AND SUNSET
AUGUST 29 2015........SUNRISE   609 AM PDT   SUNSET   720 PM PDT
AUGUST 30 2015........SUNRISE   610 AM PDT   SUNSET   718 PM PDT


-  INDICATES NEGATIVE NUMBERS.
R  INDICATES RECORD WAS SET OR TIED.
MM INDICATES DATA IS MISSING.
T  INDICATES TRACE AMOUNT.




$$
