000
CDUS45 KLKN 280041
CLIP68


CLIMATE REPORT
NATIONAL WEATHER SERVICE ELKO NV
540 PM PDT MON MAR 27 2017


...................................

...THE EUREKA AIRPORT NV CLIMATE SUMMARY FOR MARCH 27 2017...
VALID TODAY AS OF 0500 PM LOCAL TIME.

CLIMATE NORMAL PERIOD 1981 TO 2010
CLIMATE RECORD PERIOD 1963 TO 2017


WEATHER ITEM   OBSERVED TIME   RECORD YEAR NORMAL DEPARTURE LAST
                VALUE   (LST)  VALUE       VALUE  FROM      YEAR
                                                  NORMAL
..................................................................
TEMPERATURE (F)
 TODAY
  MAXIMUM         45   1145 AM  77    2015  54     -9       63
  MINIMUM         32   1215 AM  12    2010  25      7       27
                                      1995
  AVERAGE         39                        39      0       45

PRECIPITATION (IN)
  TODAY            0.02          0.85 1984   0.03  -0.01     0.00
  MONTH TO DATE    1.28                      0.79   0.49     0.35
  SINCE OCT 1      6.28                      4.52   1.76     6.59
  SINCE JAN 1      4.19                      2.39   1.80     2.32

DEGREE DAYS
 HEATING
  TODAY           26                        26      0       20
  MONTH TO DATE  579                       771   -192      615
  SINCE MAR 1    579                       771   -192      615
  SINCE JUL 1   5439                      6056   -617     5718

 COOLING
  TODAY            0                         0      0        0
  MONTH TO DATE    0                         0      0        0
  SINCE MAR 1      0                         0      0        0
  SINCE JAN 1      0                         0      0        0
..................................................................


WIND (MPH)
  HIGHEST WIND SPEED    30   HIGHEST WIND DIRECTION     N (350)
  HIGHEST GUST SPEED    37   HIGHEST GUST DIRECTION     N (340)




RELATIVE HUMIDITY (PERCENT)
 HIGHEST    89           100 AM
 LOWEST     45          1200 PM
 AVERAGE    67

..........................................................


THE EUREKA AIRPORT NV CLIMATE NORMALS FOR TOMORROW
                         NORMAL    RECORD    YEAR
 MAXIMUM TEMPERATURE (F)   54        72      2015
 MINIMUM TEMPERATURE (F)   25        11      1987


SUNRISE AND SUNSET
MARCH 27 2017.........SUNRISE   636 AM PDT   SUNSET   703 PM PDT
MARCH 28 2017.........SUNRISE   634 AM PDT   SUNSET   704 PM PDT


-  INDICATES NEGATIVE NUMBERS.
R  INDICATES RECORD WAS SET OR TIED.
MM INDICATES DATA IS MISSING.
T  INDICATES TRACE AMOUNT.




$$
