000
CDUS45 KLKN 200934
CLIP68


CLIMATE REPORT
NATIONAL WEATHER SERVICE ELKO NV
133 AM PST MON FEB 20 2017


...................................

...THE EUREKA AIRPORT NV CLIMATE SUMMARY FOR FEBRUARY 19 2017...

CLIMATE NORMAL PERIOD 1981 TO 2010
CLIMATE RECORD PERIOD 1963 TO 2017


WEATHER ITEM   OBSERVED TIME   RECORD YEAR NORMAL DEPARTURE LAST
                VALUE   (LST)  VALUE       VALUE  FROM      YEAR
                                                  NORMAL
..................................................................
TEMPERATURE (F)
 YESTERDAY
  MAXIMUM         53    320 PM  65    2015  44      9       49
  MINIMUM         26    330 AM  -9    2006  17      9       15
  AVERAGE         40                        30     10       32

PRECIPITATION (IN)
  YESTERDAY        0.00          0.26 1994   0.03  -0.03     0.00
  MONTH TO DATE    0.20                      0.57  -0.37     0.33
  SINCE OCT 1      4.74                      3.44   1.30     6.24
  SINCE JAN 1      2.65                      1.31   1.34     1.97

DEGREE DAYS
 HEATING
  YESTERDAY       25                        35    -10       33
  MONTH TO DATE  532                       705   -173      800
  SINCE DEC 1   3114                      3229   -115     3335
  SINCE JUL 1   4527                      4988   -461     4821

 COOLING
  YESTERDAY        0                         0      0        0
  MONTH TO DATE    0                         0      0        0
  SINCE DEC 1      0                         0      0        0
  SINCE JAN 1      0                         0      0        0
..................................................................


WIND (MPH)
  HIGHEST WIND SPEED    21   HIGHEST WIND DIRECTION     W (260)
  HIGHEST GUST SPEED    26   HIGHEST GUST DIRECTION     W (260)
  AVERAGE WIND SPEED     6.9




RELATIVE HUMIDITY (PERCENT)
 HIGHEST    92           200 AM
 LOWEST     36           400 PM
 AVERAGE    64

..........................................................


THE EUREKA AIRPORT NV CLIMATE NORMALS FOR TODAY
                         NORMAL    RECORD    YEAR
 MAXIMUM TEMPERATURE (F)   44        65      1995
 MINIMUM TEMPERATURE (F)   17       -18      1990


SUNRISE AND SUNSET
FEBRUARY 20 2017......SUNRISE   629 AM PST   SUNSET   527 PM PST
FEBRUARY 21 2017......SUNRISE   628 AM PST   SUNSET   528 PM PST


-  INDICATES NEGATIVE NUMBERS.
R  INDICATES RECORD WAS SET OR TIED.
MM INDICATES DATA IS MISSING.
T  INDICATES TRACE AMOUNT.




$$
