000
CDUS45 KLKN 261227
CLIP68


CLIMATE REPORT
NATIONAL WEATHER SERVICE ELKO NV
527 AM PDT TUE SEP 6  2017


...................................

...THE EUREKA AIRPORT NV CLIMATE SUMMARY FOR SEPTEMBER 25 2017...

CLIMATE NORMAL PERIOD 1981 TO 2010
CLIMATE RECORD PERIOD 1963 TO 2017


WEATHER ITEM   OBSERVED TIME   RECORD YEAR NORMAL DEPARTURE LAST
                VALUE   (LST)  VALUE       VALUE  FROM      YEAR
                                                  NORMAL
..................................................................
TEMPERATURE (F)
 YESTERDAY
  MAXIMUM         58        MM  88    2015  74    -16       74
  MINIMUM         27        MM  15    1970  35     -8       32
  AVERAGE         43                        54    -11       53

PRECIPITATION (IN)
  YESTERDAY        0.00          0.20 1997   0.02  -0.02     0.00
  MONTH TO DATE    0.86                      0.48   0.38     1.07
  SINCE OCT 1     11.13                      8.90   2.23    13.18
  SINCE JAN 1      9.04                      6.77   2.27     8.91

DEGREE DAYS
 HEATING
  YESTERDAY       22                        11     11       12
  MONTH TO DATE  191                       158     33      172
  SINCE SEP 1    191                       158     33      172
  SINCE JUL 1    195                       205    -10      196

 COOLING
  YESTERDAY        0                         0      0        0
  MONTH TO DATE   61                         9     52        9
  SINCE SEP 1     61                         9     52        9
  SINCE JAN 1    570                       286    284      424
..................................................................


WIND (MPH)
  HIGHEST WIND SPEED    14   HIGHEST WIND DIRECTION    NE (40)
  HIGHEST GUST SPEED    23   HIGHEST GUST DIRECTION    NE (40)
  AVERAGE WIND SPEED     7.2




RELATIVE HUMIDITY (PERCENT)
 HIGHEST    78          1200 AM
 LOWEST     30           200 PM
 AVERAGE    54

..........................................................


THE EUREKA AIRPORT NV CLIMATE NORMALS FOR TODAY
                         NORMAL    RECORD    YEAR
 MAXIMUM TEMPERATURE (F)   73        88      2010
 MINIMUM TEMPERATURE (F)   35        17      1970


SUNRISE AND SUNSET
SEPTEMBER 26 2017.....SUNRISE   636 AM PDT   SUNSET   634 PM PDT
SEPTEMBER 27 2017.....SUNRISE   636 AM PDT   SUNSET   632 PM PDT


-  INDICATES NEGATIVE NUMBERS.
R  INDICATES RECORD WAS SET OR TIED.
MM INDICATES DATA IS MISSING.
T  INDICATES TRACE AMOUNT.




$$
