000
CDUS45 KLKN 210933
CLIP68


CLIMATE REPORT
NATIONAL WEATHER SERVICE ELKO NV
230 AM PDT MON APR 21 2014


...................................

...THE EUREKA AIRPORT NV CLIMATE SUMMARY FOR APRIL 20 2014...

CLIMATE NORMAL PERIOD 1981 TO 2010
CLIMATE RECORD PERIOD 1963 TO 2014


WEATHER ITEM   OBSERVED TIME   RECORD YEAR NORMAL DEPARTURE LAST
                VALUE   (LST)  VALUE       VALUE  FROM      YEAR
                                                  NORMAL
..................................................................
TEMPERATURE (F)
 YESTERDAY
  MAXIMUM         69    311 PM  82    1994  60      9       61
  MINIMUM         33   1044 PM   4    1966  29      4       29
  AVERAGE         51                        44      7       45

PRECIPITATION (IN)
  YESTERDAY        0.00          0.16 1995   0.03  -0.03     0.00
  MONTH TO DATE    0.13                      0.63  -0.50     0.41
  SINCE OCT 1      4.87                      5.29  -0.42     3.92
  SINCE JAN 1      2.47                      3.16  -0.69     2.48

DEGREE DAYS
 HEATING
  YESTERDAY       14                        21     -7       20
  MONTH TO DATE  376                       459    -83      441
  SINCE MAR 1   1154                      1330   -176     1160
  SINCE JUL 1   5958                      6615   -657     6248

 COOLING
  YESTERDAY        0                         0      0        0
  MONTH TO DATE    0                         0      0        0
  SINCE MAR 1      0                         0      0        0
  SINCE JAN 1      0                         0      0        0
..................................................................


WIND (MPH)
  HIGHEST WIND SPEED    15   HIGHEST WIND DIRECTION    NE (40)
  HIGHEST GUST SPEED    19   HIGHEST GUST DIRECTION     N (360)
  AVERAGE WIND SPEED     6.0




RELATIVE HUMIDITY (PERCENT)
 HIGHEST    64           600 AM
 LOWEST     16           300 PM
 AVERAGE    40

..........................................................


THE EUREKA AIRPORT NV CLIMATE NORMALS FOR TODAY
                         NORMAL    RECORD    YEAR
 MAXIMUM TEMPERATURE (F)   60        81      2012
 MINIMUM TEMPERATURE (F)   29         8      2008


SUNRISE AND SUNSET
APRIL 21 2014.........SUNRISE   558 AM PDT   SUNSET   728 PM PDT
APRIL 22 2014.........SUNRISE   557 AM PDT   SUNSET   729 PM PDT


-  INDICATES NEGATIVE NUMBERS.
R  INDICATES RECORD WAS SET OR TIED.
MM INDICATES DATA IS MISSING.
T  INDICATES TRACE AMOUNT.




$$
