000
CDUS45 KLKN 230928
CLIP68


CLIMATE REPORT
NATIONAL WEATHER SERVICE ELKO NV
127 AM PST FRI FEB 23 2018


...................................

...THE EUREKA AIRPORT NV CLIMATE SUMMARY FOR FEBRUARY 22 2018...

CLIMATE NORMAL PERIOD 1981 TO 2010
CLIMATE RECORD PERIOD 1963 TO 2018


WEATHER ITEM   OBSERVED TIME   RECORD YEAR NORMAL DEPARTURE LAST
                VALUE   (LST)  VALUE       VALUE  FROM      YEAR
                                                  NORMAL
..................................................................
TEMPERATURE (F)
 YESTERDAY
  MAXIMUM         31   1257 PM  61    1991  45    -14       36
  MINIMUM         11   1249 AM -10    1969  18     -7       20
  AVERAGE         21                        31    -10       28

PRECIPITATION (IN)
  YESTERDAY        0.00          0.60 1996   0.03  -0.03     0.07
  MONTH TO DATE    0.20                      0.66  -0.46     0.31
  SINCE OCT 1      2.12                      3.53  -1.41     4.85
  SINCE JAN 1      0.93                      1.40  -0.47     2.76

DEGREE DAYS
 HEATING
  YESTERDAY       44                        34     10       37
  MONTH TO DATE  729                       807    -78      612
  SINCE DEC 1   2795                      3331   -536     3194
  SINCE JUL 1   4379                      5090   -711     4607

 COOLING
  YESTERDAY        0                         0      0        0
  MONTH TO DATE    0                         0      0        0
  SINCE DEC 1      0                         0      0        0
  SINCE JAN 1      0                         0      0        0
..................................................................


WIND (MPH)
  HIGHEST WIND SPEED    25   HIGHEST WIND DIRECTION     W (280)
  HIGHEST GUST SPEED    33   HIGHEST GUST DIRECTION     W (280)
  AVERAGE WIND SPEED     5.7




RELATIVE HUMIDITY (PERCENT)
 HIGHEST    92          1000 PM
 LOWEST     47           100 PM
 AVERAGE    70

..........................................................


THE EUREKA AIRPORT NV CLIMATE NORMALS FOR TODAY
                         NORMAL    RECORD    YEAR
 MAXIMUM TEMPERATURE (F)   45        63      1995
 MINIMUM TEMPERATURE (F)   18        -8      1996


SUNRISE AND SUNSET
FEBRUARY 23 2018......SUNRISE   625 AM PST   SUNSET   530 PM PST
FEBRUARY 24 2018......SUNRISE   624 AM PST   SUNSET   531 PM PST


-  INDICATES NEGATIVE NUMBERS.
R  INDICATES RECORD WAS SET OR TIED.
MM INDICATES DATA IS MISSING.
T  INDICATES TRACE AMOUNT.




$$
