000
CDUS43 KPAH 192243
CLIPAH


CLIMATE REPORT
NATIONAL WEATHER SERVICE PADUCAH KY
538 PM CDT THU OCT 19 2017


...................................

...THE PADUCAH KY CLIMATE SUMMARY FOR OCTOBER 19 2017...
VALID TODAY AS OF 0500 PM LOCAL TIME.

CLIMATE NORMAL PERIOD 1981 TO 2010
CLIMATE RECORD PERIOD 1937 TO 2017


WEATHER ITEM   OBSERVED TIME   RECORD YEAR NORMAL DEPARTURE LAST
                VALUE   (LST)  VALUE       VALUE  FROM      YEAR
                                                  NORMAL
..................................................................
TEMPERATURE (F)
 TODAY
  MAXIMUM         78    237 PM  90    1938  70      8       89
  MINIMUM         45    552 AM  32    1992  46     -1       68
                                      1990
  AVERAGE         62                        58      4       79

PRECIPITATION (IN)
  TODAY            0.00          1.00 1994   0.13  -0.13     0.00
  MONTH TO DATE    2.38                      2.48  -0.10     0.10
  SINCE SEP 1      4.93                      6.23  -1.30     0.93
  SINCE JAN 1     38.06                     38.71  -0.65    43.60

SNOWFALL (IN)
  TODAY            0.0                                       0.0
  MONTH TO DATE    0.0                                       0.0
  SINCE JUL 1      0.0                                       0.0
  SNOW DEPTH       0

..................................................................


WIND (MPH)
  HIGHEST WIND SPEED    14   HIGHEST WIND DIRECTION    SW (240)
  HIGHEST GUST SPEED    17   HIGHEST GUST DIRECTION    SW (240)




RELATIVE HUMIDITY (PERCENT)
 HIGHEST    86
 LOWEST     35

..........................................................


THE PADUCAH KY CLIMATE NORMALS FOR TOMORROW
                         NORMAL    RECORD    YEAR
 MAXIMUM TEMPERATURE (F)   70        87      1953
 MINIMUM TEMPERATURE (F)   46        29      1972


SUNRISE AND SUNSET
OCTOBER 19 2017.......SUNRISE   707 AM CDT   SUNSET   613 PM CDT
OCTOBER 20 2017.......SUNRISE   708 AM CDT   SUNSET   611 PM CDT


-  INDICATES NEGATIVE NUMBERS.
R  INDICATES RECORD WAS SET OR TIED.
MM INDICATES DATA IS MISSING.
T  INDICATES TRACE AMOUNT.




$$
