000
CDUS43 KPAH 180640
CLIPAH


CLIMATE REPORT
NATIONAL WEATHER SERVICE PADUCAH KY
1235 AM CST SUN FEB 18 2018


...................................

...THE PADUCAH KY CLIMATE SUMMARY FOR FEBRUARY 17 2018...

CLIMATE NORMAL PERIOD 1981 TO 2010
CLIMATE RECORD PERIOD 1937 TO 2018


WEATHER ITEM   OBSERVED TIME   RECORD YEAR NORMAL DEPARTURE LAST
                VALUE   (LST)  VALUE       VALUE  FROM      YEAR
                                                  NORMAL
..................................................................
TEMPERATURE (F)
 YESTERDAY
  MAXIMUM         44    423 PM  70    1986  50     -6       69
  MINIMUM         32   1131 PM  -5    2015  30      2       43
                                      1958
  AVERAGE         38                        40     -2       56

PRECIPITATION (IN)
  YESTERDAY        0.55          2.88 1976   0.13   0.42     0.00
  MONTH TO DATE    2.21                      2.38  -0.17     0.83
  SINCE DEC 1      9.48                     10.65  -1.17     9.34
  SINCE JAN 1      6.21                      6.06   0.15     3.33

SNOWFALL (IN)
  YESTERDAY        0.0           1.6  1987   0.1   -0.1      0.0
  MONTH TO DATE    0.1                       2.1   -2.0       T
  SINCE DEC 1     12.5                       7.3    5.2      0.2
  SINCE JUL 1     12.5                       7.4    5.1      0.2
  SNOW DEPTH       0

DEGREE DAYS
 HEATING
  YESTERDAY       27                        25      2        9
  MONTH TO DATE  461                       465     -4      352
  SINCE DEC 1   2352                      2261     91     1872
  SINCE JUL 1   3035                      3038     -3     2373

 COOLING
  YESTERDAY        0                         0      0        0
  MONTH TO DATE    3                         0      3        0
  SINCE DEC 1      3                         0      3        0
  SINCE JAN 1      3                         0      3        0
..................................................................


WIND (MPH)
  HIGHEST WIND SPEED    13   HIGHEST WIND DIRECTION     W (270)
  HIGHEST GUST SPEED    20   HIGHEST GUST DIRECTION     W (260)
  AVERAGE WIND SPEED     5.0


SKY COVER
  POSSIBLE SUNSHINE  MM
  AVERAGE SKY COVER 0.7


WEATHER CONDITIONS
 THE FOLLOWING WEATHER WAS RECORDED YESTERDAY.
  RAIN
  LIGHT RAIN
  FOG
  HAZE


RELATIVE HUMIDITY (PERCENT)
 HIGHEST    92          1100 AM
 LOWEST     70          1200 AM
 AVERAGE    81

..........................................................


THE PADUCAH KY CLIMATE NORMALS FOR TODAY
                         NORMAL    RECORD    YEAR
 MAXIMUM TEMPERATURE (F)   50        71      1986
                                             1961
                                             1948
 MINIMUM TEMPERATURE (F)   30         0      2015


SUNRISE AND SUNSET
FEBRUARY 18 2018......SUNRISE   640 AM CST   SUNSET   538 PM CST
FEBRUARY 19 2018......SUNRISE   639 AM CST   SUNSET   539 PM CST


-  INDICATES NEGATIVE NUMBERS.
R  INDICATES RECORD WAS SET OR TIED.
MM INDICATES DATA IS MISSING.
T  INDICATES TRACE AMOUNT.

&&
...........................................................
***** AGRICULTURAL DATA *****

SOIL TEMPERATURES AT A DEPTH OF FOUR INCHES

UNDER GRASS... MAX: 49    MIN: 48

$$
