000
CDUS43 KPAH 240633
CLIPAH


CLIMATE REPORT
NATIONAL WEATHER SERVICE PADUCAH KY
129 AM CDT TUE MAY 24 2016


...................................

...THE PADUCAH KY CLIMATE SUMMARY FOR MAY 23 2016...

CLIMATE NORMAL PERIOD 1981 TO 2010
CLIMATE RECORD PERIOD 1937 TO 2016


WEATHER ITEM   OBSERVED TIME   RECORD YEAR NORMAL DEPARTURE LAST
                VALUE   (LST)  VALUE       VALUE  FROM      YEAR
                                                  NORMAL
..................................................................
TEMPERATURE (F)
 YESTERDAY
  MAXIMUM         86    257 PM  95    1941  80      6       82
  MINIMUM         50    454 AM  38    1963  58     -8       57
  AVERAGE         68                        69     -1       70

PRECIPITATION (IN)
  YESTERDAY        0.00          1.20 1957   0.15  -0.15     0.00
  MONTH TO DATE    3.37                      3.78  -0.41     2.63
  SINCE MAR 1     15.84                     12.47   3.37    17.25
  SINCE JAN 1     21.30                     20.06   1.24    24.54

SNOWFALL (IN)
  YESTERDAY        0.0                       0.0    0.0      0.0
  MONTH TO DATE    0.0                       0.0    0.0      0.0
  SINCE MAR 1      T                         0.6   -0.6     12.1
  SINCE JUL 1     12.1                       9.1    3.0     28.6
  SNOW DEPTH       0

DEGREE DAYS
 HEATING
  YESTERDAY        0                         1     -1        0
  MONTH TO DATE   91                        57     34       50
  SINCE MAR 1    630                       825   -195      806
  SINCE JUL 1   3292                      4121   -829     4475

 COOLING
  YESTERDAY        3                         5     -2        5
  MONTH TO DATE   37                        80    -43      111
  SINCE MAR 1     73                       122    -49      153
  SINCE JAN 1     73                       122    -49      153
..................................................................


WIND (MPH)
  HIGHEST WIND SPEED     8   HIGHEST WIND DIRECTION     W (260)
  HIGHEST GUST SPEED    11   HIGHEST GUST DIRECTION     W (280)
  AVERAGE WIND SPEED     2.3


SKY COVER
  POSSIBLE SUNSHINE  MM
  AVERAGE SKY COVER 0.0


WEATHER CONDITIONS
 THE FOLLOWING WEATHER WAS RECORDED YESTERDAY.
  NO SIGNIFICANT WEATHER WAS OBSERVED.


RELATIVE HUMIDITY (PERCENT)
 HIGHEST    93           500 AM
 LOWEST     29          1200 PM
 AVERAGE    61

..........................................................


THE PADUCAH KY CLIMATE NORMALS FOR TODAY
                         NORMAL    RECORD    YEAR
 MAXIMUM TEMPERATURE (F)   80        93      1996
 MINIMUM TEMPERATURE (F)   59        45      1963
                                             1961


SUNRISE AND SUNSET
MAY 24 2016...........SUNRISE   540 AM CDT   SUNSET   804 PM CDT
MAY 25 2016...........SUNRISE   540 AM CDT   SUNSET   805 PM CDT


-  INDICATES NEGATIVE NUMBERS.
R  INDICATES RECORD WAS SET OR TIED.
MM INDICATES DATA IS MISSING.
T  INDICATES TRACE AMOUNT.

&&
..........................................................
***** AGRICULTURAL DATA *****

SOIL TEMPERATURES AT A DEPTH OF FOUR INCHES

UNDER GRASS... MAX: 68  MIN: 64

$$
