000
CDUS43 KPAH 110627
CLIPAH


CLIMATE REPORT
NATIONAL WEATHER SERVICE PADUCAH KY
1226 AM CST MON DEC 11 2017


...................................

...THE PADUCAH KY CLIMATE SUMMARY FOR DECEMBER 10 2017...

CLIMATE NORMAL PERIOD 1981 TO 2010
CLIMATE RECORD PERIOD 1937 TO 2017


WEATHER ITEM   OBSERVED TIME   RECORD YEAR NORMAL DEPARTURE LAST
                VALUE   (LST)  VALUE       VALUE  FROM      YEAR
                                                  NORMAL
..................................................................
TEMPERATURE (F)
 YESTERDAY
  MAXIMUM         50    325 PM  72    1971  48      2       41
  MINIMUM         19    351 AM   2    1995  30    -11       14
  AVERAGE         35                        39     -4       28

PRECIPITATION (IN)
  YESTERDAY        0.00          1.83 1964   0.16  -0.16     0.00
  MONTH TO DATE    0.69                      1.57  -0.88     0.82
  SINCE DEC 1      0.69                      1.57  -0.88     0.82
  SINCE JAN 1     43.83                     46.06  -2.23    47.31

SNOWFALL (IN)
  YESTERDAY        0.0           1.0  1962   0.1   -0.1      0.0
  MONTH TO DATE    T                         0.5   -0.5      0.0
  SINCE DEC 1      T                         0.5   -0.5      0.0
  SINCE JUL 1      T                         0.6   -0.6      0.0
  SNOW DEPTH       0

DEGREE DAYS
 HEATING
  YESTERDAY       30                        26      4       37
  MONTH TO DATE  234                       249    -15      283
  SINCE DEC 1    234                       249    -15      283
  SINCE JUL 1    917                      1026   -109      784

 COOLING
  YESTERDAY        0                         0      0        0
  MONTH TO DATE    0                         0      0        0
  SINCE DEC 1      0                         0      0        0
  SINCE JAN 1   1692                      1542    150     1953
..................................................................


WIND (MPH)
  HIGHEST WIND SPEED    22   HIGHEST WIND DIRECTION    SW (230)
  HIGHEST GUST SPEED    33   HIGHEST GUST DIRECTION    SW (240)
  AVERAGE WIND SPEED     8.0


SKY COVER
  POSSIBLE SUNSHINE  MM
  AVERAGE SKY COVER 0.0


WEATHER CONDITIONS
 THE FOLLOWING WEATHER WAS RECORDED YESTERDAY.
  NO SIGNIFICANT WEATHER WAS OBSERVED.


RELATIVE HUMIDITY (PERCENT)
 HIGHEST    84           200 AM
 LOWEST     33           200 PM
 AVERAGE    59

..........................................................


THE PADUCAH KY CLIMATE NORMALS FOR TODAY
                         NORMAL    RECORD    YEAR
 MAXIMUM TEMPERATURE (F)   47        70      2015
                                             1996
 MINIMUM TEMPERATURE (F)   29         3      1962


SUNRISE AND SUNSET
DECEMBER 11 2017......SUNRISE   659 AM CST   SUNSET   438 PM CST
DECEMBER 12 2017......SUNRISE   659 AM CST   SUNSET   439 PM CST


-  INDICATES NEGATIVE NUMBERS.
R  INDICATES RECORD WAS SET OR TIED.
MM INDICATES DATA IS MISSING.
T  INDICATES TRACE AMOUNT.

.............................................

***** AGRICULTURAL DATA *****

SOIL TEMPERATURES AT A DEPTH OF FOUR INCHES

UNDER GRASS... MAX: 44    MIN: 42


$$
