000
CDUS43 KPAH 290629
CLIPAH


CLIMATE REPORT
NATIONAL WEATHER SERVICE PADUCAH KY
128 AM CDT FRI APR 29 2016


...................................

...THE PADUCAH KY CLIMATE SUMMARY FOR APRIL 28 2016...

CLIMATE NORMAL PERIOD 1981 TO 2010
CLIMATE RECORD PERIOD 1937 TO 2016


WEATHER ITEM   OBSERVED TIME   RECORD YEAR NORMAL DEPARTURE LAST
                VALUE   (LST)  VALUE       VALUE  FROM      YEAR
                                                  NORMAL
..................................................................
TEMPERATURE (F)
 YESTERDAY
  MAXIMUM         78    405 PM  87    1943  73      5       66
  MINIMUM         56   1159 PM  32    1992  51      5       43
  AVERAGE         67                        62      5       55

PRECIPITATION (IN)
  YESTERDAY        0.00          1.55 2014   0.17  -0.17     0.00
  MONTH TO DATE    2.34                      4.42  -2.08     5.89
  SINCE MAR 1     11.55                      8.35   3.20    14.62
  SINCE JAN 1     17.01                     15.94   1.07    21.91

SNOWFALL (IN)
  YESTERDAY        0.0           0.0  2002   0.0    0.0      0.0
                                      2001
  MONTH TO DATE    0.0                       0.0    0.0      0.0
  SINCE MAR 1      T                         0.6   -0.6     12.1
  SINCE JUL 1     12.1                       9.1    3.0     28.6
  SNOW DEPTH       0

DEGREE DAYS
 HEATING
  YESTERDAY        0                         5     -5       10
  MONTH TO DATE  174                       235    -61      148
  SINCE MAR 1    533                       758   -225      743
  SINCE JUL 1   3195                      4054   -859     4412

 COOLING
  YESTERDAY        2                         2      0        0
  MONTH TO DATE   31                        34     -3       41
  SINCE MAR 1     33                        41     -8       42
  SINCE JAN 1     33                        41     -8       42
..................................................................


WIND (MPH)
  HIGHEST WIND SPEED    20   HIGHEST WIND DIRECTION     W (260)
  HIGHEST GUST SPEED    24   HIGHEST GUST DIRECTION     W (250)
  AVERAGE WIND SPEED     7.0


SKY COVER
  POSSIBLE SUNSHINE  MM
  AVERAGE SKY COVER 0.2


WEATHER CONDITIONS
 THE FOLLOWING WEATHER WAS RECORDED YESTERDAY.
  FOG
  FOG W/VISIBILITY <= 1/4 MILE


RELATIVE HUMIDITY (PERCENT)
 HIGHEST    93           300 AM
 LOWEST     35           300 PM
 AVERAGE    64

..........................................................


THE PADUCAH KY CLIMATE NORMALS FOR TODAY
                         NORMAL    RECORD    YEAR
 MAXIMUM TEMPERATURE (F)   74        89      1987
 MINIMUM TEMPERATURE (F)   51        33      2008


SUNRISE AND SUNSET
APRIL 29 2016.........SUNRISE   602 AM CDT   SUNSET   743 PM CDT
APRIL 30 2016.........SUNRISE   601 AM CDT   SUNSET   744 PM CDT


-  INDICATES NEGATIVE NUMBERS.
R  INDICATES RECORD WAS SET OR TIED.
MM INDICATES DATA IS MISSING.
T  INDICATES TRACE AMOUNT.

&&
.........................................................

***** AGRICULTURAL DATA *****

SOIL TEMPERATURES AT A DEPTH OF FOUR INCHES

UNDER GRASS...  MAX: 65   MIN: 63


$$
