000
CDUS44 KLZK 210720
CLIPBF


CLIMATE REPORT
NATIONAL WEATHER SERVICE LITTLE ROCK AR
119 AM CST SUN JAN 21 2018


...................................

...THE PINE BLUFF CLIMATE SUMMARY FOR JANUARY 20 2018...

CLIMATE NORMAL PERIOD 1981 TO 2010
CLIMATE RECORD PERIOD 1883 TO 2018


WEATHER ITEM   OBSERVED TIME   RECORD YEAR NORMAL DEPARTURE LAST
                VALUE   (LST)  VALUE       VALUE  FROM      YEAR
                                                  NORMAL
..................................................................
TEMPERATURE (F)
 YESTERDAY
  MAXIMUM         62    418 PM  76    1954  52     10       71
  MINIMUM         40    802 AM   2    1985  33      7       53
  AVERAGE         51                        42      9       62

PRECIPITATION (IN)
  YESTERDAY        T             3.78 1935   0.14  -0.14     0.00
  MONTH TO DATE    1.43                      2.40  -0.97     2.05
  SINCE DEC 1      9.71                      7.84   1.87     6.63
  SINCE JAN 1      1.43                      2.40  -0.97     2.05

SNOWFALL (IN)
  YESTERDAY        0.0           2.0  1985   0.1   -0.1      0.0
  MONTH TO DATE    4.1                       1.0    3.1      1.5
  SINCE DEC 1      4.1                       1.2    2.9      1.5
  SINCE JUL 1      4.1                       1.2    2.9      1.5
  SNOW DEPTH       0

DEGREE DAYS
 HEATING
  YESTERDAY       14                        23     -9        3
  MONTH TO DATE  647                       460    187      354
  SINCE DEC 1   1306                      1109    197      965
  SINCE JUL 1   1769                      1613    156     1262

 COOLING
  YESTERDAY        0                         0      0        0
  MONTH TO DATE    0                         0      0        5
  SINCE DEC 1      0                         1     -1       10
  SINCE JAN 1      0                         0      0        5
..................................................................


WIND (MPH)
  HIGHEST WIND SPEED    21   HIGHEST WIND DIRECTION     S (170)
  HIGHEST GUST SPEED    26   HIGHEST GUST DIRECTION     S (170)
  AVERAGE WIND SPEED    10.0


SKY COVER
  POSSIBLE SUNSHINE  MM
  AVERAGE SKY COVER 1.0


WEATHER CONDITIONS
 THE FOLLOWING WEATHER WAS RECORDED YESTERDAY.
  LIGHT RAIN


RELATIVE HUMIDITY (PERCENT)
 HIGHEST    93           900 PM
 LOWEST     53          1200 AM
 AVERAGE    73

..........................................................


THE PINE BLUFF CLIMATE NORMALS FOR TODAY
                         NORMAL    RECORD    YEAR
 MAXIMUM TEMPERATURE (F)   52        78      1911
 MINIMUM TEMPERATURE (F)   33         5      1985


SUNRISE AND SUNSET
JANUARY 21 2018.......SUNRISE   711 AM CST   SUNSET   527 PM CST
JANUARY 22 2018.......SUNRISE   711 AM CST   SUNSET   528 PM CST


-  INDICATES NEGATIVE NUMBERS.
R  INDICATES RECORD WAS SET OR TIED.
MM INDICATES DATA IS MISSING.
T  INDICATES TRACE AMOUNT.




$$
