000
CDUS44 KLZK 190717
CLIPBF


CLIMATE REPORT
NATIONAL WEATHER SERVICE LITTLE ROCK AR
117 AM CST SUN FEB 19 2017


...................................

...THE PINE BLUFF CLIMATE SUMMARY FOR FEBRUARY 18 2017...

CLIMATE NORMAL PERIOD 1981 TO 2010
CLIMATE RECORD PERIOD 1883 TO 2017


WEATHER ITEM   OBSERVED TIME   RECORD YEAR NORMAL DEPARTURE LAST
                VALUE   (LST)  VALUE       VALUE  FROM      YEAR
                                                  NORMAL
..................................................................
TEMPERATURE (F)
 YESTERDAY
  MAXIMUM         69    345 PM  79    1986  57     12       72
                                      1917
  MINIMUM         50   1053 PM  10    1910  37     13       38
  AVERAGE         60                        47     13       55

PRECIPITATION (IN)
  YESTERDAY        0.03          3.54 1938   0.14  -0.11     0.00
  MONTH TO DATE    0.85                      2.44  -1.59     2.95
  SINCE DEC 1      8.30                     11.64  -3.34    10.22
  SINCE JAN 1      3.72                      6.20  -2.48     4.88

SNOWFALL (IN)
  YESTERDAY        0.0           4.0  1910   0.0    0.0      0.0
  MONTH TO DATE    0.0                       0.6   -0.6      0.0
  SINCE DEC 1      1.5                       3.1   -1.6      3.6
  SINCE JUL 1      1.5                       3.1   -1.6      3.6
  SNOW DEPTH       0

DEGREE DAYS
 HEATING
  YESTERDAY        5                        18    -13       10
  MONTH TO DATE  234                       360   -126      341
  SINCE DEC 1   1346                      1714   -368     1445
  SINCE JUL 1   1643                      2218   -575     1784

 COOLING
  YESTERDAY        0                         0      0        0
  MONTH TO DATE   12                         0     12        0
  SINCE DEC 1     22                         2     20       12
  SINCE JAN 1     17                         1     16        2
..................................................................


WIND (MPH)
  HIGHEST WIND SPEED    15   HIGHEST WIND DIRECTION     E (90)
  HIGHEST GUST SPEED    21   HIGHEST GUST DIRECTION    SW (210)
  AVERAGE WIND SPEED     4.8


SKY COVER
  POSSIBLE SUNSHINE  MM
  AVERAGE SKY COVER 0.7


WEATHER CONDITIONS
 THE FOLLOWING WEATHER WAS RECORDED YESTERDAY.
  LIGHT RAIN
  FOG
  FOG W/VISIBILITY <= 1/4 MILE


RELATIVE HUMIDITY (PERCENT)
 HIGHEST   100          1100 PM
 LOWEST     63           300 PM
 AVERAGE    82

..........................................................


THE PINE BLUFF CLIMATE NORMALS FOR TODAY
                         NORMAL    RECORD    YEAR
 MAXIMUM TEMPERATURE (F)   57        80      1986
                                             1917
 MINIMUM TEMPERATURE (F)   37        10      1910


SUNRISE AND SUNSET
FEBRUARY 19 2017......SUNRISE   648 AM CST   SUNSET   555 PM CST
FEBRUARY 20 2017......SUNRISE   647 AM CST   SUNSET   556 PM CST


-  INDICATES NEGATIVE NUMBERS.
R  INDICATES RECORD WAS SET OR TIED.
MM INDICATES DATA IS MISSING.
T  INDICATES TRACE AMOUNT.




$$
