000
CDUS44 KLZK 232141
CLIPBF


CLIMATE REPORT
NATIONAL WEATHER SERVICE LITTLE ROCK AR
441 PM CDT WED AUG 23 2017


...................................

...THE PINE BLUFF CLIMATE SUMMARY FOR AUGUST 23 2017...
VALID TODAY AS OF 0400 PM LOCAL TIME.

CLIMATE NORMAL PERIOD 1981 TO 2010
CLIMATE RECORD PERIOD 1883 TO 2017


WEATHER ITEM   OBSERVED TIME   RECORD YEAR NORMAL DEPARTURE LAST
                VALUE   (LST)  VALUE       VALUE  FROM      YEAR
                                                  NORMAL
..................................................................
TEMPERATURE (F)
 TODAY
  MAXIMUM         87    322 PM 104    1943  91     -4       91
  MINIMUM         73    255 AM  53    1888  70      3       70
  AVERAGE         80                        81     -1       81

PRECIPITATION (IN)
  TODAY            0.00          1.35 1961   0.07  -0.07     0.00
  MONTH TO DATE    2.35                      1.94   0.41     6.26
  SINCE JUN 1     11.14                      9.45   1.69    12.15
  SINCE JAN 1     36.26                     32.65   3.61    43.15

SNOWFALL (IN)
  TODAY            0.0          MM      MM   0.0    0.0      0.0
  MONTH TO DATE    0.0                       0.0    0.0      0.0
  SINCE JUN 1      0.0                       0.0    0.0      0.0
  SINCE JUL 1      0.0                       0.0    0.0      0.0
  SNOW DEPTH       0

DEGREE DAYS
 HEATING
  TODAY            0                         0      0        0
  MONTH TO DATE    0                         0      0        0
  SINCE JUN 1      0                         0      0        0
  SINCE JUL 1      0                         0      0        0

 COOLING
  TODAY           15                        16     -1       16
  MONTH TO DATE  327                       383    -56      379
  SINCE JUN 1   1199                      1333   -134     1410
  SINCE JAN 1   1542                      1640    -98     1658
..................................................................


WIND (MPH)
  HIGHEST WIND SPEED    15   HIGHEST WIND DIRECTION     N (10)
  HIGHEST GUST SPEED    MM   HIGHEST GUST DIRECTION    MM
  AVERAGE WIND SPEED     7.3


SKY COVER
  POSSIBLE SUNSHINE  MM
  AVERAGE SKY COVER 0.4


WEATHER CONDITIONS
 THE FOLLOWING WEATHER WAS RECORDED TODAY.
  NO SIGNIFICANT WEATHER WAS OBSERVED.


RELATIVE HUMIDITY (PERCENT)
 HIGHEST   100           400 AM
 LOWEST     59           300 PM
 AVERAGE    80

..........................................................


THE PINE BLUFF CLIMATE NORMALS FOR TOMORROW
                         NORMAL    RECORD    YEAR
 MAXIMUM TEMPERATURE (F)   91       106      1943
 MINIMUM TEMPERATURE (F)   70        54      1891


SUNRISE AND SUNSET
AUGUST 23 2017........SUNRISE   635 AM CDT   SUNSET   745 PM CDT
AUGUST 24 2017........SUNRISE   636 AM CDT   SUNSET   744 PM CDT


-  INDICATES NEGATIVE NUMBERS.
R  INDICATES RECORD WAS SET OR TIED.
MM INDICATES DATA IS MISSING.
T  INDICATES TRACE AMOUNT.




$$
