000
CDUS44 KLZK 251004
CLIPBF


CLIMATE REPORT
NATIONAL WEATHER SERVICE LITTLE ROCK AR
404 AM CST THU DEC 25 2014


...................................

...THE PINE BLUFF CLIMATE SUMMARY FOR DECEMBER 24 2014...

CLIMATE NORMAL PERIOD 1981 TO 2010
CLIMATE RECORD PERIOD 1883 TO 2014


WEATHER ITEM   OBSERVED TIME   RECORD YEAR NORMAL DEPARTURE LAST
                VALUE   (LST)  VALUE       VALUE  FROM      YEAR
                                                  NORMAL
..................................................................
TEMPERATURE (F)
 YESTERDAY
  MAXIMUM         47   1123 AM  81    1955  52     -5       38
  MINIMUM         39   1158 PM  -2    1963  34      5       27
  AVERAGE         43                        43      0       33

PRECIPITATION (IN)
  YESTERDAY        T             4.00 2009   0.17  -0.17     0.00
  MONTH TO DATE    0.86                      4.34  -3.48     7.73
  SINCE DEC 1      0.86                      4.34  -3.48     7.73
  SINCE JAN 1     41.07                     50.05  -8.98    52.66

SNOWFALL (IN)
  YESTERDAY        0.0           T    2000   0.0    0.0      0.0
  MONTH TO DATE    0.0                       0.1   -0.1      0.2
  SINCE DEC 1      0.0                       0.1   -0.1      0.2
  SINCE JUL 1      0.1                       0.1    0.0      0.2
  SNOW DEPTH       0

DEGREE DAYS
 HEATING
  YESTERDAY       22                        22      0       32
  MONTH TO DATE  435                       489    -54      500
  SINCE DEC 1    435                       489    -54      500
  SINCE JUL 1   1039                       993     46     1100

 COOLING
  YESTERDAY        0                         0      0        0
  MONTH TO DATE    0                         0      0        3
  SINCE DEC 1      0                         0      0        3
  SINCE JAN 1   1901                      2131   -230     2151
..................................................................


WIND (MPH)
  HIGHEST WIND SPEED    21   HIGHEST WIND DIRECTION     W (280)
  HIGHEST GUST SPEED    26   HIGHEST GUST DIRECTION     W (280)
  AVERAGE WIND SPEED    10.1


SKY COVER
  POSSIBLE SUNSHINE  MM
  AVERAGE SKY COVER 0.9


WEATHER CONDITIONS
 THE FOLLOWING WEATHER WAS RECORDED YESTERDAY.
  LIGHT RAIN


RELATIVE HUMIDITY (PERCENT)
 HIGHEST    82           400 AM
 LOWEST     58          1100 AM
 AVERAGE    70

..........................................................


THE PINE BLUFF CLIMATE NORMALS FOR TODAY
                         NORMAL    RECORD    YEAR
 MAXIMUM TEMPERATURE (F)   52        77      1922
 MINIMUM TEMPERATURE (F)   33         1      1983


SUNRISE AND SUNSET
DECEMBER 25 2014......SUNRISE   711 AM CST   SUNSET   504 PM CST
DECEMBER 26 2014......SUNRISE   712 AM CST   SUNSET   505 PM CST


-  INDICATES NEGATIVE NUMBERS.
R  INDICATES RECORD WAS SET OR TIED.
MM INDICATES DATA IS MISSING.
T  INDICATES TRACE AMOUNT.




$$
