000
CDUS44 KLZK 170910
CLIPBF


CLIMATE REPORT
NATIONAL WEATHER SERVICE LITTLE ROCK AR
409 AM CDT WED SEP 17 2014


...................................

...THE PINE BLUFF CLIMATE SUMMARY FOR SEPTEMBER 16 2014...

CLIMATE NORMAL PERIOD 1981 TO 2010
CLIMATE RECORD PERIOD 1883 TO 2014


WEATHER ITEM   OBSERVED TIME   RECORD YEAR NORMAL DEPARTURE LAST
                VALUE   (LST)  VALUE       VALUE  FROM      YEAR
                                                  NORMAL
..................................................................
TEMPERATURE (F)
 YESTERDAY
  MAXIMUM         87    104 PM 104    1896  86      1       94
  MINIMUM         67   1132 PM  41    1902  63      4       58
  AVERAGE         77                        74      3       76

PRECIPITATION (IN)
  YESTERDAY        0.01          1.23 1949   0.08  -0.07     0.00
  MONTH TO DATE    0.78                      1.27  -0.49     0.18
  SINCE SEP 1      0.78                      1.27  -0.49     0.18
  SINCE JAN 1     30.69                     34.46  -3.77    33.81

SNOWFALL (IN)
  YESTERDAY        0.0          MM      MM   0.0    0.0      0.0
  MONTH TO DATE    0.0                       0.0    0.0      0.0
  SINCE SEP 1      0.0                       0.0    0.0      0.0
  SINCE JUL 1      0.0                       0.0    0.0      0.0
  SNOW DEPTH       0

DEGREE DAYS
 HEATING
  YESTERDAY        0                         0      0        0
  MONTH TO DATE    3                         0      3        0
  SINCE SEP 1      3                         0      3        0
  SINCE JUL 1      4                         0      4        0

 COOLING
  YESTERDAY       12                         9      3       11
  MONTH TO DATE  188                       188      0      245
  SINCE SEP 1    188                       188      0      245
  SINCE JAN 1   1689                      1946   -257     1909
..................................................................


WIND (MPH)
  HIGHEST WIND SPEED    14   HIGHEST WIND DIRECTION     N (10)
  HIGHEST GUST SPEED    18   HIGHEST GUST DIRECTION     N (10)
  AVERAGE WIND SPEED     5.4


SKY COVER
  POSSIBLE SUNSHINE  MM
  AVERAGE SKY COVER 0.4


WEATHER CONDITIONS
 THE FOLLOWING WEATHER WAS RECORDED YESTERDAY.
  LIGHT RAIN
  FOG


RELATIVE HUMIDITY (PERCENT)
 HIGHEST    97          1200 AM
 LOWEST     59          1200 PM
 AVERAGE    78

..........................................................


THE PINE BLUFF CLIMATE NORMALS FOR TODAY
                         NORMAL    RECORD    YEAR
 MAXIMUM TEMPERATURE (F)   85       105      1927
 MINIMUM TEMPERATURE (F)   62        41      1902


SUNRISE AND SUNSET
SEPTEMBER 17 2014.....SUNRISE   652 AM CDT   SUNSET   711 PM CDT
SEPTEMBER 18 2014.....SUNRISE   653 AM CDT   SUNSET   710 PM CDT


-  INDICATES NEGATIVE NUMBERS.
R  INDICATES RECORD WAS SET OR TIED.
MM INDICATES DATA IS MISSING.
T  INDICATES TRACE AMOUNT.




$$
