000
CDUS42 KMFL 230828
CLIPBI


CLIMATE REPORT
NATIONAL WEATHER SERVICE MIAMI, FL
427 AM EDT MON OCT 23 2017


...................................

...THE WEST PALM BEACH CLIMATE SUMMARY FOR OCTOBER 22 2017...

CLIMATE NORMAL PERIOD 1981 TO 2010
CLIMATE RECORD PERIOD 1888 TO 2017


WEATHER ITEM   OBSERVED TIME   RECORD YEAR NORMAL DEPARTURE LAST
                VALUE   (LST)  VALUE       VALUE  FROM      YEAR
                                                  NORMAL
..................................................................
TEMPERATURE (F)
 YESTERDAY
  MAXIMUM         87    122 PM  91    1941  84      3       81
  MINIMUM         79   1108 AM  53    1961  71      8       62
  AVERAGE         83                        77      6       72

PRECIPITATION (IN)
  YESTERDAY        0.18          2.45 1915   0.15   0.03     0.00
  MONTH TO DATE    8.17                      3.78   4.39     4.22
  SINCE JUN 1     37.43                     34.14   3.29    25.07
  SINCE JAN 1     48.84                     52.85  -4.01    46.46

SNOWFALL (IN)
  YESTERDAY        0.0
  MONTH TO DATE    0.0
  SINCE SEP 1      0.0
  SINCE JUL 1      0.0
  SNOW DEPTH       0

DEGREE DAYS
 HEATING
  YESTERDAY        0                         0      0        0
  MONTH TO DATE    0                         0      0        0
  SINCE SEP 1      0                         0      0        0
  SINCE JUL 1      0                         0      0        0

 COOLING
  YESTERDAY       18                        12      6        7
  MONTH TO DATE  379                       311     68      357
  SINCE SEP 1    937                       813    124      912
  SINCE JAN 1   3998                      3519    479     4033
..................................................................


WIND (MPH)
  HIGHEST WIND SPEED    24   HIGHEST WIND DIRECTION    SE (120)
  HIGHEST GUST SPEED    30   HIGHEST GUST DIRECTION     E (100)
  AVERAGE WIND SPEED    15.4


SKY COVER
  AVERAGE SKY COVER 0.7


WEATHER CONDITIONS
 THE FOLLOWING WEATHER WAS RECORDED YESTERDAY.
  RAIN
  LIGHT RAIN
  FOG


RELATIVE HUMIDITY (PERCENT)
 HIGHEST    85
 LOWEST     65
 AVERAGE    75

..........................................................


THE WEST PALM BEACH CLIMATE NORMALS FOR TODAY
                         NORMAL    RECORD    YEAR
 MAXIMUM TEMPERATURE (F)   84        92      1959
 MINIMUM TEMPERATURE (F)   70        47      1923


SUNRISE AND SUNSET
OCTOBER 23 2017.......SUNRISE   725 AM EDT   SUNSET   645 PM EDT
OCTOBER 24 2017.......SUNRISE   725 AM EDT   SUNSET   644 PM EDT


-  INDICATES NEGATIVE NUMBERS.
R  INDICATES RECORD WAS SET OR TIED.
MM INDICATES DATA IS MISSING.
T  INDICATES TRACE AMOUNT.




$$
