244
CDUS42 KMFL 040829
CLIPBI


CLIMATE REPORT
NATIONAL WEATHER SERVICE MIAMI, FL
429 AM EDT WED MAY 4 2016


...................................

...THE WEST PALM BEACH CLIMATE SUMMARY FOR MAY 3 2016...

CLIMATE NORMAL PERIOD 1981 TO 2010
CLIMATE RECORD PERIOD 1888 TO 2016


WEATHER ITEM   OBSERVED TIME   RECORD YEAR NORMAL DEPARTURE LAST
                VALUE   (LST)  VALUE       VALUE  FROM      YEAR
                                                  NORMAL
..................................................................
TEMPERATURE (F)
 YESTERDAY
  MAXIMUM         93R   157 PM  91    1986  84      9       81
                                      1985
                                      1964
  MINIMUM         73    728 PM  55    1925  69      4       73
  AVERAGE         83                        76      7       77

PRECIPITATION (IN)
  YESTERDAY        0.29          4.20 1963   0.09   0.20      T
  MONTH TO DATE    0.29                      0.25   0.04      T
  SINCE NOV 1     27.13                     22.58   4.55    15.89
  SINCE JAN 1     16.73                     14.45   2.28    12.19

SNOWFALL (IN)
  YESTERDAY        0.0
  MONTH TO DATE    0.0
  SINCE MAR 1      0.0
  SINCE JUL 1      0.0
  SNOW DEPTH       0

DEGREE DAYS
 HEATING
  YESTERDAY        0                         0      0        0
  MONTH TO DATE    0                         0      0        0
  SINCE MAR 1      2                        28    -26        2
  SINCE JUL 1    135                       233    -98      126

 COOLING
  YESTERDAY       18                        11      7       12
  MONTH TO DATE   51                        33     18       31
  SINCE MAR 1    699                       493    206      818
  SINCE JAN 1    901                       728    173     1096
..................................................................


WIND (MPH)
  HIGHEST WIND SPEED    23   HIGHEST WIND DIRECTION     S (170)
  HIGHEST GUST SPEED    31   HIGHEST GUST DIRECTION     W (260)
  AVERAGE WIND SPEED     9.0


SKY COVER
  AVERAGE SKY COVER 0.7


WEATHER CONDITIONS
 THE FOLLOWING WEATHER WAS RECORDED YESTERDAY.
  THUNDERSTORM
  HEAVY RAIN
  RAIN
  LIGHT RAIN


RELATIVE HUMIDITY (PERCENT)
 HIGHEST    87
 LOWEST     41
 AVERAGE    64

..........................................................


THE WEST PALM BEACH CLIMATE NORMALS FOR TODAY
                         NORMAL    RECORD    YEAR
 MAXIMUM TEMPERATURE (F)   84        94      1915
 MINIMUM TEMPERATURE (F)   69        48      1921


SUNRISE AND SUNSET
MAY  4 2016...........SUNRISE   640 AM EDT   SUNSET   755 PM EDT
MAY  5 2016...........SUNRISE   639 AM EDT   SUNSET   755 PM EDT


-  INDICATES NEGATIVE NUMBERS.
R  INDICATES RECORD WAS SET OR TIED.
MM INDICATES DATA IS MISSING.
T  INDICATES TRACE AMOUNT.




$$
