000
CDUS42 KMFL 092119
CLIPBI


CLIMATE REPORT
NATIONAL WEATHER SERVICE MIAMI, FL
418 PM EST FRI DEC 9 2016


...................................

...THE WEST PALM BEACH CLIMATE SUMMARY FOR DECEMBER 9 2016...
VALID TODAY AS OF 0400 PM LOCAL TIME.

CLIMATE NORMAL PERIOD 1981 TO 2010
CLIMATE RECORD PERIOD 1888 TO 2016


WEATHER ITEM   OBSERVED TIME   RECORD YEAR NORMAL DEPARTURE LAST
                VALUE   (LST)  VALUE       VALUE  FROM      YEAR
                                                  NORMAL
..................................................................
TEMPERATURE (F)
 TODAY
  MAXIMUM         72    245 PM  90    2009  77     -5       80
  MINIMUM         66   1150 AM  41    1934  61      5       66
  AVERAGE         69                        69      0       73

PRECIPITATION (IN)
  TODAY            0.01          1.93 1977   0.10  -0.09     0.20
  MONTH TO DATE    0.47                      0.97  -0.50     5.28
  SINCE NOV 1      1.47                      5.72  -4.25     8.34
  SINCE JAN 1     48.08                     59.92 -11.84    48.56

SNOWFALL (IN)
  TODAY            0.0
  MONTH TO DATE    0.0
  SINCE DEC 1      0.0
  SINCE JUL 1      0.0
  SNOW DEPTH       0

DEGREE DAYS
 HEATING
  TODAY            0                         1     -1        0
  MONTH TO DATE    0                         9     -9        0
  SINCE DEC 1      0                         9     -9        0
  SINCE JUL 1      1                        21    -20        0

 COOLING
  TODAY            4                         6     -2        8
  MONTH TO DATE  102                        54     48       85
  SINCE DEC 1    102                        54     48       85
  SINCE JAN 1   4508                      3920    588     4674
..................................................................


WIND (MPH)
  HIGHEST WIND SPEED    21   HIGHEST WIND DIRECTION     N (350)
  HIGHEST GUST SPEED    26   HIGHEST GUST DIRECTION     N (360)
  AVERAGE WIND SPEED    12.4


SKY COVER
  AVERAGE SKY COVER 0.9


WEATHER CONDITIONS
 THE FOLLOWING WEATHER WAS RECORDED TODAY.
  LIGHT RAIN
  FOG


RELATIVE HUMIDITY (PERCENT)
 HIGHEST    93
 LOWEST     68
 AVERAGE    81

..........................................................


THE WEST PALM BEACH CLIMATE NORMALS FOR TOMORROW
                         NORMAL    RECORD    YEAR
 MAXIMUM TEMPERATURE (F)   77        87      2009
 MINIMUM TEMPERATURE (F)   61        33      1917


SUNRISE AND SUNSET
DECEMBER  9 2016......SUNRISE   658 AM EST   SUNSET   528 PM EST
DECEMBER 10 2016......SUNRISE   658 AM EST   SUNSET   529 PM EST


-  INDICATES NEGATIVE NUMBERS.
R  INDICATES RECORD WAS SET OR TIED.
MM INDICATES DATA IS MISSING.
T  INDICATES TRACE AMOUNT.




$$
