000
CDUS42 KMFL 190947
CLIPBI


CLIMATE REPORT
NATIONAL WEATHER SERVICE MIAMI, FL
447 AM EST SUN FEB 19 2017


...................................

...THE WEST PALM BEACH CLIMATE SUMMARY FOR FEBRUARY 18 2017...

CLIMATE NORMAL PERIOD 1981 TO 2010
CLIMATE RECORD PERIOD 1888 TO 2017


WEATHER ITEM   OBSERVED TIME   RECORD YEAR NORMAL DEPARTURE LAST
                VALUE   (LST)  VALUE       VALUE  FROM      YEAR
                                                  NORMAL
..................................................................
TEMPERATURE (F)
 YESTERDAY
  MAXIMUM         81    342 PM  90    1942  77      4       77
  MINIMUM         58    626 AM  37    1996  60     -2       55
                                      1977
                                      1896
  AVERAGE         70                        68      2       66

PRECIPITATION (IN)
  YESTERDAY        0.00          1.60 1920   0.09  -0.09     0.00
  MONTH TO DATE    0.03                      1.73  -1.70     1.49
  SINCE NOV 1      5.50                     12.99  -7.49    21.79
  SINCE JAN 1      1.03                      4.86  -3.83    11.39

SNOWFALL (IN)
  YESTERDAY        0.0
  MONTH TO DATE    0.0
  SINCE DEC 1      0.0
  SINCE JUL 1      0.0
  SNOW DEPTH       0

DEGREE DAYS
 HEATING
  YESTERDAY        0                         2     -2        0
  MONTH TO DATE    2                        36    -34       50
  SINCE DEC 1     51                       181   -130      116
  SINCE JUL 1     52                       193   -141      116

 COOLING
  YESTERDAY        5                         5      0        1
  MONTH TO DATE   90                        78     12       62
  SINCE DEC 1    554                       341    213      509
  SINCE JAN 1    261                       186     75      153
..................................................................


WIND (MPH)
  HIGHEST WIND SPEED    20   HIGHEST WIND DIRECTION    SE (140)
  HIGHEST GUST SPEED    24   HIGHEST GUST DIRECTION    SE (130)
  AVERAGE WIND SPEED     9.1


SKY COVER
  AVERAGE SKY COVER 0.6


WEATHER CONDITIONS
 THE FOLLOWING WEATHER WAS RECORDED YESTERDAY.
  NO SIGNIFICANT WEATHER WAS OBSERVED.


RELATIVE HUMIDITY (PERCENT)
 HIGHEST    84
 LOWEST     56
 AVERAGE    70

..........................................................


THE WEST PALM BEACH CLIMATE NORMALS FOR TODAY
                         NORMAL    RECORD    YEAR
 MAXIMUM TEMPERATURE (F)   77        87      2012
 MINIMUM TEMPERATURE (F)   60        33      1900


SUNRISE AND SUNSET
FEBRUARY 19 2017......SUNRISE   653 AM EST   SUNSET   616 PM EST
FEBRUARY 20 2017......SUNRISE   652 AM EST   SUNSET   616 PM EST


-  INDICATES NEGATIVE NUMBERS.
R  INDICATES RECORD WAS SET OR TIED.
MM INDICATES DATA IS MISSING.
T  INDICATES TRACE AMOUNT.




$$
