000
CDUS42 KMFL 250935
CLIPBI


CLIMATE REPORT
NATIONAL WEATHER SERVICE MIAMI, FL
435 AM EST THU DEC 25 2014


...................................

...THE WEST PALM BEACH CLIMATE SUMMARY FOR DECEMBER 24 2014...

CLIMATE NORMAL PERIOD 1981 TO 2010
CLIMATE RECORD PERIOD 1888 TO 2014


WEATHER ITEM   OBSERVED TIME   RECORD YEAR NORMAL DEPARTURE LAST
                VALUE   (LST)  VALUE       VALUE  FROM      YEAR
                                                  NORMAL
..................................................................
TEMPERATURE (F)
 YESTERDAY
  MAXIMUM         85   1252 PM  88    1941  75     10       81
  MINIMUM         76    734 AM  28    1989  59     17       65
  AVERAGE         81                        67     14       73

PRECIPITATION (IN)
  YESTERDAY        0.03          1.76 1945   0.11  -0.08      T
  MONTH TO DATE    0.44                      2.60  -2.16     4.18
  SINCE NOV 1      2.38                      7.35  -4.97     6.96
  SINCE JAN 1     59.97                     61.55  -1.58    64.82

SNOWFALL (IN)
  YESTERDAY        0.0
  MONTH TO DATE    0.0
  SINCE DEC 1      0.0
  SINCE JUL 1      0.0
  SNOW DEPTH       0

DEGREE DAYS
 HEATING
  YESTERDAY        0                         2     -2
  MONTH TO DATE   25                        38    -13
  SINCE DEC 1     25                        38    -13
  SINCE JUL 1     42                        50     -8

 COOLING
  YESTERDAY       16                         4     12
  MONTH TO DATE  133                       127      6
  SINCE DEC 1    133                       127      6
  SINCE JAN 1   4273                      3993    280
..................................................................


WIND (MPH)
  HIGHEST WIND SPEED    21   HIGHEST WIND DIRECTION    SE (150)
  HIGHEST GUST SPEED    26   HIGHEST GUST DIRECTION    SE (150)
  AVERAGE WIND SPEED    13.4


SKY COVER
  AVERAGE SKY COVER 0.6


WEATHER CONDITIONS
 THE FOLLOWING WEATHER WAS RECORDED YESTERDAY.
  NO SIGNIFICANT WEATHER WAS OBSERVED.


RELATIVE HUMIDITY (PERCENT)
 HIGHEST    91
 LOWEST     65
 AVERAGE    78

..........................................................


THE WEST PALM BEACH CLIMATE NORMALS FOR TODAY
                         NORMAL    RECORD    YEAR
 MAXIMUM TEMPERATURE (F)   75        87      1948
 MINIMUM TEMPERATURE (F)   58        28      1989


SUNRISE AND SUNSET
DECEMBER 25 2014......SUNRISE   707 AM EST   SUNSET   535 PM EST
DECEMBER 26 2014......SUNRISE   707 AM EST   SUNSET   535 PM EST


-  INDICATES NEGATIVE NUMBERS.
R  INDICATES RECORD WAS SET OR TIED.
MM INDICATES DATA IS MISSING.
T  INDICATES TRACE AMOUNT.




$$
