000
CDUS42 KMFL 260925
CLIPBI


CLIMATE REPORT
NATIONAL WEATHER SERVICE MIAMI, FL
424 AM EST MON JAN 26 2015


...................................

...THE WEST PALM BEACH CLIMATE SUMMARY FOR JANUARY 25 2015...

CLIMATE NORMAL PERIOD 1981 TO 2010
CLIMATE RECORD PERIOD 1888 TO 2015


WEATHER ITEM   OBSERVED TIME   RECORD YEAR NORMAL DEPARTURE LAST
                VALUE   (LST)  VALUE       VALUE  FROM      YEAR
                                                  NORMAL
..................................................................
TEMPERATURE (F)
 YESTERDAY
  MAXIMUM         68    349 PM  87    1928  75     -7       75
                                      1917
  MINIMUM         47    705 AM  39    1980  57    -10       49
                                      1940
  AVERAGE         58                        66     -8       62

PRECIPITATION (IN)
  YESTERDAY        0.00          3.60 1925   0.09  -0.09     0.00
  MONTH TO DATE    1.00                      2.57  -1.57     6.72
  SINCE NOV 1      4.70                     10.70  -6.00    13.84
  SINCE JAN 1      1.00                      2.57  -1.57     6.72

SNOWFALL (IN)
  YESTERDAY        0.0
  MONTH TO DATE    0.0
  SINCE DEC 1      0.0
  SINCE JUL 1      0.0
  SNOW DEPTH       0

DEGREE DAYS
 HEATING
  YESTERDAY        7                         3      4
  MONTH TO DATE   10                        75    -65
  SINCE DEC 1     35                       134    -99
  SINCE JUL 1     52                       146    -94

 COOLING
  YESTERDAY        0                         3     -3
  MONTH TO DATE  164                        82     82
  SINCE DEC 1    362                       237    125
  SINCE JAN 1    164                        82     82
..................................................................


WIND (MPH)
  HIGHEST WIND SPEED    16   HIGHEST WIND DIRECTION    NW (330)
  HIGHEST GUST SPEED    20   HIGHEST GUST DIRECTION    NW (330)
  AVERAGE WIND SPEED     7.3


SKY COVER
  AVERAGE SKY COVER 0.4


WEATHER CONDITIONS
 THE FOLLOWING WEATHER WAS RECORDED YESTERDAY.
  NO SIGNIFICANT WEATHER WAS OBSERVED.


RELATIVE HUMIDITY (PERCENT)
 HIGHEST    86
 LOWEST     26
 AVERAGE    56

..........................................................


THE WEST PALM BEACH CLIMATE NORMALS FOR TODAY
                         NORMAL    RECORD    YEAR
 MAXIMUM TEMPERATURE (F)   75        86      1965
 MINIMUM TEMPERATURE (F)   57        26      1905


SUNRISE AND SUNSET
JANUARY 26 2015.......SUNRISE   708 AM EST   SUNSET   558 PM EST
JANUARY 27 2015.......SUNRISE   708 AM EST   SUNSET   559 PM EST


-  INDICATES NEGATIVE NUMBERS.
R  INDICATES RECORD WAS SET OR TIED.
MM INDICATES DATA IS MISSING.
T  INDICATES TRACE AMOUNT.




$$
