000
CDUS42 KMFL 242016
CLIPBI


CLIMATE REPORT
NATIONAL WEATHER SERVICE MIAMI, FL
415 PM EDT MON APR 24 2017


...................................

...THE WEST PALM BEACH CLIMATE SUMMARY FOR APRIL 24 2017...
VALID TODAY AS OF 0400 PM LOCAL TIME.

CLIMATE NORMAL PERIOD 1981 TO 2010
CLIMATE RECORD PERIOD 1888 TO 2017


WEATHER ITEM   OBSERVED TIME   RECORD YEAR NORMAL DEPARTURE LAST
                VALUE   (LST)  VALUE       VALUE  FROM      YEAR
                                                  NORMAL
..................................................................
TEMPERATURE (F)
 TODAY
  MAXIMUM         86    258 PM  95    1988  83      3       85
  MINIMUM         67    624 AM  53    2012  67      0       68
  AVERAGE         77                        75      2       77

PRECIPITATION (IN)
  TODAY            0.00          3.63 1982   0.11  -0.11     0.00
  MONTH TO DATE    3.61                      3.05   0.56     0.57
  SINCE NOV 1     13.14                     21.72  -8.58    25.95
  SINCE JAN 1      8.67                     13.59  -4.92    15.55

SNOWFALL (IN)
  TODAY            0.0
  MONTH TO DATE    0.0
  SINCE MAR 1      0.0
  SINCE JUL 1      0.0
  SNOW DEPTH       0

DEGREE DAYS
 HEATING
  TODAY            0                         0      0        0
  MONTH TO DATE    0                         0      0        0
  SINCE MAR 1     16                        24     -8        2
  SINCE JUL 1     68                       229   -161      135

 COOLING
  TODAY           12                        10      2       12
  MONTH TO DATE  261                       203     58      259
  SINCE MAR 1    455                       396     59      574
  SINCE JAN 1    795                       631    164      776
..................................................................


WIND (MPH)
  HIGHEST WIND SPEED    20   HIGHEST WIND DIRECTION    SW (230)
  HIGHEST GUST SPEED    26   HIGHEST GUST DIRECTION    SW (240)
  AVERAGE WIND SPEED     8.6


SKY COVER
  AVERAGE SKY COVER 0.4


WEATHER CONDITIONS
 THE FOLLOWING WEATHER WAS RECORDED TODAY.
  FOG
  FOG W/VISIBILITY <= 1/4 MILE


RELATIVE HUMIDITY (PERCENT)
 HIGHEST   100
 LOWEST     45
 AVERAGE    73

..........................................................


THE WEST PALM BEACH CLIMATE NORMALS FOR TOMORROW
                         NORMAL    RECORD    YEAR
 MAXIMUM TEMPERATURE (F)   83        97      1971
 MINIMUM TEMPERATURE (F)   67        50      2005


SUNRISE AND SUNSET
APRIL 24 2017.........SUNRISE   648 AM EDT   SUNSET   749 PM EDT
APRIL 25 2017.........SUNRISE   647 AM EDT   SUNSET   750 PM EDT


-  INDICATES NEGATIVE NUMBERS.
R  INDICATES RECORD WAS SET OR TIED.
MM INDICATES DATA IS MISSING.
T  INDICATES TRACE AMOUNT.




$$
