000
CDUS42 KMFL 110824
CLIPBI


CLIMATE REPORT
NATIONAL WEATHER SERVICE MIAMI, FL
424 AM EDT FRI JUL 11 2014


...................................

...THE WEST PALM BEACH CLIMATE SUMMARY FOR JULY 10 2014...

CLIMATE NORMAL PERIOD 1981 TO 2010
CLIMATE RECORD PERIOD 1894 TO 2014


WEATHER ITEM   OBSERVED TIME   RECORD YEAR NORMAL DEPARTURE LAST
                VALUE   (LST)  VALUE       VALUE  FROM      YEAR
                                                  NORMAL
..................................................................
TEMPERATURE (F)
 YESTERDAY
  MAXIMUM         87    111 PM  96    1981  90     -3       87
  MINIMUM         73    433 AM  67    1913  75     -2       74
  AVERAGE         80                        82     -2       81

PRECIPITATION (IN)
  YESTERDAY        T             1.82 1917   0.20  -0.20     0.21
  MONTH TO DATE    4.25                      2.10   2.15     1.36
  SINCE JUN 1     12.23                     10.40   1.83    14.09
  SINCE JAN 1     29.95                     29.11   0.84    39.04

SNOWFALL (IN)
  YESTERDAY        0.0
  MONTH TO DATE    0.0
  SINCE JUN 1      0.0
  SINCE JUL 1      0.0
  SNOW DEPTH       0

DEGREE DAYS
 HEATING
  YESTERDAY        0                         0      0
  MONTH TO DATE    0                         0      0
  SINCE JUN 1      0                         0      0
  SINCE JUL 1      0                         0      0

 COOLING
  YESTERDAY       15                        17     -2
  MONTH TO DATE  174                       170      4
  SINCE JUN 1    662                       660      2
  SINCE JAN 1   2014                      1769    245
..................................................................


WIND (MPH)
  HIGHEST WIND SPEED    16   HIGHEST WIND DIRECTION    SW (210)
  HIGHEST GUST SPEED    20   HIGHEST GUST DIRECTION     S (190)
  AVERAGE WIND SPEED     3.5


SKY COVER
  AVERAGE SKY COVER 0.7


WEATHER CONDITIONS
 THE FOLLOWING WEATHER WAS RECORDED YESTERDAY.
  THUNDERSTORM
  LIGHT RAIN


RELATIVE HUMIDITY (PERCENT)
 HIGHEST    94
 LOWEST     63
 AVERAGE    79

..........................................................


THE WEST PALM BEACH CLIMATE NORMALS FOR TODAY
                         NORMAL    RECORD    YEAR
 MAXIMUM TEMPERATURE (F)   90        96      1981
 MINIMUM TEMPERATURE (F)   75        69      1972
                                             1929
                                             1917


SUNRISE AND SUNSET
JULY 11 2014..........SUNRISE   635 AM EDT   SUNSET   817 PM EDT
JULY 12 2014..........SUNRISE   635 AM EDT   SUNSET   817 PM EDT


-  INDICATES NEGATIVE NUMBERS.
R  INDICATES RECORD WAS SET OR TIED.
MM INDICATES DATA IS MISSING.
T  INDICATES TRACE AMOUNT.




$$
