000
CDUS42 KMFL 010822
CLIPBI


CLIMATE REPORT
NATIONAL WEATHER SERVICE MIAMI, FL
421 AM EDT SAT AUG 1 2015


...................................

...THE WEST PALM BEACH CLIMATE SUMMARY FOR JULY 31 2015...

CLIMATE NORMAL PERIOD 1981 TO 2010
CLIMATE RECORD PERIOD 1888 TO 2015


WEATHER ITEM   OBSERVED TIME   RECORD YEAR NORMAL DEPARTURE LAST
                VALUE   (LST)  VALUE       VALUE  FROM      YEAR
                                                  NORMAL
..................................................................
TEMPERATURE (F)
 YESTERDAY
  MAXIMUM         91    230 PM  96    1990  91      0       91
                                      1907
  MINIMUM         72    636 PM  67    1914  76     -4       73
  AVERAGE         82                        83     -1       82

PRECIPITATION (IN)
  YESTERDAY        1.27         12.01 1933   0.19   1.08     0.37
  MONTH TO DATE    6.04                      5.76   0.28     7.73
  SINCE JUN 1     10.06                     14.06  -4.00    15.71
  SINCE JAN 1     23.81                     32.77  -8.96    33.43

SNOWFALL (IN)
  YESTERDAY        0.0
  MONTH TO DATE    0.0
  SINCE JUN 1      0.0
  SINCE JUL 1      0.0
  SNOW DEPTH       0

DEGREE DAYS
 HEATING
  YESTERDAY        0                         0      0        0
  MONTH TO DATE    0                         0      0        0
  SINCE JUN 1      0                         0      0        0
  SINCE JUL 1      0                         0      0        0

 COOLING
  YESTERDAY       17                        18     -1       17
  MONTH TO DATE  580                       549     31      564
  SINCE JUN 1   1115                      1039     76     1052
  SINCE JAN 1   2649                      2148    501     2404
..................................................................


WIND (MPH)
  HIGHEST WIND SPEED    29   HIGHEST WIND DIRECTION    SW (220)
  HIGHEST GUST SPEED    36   HIGHEST GUST DIRECTION    SW (210)
  AVERAGE WIND SPEED     6.7


SKY COVER
  AVERAGE SKY COVER 0.8


WEATHER CONDITIONS
 THE FOLLOWING WEATHER WAS RECORDED YESTERDAY.
  THUNDERSTORM
  HEAVY RAIN
  RAIN
  LIGHT RAIN
  FOG
  FOG W/VISIBILITY <= 1/4 MILE


RELATIVE HUMIDITY (PERCENT)
 HIGHEST    94
 LOWEST     59
 AVERAGE    77

..........................................................


THE WEST PALM BEACH CLIMATE NORMALS FOR TODAY
                         NORMAL    RECORD    YEAR
 MAXIMUM TEMPERATURE (F)   91        96      2011
                                             1990
 MINIMUM TEMPERATURE (F)   76        67      1919


SUNRISE AND SUNSET
AUGUST  1 2015........SUNRISE   645 AM EDT   SUNSET   808 PM EDT
AUGUST  2 2015........SUNRISE   646 AM EDT   SUNSET   807 PM EDT


-  INDICATES NEGATIVE NUMBERS.
R  INDICATES RECORD WAS SET OR TIED.
MM INDICATES DATA IS MISSING.
T  INDICATES TRACE AMOUNT.




$$
