000
CDUS42 KMFL 210824
CLIPBI


CLIMATE REPORT
NATIONAL WEATHER SERVICE MIAMI, FL
423 AM EDT MON AUG 21 2017


...................................

...THE WEST PALM BEACH CLIMATE SUMMARY FOR AUGUST 20 2017...

CLIMATE NORMAL PERIOD 1981 TO 2010
CLIMATE RECORD PERIOD 1888 TO 2017


WEATHER ITEM   OBSERVED TIME   RECORD YEAR NORMAL DEPARTURE LAST
                VALUE   (LST)  VALUE       VALUE  FROM      YEAR
                                                  NORMAL
..................................................................
TEMPERATURE (F)
 YESTERDAY
  MAXIMUM         86   1126 PM  95    1958  90     -4       92
                                      1951
  MINIMUM         78   1015 AM  69    1956  76      2       79
                                      1910
  AVERAGE         82                        83     -1       86

PRECIPITATION (IN)
  YESTERDAY        0.42          6.70 1988   0.25   0.17     0.00
  MONTH TO DATE    3.67                      4.93  -1.26     2.73
  SINCE JUN 1     21.43                     18.99   2.44     8.84
  SINCE JAN 1     32.84                     37.70  -4.86    30.23

SNOWFALL (IN)
  YESTERDAY        0.0
  MONTH TO DATE    0.0
  SINCE JUN 1      0.0
  SINCE JUL 1      0.0
  SNOW DEPTH       0

DEGREE DAYS
 HEATING
  YESTERDAY        0                         0      0        0
  MONTH TO DATE    0                         0      0        0
  SINCE JUN 1      0                         0      0        0
  SINCE JUL 1      0                         0      0        0

 COOLING
  YESTERDAY       17                        18     -1       21
  MONTH TO DATE  403                       360     43      412
  SINCE JUN 1   1522                      1399    123     1626
  SINCE JAN 1   2846                      2508    338     2907
..................................................................


WIND (MPH)
  HIGHEST WIND SPEED    17   HIGHEST WIND DIRECTION    SE (150)
  HIGHEST GUST SPEED    22   HIGHEST GUST DIRECTION     E (100)
  AVERAGE WIND SPEED     6.8


SKY COVER
  AVERAGE SKY COVER 0.7


WEATHER CONDITIONS
 THE FOLLOWING WEATHER WAS RECORDED YESTERDAY.
  THUNDERSTORM
  HEAVY RAIN
  RAIN
  LIGHT RAIN
  FOG


RELATIVE HUMIDITY (PERCENT)
 HIGHEST    85
 LOWEST     70
 AVERAGE    78

..........................................................


THE WEST PALM BEACH CLIMATE NORMALS FOR TODAY
                         NORMAL    RECORD    YEAR
 MAXIMUM TEMPERATURE (F)   90        96      1993
                                             1991
                                             1949
 MINIMUM TEMPERATURE (F)   76        68      1969


SUNRISE AND SUNSET
AUGUST 21 2017........SUNRISE   655 AM EDT   SUNSET   751 PM EDT
AUGUST 22 2017........SUNRISE   656 AM EDT   SUNSET   750 PM EDT


-  INDICATES NEGATIVE NUMBERS.
R  INDICATES RECORD WAS SET OR TIED.
MM INDICATES DATA IS MISSING.
T  INDICATES TRACE AMOUNT.




$$
