000
CDUS42 KMFL 250822
CLIPBI


CLIMATE REPORT
NATIONAL WEATHER SERVICE MIAMI, FL
421 AM EDT SUN JUN 25 2017


...................................

...THE WEST PALM BEACH CLIMATE SUMMARY FOR JUNE 24 2017...

CLIMATE NORMAL PERIOD 1981 TO 2010
CLIMATE RECORD PERIOD 1888 TO 2017


WEATHER ITEM   OBSERVED TIME   RECORD YEAR NORMAL DEPARTURE LAST
                VALUE   (LST)  VALUE       VALUE  FROM      YEAR
                                                  NORMAL
..................................................................
TEMPERATURE (F)
 YESTERDAY
  MAXIMUM         90    214 PM  98    1944  89      1       90
  MINIMUM         81    606 AM  67    1944  75      6       77
                                      1921
                                      1910
  AVERAGE         86                        82      4       84

PRECIPITATION (IN)
  YESTERDAY        0.00          5.33 2012   0.26  -0.26     0.40
  MONTH TO DATE   10.29                      6.68   3.61     4.52
  SINCE JUN 1     10.29                      6.68   3.61     4.52
  SINCE JAN 1     21.70                     25.39  -3.69    25.91

SNOWFALL (IN)
  YESTERDAY        0.0
  MONTH TO DATE    0.0
  SINCE JUN 1      0.0
  SINCE JUL 1      0.0
  SNOW DEPTH       0

DEGREE DAYS
 HEATING
  YESTERDAY        0                         0      0        0
  MONTH TO DATE    0                         0      0        0
  SINCE JUN 1      0                         0      0        0
  SINCE JUL 1     68                       233   -165      135

 COOLING
  YESTERDAY       21                        17      4       19
  MONTH TO DATE  395                       390      5      432
  SINCE JUN 1    395                       390      5      432
  SINCE JAN 1   1719                      1499    220     1713
..................................................................


WIND (MPH)
  HIGHEST WIND SPEED    20   HIGHEST WIND DIRECTION    SE (120)
  HIGHEST GUST SPEED    26   HIGHEST GUST DIRECTION    SE (130)
  AVERAGE WIND SPEED    11.5


SKY COVER
  AVERAGE SKY COVER 0.6


WEATHER CONDITIONS
 THE FOLLOWING WEATHER WAS RECORDED YESTERDAY.
  NO SIGNIFICANT WEATHER WAS OBSERVED.


RELATIVE HUMIDITY (PERCENT)
 HIGHEST    79
 LOWEST     59
 AVERAGE    69

..........................................................


THE WEST PALM BEACH CLIMATE NORMALS FOR TODAY
                         NORMAL    RECORD    YEAR
 MAXIMUM TEMPERATURE (F)   89        98      1944
 MINIMUM TEMPERATURE (F)   75        66      1940


SUNRISE AND SUNSET
JUNE 25 2017..........SUNRISE   629 AM EDT   SUNSET   818 PM EDT
JUNE 26 2017..........SUNRISE   629 AM EDT   SUNSET   818 PM EDT


-  INDICATES NEGATIVE NUMBERS.
R  INDICATES RECORD WAS SET OR TIED.
MM INDICATES DATA IS MISSING.
T  INDICATES TRACE AMOUNT.




$$
