000
CDUS42 KMFL 292016
CLIPBI


CLIMATE REPORT
NATIONAL WEATHER SERVICE MIAMI, FL
415 PM EDT MON AUG 29 2016


...................................

...THE WEST PALM BEACH CLIMATE SUMMARY FOR AUGUST 29 2016...
VALID TODAY AS OF 0400 PM LOCAL TIME.

CLIMATE NORMAL PERIOD 1981 TO 2010
CLIMATE RECORD PERIOD 1888 TO 2016


WEATHER ITEM   OBSERVED TIME   RECORD YEAR NORMAL DEPARTURE LAST
                VALUE   (LST)  VALUE       VALUE  FROM      YEAR
                                                  NORMAL
..................................................................
TEMPERATURE (F)
 TODAY
  MAXIMUM         88   1226 PM  96    1932  90     -2       90
  MINIMUM         78    506 AM  70    1927  76      2       78
                                      1909
                                      1904
  AVERAGE         83                        82      1       84

PRECIPITATION (IN)
  TODAY            0.41          2.64 1946   0.27   0.14     0.31
  MONTH TO DATE    4.62                      7.40  -2.78     5.92
  SINCE JUN 1     10.73                     21.46 -10.73    15.98
  SINCE JAN 1     32.12                     40.17  -8.05    29.73

SNOWFALL (IN)
  TODAY            0.0
  MONTH TO DATE    0.0
  SINCE JUN 1      0.0
  SINCE JUL 1      0.0
  SNOW DEPTH       0

DEGREE DAYS
 HEATING
  TODAY            0                         0      0        0
  MONTH TO DATE    0                         0      0        0
  SINCE JUN 1      0                         0      0        0
  SINCE JUL 1      0                         0      0        0

 COOLING
  TODAY           18                        18      0       19
  MONTH TO DATE  596                       522     74      531
  SINCE JUN 1   1810                      1561    249     1646
  SINCE JAN 1   3091                      2670    421     3180
..................................................................


WIND (MPH)
  HIGHEST WIND SPEED    23   HIGHEST WIND DIRECTION    SE (130)
  HIGHEST GUST SPEED    28   HIGHEST GUST DIRECTION    SE (130)
  AVERAGE WIND SPEED    10.5


SKY COVER
  AVERAGE SKY COVER 0.6


WEATHER CONDITIONS
 THE FOLLOWING WEATHER WAS RECORDED TODAY.
  THUNDERSTORM
  RAIN
  LIGHT RAIN
  FOG


RELATIVE HUMIDITY (PERCENT)
 HIGHEST    91
 LOWEST     63
 AVERAGE    77

..........................................................


THE WEST PALM BEACH CLIMATE NORMALS FOR TOMORROW
                         NORMAL    RECORD    YEAR
 MAXIMUM TEMPERATURE (F)   89        95      1999
                                             1951
                                             1947
 MINIMUM TEMPERATURE (F)   76        70      1969
                                             1925
                                             1920


SUNRISE AND SUNSET
AUGUST 29 2016........SUNRISE   659 AM EDT   SUNSET   743 PM EDT
AUGUST 30 2016........SUNRISE   659 AM EDT   SUNSET   742 PM EDT


-  INDICATES NEGATIVE NUMBERS.
R  INDICATES RECORD WAS SET OR TIED.
MM INDICATES DATA IS MISSING.
T  INDICATES TRACE AMOUNT.




$$
