949
CDUS42 KMFL 080931
CLIPBI


CLIMATE REPORT
NATIONAL WEATHER SERVICE MIAMI, FL
431 AM EST MON FEB 8 2016


...................................

...THE WEST PALM BEACH CLIMATE SUMMARY FOR FEBRUARY 7 2016...

CLIMATE NORMAL PERIOD 1981 TO 2010
CLIMATE RECORD PERIOD 1888 TO 2016


WEATHER ITEM   OBSERVED TIME   RECORD YEAR NORMAL DEPARTURE LAST
                VALUE   (LST)  VALUE       VALUE  FROM      YEAR
                                                  NORMAL
..................................................................
TEMPERATURE (F)
 YESTERDAY
  MAXIMUM         62    308 PM  89    1949  76    -14       73
  MINIMUM         48   1159 PM  38    1910  58    -10       65
  AVERAGE         55                        67    -12       69

PRECIPITATION (IN)
  YESTERDAY        0.05          2.71 1921   0.09  -0.04     0.00
  MONTH TO DATE    0.88                      0.68   0.20     0.63
  SINCE NOV 1     21.18                     11.94   9.24     5.38
  SINCE JAN 1     10.78                      3.81   6.97     1.68

SNOWFALL (IN)
  YESTERDAY       MM
  MONTH TO DATE    0.0
  SINCE DEC 1      0.0
  SINCE JUL 1      0.0
  SNOW DEPTH       0

DEGREE DAYS
 HEATING
  YESTERDAY       10                         2      8        0
  MONTH TO DATE   10                        14     -4        1
  SINCE DEC 1     76                       159    -83       54
  SINCE JUL 1     76                       171    -95       71

 COOLING
  YESTERDAY        0                         4     -4        4
  MONTH TO DATE   46                        28     18       31
  SINCE DEC 1    493                       291    202      393
  SINCE JAN 1    137                       136      1      195
..................................................................


WIND (MPH)
  HIGHEST WIND SPEED    26   HIGHEST WIND DIRECTION     W (280)
  HIGHEST GUST SPEED    34   HIGHEST GUST DIRECTION    NW (300)
  AVERAGE WIND SPEED    16.4


SKY COVER
  AVERAGE SKY COVER 0.6


WEATHER CONDITIONS
 THE FOLLOWING WEATHER WAS RECORDED YESTERDAY.
  LIGHT RAIN


RELATIVE HUMIDITY (PERCENT)
 HIGHEST    97
 LOWEST     40
 AVERAGE    69

..........................................................


THE WEST PALM BEACH CLIMATE NORMALS FOR TODAY
                         NORMAL    RECORD    YEAR
 MAXIMUM TEMPERATURE (F)   76        87      1974
 MINIMUM TEMPERATURE (F)   58        28      1895


SUNRISE AND SUNSET
FEBRUARY  8 2016......SUNRISE   702 AM EST   SUNSET   608 PM EST
FEBRUARY  9 2016......SUNRISE   701 AM EST   SUNSET   608 PM EST


-  INDICATES NEGATIVE NUMBERS.
R  INDICATES RECORD WAS SET OR TIED.
MM INDICATES DATA IS MISSING.
T  INDICATES TRACE AMOUNT.




$$
