000
CDUS42 KMFL 160841
CLIPBI


CLIMATE REPORT
NATIONAL WEATHER SERVICE MIAMI, FL
440 AM EDT TUE SEP 16 2014


...................................

...THE WEST PALM BEACH CLIMATE SUMMARY FOR SEPTEMBER 15 2014...

CLIMATE NORMAL PERIOD 1981 TO 2010
CLIMATE RECORD PERIOD 1894 TO 2014


WEATHER ITEM   OBSERVED TIME   RECORD YEAR NORMAL DEPARTURE LAST
                VALUE   (LST)  VALUE       VALUE  FROM      YEAR
                                                  NORMAL
..................................................................
TEMPERATURE (F)
 YESTERDAY
  MAXIMUM         89    230 PM  94    1950  88      1       88
  MINIMUM         73    441 AM  65    1918  75     -2       74
  AVERAGE         81                        82     -1       81

PRECIPITATION (IN)
  YESTERDAY        0.00          2.85 1923   0.30  -0.30     1.25
  MONTH TO DATE    5.60                      4.22   1.38     3.08
  SINCE JUN 1     31.02                     26.23   4.79    25.75
  SINCE JAN 1     48.74                     44.94   3.80    50.70

SNOWFALL (IN)
  YESTERDAY        0.0
  MONTH TO DATE    0.0
  SINCE SEP 1      0.0
  SINCE JUL 1      0.0
  SNOW DEPTH       0

DEGREE DAYS
 HEATING
  YESTERDAY        0                         0      0
  MONTH TO DATE    0                         0      0
  SINCE SEP 1      0                         0      0
  SINCE JUL 1      0                         0      0

 COOLING
  YESTERDAY       16                        17     -1
  MONTH TO DATE  262                       255      7
  SINCE SEP 1    262                       255      7
  SINCE JAN 1   3270                      2961    309
..................................................................


WIND (MPH)
  HIGHEST WIND SPEED    14   HIGHEST WIND DIRECTION     E (90)
  HIGHEST GUST SPEED    19   HIGHEST GUST DIRECTION     E (90)
  AVERAGE WIND SPEED     5.2


SKY COVER
  AVERAGE SKY COVER 0.4


WEATHER CONDITIONS
 THE FOLLOWING WEATHER WAS RECORDED YESTERDAY.
  NO SIGNIFICANT WEATHER WAS OBSERVED.


RELATIVE HUMIDITY (PERCENT)
 HIGHEST    94
 LOWEST     63
 AVERAGE    79

..........................................................


THE WEST PALM BEACH CLIMATE NORMALS FOR TODAY
                         NORMAL    RECORD    YEAR
 MAXIMUM TEMPERATURE (F)   88        95      1990
 MINIMUM TEMPERATURE (F)   75        67      1947


SUNRISE AND SUNSET
SEPTEMBER 16 2014.....SUNRISE   706 AM EDT   SUNSET   724 PM EDT
SEPTEMBER 17 2014.....SUNRISE   707 AM EDT   SUNSET   723 PM EDT


-  INDICATES NEGATIVE NUMBERS.
R  INDICATES RECORD WAS SET OR TIED.
MM INDICATES DATA IS MISSING.
T  INDICATES TRACE AMOUNT.




$$
