000
CDUS42 KFFC 110854
CLIPDK


CLIMATE REPORT
NATIONAL WEATHER SERVICE PEACHTREE CITY GA
448 AM EDT FRI JUL 11 2014


...................................

...THE DEKALB PEACHTREE AIRPORT CLIMATE SUMMARY FOR JULY 10 2014...

CLIMATE NORMAL PERIOD 1981 TO 2010
CLIMATE RECORD PERIOD 9999 TO 9999


WEATHER ITEM   OBSERVED TIME   RECORD YEAR NORMAL DEPARTURE LAST
                VALUE   (LST)  VALUE       VALUE  FROM      YEAR
                                                  NORMAL
..................................................................
TEMPERATURE (F)
 YESTERDAY
  MAXIMUM         89    312 PM  MM      MM  90     -1       87
  MINIMUM         70    618 AM  MM      MM  70      0       73
  AVERAGE         80                        80      0       80

PRECIPITATION (IN)
  YESTERDAY        T            MM      MM   0.17  -0.17     0.00
  MONTH TO DATE    T                         1.81  -1.81     3.94
  SINCE JUN 1      1.48                      6.57  -5.09    13.61
  SINCE JAN 1     20.36                     29.06  -8.70    23.13

DEGREE DAYS
 COOLING
  YESTERDAY       15                        15      0       15
  MONTH TO DATE  148                       145      3      110
  SINCE JUN 1    536                       498     38      468
  SINCE JAN 1    753                       709     44      633
..................................................................


WIND (MPH)
  RESULTANT WIND SPEED   2   RESULTANT WIND DIRECTION   W (270)
  HIGHEST WIND SPEED    13   HIGHEST WIND DIRECTION     W (270)
  HIGHEST GUST SPEED    22   HIGHEST GUST DIRECTION     W (280)
  AVERAGE WIND SPEED     3.1


SKY COVER
  AVERAGE SKY COVER 0.3


WEATHER CONDITIONS
 THE FOLLOWING WEATHER WAS RECORDED YESTERDAY.
  THUNDERSTORM
  LIGHT RAIN


RELATIVE HUMIDITY (PERCENT)
 HIGHEST    90           600 AM
 LOWEST     46           200 PM
 AVERAGE    68

..........................................................


THE DEKALB PEACHTREE AIRPORT CLIMATE NORMALS FOR TODAY
                         NORMAL    RECORD    YEAR
 MAXIMUM TEMPERATURE (F)   90        MM        MM
 MINIMUM TEMPERATURE (F)   70        MM        MM


SUNRISE AND SUNSET
JULY 11 2014..........SUNRISE   635 AM EDT   SUNSET   850 PM EDT
JULY 12 2014..........SUNRISE   636 AM EDT   SUNSET   850 PM EDT


-  INDICATES NEGATIVE NUMBERS.
R  INDICATES RECORD WAS SET OR TIED.
MM INDICATES DATA IS MISSING.
T  INDICATES TRACE AMOUNT.




$$
