000
CDUS46 KPDT 230847
CLIPDT

CLIMATE REPORT
NATIONAL WEATHER SERVICE PENDLETON OR
146 AM PDT SAT SEP 23 2017


...................................

...THE PENDLETON OR CLIMATE SUMMARY FOR SEPTEMBER 22 2017...

CLIMATE NORMAL PERIOD 1981 TO 2010
CLIMATE RECORD PERIOD 1890 TO 2017


WEATHER ITEM   OBSERVED TIME   RECORD YEAR NORMAL DEPARTURE LAST
                VALUE   (LST)  VALUE       VALUE  FROM      YEAR
                                                  NORMAL
..................................................................
TEMPERATURE (F)
 YESTERDAY
  MAXIMUM         63    224 PM  91    1975  75    -12       57
  MINIMUM         42    602 AM  31    1902  47     -5       47
                                      1892
  AVERAGE         53                        61     -8       52

PRECIPITATION (IN)
  YESTERDAY        0.00          0.49 1920   0.02  -0.02     0.18
  MONTH TO DATE    0.91                      0.39   0.52     0.67
  SINCE OCT 1     17.80                     12.48   5.32    12.33
  SINCE JAN 1     12.28                      8.48   3.80     8.06

SNOWFALL (IN)
  YESTERDAY        0.0           0.0  2002   0.0    0.0      0.0
                                      2001
                                      1999
  MONTH TO DATE    0.0                       0.0    0.0      0.0
  SINCE JAN 1     25.9                       7.7   18.2       T
  SINCE JUL 1      0.0                       0.0    0.0      0.0
  SNOW DEPTH       0

DEGREE DAYS
 HEATING
  YESTERDAY       12                         5      7       13
  MONTH TO DATE   80                        62     18       90
  SINCE SEP 1     80                        62     18       90
  SINCE JUL 1     82                        84     -2       92

 COOLING
  YESTERDAY        0                         1     -1        0
  MONTH TO DATE  110                        57     53        8
  SINCE SEP 1    110                        57     53        8
  SINCE JAN 1    891                       627    264      596
..................................................................


WIND (MPH)
  HIGHEST WIND SPEED    12   HIGHEST WIND DIRECTION    SE (150)
  HIGHEST GUST SPEED    18   HIGHEST GUST DIRECTION     W (290)
  AVERAGE WIND SPEED     5.5


SKY COVER
  POSSIBLE SUNSHINE  MM
  AVERAGE SKY COVER 0.4


WEATHER CONDITIONS
 THE FOLLOWING WEATHER WAS RECORDED YESTERDAY.
  NO SIGNIFICANT WEATHER WAS OBSERVED.


RELATIVE HUMIDITY (PERCENT)
 HIGHEST    96           200 AM
 LOWEST     42           400 PM
 AVERAGE    69

..........................................................


THE PENDLETON OR CLIMATE NORMALS FOR TODAY
                         NORMAL    RECORD    YEAR
 MAXIMUM TEMPERATURE (F)   75        94      1905
 MINIMUM TEMPERATURE (F)   47        28      1911


SUNRISE AND SUNSET
SEPTEMBER 23 2017.....SUNRISE   644 AM PDT   SUNSET   650 PM PDT
SEPTEMBER 24 2017.....SUNRISE   645 AM PDT   SUNSET   648 PM PDT


-  INDICATES NEGATIVE NUMBERS.
R  INDICATES RECORD WAS SET OR TIED.
MM INDICATES DATA IS MISSING.
T  INDICATES TRACE AMOUNT.




$$
