000
CDUS46 KPDT 250038
CLIPDT

CLIMATE REPORT
NATIONAL WEATHER SERVICE PENDLETON OR
538 PM PDT FRI MAR 24 2017


...................................

...THE PENDLETON OR CLIMATE SUMMARY FOR MARCH 24 2017...
VALID TODAY AS OF 0500 PM LOCAL TIME.

CLIMATE NORMAL PERIOD 1981 TO 2010
CLIMATE RECORD PERIOD 1890 TO 2017


WEATHER ITEM   OBSERVED TIME   RECORD YEAR NORMAL DEPARTURE LAST
                VALUE   (LST)  VALUE       VALUE  FROM      YEAR
                                                  NORMAL
..................................................................
TEMPERATURE (F)
 TODAY
  MAXIMUM         53    149 PM  76    1939  58     -5       54
  MINIMUM         44    456 AM  18    1965  37      7       41
  AVERAGE         49                        47      2       48

PRECIPITATION (IN)
  TODAY            0.53          0.56 1897   0.04   0.49     0.05
  MONTH TO DATE    2.05                      1.05   1.00     1.57
  SINCE OCT 1     11.49                      7.59   3.90     8.21
  SINCE JAN 1      5.97                      3.59   2.38     3.94

SNOWFALL (IN)
  TODAY            0.0           T    2005   0.0    0.0      0.0
  MONTH TO DATE    0.3                       0.6   -0.3       T
  SINCE JAN 1     25.9                       7.6   18.3       T
  SINCE JUL 1     44.4                      15.1   29.3      4.1
  SNOW DEPTH       0

DEGREE DAYS
 HEATING
  TODAY           16                        18     -2       17
  MONTH TO DATE  458                       496    -38      433
  SINCE MAR 1    458                       496    -38      433
  SINCE JUL 1   4760                      4395    365     4025

 COOLING
  TODAY            0                         0      0        0
  MONTH TO DATE    0                         0      0        0
  SINCE MAR 1      0                         0      0        0
  SINCE JAN 1      0                         0      0        0
..................................................................


WIND (MPH)
  HIGHEST WIND SPEED    23   HIGHEST WIND DIRECTION     W (290)
  HIGHEST GUST SPEED    33   HIGHEST GUST DIRECTION     W (280)
  AVERAGE WIND SPEED     6.1


SKY COVER
  POSSIBLE SUNSHINE  MM
  AVERAGE SKY COVER 1.0


WEATHER CONDITIONS
 THE FOLLOWING WEATHER WAS RECORDED TODAY.
  RAIN
  LIGHT RAIN
  FOG


RELATIVE HUMIDITY (PERCENT)
 HIGHEST    93           800 AM
 LOWEST     48          1200 AM
 AVERAGE    71

..........................................................


THE PENDLETON OR CLIMATE NORMALS FOR TOMORROW
                         NORMAL    RECORD    YEAR
 MAXIMUM TEMPERATURE (F)   58        78      1960
 MINIMUM TEMPERATURE (F)   37        12      1913


SUNRISE AND SUNSET
MARCH 24 2017.........SUNRISE   650 AM PDT   SUNSET   714 PM PDT
MARCH 25 2017.........SUNRISE   648 AM PDT   SUNSET   715 PM PDT


-  INDICATES NEGATIVE NUMBERS.
R  INDICATES RECORD WAS SET OR TIED.
MM INDICATES DATA IS MISSING.
T  INDICATES TRACE AMOUNT.




$$
