000
CDUS46 KPDT 030902
CLIPDT

CLIMATE REPORT
NATIONAL WEATHER SERVICE PENDLETON OR
200 AM PDT MON AUG 3 2015


...................................

...THE PENDLETON OR CLIMATE SUMMARY FOR AUGUST 2 2015...

CLIMATE NORMAL PERIOD 1981 TO 2010
CLIMATE RECORD PERIOD 1890 TO 2015


WEATHER ITEM   OBSERVED TIME   RECORD YEAR NORMAL DEPARTURE LAST
                VALUE   (LST)  VALUE       VALUE  FROM      YEAR
                                                  NORMAL
..................................................................
TEMPERATURE (F)
 YESTERDAY
  MAXIMUM        100    258 PM 107    1898  90     10       96
  MINIMUM         61    436 AM  40    1897  59      2       68
  AVERAGE         81                        74      7       82

PRECIPITATION (IN)
  YESTERDAY        0.00          0.22 1976   0.01  -0.01      T
  MONTH TO DATE    0.00                      0.02  -0.02      T
  SINCE OCT 1      9.70                     11.73  -2.03     9.50
  SINCE JAN 1      5.00                      7.73  -2.73     7.71

SNOWFALL (IN)
  YESTERDAY        0.0           0.0  2002   0.0    0.0      0.0
                                      2001
                                      1999
  MONTH TO DATE    0.0                       0.0    0.0      0.0
  SINCE JAN 1      0.4                       7.7   -7.3     15.2
  SINCE JUL 1      0.0                       0.0    0.0      0.0
  SNOW DEPTH       0

DEGREE DAYS
 HEATING
  YESTERDAY        0                         0      0        0
  MONTH TO DATE    0                         0      0        0
  SINCE JUN 1     10                        94    -84       45
  SINCE JUL 1      0                        11    -11        2

 COOLING
  YESTERDAY       16                         9      7       17
  MONTH TO DATE   35                        18     17       36
  SINCE JUN 1    642                       343    299      497
  SINCE JAN 1    669                       366    303      519
..................................................................


WIND (MPH)
  HIGHEST WIND SPEED    17   HIGHEST WIND DIRECTION    NW (300)
  HIGHEST GUST SPEED    23   HIGHEST GUST DIRECTION     W (290)
  AVERAGE WIND SPEED     7.3


SKY COVER
  POSSIBLE SUNSHINE  MM
  AVERAGE SKY COVER 0.0


WEATHER CONDITIONS
 THE FOLLOWING WEATHER WAS RECORDED YESTERDAY.
  NO SIGNIFICANT WEATHER WAS OBSERVED.


RELATIVE HUMIDITY (PERCENT)
 HIGHEST    27           300 AM
 LOWEST      9           200 PM
 AVERAGE    18

..........................................................


THE PENDLETON OR CLIMATE NORMALS FOR TODAY
                         NORMAL    RECORD    YEAR
 MAXIMUM TEMPERATURE (F)   90       104      1978
                                             1961
 MINIMUM TEMPERATURE (F)   59        40      1910


SUNRISE AND SUNSET
AUGUST  3 2015........SUNRISE   541 AM PDT   SUNSET   821 PM PDT
AUGUST  4 2015........SUNRISE   542 AM PDT   SUNSET   820 PM PDT


-  INDICATES NEGATIVE NUMBERS.
R  INDICATES RECORD WAS SET OR TIED.
MM INDICATES DATA IS MISSING.
T  INDICATES TRACE AMOUNT.

$$
