000
CDUS46 KPDT 200908
CLIPDT

CLIMATE REPORT
NATIONAL WEATHER SERVICE PENDLETON OR
108 AM PST SAT DEC 20 2014


...................................

...THE PENDLETON OR CLIMATE SUMMARY FOR DECEMBER 19 2014...

CLIMATE NORMAL PERIOD 1981 TO 2010
CLIMATE RECORD PERIOD 1890 TO 2014


WEATHER ITEM   OBSERVED TIME   RECORD YEAR NORMAL DEPARTURE LAST
                VALUE   (LST)  VALUE       VALUE  FROM      YEAR
                                                  NORMAL
..................................................................
TEMPERATURE (F)
 YESTERDAY
  MAXIMUM         49    322 AM  62    1917  39     10       33
  MINIMUM         35   1104 PM  -7    1984  26      9       22
  AVERAGE         42                        32     10       28

PRECIPITATION (IN)
  YESTERDAY        0.21          0.76 1925   0.05   0.16     0.00
  MONTH TO DATE    1.50                      0.91   0.59     0.45
  SINCE OCT 1      3.40                      3.44  -0.04     1.44
  SINCE JAN 1     11.94                     12.10  -0.16     8.93

SNOWFALL (IN)
  YESTERDAY       MM             3.0  1929   0.2   MM        0.0
  MONTH TO DATE    T                         3.4   -3.4      4.4
  SINCE JAN 1     19.8                      12.6    7.2      4.6
  SINCE JUL 1      4.6                       4.9   -0.3      4.4
  SNOW DEPTH       0

DEGREE DAYS
 HEATING
  YESTERDAY       23                        33    -10       37
  MONTH TO DATE  545                       595    -50      720
  SINCE DEC 1    545                       595    -50      720
  SINCE JUL 1   1675                      1848   -173     2103

 COOLING
  YESTERDAY        0                         0      0        0
  MONTH TO DATE    0                         0      0        0
  SINCE DEC 1      0                         0      0        0
  SINCE JAN 1    839                       636    203      831
..................................................................


WIND (MPH)
  HIGHEST WIND SPEED    15   HIGHEST WIND DIRECTION    NW (300)
  HIGHEST GUST SPEED    17   HIGHEST GUST DIRECTION    NW (300)
  AVERAGE WIND SPEED     5.9


SKY COVER
  POSSIBLE SUNSHINE  MM
  AVERAGE SKY COVER 0.6


WEATHER CONDITIONS
THE FOLLOWING WEATHER WAS RECORDED YESTERDAY.
  RAIN
  LIGHT RAIN
  FOG
  FOG W/VISIBILITY <= 1/4 MILE


RELATIVE HUMIDITY (PERCENT)
 HIGHEST   100          1200 AM
 LOWEST     76           200 AM
 AVERAGE    88

..........................................................


THE PENDLETON OR CLIMATE NORMALS FOR TODAY
                         NORMAL    RECORD    YEAR
 MAXIMUM TEMPERATURE (F)   39        66      1900
 MINIMUM TEMPERATURE (F)   26       -12      1990


SUNRISE AND SUNSET
DECEMBER 20 2014......SUNRISE   733 AM PST   SUNSET   414 PM PST
DECEMBER 21 2014......SUNRISE   733 AM PST   SUNSET   414 PM PST


-  INDICATES NEGATIVE NUMBERS.
R  INDICATES RECORD WAS SET OR TIED.
MM INDICATES DATA IS MISSING.
T  INDICATES TRACE AMOUNT.




$$
