000
CDUS46 KPDT 220840
CLIPDT

CLIMATE REPORT
NATIONAL WEATHER SERVICE PENDLETON OR

1228 AM PST WED FEB 22 2017


...................................

...THE PENDLETON OR CLIMATE SUMMARY FOR FEBRUARY 21 2017...

CLIMATE NORMAL PERIOD 1981 TO 2010
CLIMATE RECORD PERIOD 1890 TO 2017


WEATHER ITEM   OBSERVED TIME   RECORD YEAR NORMAL DEPARTURE LAST
                VALUE   (LST)  VALUE       VALUE  FROM      YEAR
                                                  NORMAL
..................................................................
TEMPERATURE (F)
 YESTERDAY
  MAXIMUM         42    736 PM  69    1988  48     -6       47
  MINIMUM         34    242 PM   2    1894  31      3       28
  AVERAGE         38                        39     -1       38

PRECIPITATION (IN)
  YESTERDAY        0.47R         0.43 1968   0.04   0.43     0.00
  MONTH TO DATE    1.88                      0.82   1.06     0.82
  SINCE OCT 1      9.05                      6.25   2.80     6.60
  SINCE JAN 1      3.53                      2.25   1.28     2.33

SNOWFALL (IN)
  YESTERDAY       MM             0.3  1974   0.1   MM        0.0
  MONTH TO DATE    3.0                       2.6    0.4       T
  SINCE JAN 1     21.5                       6.3   15.2       T
  SINCE JUL 1     40.0                      13.8   26.2      4.1
  SNOW DEPTH       0

DEGREE DAYS
 HEATING
  YESTERDAY       27                        26      1       27
  MONTH TO DATE  622                       569     53      455
  SINCE DEC 1   3071                      2474    597     2221
  SINCE JUL 1   4095                      3727    368     3421

 COOLING
  YESTERDAY        0                         0      0        0
  MONTH TO DATE    0                         0      0        0
  SINCE DEC 1      0                         0      0        0
  SINCE JAN 1      0                         0      0        0
..................................................................


WIND (MPH)
  HIGHEST WIND SPEED    15   HIGHEST WIND DIRECTION    NW (310)
  HIGHEST GUST SPEED    18   HIGHEST GUST DIRECTION     W (260)
  AVERAGE WIND SPEED     7.1


SKY COVER
  POSSIBLE SUNSHINE  MM
  AVERAGE SKY COVER 1.0


WEATHER CONDITIONS
 THE FOLLOWING WEATHER WAS RECORDED YESTERDAY.
  RAIN
  LIGHT RAIN
  LIGHT SNOW
  FOG


RELATIVE HUMIDITY (PERCENT)
 HIGHEST   100           400 AM
 LOWEST     85          1100 PM
 AVERAGE    93

..........................................................


THE PENDLETON OR CLIMATE NORMALS FOR TODAY
                         NORMAL    RECORD    YEAR
 MAXIMUM TEMPERATURE (F)   48        68      2002
 MINIMUM TEMPERATURE (F)   31         5      1894


SUNRISE AND SUNSET
FEBRUARY 22 2017......SUNRISE   645 AM PST   SUNSET   533 PM PST
FEBRUARY 23 2017......SUNRISE   644 AM PST   SUNSET   534 PM PST


-  INDICATES NEGATIVE NUMBERS.
R  INDICATES RECORD WAS SET OR TIED.
MM INDICATES DATA IS MISSING.
T  INDICATES TRACE AMOUNT.




$$
