000
CDUS46 KPDT 260036
CLIPDT

CLIMATE REPORT
NATIONAL WEATHER SERVICE PENDLETON OR
525 PM PDT MON JUL 25 2016


...................................

...THE PENDLETON OR CLIMATE SUMMARY FOR JULY 25 2016...
VALID TODAY AS OF 0500 PM LOCAL TIME.

CLIMATE NORMAL PERIOD 1981 TO 2010
CLIMATE RECORD PERIOD 1890 TO 2016


WEATHER ITEM   OBSERVED TIME   RECORD YEAR NORMAL DEPARTURE LAST
                VALUE   (LST)  VALUE       VALUE  FROM      YEAR
                                                  NORMAL
..................................................................
TEMPERATURE (F)
 TODAY
  MAXIMUM         98    352 PM 114    1928  90      8       83
  MINIMUM         59    432 AM  42    1897  59      0       61
  AVERAGE         79                        74      5       72

PRECIPITATION (IN)
  TODAY            0.00          0.98 1921   0.01  -0.01     0.00
  MONTH TO DATE    0.80                      0.27   0.53      T
  SINCE OCT 1     11.59                     11.66  -0.07     9.70
  SINCE JAN 1      7.32                      7.66  -0.34     5.00

SNOWFALL (IN)
  TODAY            0.0           0.0  2002   0.0    0.0      0.0
                                      2001
                                      2000
  MONTH TO DATE    0.0                       0.0    0.0      0.0
  SINCE JAN 1      T                         7.7   -7.7      0.4
  SINCE JUL 1      0.0                       0.0    0.0      0.0
  SNOW DEPTH       0

DEGREE DAYS
 HEATING
  TODAY            0                         0      0        0
  MONTH TO DATE    0                         7     -7        0
  SINCE JUN 1     69                        90    -21       10
  SINCE JUL 1      0                         7     -7        0

 COOLING
  TODAY           14                         9      5        7
  MONTH TO DATE  123                       188    -65      305
  SINCE JUN 1    260                       267     -7      558
  SINCE JAN 1    278                       290    -12      585
..................................................................


WIND (MPH)
  HIGHEST WIND SPEED    16   HIGHEST WIND DIRECTION     N (350)
  HIGHEST GUST SPEED    25   HIGHEST GUST DIRECTION     N (360)
  AVERAGE WIND SPEED     7.2


SKY COVER
  POSSIBLE SUNSHINE  MM
  AVERAGE SKY COVER 0.0


WEATHER CONDITIONS
 THE FOLLOWING WEATHER WAS RECORDED TODAY.
  NO SIGNIFICANT WEATHER WAS OBSERVED.


RELATIVE HUMIDITY (PERCENT)
 HIGHEST    60           400 AM
 LOWEST     14           400 PM
 AVERAGE    37

..........................................................


THE PENDLETON OR CLIMATE NORMALS FOR TOMORROW
                         NORMAL    RECORD    YEAR
 MAXIMUM TEMPERATURE (F)   90       109      1928
 MINIMUM TEMPERATURE (F)   59        40      1908


SUNRISE AND SUNSET
JULY 25 2016..........SUNRISE   531 AM PDT   SUNSET   832 PM PDT
JULY 26 2016..........SUNRISE   533 AM PDT   SUNSET   831 PM PDT


-  INDICATES NEGATIVE NUMBERS.
R  INDICATES RECORD WAS SET OR TIED.
MM INDICATES DATA IS MISSING.
T  INDICATES TRACE AMOUNT.




$$
