000
CDUS46 KPQR 130221
CLIPDX


CLIMATE REPORT
NATIONAL WEATHER SERVICE PORTLAND OREGON
720 PM PDT SAT JUL 12 2014


...................................

...THE PORTLAND OR CLIMATE SUMMARY FOR JULY 12 2014...
VALID TODAY AS OF 0700 PM LOCAL TIME.

CLIMATE NORMAL PERIOD 1981 TO 2010
CLIMATE RECORD PERIOD 1940 TO 2014


WEATHER ITEM   OBSERVED TIME   RECORD YEAR NORMAL DEPARTURE LAST
                VALUE   (LST)  VALUE       VALUE  FROM      YEAR
                                                  NORMAL
..................................................................
TEMPERATURE (F)
 TODAY
  MAXIMUM         93    529 PM 102    1961  80     13       73
  MINIMUM         63    517 AM  47    1943  58      5       54
  AVERAGE         78                        69      9       64

PRECIPITATION (IN)
  TODAY            0.00          0.45 2006   0.02  -0.02     0.00
  MONTH TO DATE    0.00                      0.32  -0.32     0.00
  SINCE OCT 1     28.91                     33.56  -4.65    36.43
  SINCE JAN 1     23.09                     19.44   3.65    14.50

DEGREE DAYS
 HEATING
  TODAY            0                         1     -1        1
  MONTH TO DATE    0                        12    -12        1
  SINCE JUN 1     62                       103    -41       50
  SINCE JUL 1      0                        12    -12        1

 COOLING
  TODAY           13                         4      9        0
  MONTH TO DATE   99                        43     56       59
  SINCE JUN 1    128                        90     38      126
  SINCE JAN 1    156                       107     49      141
..................................................................


WIND (MPH)
  HIGHEST WIND SPEED    12   HIGHEST WIND DIRECTION    NW (300)
  HIGHEST GUST SPEED    15   HIGHEST GUST DIRECTION     W (290)
  AVERAGE WIND SPEED     6.2



WEATHER CONDITIONS
 THE FOLLOWING WEATHER WAS RECORDED TODAY.
  NO SIGNIFICANT WEATHER WAS OBSERVED.


RELATIVE HUMIDITY (PERCENT)
 HIGHEST    93           500 AM
 LOWEST     28           400 PM
 AVERAGE    61

..........................................................


THE PORTLAND OR CLIMATE NORMALS FOR TOMORROW
                         NORMAL    RECORD    YEAR
 MAXIMUM TEMPERATURE (F)   81       101      1941
 MINIMUM TEMPERATURE (F)   58        48      1968


SUNRISE AND SUNSET
JULY 12 2014..........SUNRISE   533 AM PDT   SUNSET   858 PM PDT
JULY 13 2014..........SUNRISE   534 AM PDT   SUNSET   858 PM PDT


-  INDICATES NEGATIVE NUMBERS.
R  INDICATES RECORD WAS SET OR TIED.
MM INDICATES DATA IS MISSING.
T  INDICATES TRACE AMOUNT.




$$
