000
CDUS46 KPQR 251142
CLIPDX


CLIMATE REPORT
NATIONAL WEATHER SERVICE PORTLAND OREGON
441 AM PDT MON MAY 25 2015


...................................

...THE PORTLAND OR CLIMATE SUMMARY FOR MAY 24 2015...

CLIMATE NORMAL PERIOD 1981 TO 2010
CLIMATE RECORD PERIOD 1940 TO 2015


WEATHER ITEM   OBSERVED TIME   RECORD YEAR NORMAL DEPARTURE LAST
                VALUE   (LST)  VALUE       VALUE  FROM      YEAR
                                                  NORMAL
..................................................................
TEMPERATURE (F)
 YESTERDAY
  MAXIMUM         67    439 PM  93    1992  70     -3       69
  MINIMUM         54   1159 PM  37    1955  50      4       56
  AVERAGE         61                        60      1       63

PRECIPITATION (IN)
  YESTERDAY        0.00          0.96 2008   0.09  -0.09     0.00
  MONTH TO DATE    0.59                      1.88  -1.29     2.18
  SINCE OCT 1     29.07                     30.95  -1.88    26.37
  SINCE JAN 1     14.09                     16.83  -2.74    20.55

DEGREE DAYS
 HEATING
  YESTERDAY        4                         6     -2        2
  MONTH TO DATE  126                       187    -61      110
  SINCE MAR 1    869                      1092   -223      926
  SINCE JUL 1   3341                      4150   -809     4224

 COOLING
  YESTERDAY        0                         1     -1        0
  MONTH TO DATE    3                         5     -2       25
  SINCE MAR 1      5                         6     -1       28
  SINCE JAN 1      5                         6     -1       28
..................................................................


WIND (MPH)
  HIGHEST WIND SPEED    12   HIGHEST WIND DIRECTION    NW (320)
  HIGHEST GUST SPEED    16   HIGHEST GUST DIRECTION     N (340)
  AVERAGE WIND SPEED     4.8


SKY COVER
  POSSIBLE SUNSHINE  MM
  AVERAGE SKY COVER 0.9


WEATHER CONDITIONS
 THE FOLLOWING WEATHER WAS RECORDED YESTERDAY.
  NO SIGNIFICANT WEATHER WAS OBSERVED.


RELATIVE HUMIDITY (PERCENT)
 HIGHEST    83          1200 AM
 LOWEST     58           400 PM
 AVERAGE    71

..........................................................


THE PORTLAND OR CLIMATE NORMALS FOR TODAY
                         NORMAL    RECORD    YEAR
 MAXIMUM TEMPERATURE (F)   70        90      1947
 MINIMUM TEMPERATURE (F)   51        38      1975
                                             1964


SUNRISE AND SUNSET
MAY 25 2015...........SUNRISE   530 AM PDT   SUNSET   846 PM PDT
MAY 26 2015...........SUNRISE   529 AM PDT   SUNSET   847 PM PDT


-  INDICATES NEGATIVE NUMBERS.
R  INDICATES RECORD WAS SET OR TIED.
MM INDICATES DATA IS MISSING.
T  INDICATES TRACE AMOUNT.




$$
