000
CDUS46 KPQR 020021
CLIPDX


CLIMATE REPORT
NATIONAL WEATHER SERVICE PORTLAND OREGON
421 PM PST SUN FEB 1 2015


...................................

...THE PORTLAND OR CLIMATE SUMMARY FOR FEBRUARY 1 2015...
VALID TODAY AS OF 0400 PM LOCAL TIME.

CLIMATE NORMAL PERIOD 1981 TO 2010
CLIMATE RECORD PERIOD 1940 TO 2015


WEATHER ITEM   OBSERVED TIME   RECORD YEAR NORMAL DEPARTURE LAST
                VALUE   (LST)  VALUE       VALUE  FROM      YEAR
                                                  NORMAL
..................................................................
TEMPERATURE (F)
 TODAY
  MAXIMUM         44    359 PM  61    1986  49     -5       51
                                      1962
  MINIMUM         40   1001 AM   1    1950  36      4       32
  AVERAGE         42                        43     -1       42

PRECIPITATION (IN)
  TODAY            0.22          1.15 1961   0.12   0.10      T
  MONTH TO DATE    0.22                      0.12   0.10      T
  SINCE OCT 1     18.53                     19.12  -0.59     8.52
  SINCE JAN 1      3.55                      5.00  -1.45     2.70

DEGREE DAYS
 HEATING
  TODAY           23                        22      1       23
  MONTH TO DATE   23                        22      1       23
  SINCE DEC 1   1325                      1517   -192     1627
  SINCE JUL 1   2058                      2486   -428     2638

 COOLING
  TODAY            0                         0      0        0
  MONTH TO DATE    0                         0      0        0
  SINCE DEC 1      0                         0      0        0
  SINCE JAN 1      0                         0      0        0
..................................................................


WIND (MPH)
  HIGHEST WIND SPEED    17   HIGHEST WIND DIRECTION    SE (120)
  HIGHEST GUST SPEED    21   HIGHEST GUST DIRECTION    SE (120)
  AVERAGE WIND SPEED    10.9



WEATHER CONDITIONS
 THE FOLLOWING WEATHER WAS RECORDED TODAY.
  LIGHT RAIN
  FOG


RELATIVE HUMIDITY (PERCENT)
 HIGHEST   100           200 PM
 LOWEST     70          1200 AM
 AVERAGE    85

..........................................................


THE PORTLAND OR CLIMATE NORMALS FOR TOMORROW
                         NORMAL    RECORD    YEAR
 MAXIMUM TEMPERATURE (F)   49        61      1991
 MINIMUM TEMPERATURE (F)   36        -3      1950


SUNRISE AND SUNSET
FEBRUARY  1 2015......SUNRISE   732 AM PST   SUNSET   517 PM PST
FEBRUARY  2 2015......SUNRISE   731 AM PST   SUNSET   518 PM PST


-  INDICATES NEGATIVE NUMBERS.
R  INDICATES RECORD WAS SET OR TIED.
MM INDICATES DATA IS MISSING.
T  INDICATES TRACE AMOUNT.




$$
