000
CDUS46 KPQR 290226
CLIPDX


CLIMATE REPORT
NATIONAL WEATHER SERVICE PORTLAND OREGON
726 PM PDT SAT MAR 28 2015


...................................

...THE PORTLAND OR CLIMATE SUMMARY FOR MARCH 28 2015...
VALID TODAY AS OF 0700 PM LOCAL TIME.

CLIMATE NORMAL PERIOD 1981 TO 2010
CLIMATE RECORD PERIOD 1940 TO 2015


WEATHER ITEM   OBSERVED TIME   RECORD YEAR NORMAL DEPARTURE LAST
                VALUE   (LST)  VALUE       VALUE  FROM      YEAR
                                                  NORMAL
..................................................................
TEMPERATURE (F)
 TODAY
  MAXIMUM         61    516 PM  76    1994  59      2       53
  MINIMUM         48    545 AM  28    1962  41      7       47
  AVERAGE         55                        50      5       50

PRECIPITATION (IN)
  TODAY            0.00          1.69 2014   0.10  -0.10     1.69
  MONTH TO DATE    4.51                      3.36   1.15     6.71
  SINCE OCT 1     26.53                     26.02   0.51    20.35
  SINCE JAN 1     11.55                     11.90  -0.35    14.53

DEGREE DAYS
 HEATING
  TODAY           10                        15     -5       15
  MONTH TO DATE  350                       477   -127      437
  SINCE MAR 1    350                       477   -127      437
  SINCE JUL 1   2822                      3535   -713     3735

 COOLING
  TODAY            0                         0      0        0
  MONTH TO DATE    0                         0      0        0
  SINCE MAR 1      0                         0      0        0
  SINCE JAN 1      0                         0      0        0
..................................................................


WIND (MPH)
  HIGHEST WIND SPEED    16   HIGHEST WIND DIRECTION     S (190)
  HIGHEST GUST SPEED    20   HIGHEST GUST DIRECTION     S (180)
  AVERAGE WIND SPEED    10.2



WEATHER CONDITIONS
 THE FOLLOWING WEATHER WAS RECORDED TODAY.
  NO SIGNIFICANT WEATHER WAS OBSERVED.


RELATIVE HUMIDITY (PERCENT)
 HIGHEST    86           400 AM
 LOWEST     49           200 PM
 AVERAGE    68

..........................................................


THE PORTLAND OR CLIMATE NORMALS FOR TOMORROW
                         NORMAL    RECORD    YEAR
 MAXIMUM TEMPERATURE (F)   59        75      2004
                                             1994
 MINIMUM TEMPERATURE (F)   41        23      1954


SUNRISE AND SUNSET
MARCH 28 2015.........SUNRISE   658 AM PDT   SUNSET   733 PM PDT
MARCH 29 2015.........SUNRISE   657 AM PDT   SUNSET   735 PM PDT


-  INDICATES NEGATIVE NUMBERS.
R  INDICATES RECORD WAS SET OR TIED.
MM INDICATES DATA IS MISSING.
T  INDICATES TRACE AMOUNT.




$$
