000
CDUS46 KPQR 231142
CLIPDX


CLIMATE REPORT
NATIONAL WEATHER SERVICE PORTLAND OREGON
441 AM PDT TUE MAY 23 2017


...................................

...THE PORTLAND OR CLIMATE SUMMARY FOR MAY 22 2017...

CLIMATE NORMAL PERIOD 1981 TO 2010
CLIMATE RECORD PERIOD 1940 TO 2017


WEATHER ITEM   OBSERVED TIME   RECORD YEAR NORMAL DEPARTURE LAST
                VALUE   (LST)  VALUE       VALUE  FROM      YEAR
                                                  NORMAL
..................................................................
TEMPERATURE (F)
 YESTERDAY
  MAXIMUM         91    309 PM  95    2001  69     22       64
  MINIMUM         56    405 AM  33    1960  50      6       51
  AVERAGE         74                        60     14       58

PRECIPITATION (IN)
  YESTERDAY        0.00          1.19 2013   0.08  -0.08     0.15
  MONTH TO DATE    1.92                      1.71   0.21     1.66
  SINCE OCT 1     47.93                     30.78  17.15    43.10
  SINCE JAN 1     28.18                     16.66  11.52    19.68

SNOWFALL (IN)
  YESTERDAY        0.0          MM      MM
  MONTH TO DATE    0.0
  SINCE MAR 1      T
  SINCE JUL 1     11.2

DEGREE DAYS
 HEATING
  YESTERDAY        0                         6     -6        7
  MONTH TO DATE  176                       175      1       77
  SINCE MAR 1   1127                      1080     47      753
  SINCE JUL 1   4332                      4138    194     3356

 COOLING
  YESTERDAY        9                         1      8        0
  MONTH TO DATE   22                         3     19       25
  SINCE MAR 1     22                         4     18       43
  SINCE JAN 1     22                         4     18       43
..................................................................


WIND (MPH)
  HIGHEST WIND SPEED    14   HIGHEST WIND DIRECTION     W (280)
  HIGHEST GUST SPEED    16   HIGHEST GUST DIRECTION    NW (320)
  AVERAGE WIND SPEED     6.8


SKY COVER
  POSSIBLE SUNSHINE  MM
  AVERAGE SKY COVER 0.3


WEATHER CONDITIONS
 THE FOLLOWING WEATHER WAS RECORDED YESTERDAY.
  NO SIGNIFICANT WEATHER WAS OBSERVED.


RELATIVE HUMIDITY (PERCENT)
 HIGHEST    86           400 AM
 LOWEST     29           200 PM
 AVERAGE    58

..........................................................


THE PORTLAND OR CLIMATE NORMALS FOR TODAY
                         NORMAL    RECORD    YEAR
 MAXIMUM TEMPERATURE (F)   70        90      1947
 MINIMUM TEMPERATURE (F)   50        35      1964


SUNRISE AND SUNSET
MAY 23 2017...........SUNRISE   531 AM PDT   SUNSET   844 PM PDT
MAY 24 2017...........SUNRISE   530 AM PDT   SUNSET   845 PM PDT


-  INDICATES NEGATIVE NUMBERS.
R  INDICATES RECORD WAS SET OR TIED.
MM INDICATES DATA IS MISSING.
T  INDICATES TRACE AMOUNT.




$$
