000
CDUS46 KPQR 101145
CLIPDX


CLIMATE REPORT
NATIONAL WEATHER SERVICE PORTLAND OREGON
344 AM PST WED FEB 10 2016


...................................

...THE PORTLAND OR CLIMATE SUMMARY FOR FEBRUARY 9 2016...

CLIMATE NORMAL PERIOD 1981 TO 2010
CLIMATE RECORD PERIOD 1940 TO 2016


WEATHER ITEM   OBSERVED TIME   RECORD YEAR NORMAL DEPARTURE LAST
                VALUE   (LST)  VALUE       VALUE  FROM      YEAR
                                                  NORMAL
..................................................................
TEMPERATURE (F)
 YESTERDAY
  MAXIMUM         60    300 PM  62    1963  50     10       53
                                      1951
  MINIMUM         43    802 AM  25    1986  36      7       46
                                      1982
  AVERAGE         52                        43      9       50

PRECIPITATION (IN)
  YESTERDAY        0.00          1.51 1949   0.14  -0.14     0.36
  MONTH TO DATE    0.83                      1.19  -0.36     3.28
  SINCE OCT 1     31.48                     20.19  11.29    21.59
  SINCE JAN 1      8.06                      6.07   1.99     6.61

DEGREE DAYS
 HEATING
  YESTERDAY       13                        22     -9       15
  MONTH TO DATE  155                       198    -43      141
  SINCE DEC 1   1502                      1693   -191     1443
  SINCE JUL 1   2310                      2662   -352     2176

 COOLING
  YESTERDAY        0                         0      0        0
  MONTH TO DATE    0                         0      0        0
  SINCE DEC 1      0                         0      0        0
  SINCE JAN 1      0                         0      0        0
..................................................................


WIND (MPH)
  HIGHEST WIND SPEED    17   HIGHEST WIND DIRECTION     E (110)
  HIGHEST GUST SPEED    22   HIGHEST GUST DIRECTION     E (110)
  AVERAGE WIND SPEED     8.9


SKY COVER
  POSSIBLE SUNSHINE  MM
  AVERAGE SKY COVER 0.3


WEATHER CONDITIONS
 THE FOLLOWING WEATHER WAS RECORDED YESTERDAY.
  NO SIGNIFICANT WEATHER WAS OBSERVED.


RELATIVE HUMIDITY (PERCENT)
 HIGHEST    71          1200 AM
 LOWEST     44           100 PM
 AVERAGE    58

..........................................................


THE PORTLAND OR CLIMATE NORMALS FOR TODAY
                         NORMAL    RECORD    YEAR
 MAXIMUM TEMPERATURE (F)   51        65      1963
 MINIMUM TEMPERATURE (F)   36        22      1982


SUNRISE AND SUNSET
FEBRUARY 10 2016......SUNRISE   720 AM PST   SUNSET   530 PM PST
FEBRUARY 11 2016......SUNRISE   719 AM PST   SUNSET   531 PM PST


-  INDICATES NEGATIVE NUMBERS.
R  INDICATES RECORD WAS SET OR TIED.
MM INDICATES DATA IS MISSING.
T  INDICATES TRACE AMOUNT.




$$
