000
CDUS46 KPQR 221149
CLIPDX


CLIMATE REPORT
NATIONAL WEATHER SERVICE PORTLAND OREGON
449 AM PDT SUN OCT 22 2017


...................................

...THE PORTLAND OR CLIMATE SUMMARY FOR OCTOBER 21 2017...

CLIMATE NORMAL PERIOD 1981 TO 2010
CLIMATE RECORD PERIOD 1940 TO 2017


WEATHER ITEM   OBSERVED TIME   RECORD YEAR NORMAL DEPARTURE LAST
                VALUE   (LST)  VALUE       VALUE  FROM      YEAR
                                                  NORMAL
..................................................................
TEMPERATURE (F)
 YESTERDAY
  MAXIMUM         61   1051 PM  81    2003  62     -1       63
  MINIMUM         47    807 AM  30    1949  45      2       52
  AVERAGE         54                        53      1       58

PRECIPITATION (IN)
  YESTERDAY        2.13R         1.10 1951   0.11   2.02     0.48
  MONTH TO DATE    4.09                      1.71   2.38     6.83
  SINCE OCT 1      4.09                      1.71   2.38     6.83
  SINCE JAN 1     35.79                     23.62  12.17    30.43

SNOWFALL (IN)
  YESTERDAY       MM             0.0  2016
  MONTH TO DATE    0.0
  SINCE SEP 1      0.0
  SINCE JUL 1      0.0

DEGREE DAYS
 HEATING
  YESTERDAY       11                        12     -1        7
  MONTH TO DATE  229                       183     46      171
  SINCE SEP 1    305                       259     46      243
  SINCE JUL 1    307                       286     21      249

 COOLING
  YESTERDAY        0                         0      0        0
  MONTH TO DATE    0                         0      0        0
  SINCE SEP 1    132                        59     73       30
  SINCE JAN 1    700                       422    278      548
..................................................................


WIND (MPH)
  HIGHEST WIND SPEED    26   HIGHEST WIND DIRECTION    SW (210)
  HIGHEST GUST SPEED    37   HIGHEST GUST DIRECTION    SW (210)
  AVERAGE WIND SPEED    15.5


SKY COVER
  POSSIBLE SUNSHINE  MM
  AVERAGE SKY COVER 1.0


WEATHER CONDITIONS
 THE FOLLOWING WEATHER WAS RECORDED YESTERDAY.
  HEAVY RAIN
  RAIN
  LIGHT RAIN
  FOG


RELATIVE HUMIDITY (PERCENT)
 HIGHEST   100           600 AM
 LOWEST     86           100 AM
 AVERAGE    93

..........................................................


THE PORTLAND OR CLIMATE NORMALS FOR TODAY
                         NORMAL    RECORD    YEAR
 MAXIMUM TEMPERATURE (F)   61        75      1965
 MINIMUM TEMPERATURE (F)   45        33      1980


SUNRISE AND SUNSET
OCTOBER 22 2017.......SUNRISE   737 AM PDT   SUNSET   612 PM PDT
OCTOBER 23 2017.......SUNRISE   738 AM PDT   SUNSET   611 PM PDT


-  INDICATES NEGATIVE NUMBERS.
R  INDICATES RECORD WAS SET OR TIED.
MM INDICATES DATA IS MISSING.
T  INDICATES TRACE AMOUNT.




$$
