000
CDUS41 KPBZ 292112
CLIPHD


CLIMATE REPORT
NATIONAL WEATHER SERVICE PITTSBURGH PA
512 PM EDT FRI APR 29 2016


...................................

...THE NEW PHILADELPHIA OH CLIMATE SUMMARY FOR APRIL 29 2016...
VALID TODAY AS OF 0500 PM LOCAL TIME.

CLIMATE NORMAL PERIOD 1981 TO 2010
CLIMATE RECORD PERIOD 1946 TO 2016


WEATHER ITEM   OBSERVED TIME   RECORD YEAR NORMAL DEPARTURE LAST
                VALUE   (LST)  VALUE       VALUE  FROM      YEAR
                                                  NORMAL
..................................................................
TEMPERATURE (F)
 TODAY
  MAXIMUM         55    256 PM  90    1986  68    -13       71
  MINIMUM         47    518 AM  26    1977  43      4       36
  AVERAGE         51                        55     -4       54

PRECIPITATION (IN)
  TODAY            0.00         MM      MM   0.13  -0.13     0.00
  MONTH TO DATE    3.60                      3.30   0.30     3.66
  SINCE JUN 1     29.18                     34.60  -5.42    34.97
  SINCE JAN 1     11.10                     11.30  -0.20    10.24

DEGREE DAYS
 HEATING
  TODAY           14                        10      4       11
  MONTH TO DATE  445                       420     25      322
  SINCE MAR 1   1009                      1199   -190     1177
  SINCE JUL 1   4623                      5406   -783     5795

 COOLING
  TODAY            0                         0      0        0
  MONTH TO DATE    0                         0      0        3
  SINCE MAR 1      0                         1     -1        3
  SINCE JAN 1      0                         1     -1        3
..................................................................


WIND (MPH)
  HIGHEST WIND SPEED    16   HIGHEST WIND DIRECTION    NW (320)
  HIGHEST GUST SPEED    22   HIGHEST GUST DIRECTION    NW (320)
  AVERAGE WIND SPEED     3.4


SKY COVER
  POSSIBLE SUNSHINE  MM
  AVERAGE SKY COVER 1.0


WEATHER CONDITIONS
 THE FOLLOWING WEATHER WAS RECORDED TODAY.
  FOG


RELATIVE HUMIDITY (PERCENT)
 HIGHEST    93           500 AM
 LOWEST     77          1100 AM
 AVERAGE    85

..........................................................


THE NEW PHILADELPHIA OH CLIMATE NORMALS FOR TOMORROW
                         NORMAL    RECORD    YEAR
 MAXIMUM TEMPERATURE (F)   68        84      2012
 MINIMUM TEMPERATURE (F)   43        27      1977


SUNRISE AND SUNSET
APRIL 29 2016.........SUNRISE   627 AM EDT   SUNSET   820 PM EDT
APRIL 30 2016.........SUNRISE   625 AM EDT   SUNSET   821 PM EDT


-  INDICATES NEGATIVE NUMBERS.
R  INDICATES RECORD WAS SET OR TIED.
MM INDICATES DATA IS MISSING.
T  INDICATES TRACE AMOUNT.




$$
