000
CDUS41 KPBZ 272224
CLIPHD


CLIMATE REPORT
NATIONAL WEATHER SERVICE PITTSBURGH PA
524 PM EST FRI FEB 27 2015


...................................

...THE NEW PHILADELPHIA OH CLIMATE SUMMARY FOR FEBRUARY 27 2015...
VALID TODAY AS OF 0500 PM LOCAL TIME.

CLIMATE NORMAL PERIOD 1981 TO 2010
CLIMATE RECORD PERIOD 1946 TO 2015


WEATHER ITEM   OBSERVED TIME   RECORD YEAR NORMAL DEPARTURE LAST
                VALUE   (LST)  VALUE       VALUE  FROM      YEAR
                                                  NORMAL
..................................................................
TEMPERATURE (F)
 TODAY
  MAXIMUM         18    359 PM  62    1976  44    -26       22
  MINIMUM          0    741 AM -14    1963  24    -24        5
  AVERAGE          9                        34    -25       14

PRECIPITATION (IN)
  TODAY            0.00         MM      MM   0.09  -0.09      T
  MONTH TO DATE    1.27                      2.26  -0.99     1.97
  SINCE JUN 1     27.80                     28.16  -0.36    28.43
  SINCE JAN 1      3.07                      4.86  -1.79     3.79

DEGREE DAYS
 HEATING
  TODAY           56                        31     25       51
  MONTH TO DATE 1238                       904    334     1098
  SINCE DEC 1   3333                      3018    315     3347
  SINCE JUL 1   4567                      4176    391     4583

 COOLING
  TODAY            0                         0      0        0
  MONTH TO DATE    0                         0      0        0
  SINCE DEC 1      0                         0      0        0
  SINCE JAN 1      0                         0      0        0
..................................................................


WIND (MPH)
  HIGHEST WIND SPEED    10   HIGHEST WIND DIRECTION    NW (330)
  HIGHEST GUST SPEED    14   HIGHEST GUST DIRECTION    NW (300)
  AVERAGE WIND SPEED     4.6


SKY COVER
  POSSIBLE SUNSHINE  MM
  AVERAGE SKY COVER 0.0


WEATHER CONDITIONS
 THE FOLLOWING WEATHER WAS RECORDED TODAY.
  HAZE


RELATIVE HUMIDITY (PERCENT)
 HIGHEST    83           300 AM
 LOWEST     43           300 PM
 AVERAGE    63

..........................................................


THE NEW PHILADELPHIA OH CLIMATE NORMALS FOR TOMORROW
                         NORMAL    RECORD    YEAR
 MAXIMUM TEMPERATURE (F)   45        69      1998
 MINIMUM TEMPERATURE (F)   24       -13      1963


SUNRISE AND SUNSET
FEBRUARY 27 2015......SUNRISE   703 AM EST   SUNSET   615 PM EST
FEBRUARY 28 2015......SUNRISE   701 AM EST   SUNSET   616 PM EST


-  INDICATES NEGATIVE NUMBERS.
R  INDICATES RECORD WAS SET OR TIED.
MM INDICATES DATA IS MISSING.
T  INDICATES TRACE AMOUNT.




$$
