000
CDUS41 KPBZ 300702
CLIPHD


CLIMATE REPORT
NATIONAL WEATHER SERVICE PITTSBURGH PA
301 AM EDT THU JUL 30 2015


...................................

...THE NEW PHILADELPHIA OH CLIMATE SUMMARY FOR JULY 29 2015...

CLIMATE NORMAL PERIOD 1981 TO 2010
CLIMATE RECORD PERIOD 1946 TO 2015


WEATHER ITEM   OBSERVED TIME   RECORD YEAR NORMAL DEPARTURE LAST
                VALUE   (LST)  VALUE       VALUE  FROM      YEAR
                                                  NORMAL
..................................................................
TEMPERATURE (F)
 YESTERDAY
  MAXIMUM         89    221 PM  94    1993  84      5       69
  MINIMUM         65            49    1968  62      3       50
  AVERAGE         77                        72      5       60

PRECIPITATION (IN)
  YESTERDAY        T            MM      MM   0.15  -0.15     0.00
  MONTH TO DATE    3.17                      3.73  -0.56     4.62
  SINCE JUN 1      8.25                      7.46   0.79     9.49
  SINCE JAN 1     21.47                     23.06  -1.59    24.67

DEGREE DAYS
 HEATING
  YESTERDAY        0                         0      0        5
  MONTH TO DATE    0                         0      0       17
  SINCE JUN 1     23                        35    -12       27
  SINCE JUL 1      0                         0      0       17

 COOLING
  YESTERDAY       12                         8      4        0
  MONTH TO DATE  166                       223    -57      149
  SINCE JUN 1    392                       366     26      326
  SINCE JAN 1    553                       409    144      392
..................................................................


WIND (MPH)
  HIGHEST WIND SPEED     9   HIGHEST WIND DIRECTION    SW (210)
  HIGHEST GUST SPEED    14   HIGHEST GUST DIRECTION     S (200)
  AVERAGE WIND SPEED     1.8


SKY COVER
  POSSIBLE SUNSHINE  MM
  AVERAGE SKY COVER 0.1


WEATHER CONDITIONS
 THE FOLLOWING WEATHER WAS RECORDED YESTERDAY.
  FOG
  HAZE


RELATIVE HUMIDITY (PERCENT)
 HIGHEST   100           300 AM
 LOWEST     55           100 PM
 AVERAGE    78

..........................................................


THE NEW PHILADELPHIA OH CLIMATE NORMALS FOR TODAY
                         NORMAL    RECORD    YEAR
 MAXIMUM TEMPERATURE (F)   84        94      1988
 MINIMUM TEMPERATURE (F)   62        47      1981


SUNRISE AND SUNSET
JULY 30 2015..........SUNRISE   621 AM EDT   SUNSET   843 PM EDT
JULY 31 2015..........SUNRISE   622 AM EDT   SUNSET   842 PM EDT


-  INDICATES NEGATIVE NUMBERS.
R  INDICATES RECORD WAS SET OR TIED.
MM INDICATES DATA IS MISSING.
T  INDICATES TRACE AMOUNT.




$$
