000
CDUS41 KPBZ 040816
CLIPHD


CLIMATE REPORT
NATIONAL WEATHER SERVICE PITTSBURGH PA
315 AM EST SUN DEC 4 2016


...................................

...THE NEW PHILADELPHIA OH CLIMATE SUMMARY FOR DECEMBER 3 2016...

CLIMATE NORMAL PERIOD 1981 TO 2010
CLIMATE RECORD PERIOD 1946 TO 2016


WEATHER ITEM   OBSERVED TIME   RECORD YEAR NORMAL DEPARTURE LAST
                VALUE   (LST)  VALUE       VALUE  FROM      YEAR
                                                  NORMAL
..................................................................
TEMPERATURE (F)
 YESTERDAY
  MAXIMUM         38    425 PM  68    1982  45     -7       39
  MINIMUM         33            -4    1976  28      5       34
  AVERAGE         36                        37     -1       37

PRECIPITATION (IN)
  YESTERDAY        0.00         MM      MM   0.10  -0.10     0.00
  MONTH TO DATE    T                         0.28  -0.28     0.01
  SINCE JUN 1     16.94                     20.91  -3.97    15.13
  SINCE JAN 1     31.59                     36.51  -4.92    28.35

DEGREE DAYS
 HEATING
  YESTERDAY       29                        28      1       28
  MONTH TO DATE   82                        84     -2       63
  SINCE DEC 1     82                        84     -2       63
  SINCE JUL 1    949                      1242   -293      959

 COOLING
  YESTERDAY        0                         0      0        0
  MONTH TO DATE    0                         0      0        0
  SINCE DEC 1      0                         0      0        0
  SINCE JAN 1   1339                       697    642      866
..................................................................


WIND (MPH)
  HIGHEST WIND SPEED    12   HIGHEST WIND DIRECTION    NW (310)
  HIGHEST GUST SPEED    17   HIGHEST GUST DIRECTION     W (270)
  AVERAGE WIND SPEED     3.7


SKY COVER
  POSSIBLE SUNSHINE  MM
  AVERAGE SKY COVER 0.9


WEATHER CONDITIONS
 THE FOLLOWING WEATHER WAS RECORDED YESTERDAY.
  NO SIGNIFICANT WEATHER WAS OBSERVED.


RELATIVE HUMIDITY (PERCENT)
 HIGHEST    82           100 AM
 LOWEST     64           400 PM
 AVERAGE    73

..........................................................


THE NEW PHILADELPHIA OH CLIMATE NORMALS FOR TODAY
                         NORMAL    RECORD    YEAR
 MAXIMUM TEMPERATURE (F)   45        76      1982
 MINIMUM TEMPERATURE (F)   28        -4      1966


SUNRISE AND SUNSET
DECEMBER  4 2016......SUNRISE   733 AM EST   SUNSET   459 PM EST
DECEMBER  5 2016......SUNRISE   734 AM EST   SUNSET   459 PM EST


-  INDICATES NEGATIVE NUMBERS.
R  INDICATES RECORD WAS SET OR TIED.
MM INDICATES DATA IS MISSING.
T  INDICATES TRACE AMOUNT.




$$
