000
CDUS41 KPBZ 312124
CLIPHD


CLIMATE REPORT
NATIONAL WEATHER SERVICE PITTSBURGH PA
524 PM EDT MON AUG 31 2015


...................................

...THE NEW PHILADELPHIA OH CLIMATE SUMMARY FOR AUGUST 31 2015...
VALID TODAY AS OF 0500 PM LOCAL TIME.

CLIMATE NORMAL PERIOD 1981 TO 2010
CLIMATE RECORD PERIOD 1946 TO 2015


WEATHER ITEM   OBSERVED TIME   RECORD YEAR NORMAL DEPARTURE LAST
                VALUE   (LST)  VALUE       VALUE  FROM      YEAR
                                                  NORMAL
..................................................................
TEMPERATURE (F)
 TODAY
  MAXIMUM         89    350 PM  95    1993  81      8       76
  MINIMUM         62    614 AM  41    1986  58      4       69
  AVERAGE         76                        69      7       73

PRECIPITATION (IN)
  TODAY            0.00         MM      MM   0.13  -0.13     0.67
  MONTH TO DATE    0.16                      3.59  -3.43     7.19
  SINCE JUN 1      8.41                     11.35  -2.94    16.94
  SINCE JAN 1     21.63                     26.95  -5.32    32.12

DEGREE DAYS
 HEATING
  TODAY            0                         0      0        0
  MONTH TO DATE   13                         0     13       13
  SINCE JUN 1     36                        45     -9       42
  SINCE JUL 1     13                        10      3       32

 COOLING
  TODAY           11                         5      6        8
  MONTH TO DATE  152                       202    -50      154
  SINCE JUN 1    558                       579    -21      483
  SINCE JAN 1    719                       622     97      549
..................................................................


WIND (MPH)
  HIGHEST WIND SPEED     8   HIGHEST WIND DIRECTION     W (260)
  HIGHEST GUST SPEED    12   HIGHEST GUST DIRECTION     W (280)
  AVERAGE WIND SPEED     2.7


SKY COVER
  POSSIBLE SUNSHINE  MM
  AVERAGE SKY COVER 0.1


WEATHER CONDITIONS
 THE FOLLOWING WEATHER WAS RECORDED TODAY.
  FOG


RELATIVE HUMIDITY (PERCENT)
 HIGHEST   100           300 AM
 LOWEST     46           200 PM
 AVERAGE    73

..........................................................


THE NEW PHILADELPHIA OH CLIMATE NORMALS FOR TOMORROW
                         NORMAL    RECORD    YEAR
 MAXIMUM TEMPERATURE (F)   81        96      1993
 MINIMUM TEMPERATURE (F)   57        41      1967


SUNRISE AND SUNSET
AUGUST 31 2015........SUNRISE   652 AM EDT   SUNSET   800 PM EDT
SEPTEMBER  1 2015.....SUNRISE   653 AM EDT   SUNSET   758 PM EDT


-  INDICATES NEGATIVE NUMBERS.
R  INDICATES RECORD WAS SET OR TIED.
MM INDICATES DATA IS MISSING.
T  INDICATES TRACE AMOUNT.




$$
