000
CDUS41 KPBZ 012112
CLIPHD


CLIMATE REPORT
NATIONAL WEATHER SERVICE PITTSBURGH PA
512 PM EDT MON SEP 1 2014


...................................

...THE NEW PHILADELPHIA OH CLIMATE SUMMARY FOR SEPTEMBER 1 2014...
VALID TODAY AS OF 0500 PM LOCAL TIME.

CLIMATE NORMAL PERIOD 1981 TO 2010
CLIMATE RECORD PERIOD 1946 TO 2014


WEATHER ITEM   OBSERVED TIME   RECORD YEAR NORMAL DEPARTURE LAST
                VALUE   (LST)  VALUE       VALUE  FROM      YEAR
                                                  NORMAL
..................................................................
TEMPERATURE (F)
 TODAY
  MAXIMUM         82    354 PM  96    1993  81      1       83
  MINIMUM         69    556 AM  41    1967  57     12       69
  AVERAGE         76                        69      7       76

PRECIPITATION (IN)
  TODAY            T            MM      MM   0.13  -0.13     0.00
  MONTH TO DATE    T                         0.13  -0.13     0.00
  SINCE JUN 1     16.94                     11.48   5.46    13.70
  SINCE JAN 1     32.12                     27.08   5.04    23.74

DEGREE DAYS
 HEATING
  TODAY            0                         1     -1        0
  MONTH TO DATE    0                         1     -1        0
  SINCE SEP 1      0                         1     -1        0
  SINCE JUL 1     32                        11     21       14

 COOLING
  TODAY           11                         4      7       11
  MONTH TO DATE   11                         4      7       11
  SINCE SEP 1     11                         4      7       11
  SINCE JAN 1    560                       626    -66      656
..................................................................


WIND (MPH)
  HIGHEST WIND SPEED    13   HIGHEST WIND DIRECTION     S (180)
  HIGHEST GUST SPEED    17   HIGHEST GUST DIRECTION    SW (220)
  AVERAGE WIND SPEED     4.4


SKY COVER
  POSSIBLE SUNSHINE  MM
  AVERAGE SKY COVER 0.8


WEATHER CONDITIONS
 THE FOLLOWING WEATHER WAS RECORDED TODAY.
  LIGHT RAIN


RELATIVE HUMIDITY (PERCENT)
 HIGHEST   100           500 AM
 LOWEST     69           300 PM
 AVERAGE    85

..........................................................


THE NEW PHILADELPHIA OH CLIMATE NORMALS FOR TOMORROW
                         NORMAL    RECORD    YEAR
 MAXIMUM TEMPERATURE (F)   80        93      1973
 MINIMUM TEMPERATURE (F)   57        41      1967


SUNRISE AND SUNSET
SEPTEMBER  1 2014.....SUNRISE   653 AM EDT   SUNSET   758 PM EDT
SEPTEMBER  2 2014.....SUNRISE   654 AM EDT   SUNSET   756 PM EDT


-  INDICATES NEGATIVE NUMBERS.
R  INDICATES RECORD WAS SET OR TIED.
MM INDICATES DATA IS MISSING.
T  INDICATES TRACE AMOUNT.




$$
