000
CDUS41 KPBZ 210802
CLIPHD


CLIMATE REPORT
NATIONAL WEATHER SERVICE PITTSBURGH PA
302 AM EST SUN JAN 21 2018


...................................

...THE NEW PHILADELPHIA OH CLIMATE SUMMARY FOR JANUARY 20 2018...

CLIMATE NORMAL PERIOD 1981 TO 2010
CLIMATE RECORD PERIOD 1948 TO 2018


WEATHER ITEM   OBSERVED TIME   RECORD YEAR NORMAL DEPARTURE LAST
                VALUE   (LST)  VALUE       VALUE  FROM      YEAR
                                                  NORMAL
..................................................................
TEMPERATURE (F)
 YESTERDAY
  MAXIMUM         45    342 PM  59    2017  37      8       59
  MINIMUM         33           -22    1994  21     12       36
  AVERAGE         39                        29     10       48

PRECIPITATION (IN)
  YESTERDAY        0.00          0.97 1986   0.06  -0.06     0.46
  MONTH TO DATE    1.73                      1.75  -0.02     3.03
  SINCE JUN 1     22.25                     25.05  -2.80    23.61
  SINCE JAN 1      1.73                      1.75  -0.02     3.03

DEGREE DAYS
 HEATING
  YESTERDAY       26                        36    -10       17
  MONTH TO DATE  914                       720    194      635
  SINCE DEC 1   2014                      1723    291     1666
  SINCE JUL 1   3016                      2881    135     2533

 COOLING
  YESTERDAY        0                         0      0        0
  MONTH TO DATE    0                         0      0        0
  SINCE DEC 1      0                         0      0        0
  SINCE JAN 1      0                         0      0        0
..................................................................


WIND (MPH)
  HIGHEST WIND SPEED    14   HIGHEST WIND DIRECTION    SW (220)
  HIGHEST GUST SPEED    22   HIGHEST GUST DIRECTION    SW (220)
  AVERAGE WIND SPEED     6.9


SKY COVER
  POSSIBLE SUNSHINE  MM
  AVERAGE SKY COVER 0.1


WEATHER CONDITIONS
 THE FOLLOWING WEATHER WAS RECORDED YESTERDAY.
  NO SIGNIFICANT WEATHER WAS OBSERVED.


RELATIVE HUMIDITY (PERCENT)
 HIGHEST    67          1000 PM
 LOWEST     49           200 PM
 AVERAGE    58

..........................................................


THE NEW PHILADELPHIA OH CLIMATE NORMALS FOR TODAY
                         NORMAL    RECORD    YEAR
 MAXIMUM TEMPERATURE (F)   37        65      1974
 MINIMUM TEMPERATURE (F)   21       -19      1985


SUNRISE AND SUNSET
JANUARY 21 2018.......SUNRISE   744 AM EST   SUNSET   531 PM EST
JANUARY 22 2018.......SUNRISE   743 AM EST   SUNSET   532 PM EST


-  INDICATES NEGATIVE NUMBERS.
R  INDICATES RECORD WAS SET OR TIED.
MM INDICATES DATA IS MISSING.
T  INDICATES TRACE AMOUNT.




$$
