000
CDUS41 KPHI 110635
CLIPHL


CLIMATE REPORT
NATIONAL WEATHER SERVICE MOUNT HOLLY NJ
131 AM EST THU FEB 11 2016


...................................

...THE PHILADELPHIA PA CLIMATE SUMMARY FOR FEBRUARY 10 2016...

CLIMATE NORMAL PERIOD 1981 TO 2010
CLIMATE RECORD PERIOD 1872 TO 2016


WEATHER ITEM   OBSERVED TIME   RECORD YEAR NORMAL DEPARTURE LAST
                VALUE   (LST)  VALUE       VALUE  FROM      YEAR
                                                  NORMAL
..................................................................
TEMPERATURE (F)
 YESTERDAY
  MAXIMUM         36   1256 PM  65    1925  43     -7       42
  MINIMUM         28   1159 PM  -6    1899  27      1       28
  AVERAGE         32                        35     -3       35

PRECIPITATION (IN)
  YESTERDAY        0.04          1.10 2010   0.09  -0.05      T
  MONTH TO DATE    1.07                      0.96   0.11     1.02
  SINCE DEC 1      8.84                      7.55   1.29     8.81
  SINCE JAN 1      3.70                      3.99  -0.29     5.54

SNOWFALL (IN)
  YESTERDAY        0.4           9.3  2010   0.4    0.0       T
  MONTH TO DATE    2.1                       3.5   -1.4      0.8
  SINCE DEC 1     25.0                      13.4   11.6      5.2
  SINCE JUL 1     25.0                      13.7   11.3      5.2
  SNOW DEPTH       T

DEGREE DAYS
 HEATING
  YESTERDAY       33                        30      3       30
  MONTH TO DATE  243                       309    -66      333
  SINCE DEC 1   1611                      2156   -545     2115
  SINCE JUL 1   2171                      2972   -801     2893

 COOLING
  YESTERDAY        0                         0      0        0
  MONTH TO DATE    0                         0      0        0
  SINCE DEC 1      2                         0      2        0
  SINCE JAN 1      0                         0      0        0
..................................................................


WIND (MPH)
  HIGHEST WIND SPEED    24   HIGHEST WIND DIRECTION     W (280)
  HIGHEST GUST SPEED    32   HIGHEST GUST DIRECTION     W (270)
  AVERAGE WIND SPEED    14.5


SKY COVER
  POSSIBLE SUNSHINE  MM
  AVERAGE SKY COVER 0.9


WEATHER CONDITIONS
 THE FOLLOWING WEATHER WAS RECORDED YESTERDAY.
  LIGHT SNOW
  FOG


RELATIVE HUMIDITY (PERCENT)
 HIGHEST    85           600 AM
 LOWEST     43           600 PM
 AVERAGE    64

..........................................................


THE PHILADELPHIA PA CLIMATE NORMALS FOR TODAY
                         NORMAL    RECORD    YEAR
 MAXIMUM TEMPERATURE (F)   43        69      2009
 MINIMUM TEMPERATURE (F)   27        -6      1899


SUNRISE AND SUNSET
FEBRUARY 11 2016......SUNRISE   659 AM EST   SUNSET   532 PM EST
FEBRUARY 12 2016......SUNRISE   658 AM EST   SUNSET   533 PM EST


-  INDICATES NEGATIVE NUMBERS.
R  INDICATES RECORD WAS SET OR TIED.
MM INDICATES DATA IS MISSING.
T  INDICATES TRACE AMOUNT.




$$
