000
CDUS41 KPHI 110632
CLIPHL


CLIMATE REPORT
NATIONAL WEATHER SERVICE MOUNT HOLLY NJ
131 AM EST SUN DEC 11 2016


...................................

...THE PHILADELPHIA PA CLIMATE SUMMARY FOR DECEMBER 10 2016...

CLIMATE NORMAL PERIOD 1981 TO 2010
CLIMATE RECORD PERIOD 1872 TO 2016


WEATHER ITEM   OBSERVED TIME   RECORD YEAR NORMAL DEPARTURE LAST
                VALUE   (LST)  VALUE       VALUE  FROM      YEAR
                                                  NORMAL
..................................................................
TEMPERATURE (F)
 YESTERDAY
  MAXIMUM         38    354 PM  71    1966  46     -8       62
  MINIMUM         26    534 AM   4    1876  32     -6       46
  AVERAGE         32                        39     -7       54

PRECIPITATION (IN)
  YESTERDAY        T             1.45 1969   0.13  -0.13     0.00
  MONTH TO DATE    0.94                      1.25  -0.31     0.86
  SINCE DEC 1      0.94                      1.25  -0.31     0.86
  SINCE JAN 1     33.54                     39.22  -5.68    42.72

SNOWFALL (IN)
  YESTERDAY        T             4.3  1904   0.1   -0.1      0.0
  MONTH TO DATE    T                         0.7   -0.7      0.0
  SINCE DEC 1      T                         0.7   -0.7      0.0
  SINCE JUL 1      T                         1.0   -1.0      0.0
  SNOW DEPTH       0

DEGREE DAYS
 HEATING
  YESTERDAY       33                        26      7       11
  MONTH TO DATE  224                       245    -21      172
  SINCE DEC 1    224                       245    -21      172
  SINCE JUL 1    855                      1061   -206      732

 COOLING
  YESTERDAY        0                         0      0        0
  MONTH TO DATE    0                         0      0        0
  SINCE DEC 1      0                         0      0        0
  SINCE JAN 1   1726                      1301    425     1718
..................................................................


WIND (MPH)
  HIGHEST WIND SPEED    22   HIGHEST WIND DIRECTION    NW (310)
  HIGHEST GUST SPEED    27   HIGHEST GUST DIRECTION    NW (310)
  AVERAGE WIND SPEED    10.2


SKY COVER
  POSSIBLE SUNSHINE  MM
  AVERAGE SKY COVER 0.4


WEATHER CONDITIONS
 THE FOLLOWING WEATHER WAS RECORDED YESTERDAY.
  LIGHT SNOW


RELATIVE HUMIDITY (PERCENT)
 HIGHEST    68           600 AM
 LOWEST     35           300 PM
 AVERAGE    52

..........................................................


THE PHILADELPHIA PA CLIMATE NORMALS FOR TODAY
                         NORMAL    RECORD    YEAR
 MAXIMUM TEMPERATURE (F)   46        65      1971
                                             1899
 MINIMUM TEMPERATURE (F)   31         8      1880


SUNRISE AND SUNSET
DECEMBER 11 2016......SUNRISE   713 AM EST   SUNSET   436 PM EST
DECEMBER 12 2016......SUNRISE   713 AM EST   SUNSET   436 PM EST


-  INDICATES NEGATIVE NUMBERS.
R  INDICATES RECORD WAS SET OR TIED.
MM INDICATES DATA IS MISSING.
T  INDICATES TRACE AMOUNT.




$$
