000
CDUS41 KPHI 260637
CLIPHL


CLIMATE REPORT
NATIONAL WEATHER SERVICE MOUNT HOLLY NJ
236 AM EDT TUE MAY 26 2015


...................................

...THE PHILADELPHIA PA CLIMATE SUMMARY FOR MAY 25 2015...

CLIMATE NORMAL PERIOD 1981 TO 2010
CLIMATE RECORD PERIOD 1872 TO 2015


WEATHER ITEM   OBSERVED TIME   RECORD YEAR NORMAL DEPARTURE LAST
                VALUE   (LST)  VALUE       VALUE  FROM      YEAR
                                                  NORMAL
..................................................................
TEMPERATURE (F)
 YESTERDAY
  MAXIMUM         87    345 PM  96    1991  77     10       82
  MINIMUM         63    406 AM  40    1963  57      6       55
  AVERAGE         75                        67      8       69

PRECIPITATION (IN)
  YESTERDAY        0.00          1.77 1952   0.12  -0.12     0.00
  MONTH TO DATE    0.59                      2.96  -2.37     1.95
  SINCE MAR 1      9.69                     10.31  -0.62    12.87
  SINCE JAN 1     16.57                     15.99   0.58    21.54

SNOWFALL (IN)
  YESTERDAY        0.0           0.0  1870   0.0    0.0      0.0
  MONTH TO DATE    0.0                       0.0    0.0      0.0
  SINCE MAR 1     12.0                       3.4    8.6      8.5
  SINCE JUL 1     27.0                      22.4    4.6     68.0
  SNOW DEPTH       0

DEGREE DAYS
 HEATING
  YESTERDAY        0                         2     -2        0
  MONTH TO DATE   32                       101    -69       46
  SINCE MAR 1   1111                      1109      2     1186
  SINCE JUL 1   4764                      4591    173     4842

 COOLING
  YESTERDAY       10                         4      6        4
  MONTH TO DATE  113                        51     62       50
  SINCE MAR 1    116                        64     52       59
  SINCE JAN 1    116                        64     52       59
..................................................................


WIND (MPH)
  HIGHEST WIND SPEED    25   HIGHEST WIND DIRECTION    SW (240)
  HIGHEST GUST SPEED    35   HIGHEST GUST DIRECTION     S (200)
  AVERAGE WIND SPEED    11.8


SKY COVER
  POSSIBLE SUNSHINE  MM
  AVERAGE SKY COVER 0.6


WEATHER CONDITIONS
 THE FOLLOWING WEATHER WAS RECORDED YESTERDAY.
  NO SIGNIFICANT WEATHER WAS OBSERVED.


RELATIVE HUMIDITY (PERCENT)
 HIGHEST    78           500 AM
 LOWEST     32           100 PM
 AVERAGE    55

..........................................................


THE PHILADELPHIA PA CLIMATE NORMALS FOR TODAY
                         NORMAL    RECORD    YEAR
 MAXIMUM TEMPERATURE (F)   77        96      1880
 MINIMUM TEMPERATURE (F)   57        43      1961


SUNRISE AND SUNSET
MAY 26 2015...........SUNRISE   538 AM EDT   SUNSET   819 PM EDT
MAY 27 2015...........SUNRISE   537 AM EDT   SUNSET   819 PM EDT


-  INDICATES NEGATIVE NUMBERS.
R  INDICATES RECORD WAS SET OR TIED.
MM INDICATES DATA IS MISSING.
T  INDICATES TRACE AMOUNT.




$$
