000
CDUS41 KPHI 280628
CLIPHL


CLIMATE REPORT
NATIONAL WEATHER SERVICE MOUNT HOLLY NJ
227 AM EDT SUN MAY 28 2017


...................................

...THE PHILADELPHIA PA CLIMATE SUMMARY FOR MAY 27 2017...

CLIMATE NORMAL PERIOD 1981 TO 2010
CLIMATE RECORD PERIOD 1872 TO 2017


WEATHER ITEM   OBSERVED TIME   RECORD YEAR NORMAL DEPARTURE LAST
                VALUE   (LST)  VALUE       VALUE  FROM      YEAR
                                                  NORMAL
..................................................................
TEMPERATURE (F)
 YESTERDAY
  MAXIMUM         73    316 PM  95    1991  77     -4       90
  MINIMUM         59    302 AM  42    1961  58      1       69
  AVERAGE         66                        67     -1       80

PRECIPITATION (IN)
  YESTERDAY        0.00          3.16 1918   0.12  -0.12     0.00
  MONTH TO DATE    6.12                      3.21   2.91     5.14
  SINCE MAR 1     13.53                     10.56   2.97     8.90
  SINCE JAN 1     17.74                     16.24   1.50    15.89

SNOWFALL (IN)
  YESTERDAY        0.0           0.0    MM   0.0    0.0      0.0
  MONTH TO DATE    0.0                       0.0    0.0      0.0
  SINCE MAR 1      7.0                       3.4    3.6      1.3
  SINCE JUL 1     15.0                      22.4   -7.4     27.5
  SNOW DEPTH       0

DEGREE DAYS
 HEATING
  YESTERDAY        0                         2     -2        0
  MONTH TO DATE  112                       105      7      145
  SINCE MAR 1   1015                      1113    -98      901
  SINCE JUL 1   3841                      4595   -754     3587

 COOLING
  YESTERDAY        1                         4     -3       15
  MONTH TO DATE   61                        59      2       42
  SINCE MAR 1    101                        72     29       65
  SINCE JAN 1    101                        72     29       65
..................................................................


WIND (MPH)
  HIGHEST WIND SPEED    14   HIGHEST WIND DIRECTION    SW (240)
  HIGHEST GUST SPEED    19   HIGHEST GUST DIRECTION    NW (330)
  AVERAGE WIND SPEED     8.4


SKY COVER
  POSSIBLE SUNSHINE  MM
  AVERAGE SKY COVER 0.6


WEATHER CONDITIONS
 THE FOLLOWING WEATHER WAS RECORDED YESTERDAY.
  NO SIGNIFICANT WEATHER WAS OBSERVED.


RELATIVE HUMIDITY (PERCENT)
 HIGHEST    84          1000 PM
 LOWEST     46          1200 PM
 AVERAGE    65

..........................................................


THE PHILADELPHIA PA CLIMATE NORMALS FOR TODAY
                         NORMAL    RECORD    YEAR
 MAXIMUM TEMPERATURE (F)   77        94      1941
 MINIMUM TEMPERATURE (F)   58        41      1961


SUNRISE AND SUNSET
MAY 28 2017...........SUNRISE   536 AM EDT   SUNSET   821 PM EDT
MAY 29 2017...........SUNRISE   536 AM EDT   SUNSET   821 PM EDT


-  INDICATES NEGATIVE NUMBERS.
R  INDICATES RECORD WAS SET OR TIED.
MM INDICATES DATA IS MISSING.
T  INDICATES TRACE AMOUNT.




$$
