000
CDUS43 KUNR 300836
CLIPHP


CLIMATE REPORT
NATIONAL WEATHER SERVICE RAPID CITY SD
234 AM MDT SAT MAY 30 2015


...................................

...THE PHILIP SD CLIMATE SUMMARY FOR MAY 29 2015...

CLIMATE NORMAL PERIOD 1981 TO 2010
CLIMATE RECORD PERIOD 9999 TO 9999


WEATHER ITEM   OBSERVED TIME   NORMAL DEPARTURE LAST
                VALUE   (LST)  VALUE  FROM      YEAR
                                      NORMAL
......................................................
TEMPERATURE (F)
 YESTERDAY
  MAXIMUM         59    440 AM  74    -15       91
  MINIMUM         37   1159 PM  49    -12       59
  AVERAGE         48            62    -14       75

PRECIPITATION (IN)
  YESTERDAY        T             0.09  -0.09     0.00
  MONTH TO DATE    6.44          2.83   3.61     1.90
  SINCE MAR 1      6.87          5.94   0.93     3.86
  SINCE JAN 1      6.98          6.72   0.26     4.34

DEGREE DAYS
 HEATING
  YESTERDAY       17             5     12        0
  MONTH TO DATE  283           258     25      305
  SINCE MAR 1   1514          1760   -246     1864
  SINCE JUL 1   6654          7125   -471     7467

 COOLING
  YESTERDAY        0             1     -1       10
  MONTH TO DATE    3            24    -21       35
  SINCE MAR 1      6            27    -21       35
  SINCE JAN 1      6            27    -21       35
......................................................


WIND (MPH)
  HIGHEST WIND SPEED    29   HIGHEST WIND DIRECTION     N (350)
  HIGHEST GUST SPEED    36   HIGHEST GUST DIRECTION     N (360)
  AVERAGE WIND SPEED    14.6


SKY COVER
  AVERAGE SKY COVER 0.7


WEATHER CONDITIONS
 THE FOLLOWING WEATHER WAS RECORDED YESTERDAY.
  LIGHT RAIN
  FOG


RELATIVE HUMIDITY (PERCENT)
 HIGHEST    96           600 AM
 LOWEST     55           400 PM
 AVERAGE    76

..........................................................




SUNRISE AND SUNSET
MAY 30 2015...........SUNRISE   508 AM MDT   SUNSET   821 PM MDT
MAY 31 2015...........SUNRISE   507 AM MDT   SUNSET   822 PM MDT


-  INDICATES NEGATIVE NUMBERS.
R  INDICATES RECORD WAS SET OR TIED.
MM INDICATES DATA IS MISSING.
T  INDICATES TRACE AMOUNT.




$$
