000
CDUS43 KUNR 170832
CLIPHP


CLIMATE REPORT
NATIONAL WEATHER SERVICE RAPID CITY SD
231 AM MDT THU APR 17 2014


...................................

...THE PHILIP SD CLIMATE SUMMARY FOR APRIL 16 2014...

CLIMATE NORMAL PERIOD 1981 TO 2010
CLIMATE RECORD PERIOD 9999 TO 9999


WEATHER ITEM   OBSERVED TIME   NORMAL DEPARTURE LAST
                VALUE   (LST)  VALUE  FROM      YEAR
                                      NORMAL
......................................................
TEMPERATURE (F)
 YESTERDAY
  MAXIMUM         45   1206 AM  61    -16       37
  MINIMUM         31   1159 PM  33     -2       22
  AVERAGE         38            46     -8       30

PRECIPITATION (IN)
  YESTERDAY        0.12          0.06   0.06     0.21
  MONTH TO DATE    0.54          0.72  -0.18     1.30
  SINCE MAR 1      1.08          1.99  -0.91     1.70
  SINCE JAN 1      1.56          2.77  -1.21     2.52

DEGREE DAYS
 HEATING
  YESTERDAY       27            19      8       35
  MONTH TO DATE  370           341     29      465
  SINCE MAR 1   1360          1279     81     1420
  SINCE JUL 1   6963          6644    319     6446

 COOLING
  YESTERDAY        0             0      0        0
  MONTH TO DATE    0             0      0        0
  SINCE MAR 1      0             0      0        0
  SINCE JAN 1      0             0      0        0
......................................................


WIND (MPH)
  HIGHEST WIND SPEED    22   HIGHEST WIND DIRECTION     N (360)
  HIGHEST GUST SPEED    29   HIGHEST GUST DIRECTION     N (10)
  AVERAGE WIND SPEED    11.8


SKY COVER
  AVERAGE SKY COVER 1.0


WEATHER CONDITIONS
 THE FOLLOWING WEATHER WAS RECORDED YESTERDAY.
  LIGHT RAIN
  LIGHT SNOW
  FOG


RELATIVE HUMIDITY (PERCENT)
 HIGHEST    92           500 AM
 LOWEST     49          1200 AM
 AVERAGE    71

..........................................................




SUNRISE AND SUNSET
APRIL 17 2014.........SUNRISE   600 AM MDT   SUNSET   733 PM MDT
APRIL 18 2014.........SUNRISE   558 AM MDT   SUNSET   734 PM MDT


-  INDICATES NEGATIVE NUMBERS.
R  INDICATES RECORD WAS SET OR TIED.
MM INDICATES DATA IS MISSING.
T  INDICATES TRACE AMOUNT.




$$
