000
CDUS43 KUNR 210837
CLIPHP


CLIMATE REPORT
NATIONAL WEATHER SERVICE RAPID CITY SD
135 AM MST SUN JAN 21 2018


...................................

...THE PHILIP SD CLIMATE SUMMARY FOR JANUARY 20 2018...

CLIMATE NORMAL PERIOD 1981 TO 2010
CLIMATE RECORD PERIOD 9999 TO 9999


WEATHER ITEM   OBSERVED TIME   NORMAL DEPARTURE LAST
                VALUE   (LST)  VALUE  FROM      YEAR
                                      NORMAL
......................................................
TEMPERATURE (F)
 YESTERDAY
  MAXIMUM         39    344 PM  35      4       36
  MINIMUM         28    648 AM  10     18       12
  AVERAGE         34            22     12       24

PRECIPITATION (IN)
  YESTERDAY        0.17          0.01   0.16     0.00
  MONTH TO DATE    0.29          0.20   0.09     0.13
  SINCE DEC 1      0.68          0.63   0.05     0.55
  SINCE JAN 1      0.29          0.20   0.09     0.13

DEGREE DAYS
 HEATING
  YESTERDAY       31            43    -12       41
  MONTH TO DATE  938           867     71     1094
  SINCE DEC 1   2212          2167     45     2586
  SINCE JUL 1   3661          3802   -141     3724

 COOLING
  YESTERDAY        0             0      0        0
  MONTH TO DATE    0             0      0        0
  SINCE DEC 1      0             0      0        0
  SINCE JAN 1      0             0      0        0
......................................................


WIND (MPH)
  HIGHEST WIND SPEED    12   HIGHEST WIND DIRECTION     N (10)
  HIGHEST GUST SPEED    15   HIGHEST GUST DIRECTION     N (10)
  AVERAGE WIND SPEED     4.5


SKY COVER
  AVERAGE SKY COVER 0.9


WEATHER CONDITIONS
 THE FOLLOWING WEATHER WAS RECORDED YESTERDAY.
  LIGHT RAIN
  LIGHT SNOW
  FOG


RELATIVE HUMIDITY (PERCENT)
 HIGHEST   100          1200 AM
 LOWEST     82           400 PM
 AVERAGE    91

..........................................................




SUNRISE AND SUNSET
JANUARY 21 2018.......SUNRISE   714 AM MST   SUNSET   442 PM MST
JANUARY 22 2018.......SUNRISE   713 AM MST   SUNSET   443 PM MST


-  INDICATES NEGATIVE NUMBERS.
R  INDICATES RECORD WAS SET OR TIED.
MM INDICATES DATA IS MISSING.
T  INDICATES TRACE AMOUNT.




$$
