000
CDUS43 KUNR 301138
CLIPHP


CLIMATE REPORT
NATIONAL WEATHER SERVICE RAPID CITY SD
537 AM MDT THU OCT 30 2014


...................................

...THE PHILIP SD CLIMATE SUMMARY FOR OCTOBER 29 2014...

CLIMATE NORMAL PERIOD 1981 TO 2010
CLIMATE RECORD PERIOD 9999 TO 9999


WEATHER ITEM   OBSERVED TIME   NORMAL DEPARTURE LAST
                VALUE   (LST)  VALUE  FROM      YEAR
                                      NORMAL
......................................................
TEMPERATURE (F)
 YESTERDAY
  MAXIMUM         65    138 PM  57      8       30
  MINIMUM         16    600 AM  29    -13       28
  AVERAGE         41            43     -2       29

PRECIPITATION (IN)
  YESTERDAY        0.00          0.03  -0.03     0.00
  MONTH TO DATE    0.23          1.36  -1.13     3.87
  SINCE SEP 1      2.50          2.85  -0.35     4.45
  SINCE JAN 1     15.93         16.23  -0.30    14.86

DEGREE DAYS
 HEATING
  YESTERDAY       24            22      2       36
  MONTH TO DATE  376           471    -95      466
  SINCE SEP 1    548           632    -84      526
  SINCE JUL 1    567           657    -90      529

 COOLING
  YESTERDAY        0             0      0        0
  MONTH TO DATE    0             0      0        0
  SINCE SEP 1     70            79     -9      182
  SINCE JAN 1    649           814   -165      945
......................................................


WIND (MPH)
  HIGHEST WIND SPEED    13   HIGHEST WIND DIRECTION     W (260)
  HIGHEST GUST SPEED    13   HIGHEST GUST DIRECTION     W (260)
  AVERAGE WIND SPEED     3.3


SKY COVER
  AVERAGE SKY COVER 0.0


WEATHER CONDITIONS
 THE FOLLOWING WEATHER WAS RECORDED YESTERDAY.
  HAZE


RELATIVE HUMIDITY (PERCENT)
 HIGHEST    92           300 AM
 LOWEST     25           200 PM
 AVERAGE    59

..........................................................




SUNRISE AND SUNSET
OCTOBER 30 2014.......SUNRISE   720 AM MDT   SUNSET   539 PM MDT
OCTOBER 31 2014.......SUNRISE   722 AM MDT   SUNSET   538 PM MDT


-  INDICATES NEGATIVE NUMBERS.
R  INDICATES RECORD WAS SET OR TIED.
MM INDICATES DATA IS MISSING.
T  INDICATES TRACE AMOUNT.




$$
