000
CDUS43 KUNR 250831
CLIPHP


CLIMATE REPORT
NATIONAL WEATHER SERVICE RAPID CITY SD
230 AM MDT SAT OCT 25 2014


...................................

...THE PHILIP SD CLIMATE SUMMARY FOR OCTOBER 24 2014...

CLIMATE NORMAL PERIOD 1981 TO 2010
CLIMATE RECORD PERIOD 9999 TO 9999


WEATHER ITEM   OBSERVED TIME   NORMAL DEPARTURE LAST
                VALUE   (LST)  VALUE  FROM      YEAR
                                      NORMAL
......................................................
TEMPERATURE (F)
 YESTERDAY
  MAXIMUM         79    127 PM  59     20       51
  MINIMUM         36    638 AM  31      5       24
  AVERAGE         58            45     13       38

PRECIPITATION (IN)
  YESTERDAY        0.00          0.04  -0.04     0.00
  MONTH TO DATE    0.22          1.18  -0.96     3.59
  SINCE SEP 1      2.49          2.67  -0.18     4.17
  SINCE JAN 1     15.92         16.05  -0.13    14.58

DEGREE DAYS
 HEATING
  YESTERDAY        7            20    -13       27
  MONTH TO DATE  286           363    -77      342
  SINCE SEP 1    458           524    -66      402
  SINCE JUL 1    477           549    -72      405

 COOLING
  YESTERDAY        0             0      0        0
  MONTH TO DATE    0             0      0        0
  SINCE SEP 1     70            79     -9      182
  SINCE JAN 1    649           814   -165      945
......................................................


WIND (MPH)
  HIGHEST WIND SPEED    14   HIGHEST WIND DIRECTION     N (360)
  HIGHEST GUST SPEED    19   HIGHEST GUST DIRECTION     N (20)
  AVERAGE WIND SPEED     6.1


SKY COVER
  AVERAGE SKY COVER 0.0


WEATHER CONDITIONS
 THE FOLLOWING WEATHER WAS RECORDED YESTERDAY.
  NO SIGNIFICANT WEATHER WAS OBSERVED.


RELATIVE HUMIDITY (PERCENT)
 HIGHEST    82           600 AM
 LOWEST     19           200 PM
 AVERAGE    51

..........................................................




SUNRISE AND SUNSET
OCTOBER 25 2014.......SUNRISE   714 AM MDT   SUNSET   546 PM MDT
OCTOBER 26 2014.......SUNRISE   715 AM MDT   SUNSET   545 PM MDT


-  INDICATES NEGATIVE NUMBERS.
R  INDICATES RECORD WAS SET OR TIED.
MM INDICATES DATA IS MISSING.
T  INDICATES TRACE AMOUNT.




$$
