000
CDUS45 KPSR 230815
CLIPHX

CLIMATE REPORT
NATIONAL WEATHER SERVICE PHOENIX AZ
114 AM MST FRI JUN 23 2017


...................................

...THE PHOENIX AZ CLIMATE SUMMARY FOR JUNE 22 2017...

CLIMATE NORMAL PERIOD 1981 TO 2010
CLIMATE RECORD PERIOD 1895 TO 2017


WEATHER ITEM   OBSERVED TIME   RECORD YEAR NORMAL DEPARTURE LAST
                VALUE   (LST)  VALUE       VALUE  FROM      YEAR
                                                  NORMAL
..................................................................
TEMPERATURE (F)
 YESTERDAY
  MAXIMUM        113    411 PM 116    1988 106      7      112
  MINIMUM         91    639 AM  56    1965  80     11       88
  AVERAGE        102                        93      9      100

PRECIPITATION (IN)
  YESTERDAY        0.00          1.37 1972   0.00   0.00     0.00
  MONTH TO DATE    0.00                      0.01  -0.01      T
  SINCE OCT 1      4.24                      5.33  -1.09     3.04
  SINCE JAN 1      2.41                      3.22  -0.81     1.87

SNOWFALL (IN)
  YESTERDAY        0.0
  MONTH TO DATE    0.0
  SINCE JAN 1      0.0
  SINCE JUL 1      0.0
  SNOW DEPTH       0

DEGREE DAYS
 HEATING
  YESTERDAY        0                         0      0        0
  MONTH TO DATE    0                         0      0        0
  SINCE JUN 1      0                         0      0        0
  SINCE JUL 1    693                       935   -242      829

 COOLING
  YESTERDAY       37                        28      9       35
  MONTH TO DATE  624                       546     78      641
  SINCE JUN 1    624                       546     78      641
  SINCE JAN 1   1698                      1432    266     1648
..................................................................


WIND (MPH)
  HIGHEST WIND SPEED    22   HIGHEST WIND DIRECTION     W (270)
  HIGHEST GUST SPEED    27   HIGHEST GUST DIRECTION     W (270)
  AVERAGE WIND SPEED     8.9


SKY COVER
  AVERAGE SKY COVER 0.1


WEATHER CONDITIONS
 THE FOLLOWING WEATHER WAS RECORDED YESTERDAY.
  NO SIGNIFICANT WEATHER WAS OBSERVED.


RELATIVE HUMIDITY (PERCENT)
 HIGHEST    28          1100 PM
 LOWEST     11           300 PM
 AVERAGE    20

..........................................................


THE PHOENIX AZ CLIMATE NORMALS FOR TODAY
                         NORMAL    RECORD    YEAR
 MAXIMUM TEMPERATURE (F)  106       116      1974
 MINIMUM TEMPERATURE (F)   80        61      1923


SUNRISE AND SUNSET
JUNE 23 2017..........SUNRISE   519 AM MST   SUNSET   741 PM MST
JUNE 24 2017..........SUNRISE   520 AM MST   SUNSET   742 PM MST


-  INDICATES NEGATIVE NUMBERS.
R  INDICATES RECORD WAS SET OR TIED.
MM INDICATES DATA IS MISSING.
T  INDICATES TRACE AMOUNT.

&&
.....................................................................

DEW POINT
  HIGHEST DEW POINT    59
   LOWEST DEW POINT    43
  AVERAGE DEW POINT    50
.....................................................................

$$
