000
CDUS45 KPSR 300803
CLIPHX

CLIMATE REPORT
NATIONAL WEATHER SERVICE PHOENIX AZ
102 AM MST WED JUL 30 2014

...................................

...THE PHOENIX AZ CLIMATE SUMMARY FOR JULY 29 2014...

CLIMATE NORMAL PERIOD 1981 TO 2010
CLIMATE RECORD PERIOD 1895 TO 2014


WEATHER ITEM   OBSERVED TIME   RECORD YEAR NORMAL DEPARTURE LAST
                VALUE   (LST)  VALUE       VALUE  FROM      YEAR
                                                  NORMAL
..................................................................
TEMPERATURE (F)
 YESTERDAY
  MAXIMUM        110    159 PM 115    1995 105      5      107
  MINIMUM         92    635 AM  68    1913  84      8       85
  AVERAGE        101                        94      7       96

PRECIPITATION (IN)
  YESTERDAY        0.00          2.05 1917   0.04  -0.04     0.00
  MONTH TO DATE    0.06                      0.97  -0.91     1.77
  SINCE OCT 1      3.87                      6.31  -2.44     5.30
  SINCE JAN 1      1.05                      4.20  -3.15     4.38

SNOWFALL (IN)
  YESTERDAY        0.0
  MONTH TO DATE    0.0
  SINCE JAN 1      0.0
  SINCE JUL 1      0.0
  SNOW DEPTH       0

DEGREE DAYS
 HEATING
  YESTERDAY        0                         0      0        0
  MONTH TO DATE    0                         0      0        0
  SINCE JUN 1      0                         0      0        0
  SINCE JUL 1      0                         0      0        0

 COOLING
  YESTERDAY       36                        30      6       31
  MONTH TO DATE  914                       867     47      892
  SINCE JUN 1   1769                      1641    128     1794
  SINCE JAN 1   2844                      2527    317     2892
..................................................................


WIND (MPH)
  HIGHEST WIND SPEED    20   HIGHEST WIND DIRECTION     W (270)
  HIGHEST GUST SPEED    24   HIGHEST GUST DIRECTION     W (270)
  AVERAGE WIND SPEED     7.9


SKY COVER
  AVERAGE SKY COVER 0.4


WEATHER CONDITIONS
 THE FOLLOWING WEATHER WAS RECORDED YESTERDAY.
  NO SIGNIFICANT WEATHER WAS OBSERVED.


RELATIVE HUMIDITY (PERCENT)
 HIGHEST    32           600 AM
 LOWEST     16           800 PM
 AVERAGE    24

..........................................................


THE PHOENIX AZ CLIMATE NORMALS FOR TODAY
                         NORMAL    RECORD    YEAR
 MAXIMUM TEMPERATURE (F)  105       115      1934
 MINIMUM TEMPERATURE (F)   84        66      1913


SUNRISE AND SUNSET
JULY 30 2014..........SUNRISE   539 AM MST   SUNSET   729 PM MST
JULY 31 2014..........SUNRISE   540 AM MST   SUNSET   728 PM MST


-  INDICATES NEGATIVE NUMBERS.
R  INDICATES RECORD WAS SET OR TIED.
MM INDICATES DATA IS MISSING.
T  INDICATES TRACE AMOUNT.

&&
.....................................................................

DEW POINT
  HIGHEST DEW POINT    59
   LOWEST DEW POINT    50
  AVERAGE DEW POINT    56
.....................................................................

$$
