000
CDUS45 KPSR 250822
CLIPHX

CDUS45 KPSR DDHHMM
CLIPHX

CLIMATE REPORT
NATIONAL WEATHER SERVICE PHOENIX AZ
122 AM MST WED MAY 25 2016


...................................

...THE PHOENIX AZ CLIMATE SUMMARY FOR MAY 24 2016...

CLIMATE NORMAL PERIOD 1981 TO 2010
CLIMATE RECORD PERIOD 1895 TO 2016


WEATHER ITEM   OBSERVED TIME   RECORD YEAR NORMAL DEPARTURE LAST
                VALUE   (LST)  VALUE       VALUE  FROM      YEAR
                                                  NORMAL
..................................................................
TEMPERATURE (F)
 YESTERDAY
  MAXIMUM         90    421 PM 109    2001  97     -7       85
                                      1983
  MINIMUM         68    637 AM  52    1909  72     -4       66
  AVERAGE         79                        84     -5       76

PRECIPITATION (IN)
  YESTERDAY        0.00          0.34 1994   0.00   0.00     0.00
  MONTH TO DATE    0.05                      0.09  -0.04     1.17
  SINCE OCT 1      3.04                      5.30  -2.26     3.54
  SINCE JAN 1      1.87                      3.19  -1.32     2.50

SNOWFALL (IN)
  YESTERDAY        0.0
  MONTH TO DATE    0.0
  SINCE JAN 1      0.0
  SINCE JUL 1      0.0
  SNOW DEPTH       0

DEGREE DAYS
 HEATING
  YESTERDAY        0                         0      0        0
  MONTH TO DATE    0                         0      0        0
  SINCE MAR 1     16                       101    -85       25
  SINCE JUL 1    829                       934   -105      520

 COOLING
  YESTERDAY       14                        20     -6       11
  MONTH TO DATE  355                       387    -32      285
  SINCE MAR 1    780                       725     55      827
  SINCE JAN 1    893                       742    151      875
..................................................................


WIND (MPH)
  HIGHEST WIND SPEED    22   HIGHEST WIND DIRECTION     W (280)
  HIGHEST GUST SPEED    28   HIGHEST GUST DIRECTION     W (280)
  AVERAGE WIND SPEED     7.5


SKY COVER
  AVERAGE SKY COVER 0.0


WEATHER CONDITIONS
 THE FOLLOWING WEATHER WAS RECORDED YESTERDAY.
  NO SIGNIFICANT WEATHER WAS OBSERVED.


RELATIVE HUMIDITY (PERCENT)
 HIGHEST    28           700 AM
 LOWEST     10           400 PM
 AVERAGE    19

..........................................................


THE PHOENIX AZ CLIMATE NORMALS FOR TODAY
                         NORMAL    RECORD    YEAR
 MAXIMUM TEMPERATURE (F)   98       108      2001
 MINIMUM TEMPERATURE (F)   72        48      1965


SUNRISE AND SUNSET
MAY 25 2016...........SUNRISE   522 AM MST   SUNSET   729 PM MST
MAY 26 2016...........SUNRISE   521 AM MST   SUNSET   729 PM MST


-  INDICATES NEGATIVE NUMBERS.
R  INDICATES RECORD WAS SET OR TIED.
MM INDICATES DATA IS MISSING.
T  INDICATES TRACE AMOUNT.

&&
.....................................................................

DEW POINT
  HIGHEST DEW POINT    35
   LOWEST DEW POINT    23
  AVERAGE DEW POINT    30
.....................................................................

$$
