000
CDUS45 KPSR 010013
CLIPHX

CLIMATE REPORT
NATIONAL WEATHER SERVICE PHOENIX AZ
513 PM MST TUE JUN 30 2015


...................................

...THE PHOENIX AZ CLIMATE SUMMARY FOR JUNE 30 2015...
VALID TODAY AS OF 0500 PM LOCAL TIME.

CLIMATE NORMAL PERIOD 1981 TO 2010
CLIMATE RECORD PERIOD 1895 TO 2015


WEATHER ITEM   OBSERVED TIME   RECORD YEAR NORMAL DEPARTURE LAST
                VALUE   (LST)  VALUE       VALUE  FROM      YEAR
                                                  NORMAL
..................................................................
TEMPERATURE (F)
 TODAY
  MAXIMUM        107    354 PM 115    2013 107      0      109
                                      1979
  MINIMUM         85    505 AM  64    1913  82      3       87
  AVERAGE         96                        94      2       98

PRECIPITATION (IN)
  TODAY            0.00          0.21 1966   0.00   0.00     0.00
  MONTH TO DATE    0.25                      0.02   0.23     0.00
  SINCE OCT 1      3.79                      5.34  -1.55     3.81
  SINCE JAN 1      2.75                      3.23  -0.48     0.99

SNOWFALL (IN)
  TODAY            0.0
  MONTH TO DATE    0.0
  SINCE JAN 1      0.0
  SINCE JUL 1      0.0
  SNOW DEPTH       0

DEGREE DAYS
 HEATING
  TODAY            0                         0      0        0
  MONTH TO DATE    0                         0      0        0
  SINCE JUN 1      0                         0      0        0
  SINCE JUL 1    520                       935   -415      546

 COOLING
  TODAY           31                        29      2       33
  MONTH TO DATE  876                       774    102      855
  SINCE JUN 1    876                       774    102      855
  SINCE JAN 1   1901                      1660    241     1930
..................................................................


WIND (MPH)
  HIGHEST WIND SPEED    21   HIGHEST WIND DIRECTION     W (270)
  HIGHEST GUST SPEED    26   HIGHEST GUST DIRECTION     W (290)
  AVERAGE WIND SPEED     9.4


SKY COVER
  AVERAGE SKY COVER 0.5


WEATHER CONDITIONS
 THE FOLLOWING WEATHER WAS RECORDED TODAY.
  NO SIGNIFICANT WEATHER WAS OBSERVED.


RELATIVE HUMIDITY (PERCENT)
 HIGHEST    63           200 AM
 LOWEST     22           400 PM
 AVERAGE    43

..........................................................


THE PHOENIX AZ CLIMATE NORMALS FOR TOMORROW
                         NORMAL    RECORD    YEAR
 MAXIMUM TEMPERATURE (F)  107       115      1990
 MINIMUM TEMPERATURE (F)   82        65      1927
                                             1920
                                             1916


SUNRISE AND SUNSET
JUNE 30 2015..........SUNRISE   521 AM MST   SUNSET   742 PM MST
JULY  1 2015..........SUNRISE   522 AM MST   SUNSET   742 PM MST


-  INDICATES NEGATIVE NUMBERS.
R  INDICATES RECORD WAS SET OR TIED.
MM INDICATES DATA IS MISSING.
T  INDICATES TRACE AMOUNT.

$$
