000
CDUS45 KPSR 180816
CLIPHX

CLIMATE REPORT
NATIONAL WEATHER SERVICE PHOENIX AZ
115 AM MST SAT NOV 18 2017


...................................

...THE PHOENIX AZ CLIMATE SUMMARY FOR NOVEMBER 17 2017...

CLIMATE NORMAL PERIOD 1981 TO 2010
CLIMATE RECORD PERIOD 1895 TO 2017


WEATHER ITEM   OBSERVED TIME   RECORD YEAR NORMAL DEPARTURE LAST
                VALUE   (LST)  VALUE       VALUE  FROM      YEAR
                                                  NORMAL
..................................................................
TEMPERATURE (F)
 YESTERDAY
  MAXIMUM         80    312 PM  87    2008  75      5       72
  MINIMUM         62    403 AM  32    1964  52     10       56
                                      1916
  AVERAGE         71                        63      8       64

PRECIPITATION (IN)
  YESTERDAY        0.00          0.78 1982   0.01  -0.01     0.00
  MONTH TO DATE    T                         0.32  -0.32     0.35
  SINCE OCT 1      T                         0.90  -0.90     0.55
  SINCE JAN 1      4.73                      6.82  -2.09     4.91

SNOWFALL (IN)
  YESTERDAY        0.0
  MONTH TO DATE    0.0
  SINCE JAN 1      0.0
  SINCE JUL 1      0.0
  SNOW DEPTH       0

DEGREE DAYS
 HEATING
  YESTERDAY        0                         3     -3        1
  MONTH TO DATE    0                        30    -30        1
  SINCE SEP 1      0                        36    -36        1
  SINCE JUL 1      0                        36    -36        1

 COOLING
  YESTERDAY        6                         2      4        0
  MONTH TO DATE  135                        61     74      127
  SINCE SEP 1   1319                      1128    191     1284
  SINCE JAN 1   5136                      4597    539     5036
..................................................................


WIND (MPH)
  HIGHEST WIND SPEED    13   HIGHEST WIND DIRECTION     E (100)
  HIGHEST GUST SPEED    17   HIGHEST GUST DIRECTION     N (360)
  AVERAGE WIND SPEED     5.8


SKY COVER
  AVERAGE SKY COVER 0.7


WEATHER CONDITIONS
 THE FOLLOWING WEATHER WAS RECORDED YESTERDAY.
  NO SIGNIFICANT WEATHER WAS OBSERVED.


RELATIVE HUMIDITY (PERCENT)
 HIGHEST    40          1100 PM
 LOWEST     19           100 PM
 AVERAGE    30

..........................................................


THE PHOENIX AZ CLIMATE NORMALS FOR TODAY
                         NORMAL    RECORD    YEAR
 MAXIMUM TEMPERATURE (F)   74        88      2008
 MINIMUM TEMPERATURE (F)   52        31      1958


SUNRISE AND SUNSET
NOVEMBER 18 2017......SUNRISE   703 AM MST   SUNSET   524 PM MST
NOVEMBER 19 2017......SUNRISE   703 AM MST   SUNSET   523 PM MST


-  INDICATES NEGATIVE NUMBERS.
R  INDICATES RECORD WAS SET OR TIED.
MM INDICATES DATA IS MISSING.
T  INDICATES TRACE AMOUNT.

&&
.....................................................................

DEW POINT
  HIGHEST DEW POINT    44
   LOWEST DEW POINT    30
  AVERAGE DEW POINT    36
.....................................................................

$$
