000
CDUS45 KPSR 280818
CLIPHX

CLIMATE REPORT
NATIONAL WEATHER SERVICE PHOENIX AZ
117 AM MST FRI APR 28 2017


...................................

...THE PHOENIX AZ CLIMATE SUMMARY FOR APRIL 27 2017...

CLIMATE NORMAL PERIOD 1981 TO 2010
CLIMATE RECORD PERIOD 1895 TO 2017


WEATHER ITEM   OBSERVED TIME   RECORD YEAR NORMAL DEPARTURE LAST
                VALUE   (LST)  VALUE       VALUE  FROM      YEAR
                                                  NORMAL
..................................................................
TEMPERATURE (F)
 YESTERDAY
  MAXIMUM         90    317 PM 104    1992  89      1       83
  MINIMUM         68    628 AM  45    1975  64      4       60
                                      1971
                                      1969
  AVERAGE         79                        76      3       72

PRECIPITATION (IN)
  YESTERDAY        0.00          0.34 1952   0.01  -0.01     0.00
  MONTH TO DATE    T                         0.27  -0.27     0.51
  SINCE OCT 1      4.23                      5.20  -0.97     2.99
  SINCE JAN 1      2.40                      3.09  -0.69     1.82

SNOWFALL (IN)
  YESTERDAY        0.0
  MONTH TO DATE    0.0
  SINCE JAN 1      0.0
  SINCE JUL 1      0.0
  SNOW DEPTH       0

DEGREE DAYS
 HEATING
  YESTERDAY        0                         0      0        0
  MONTH TO DATE    2                        17    -15        0
  SINCE MAR 1     25                        98    -73       16
  SINCE JUL 1    693                       931   -238      829

 COOLING
  YESTERDAY       14                        11      3        7
  MONTH TO DATE  294                       215     79      240
  SINCE MAR 1    499                       302    197      405
  SINCE JAN 1    519                       319    200      518
..................................................................


WIND (MPH)
  HIGHEST WIND SPEED    21   HIGHEST WIND DIRECTION     W (260)
  HIGHEST GUST SPEED    25   HIGHEST GUST DIRECTION     W (260)
  AVERAGE WIND SPEED     8.7


SKY COVER
  AVERAGE SKY COVER 0.6


WEATHER CONDITIONS
 THE FOLLOWING WEATHER WAS RECORDED YESTERDAY.
  NO SIGNIFICANT WEATHER WAS OBSERVED.


RELATIVE HUMIDITY (PERCENT)
 HIGHEST    31           600 AM
 LOWEST     17          1000 AM
 AVERAGE    24

..........................................................


THE PHOENIX AZ CLIMATE NORMALS FOR TODAY
                         NORMAL    RECORD    YEAR
 MAXIMUM TEMPERATURE (F)   89       104      1992
 MINIMUM TEMPERATURE (F)   64        45      1896


SUNRISE AND SUNSET
APRIL 28 2017.........SUNRISE   543 AM MST   SUNSET   709 PM MST
APRIL 29 2017.........SUNRISE   542 AM MST   SUNSET   710 PM MST


-  INDICATES NEGATIVE NUMBERS.
R  INDICATES RECORD WAS SET OR TIED.
MM INDICATES DATA IS MISSING.
T  INDICATES TRACE AMOUNT.

&&
.....................................................................

DEW POINT
  HIGHEST DEW POINT    39
   LOWEST DEW POINT    31
  AVERAGE DEW POINT    36
.....................................................................

$$
