000
CDUS45 KPSR 010821
CLIPHX

CDUS45 KPSR DDHHMM
CLIPHX

CLIMATE REPORT
NATIONAL WEATHER SERVICE PHOENIX AZ
119 AM MST TUE SEP 1 2015


...................................

...THE PHOENIX AZ CLIMATE SUMMARY FOR AUGUST 31 2015...

CLIMATE NORMAL PERIOD 1981 TO 2010
CLIMATE RECORD PERIOD 1895 TO 2015


WEATHER ITEM   OBSERVED TIME   RECORD YEAR NORMAL DEPARTURE LAST
                VALUE   (LST)  VALUE       VALUE  FROM      YEAR
                                                  NORMAL
..................................................................
TEMPERATURE (F)
 YESTERDAY
  MAXIMUM        106    402 PM 113    1950 104      2      109
  MINIMUM         77    759 PM  62    1962  81     -4       83
  AVERAGE         92                        92      0       96

PRECIPITATION (IN)
  YESTERDAY        0.37          0.61 1919   0.02   0.35     0.00
  MONTH TO DATE    1.29                      1.00   0.29     1.17
  SINCE OCT 1      6.21                      7.39  -1.18     5.04
  SINCE JAN 1      5.17                      5.28  -0.11     2.22

SNOWFALL (IN)
  YESTERDAY        0.0
  MONTH TO DATE    0.0
  SINCE JAN 1      0.0
  SINCE JUL 1      0.0
  SNOW DEPTH       0

DEGREE DAYS
 HEATING
  YESTERDAY        0                         0      0        0
  MONTH TO DATE    0                         0      0        0
  SINCE JUN 1      0                         0      0        0
  SINCE JUL 1      0                         0      0        0

 COOLING
  YESTERDAY       27                        27      0       31
  MONTH TO DATE  989                       885    104      831
  SINCE JUN 1   2791                      2583    208     2670
  SINCE JAN 1   3816                      3469    347     3745
..................................................................


WIND (MPH)
  HIGHEST WIND SPEED    51   HIGHEST WIND DIRECTION    NW (320)
  HIGHEST GUST SPEED    61   HIGHEST GUST DIRECTION    NW (310)
  AVERAGE WIND SPEED     9.0


SKY COVER
  AVERAGE SKY COVER 0.5


WEATHER CONDITIONS
 THE FOLLOWING WEATHER WAS RECORDED YESTERDAY.
  THUNDERSTORM
  HEAVY RAIN
  RAIN
  LIGHT RAIN


RELATIVE HUMIDITY (PERCENT)
 HIGHEST    65           900 PM
 LOWEST     19           300 PM
 AVERAGE    42

..........................................................


THE PHOENIX AZ CLIMATE NORMALS FOR TODAY
                         NORMAL    RECORD    YEAR
 MAXIMUM TEMPERATURE (F)  104       116      1950
 MINIMUM TEMPERATURE (F)   81        63      1962


SUNRISE AND SUNSET
SEPTEMBER  1 2015.....SUNRISE   602 AM MST   SUNSET   654 PM MST
SEPTEMBER  2 2015.....SUNRISE   603 AM MST   SUNSET   652 PM MST


-  INDICATES NEGATIVE NUMBERS.
R  INDICATES RECORD WAS SET OR TIED.
MM INDICATES DATA IS MISSING.
T  INDICATES TRACE AMOUNT.

&&
.....................................................................

DEW POINT
HIGHEST DEW POINT    70
LOWEST DEW POINT     56
AVERAGE DEW POINT    63
.....................................................................

$$
