000
CDUS43 KILX 180642
CLIPIA


CLIMATE REPORT
NATIONAL WEATHER SERVICE LINCOLN IL
1242 AM CST THU DEC 18 2014


...................................

...THE PEORIA IL CLIMATE SUMMARY FOR DECEMBER 17 2014...

CLIMATE NORMAL PERIOD 1981 TO 2010
CLIMATE RECORD PERIOD 1883 TO 2014


WEATHER ITEM   OBSERVED TIME   RECORD YEAR NORMAL DEPARTURE LAST
                VALUE   (LST)  VALUE       VALUE  FROM      YEAR
                                                  NORMAL
..................................................................
TEMPERATURE (F)
 YESTERDAY
  MAXIMUM         30    306 PM  59    1895  35     -5       36
  MINIMUM         21   1159 PM  -8    1945  20      1       20
  AVERAGE         26                        28     -2       28

PRECIPITATION (IN)
  YESTERDAY        T             0.49 1967   0.08  -0.08      T
  MONTH TO DATE    0.55                      1.46  -0.91     0.76
  SINCE DEC 1      0.55                      1.46  -0.91     0.76
  SINCE JAN 1     39.09                     35.53   3.56    42.83

SNOWFALL (IN)
  YESTERDAY        T             3.1  1985   0.2   -0.2      0.2
  MONTH TO DATE    T                         3.6   -3.6      7.7
  SINCE DEC 1      T                         3.6   -3.6      7.7
  SINCE JUL 1      1.3                       4.7   -3.4      8.3
  SNOW DEPTH       0

DEGREE DAYS
 HEATING
  YESTERDAY       39                        37      2       37
  MONTH TO DATE  523                       587    -64      687
  SINCE DEC 1    523                       587    -64      687
  SINCE JUL 1   1764                      1735     29     1869

 COOLING
  YESTERDAY        0                         0      0        0
  MONTH TO DATE    0                         0      0        0
  SINCE DEC 1      0                         0      0        0
  SINCE JAN 1   1156                      1039    117     1174
..................................................................


WIND (MPH)
  HIGHEST WIND SPEED    14   HIGHEST WIND DIRECTION    NW (300)
  HIGHEST GUST SPEED    21   HIGHEST GUST DIRECTION     W (290)
  AVERAGE WIND SPEED     5.9


SKY COVER
  POSSIBLE SUNSHINE  MM
  AVERAGE SKY COVER 0.7


WEATHER CONDITIONS
 THE FOLLOWING WEATHER WAS RECORDED YESTERDAY.
  HAZE


RELATIVE HUMIDITY (PERCENT)
 HIGHEST    84           900 PM
 LOWEST     63           200 PM
 AVERAGE    74

..........................................................


THE PEORIA IL CLIMATE NORMALS FOR TODAY
                         NORMAL    RECORD    YEAR
 MAXIMUM TEMPERATURE (F)   35        62      1939
 MINIMUM TEMPERATURE (F)   20       -12      1985


SUNRISE AND SUNSET
DECEMBER 18 2014......SUNRISE   717 AM CST   SUNSET   433 PM CST
DECEMBER 19 2014......SUNRISE   718 AM CST   SUNSET   434 PM CST


-  INDICATES NEGATIVE NUMBERS.
R  INDICATES RECORD WAS SET OR TIED.
MM INDICATES DATA IS MISSING.
T  INDICATES TRACE AMOUNT.




$$
