000
CDUS43 KILX 170630
CLIPIA


CLIMATE REPORT
NATIONAL WEATHER SERVICE LINCOLN IL
1230 AM CST FRI NOV 17 2017


...................................

...THE PEORIA IL CLIMATE SUMMARY FOR NOVEMBER 16 2017...

CLIMATE NORMAL PERIOD 1981 TO 2010
CLIMATE RECORD PERIOD 1883 TO 2017


WEATHER ITEM   OBSERVED TIME   RECORD YEAR NORMAL DEPARTURE LAST
                VALUE   (LST)  VALUE       VALUE  FROM      YEAR
                                                  NORMAL
..................................................................
TEMPERATURE (F)
 YESTERDAY
  MAXIMUM         37    338 PM  76    1931  50    -13       63
  MINIMUM         27    712 AM   7    1959  33     -6       40
  AVERAGE         32                        42    -10       52

PRECIPITATION (IN)
  YESTERDAY        0.00          1.21 1928   0.11  -0.11     0.00
  MONTH TO DATE    0.52                      1.67  -1.15     1.12
  SINCE SEP 1      6.35                      7.66  -1.31     9.61
  SINCE JAN 1     32.08                     32.61  -0.53    34.62

SNOWFALL (IN)
  YESTERDAY        0.0           0.8  1951   0.0    0.0      0.0
  MONTH TO DATE    0.0                       0.2   -0.2      0.0
  SINCE SEP 1      T                         0.2   -0.2      0.0
  SINCE JUL 1      T                         0.2   -0.2      0.0
  SNOW DEPTH       0

DEGREE DAYS
 HEATING
  YESTERDAY       33                        23     10       13
  MONTH TO DATE  384                       317     67      193
  SINCE SEP 1    667                       757    -90      411
  SINCE JUL 1    667                       763    -96      415

 COOLING
  YESTERDAY        0                         0      0        0
  MONTH TO DATE    0                         0      0        5
  SINCE SEP 1    231                       132     99      266
  SINCE JAN 1   1157                      1039    118     1423
..................................................................


WIND (MPH)
  HIGHEST WIND SPEED    15   HIGHEST WIND DIRECTION    SE (140)
  HIGHEST GUST SPEED    27   HIGHEST GUST DIRECTION    NW (310)
  AVERAGE WIND SPEED     6.7


SKY COVER
  POSSIBLE SUNSHINE  MM
  AVERAGE SKY COVER 0.6


WEATHER CONDITIONS
 THE FOLLOWING WEATHER WAS RECORDED YESTERDAY.
  NO SIGNIFICANT WEATHER WAS OBSERVED.


RELATIVE HUMIDITY (PERCENT)
 HIGHEST    89          1100 PM
 LOWEST     69          1200 AM
 AVERAGE    79

..........................................................


THE PEORIA IL CLIMATE NORMALS FOR TODAY
                         NORMAL    RECORD    YEAR
 MAXIMUM TEMPERATURE (F)   50        75      2016
                                             1952
                                             1941
 MINIMUM TEMPERATURE (F)   32         3      1959


SUNRISE AND SUNSET
NOVEMBER 17 2017......SUNRISE   648 AM CST   SUNSET   439 PM CST
NOVEMBER 18 2017......SUNRISE   649 AM CST   SUNSET   438 PM CST


-  INDICATES NEGATIVE NUMBERS.
R  INDICATES RECORD WAS SET OR TIED.
MM INDICATES DATA IS MISSING.
T  INDICATES TRACE AMOUNT.




$$
