000
CDUS43 KILX 272134
CLIPIA


CLIMATE REPORT
NATIONAL WEATHER SERVICE LINCOLN IL
434 PM CDT WED AUG 27 2014


...................................

...THE PEORIA IL CLIMATE SUMMARY FOR AUGUST 27 2014...
VALID TODAY AS OF 0400 PM LOCAL TIME.

CLIMATE NORMAL PERIOD 1981 TO 2010
CLIMATE RECORD PERIOD 1883 TO 2014


WEATHER ITEM   OBSERVED TIME   RECORD YEAR NORMAL DEPARTURE LAST
                VALUE   (LST)  VALUE       VALUE  FROM      YEAR
                                                  NORMAL
..................................................................
TEMPERATURE (F)
 TODAY
  MAXIMUM         86   1148 AM  98    1899  83      3       96
  MINIMUM         73    630 AM  43    1910  62     11       72
  AVERAGE         80                        73      7       84

PRECIPITATION (IN)
  TODAY            0.00          1.90 1903   0.10  -0.10     0.00
  MONTH TO DATE    5.82                      2.81   3.01     0.33
  SINCE JUN 1     16.98                     10.19   6.79     4.31
  SINCE JAN 1     28.96                     24.52   4.44    31.83

SNOWFALL (IN)
  TODAY            0.0           0.0    MM   0.0    0.0      0.0
  MONTH TO DATE    0.0                       0.0    0.0      0.0
  SINCE JUN 1      0.0                       0.0    0.0      0.0
  SINCE JUL 1      0.0                       0.0    0.0      0.0
  SNOW DEPTH       0

DEGREE DAYS
 HEATING
  TODAY            0                         0      0        0
  MONTH TO DATE    0                         0      0        1
  SINCE JUN 1      2                        19    -17       23
  SINCE JUL 1      2                         1      1        5

 COOLING
  TODAY           15                         8      7       19
  MONTH TO DATE  288                       247     41      238
  SINCE JUN 1    812                       797     15      761
  SINCE JAN 1    970                       878     92      868
..................................................................


WIND (MPH)
  HIGHEST WIND SPEED    12   HIGHEST WIND DIRECTION    NE (40)
  HIGHEST GUST SPEED    15   HIGHEST GUST DIRECTION     E (80)
  AVERAGE WIND SPEED     6.0


SKY COVER
  POSSIBLE SUNSHINE  MM
  AVERAGE SKY COVER 0.3


WEATHER CONDITIONS
 THE FOLLOWING WEATHER WAS RECORDED TODAY.
  NO SIGNIFICANT WEATHER WAS OBSERVED.


RELATIVE HUMIDITY (PERCENT)
 HIGHEST    82          1200 AM
 LOWEST     58           100 PM
 AVERAGE    70

..........................................................


THE PEORIA IL CLIMATE NORMALS FOR TOMORROW
                         NORMAL    RECORD    YEAR
 MAXIMUM TEMPERATURE (F)   83        96      2013
                                             1899
                                             1897
 MINIMUM TEMPERATURE (F)   62        41      1986


SUNRISE AND SUNSET
AUGUST 27 2014........SUNRISE   621 AM CDT   SUNSET   739 PM CDT
AUGUST 28 2014........SUNRISE   622 AM CDT   SUNSET   737 PM CDT


-  INDICATES NEGATIVE NUMBERS.
R  INDICATES RECORD WAS SET OR TIED.
MM INDICATES DATA IS MISSING.
T  INDICATES TRACE AMOUNT.




$$
