354
CDUS43 KILX 162243
CLIPIA


CLIMATE REPORT
NATIONAL WEATHER SERVICE LINCOLN IL
432 PM CST TUE JAN 16 2018


...................................

...THE PEORIA IL CLIMATE SUMMARY FOR JANUARY 16 2018...
VALID TODAY AS OF 0400 PM LOCAL TIME.

CLIMATE NORMAL PERIOD 1981 TO 2010
CLIMATE RECORD PERIOD 1883 TO 2018


WEATHER ITEM   OBSERVED TIME   RECORD YEAR NORMAL DEPARTURE LAST
                VALUE   (LST)  VALUE       VALUE  FROM      YEAR
                                                  NORMAL
..................................................................
TEMPERATURE (F)
 TODAY
  MAXIMUM         13    327 PM  62    1990  33    -20       49
  MINIMUM         -3    404 AM -21    2009  17    -20       33
  AVERAGE          5                        25    -20       41

PRECIPITATION (IN)
  TODAY            0.01          0.83 2017   0.06  -0.05     0.83
  MONTH TO DATE    0.56                      0.99  -0.43     1.41
  SINCE DEC 1      1.36                      3.41  -2.05     2.63
  SINCE JAN 1      0.56                      0.99  -0.43     1.41

SNOWFALL (IN)
  TODAY            0.3           7.0  1936   0.2    0.1      0.0
  MONTH TO DATE    3.4                       3.6   -0.2      0.4
  SINCE DEC 1     10.8                      10.7    0.1      5.9
  SINCE JUL 1     10.8                      11.8   -1.0      5.9
  SNOW DEPTH       2

DEGREE DAYS
 HEATING
  TODAY           60                        40     20       24
  MONTH TO DATE  813                       640    173      638
  SINCE DEC 1   1940                      1770    170     1766
  SINCE JUL 1   2927                      2918      9     2504

 COOLING
  TODAY            0                         0      0        0
  MONTH TO DATE    0                         0      0        0
  SINCE DEC 1      0                         0      0        0
  SINCE JAN 1      0                         0      0        0
..................................................................


WIND (MPH)
  HIGHEST WIND SPEED    16   HIGHEST WIND DIRECTION    NW (300)
  HIGHEST GUST SPEED    23   HIGHEST GUST DIRECTION    NW (300)
  AVERAGE WIND SPEED    10.4


SKY COVER
  POSSIBLE SUNSHINE  MM
  AVERAGE SKY COVER 0.7


WEATHER CONDITIONS
 THE FOLLOWING WEATHER WAS RECORDED TODAY.
  LIGHT SNOW
  HAZE


RELATIVE HUMIDITY (PERCENT)
 HIGHEST    79           100 AM
 LOWEST     70           400 PM
 AVERAGE    75

..........................................................


THE PEORIA IL CLIMATE NORMALS FOR TOMORROW
                         NORMAL    RECORD    YEAR
 MAXIMUM TEMPERATURE (F)   33        67      1894
 MINIMUM TEMPERATURE (F)   17       -25      1977


SUNRISE AND SUNSET
JANUARY 16 2018.......SUNRISE   720 AM CST   SUNSET   457 PM CST
JANUARY 17 2018.......SUNRISE   720 AM CST   SUNSET   459 PM CST


-  INDICATES NEGATIVE NUMBERS.
R  INDICATES RECORD WAS SET OR TIED.
MM INDICATES DATA IS MISSING.
T  INDICATES TRACE AMOUNT.




$$
