000
CDUS43 KILX 222237
CLIPIA


CLIMATE REPORT
NATIONAL WEATHER SERVICE LINCOLN IL
437 PM CST MON DEC 22 2014


...................................

...THE PEORIA IL CLIMATE SUMMARY FOR DECEMBER 22 2014...
VALID TODAY AS OF 0400 PM LOCAL TIME.

CLIMATE NORMAL PERIOD 1981 TO 2010
CLIMATE RECORD PERIOD 1883 TO 2014


WEATHER ITEM   OBSERVED TIME   RECORD YEAR NORMAL DEPARTURE LAST
                VALUE   (LST)  VALUE       VALUE  FROM      YEAR
                                                  NORMAL
..................................................................
TEMPERATURE (F)
 TODAY
  MAXIMUM         44    359 PM  58    1933  34     10       33
  MINIMUM         36    512 AM -23    1989  19     17       18
  AVERAGE         40                        27     13       26

PRECIPITATION (IN)
  TODAY            0.36          1.10 1932   0.07   0.29     0.19
  MONTH TO DATE    0.91                      1.81  -0.90     1.47
  SINCE DEC 1      0.91                      1.81  -0.90     1.47
  SINCE JAN 1     39.45                     35.88   3.57    43.54

SNOWFALL (IN)
  TODAY            0.0           3.7  1953   0.3   -0.3      0.2
  MONTH TO DATE    T                         4.9   -4.9      7.9
  SINCE DEC 1      T                         4.9   -4.9      7.9
  SINCE JUL 1      1.3                       6.0   -4.7      8.5
  SNOW DEPTH       0

DEGREE DAYS
 HEATING
  TODAY           25                        38    -13       39
  MONTH TO DATE  687                       777    -90      853
  SINCE DEC 1    687                       777    -90      853
  SINCE JUL 1   1928                      1925      3     2035

 COOLING
  TODAY            0                         0      0        0
  MONTH TO DATE    0                         0      0        0
  SINCE DEC 1      0                         0      0        0
  SINCE JAN 1   1156                      1039    117     1174
..................................................................


WIND (MPH)
  HIGHEST WIND SPEED    16   HIGHEST WIND DIRECTION     E (110)
  HIGHEST GUST SPEED    21   HIGHEST GUST DIRECTION    SE (150)
  AVERAGE WIND SPEED     9.9


SKY COVER
  POSSIBLE SUNSHINE  MM
  AVERAGE SKY COVER 1.0


WEATHER CONDITIONS
 THE FOLLOWING WEATHER WAS RECORDED TODAY.
  RAIN
  LIGHT RAIN
  FOG
  HAZE


RELATIVE HUMIDITY (PERCENT)
 HIGHEST    92          1100 AM
 LOWEST     76          1200 AM
 AVERAGE    84

..........................................................


THE PEORIA IL CLIMATE NORMALS FOR TOMORROW
                         NORMAL    RECORD    YEAR
 MAXIMUM TEMPERATURE (F)   34        65      1933
 MINIMUM TEMPERATURE (F)   19       -22      1989


SUNRISE AND SUNSET
DECEMBER 22 2014......SUNRISE   720 AM CST   SUNSET   435 PM CST
DECEMBER 23 2014......SUNRISE   720 AM CST   SUNSET   436 PM CST


-  INDICATES NEGATIVE NUMBERS.
R  INDICATES RECORD WAS SET OR TIED.
MM INDICATES DATA IS MISSING.
T  INDICATES TRACE AMOUNT.




$$
