000
CDUS43 KILX 050647
CLIPIA


CLIMATE REPORT
NATIONAL WEATHER SERVICE LINCOLN IL
1246 AM CST MON DEC 5 2016


...................................

...THE PEORIA IL CLIMATE SUMMARY FOR DECEMBER 4 2016...

CLIMATE NORMAL PERIOD 1981 TO 2010
CLIMATE RECORD PERIOD 1883 TO 2016


WEATHER ITEM   OBSERVED TIME   RECORD YEAR NORMAL DEPARTURE LAST
                VALUE   (LST)  VALUE       VALUE  FROM      YEAR
                                                  NORMAL
..................................................................
TEMPERATURE (F)
 YESTERDAY
  MAXIMUM         34   1159 PM  69    1998  40     -6       49
  MINIMUM         32    301 PM  -6    1893  25      7       26
  AVERAGE         33                        32      1       38

PRECIPITATION (IN)
  YESTERDAY        0.41          1.56 1973   0.09   0.32     0.00
  MONTH TO DATE    0.41                      0.37   0.04     0.22
  SINCE DEC 1      0.41                      0.37   0.04     0.22
  SINCE JAN 1     36.43                     34.44   1.99    43.89

SNOWFALL (IN)
  YESTERDAY        4.2 R         2.9  1964   0.2    4.0      0.0
  MONTH TO DATE    4.2                       0.7    3.5      1.1
  SINCE DEC 1      4.2                       0.7    3.5      1.1
  SINCE JUL 1      4.2                       1.8    2.4      5.7
  SNOW DEPTH       0

DEGREE DAYS
 HEATING
  YESTERDAY       32                        33     -1       27
  MONTH TO DATE  114                       128    -14      112
  SINCE DEC 1    114                       128    -14      112
  SINCE JUL 1    852                      1276   -424      869

 COOLING
  YESTERDAY        0                         0      0        0
  MONTH TO DATE    0                         0      0        0
  SINCE DEC 1      0                         0      0        0
  SINCE JAN 1   1423                      1039    384     1419
..................................................................


WIND (MPH)
  HIGHEST WIND SPEED    14   HIGHEST WIND DIRECTION     W (280)
  HIGHEST GUST SPEED    18   HIGHEST GUST DIRECTION     W (290)
  AVERAGE WIND SPEED     5.6


SKY COVER
  POSSIBLE SUNSHINE  MM
  AVERAGE SKY COVER 1.0


WEATHER CONDITIONS
 THE FOLLOWING WEATHER WAS RECORDED YESTERDAY.
  HEAVY SNOW
  SNOW
  LIGHT SNOW
  FOG
  FOG W/VISIBILITY <= 1/4 MILE


RELATIVE HUMIDITY (PERCENT)
 HIGHEST   100          1000 AM
 LOWEST     82          1200 AM
 AVERAGE    91

..........................................................


THE PEORIA IL CLIMATE NORMALS FOR TODAY
                         NORMAL    RECORD    YEAR
 MAXIMUM TEMPERATURE (F)   40        67      2001
 MINIMUM TEMPERATURE (F)   24         0      2005


SUNRISE AND SUNSET
DECEMBER  5 2016......SUNRISE   708 AM CST   SUNSET   431 PM CST
DECEMBER  6 2016......SUNRISE   709 AM CST   SUNSET   431 PM CST


-  INDICATES NEGATIVE NUMBERS.
R  INDICATES RECORD WAS SET OR TIED.
MM INDICATES DATA IS MISSING.
T  INDICATES TRACE AMOUNT.




$$
