000
CDUS43 KILX 260631
CLIPIA


CLIMATE REPORT
NATIONAL WEATHER SERVICE LINCOLN IL
131 AM CDT TUE MAY 26 2015


...................................

...THE PEORIA IL CLIMATE SUMMARY FOR MAY 25 2015...

CLIMATE NORMAL PERIOD 1981 TO 2010
CLIMATE RECORD PERIOD 1883 TO 2015


WEATHER ITEM   OBSERVED TIME   RECORD YEAR NORMAL DEPARTURE LAST
                VALUE   (LST)  VALUE       VALUE  FROM      YEAR
                                                  NORMAL
..................................................................
TEMPERATURE (F)
 YESTERDAY
  MAXIMUM         83    546 PM  93    1911  76      7       82
  MINIMUM         68    724 AM  30    1925  54     14       62
  AVERAGE         76                        65     11       72

PRECIPITATION (IN)
  YESTERDAY        0.14          2.79 2011   0.14   0.00      T
  MONTH TO DATE    3.86                      3.55   0.31     1.20
  SINCE MAR 1      7.89                      9.98  -2.09     6.86
  SINCE JAN 1     11.61                     13.55  -1.94    11.73

SNOWFALL (IN)
  YESTERDAY        0.0           0.0    MM   0.0    0.0      0.0
  MONTH TO DATE    0.0                       0.0    0.0      0.0
  SINCE MAR 1      2.7                       3.3   -0.6      7.4
  SINCE JUL 1     27.0                      24.6    2.4     57.6
  SNOW DEPTH       0

DEGREE DAYS
 HEATING
  YESTERDAY        0                         3     -3        0
  MONTH TO DATE   74                       133    -59      119
  SINCE MAR 1   1091                      1282   -191     1407
  SINCE JUL 1   5797                      5798     -1     6586

 COOLING
  YESTERDAY       11                         3      8        7
  MONTH TO DATE  108                        45     63       84
  SINCE MAR 1    119                        59     60       90
  SINCE JAN 1    119                        59     60       90
..................................................................


WIND (MPH)
  HIGHEST WIND SPEED    23   HIGHEST WIND DIRECTION     S (180)
  HIGHEST GUST SPEED    30   HIGHEST GUST DIRECTION     S (170)
  AVERAGE WIND SPEED    13.8


SKY COVER
  POSSIBLE SUNSHINE  MM
  AVERAGE SKY COVER 0.5


WEATHER CONDITIONS
 THE FOLLOWING WEATHER WAS RECORDED YESTERDAY.
  HEAVY RAIN
  RAIN
  LIGHT RAIN
  FOG
  HAZE


RELATIVE HUMIDITY (PERCENT)
 HIGHEST    90          1200 AM
 LOWEST     43           500 PM
 AVERAGE    67

..........................................................


THE PEORIA IL CLIMATE NORMALS FOR TODAY
                         NORMAL    RECORD    YEAR
 MAXIMUM TEMPERATURE (F)   76        95      1911
 MINIMUM TEMPERATURE (F)   55        34      1979


SUNRISE AND SUNSET
MAY 26 2015...........SUNRISE   533 AM CDT   SUNSET   819 PM CDT
MAY 27 2015...........SUNRISE   533 AM CDT   SUNSET   820 PM CDT


-  INDICATES NEGATIVE NUMBERS.
R  INDICATES RECORD WAS SET OR TIED.
MM INDICATES DATA IS MISSING.
T  INDICATES TRACE AMOUNT.




$$
