000
CDUS43 KILX 230645
CLIPIA


CLIMATE REPORT
NATIONAL WEATHER SERVICE LINCOLN IL
1245 AM CST MON JAN 23 2017


...................................

...THE PEORIA IL CLIMATE SUMMARY FOR JANUARY 22 2017...

CLIMATE NORMAL PERIOD 1981 TO 2010
CLIMATE RECORD PERIOD 1883 TO 2017


WEATHER ITEM   OBSERVED TIME   RECORD YEAR NORMAL DEPARTURE LAST
                VALUE   (LST)  VALUE       VALUE  FROM      YEAR
                                                  NORMAL
..................................................................
TEMPERATURE (F)
 YESTERDAY
  MAXIMUM         48   1233 PM  62    1967  33     15       27
  MINIMUM         36   1200 AM -22    1883  17     19       20
  AVERAGE         42                        25     17       24

PRECIPITATION (IN)
  YESTERDAY        0.00          1.71 1965   0.06  -0.06      T
  MONTH TO DATE    1.51                      1.32   0.19     0.72
  SINCE DEC 1      2.73                      3.74  -1.01     7.03
  SINCE JAN 1      1.51                      1.32   0.19     0.72

SNOWFALL (IN)
  YESTERDAY        0.0           8.0  1898   0.2   -0.2       T
  MONTH TO DATE    0.4                       4.9   -4.5      5.2
  SINCE DEC 1      5.9                      12.0   -6.1      7.7
  SINCE JUL 1      5.9                      13.1   -7.2     12.3
  SNOW DEPTH       0

DEGREE DAYS
 HEATING
  YESTERDAY       23                        40    -17       41
  MONTH TO DATE  777                       880   -103      904
  SINCE DEC 1   1905                      2010   -105     1635
  SINCE JUL 1   2643                      3158   -515     2392

 COOLING
  YESTERDAY        0                         0      0        0
  MONTH TO DATE    0                         0      0        0
  SINCE DEC 1      0                         0      0        0
  SINCE JAN 1      0                         0      0        0
..................................................................


WIND (MPH)
  HIGHEST WIND SPEED    17   HIGHEST WIND DIRECTION     N (10)
  HIGHEST GUST SPEED    24   HIGHEST GUST DIRECTION     N (360)
  AVERAGE WIND SPEED     7.2


SKY COVER
  POSSIBLE SUNSHINE  MM
  AVERAGE SKY COVER 0.7


WEATHER CONDITIONS
 THE FOLLOWING WEATHER WAS RECORDED YESTERDAY.
  FOG
  FOG W/VISIBILITY <= 1/4 MILE


RELATIVE HUMIDITY (PERCENT)
 HIGHEST   100          1200 AM
 LOWEST     70           300 PM
 AVERAGE    85

..........................................................


THE PEORIA IL CLIMATE NORMALS FOR TODAY
                         NORMAL    RECORD    YEAR
 MAXIMUM TEMPERATURE (F)   33        71      1909
 MINIMUM TEMPERATURE (F)   17       -20      1936


SUNRISE AND SUNSET
JANUARY 23 2017.......SUNRISE   716 AM CST   SUNSET   506 PM CST
JANUARY 24 2017.......SUNRISE   715 AM CST   SUNSET   507 PM CST


-  INDICATES NEGATIVE NUMBERS.
R  INDICATES RECORD WAS SET OR TIED.
MM INDICATES DATA IS MISSING.
T  INDICATES TRACE AMOUNT.




$$
