000
CDUS43 KILX 250649
CLIPIA


CLIMATE REPORT
NATIONAL WEATHER SERVICE LINCOLN IL
143 AM CDT MON JUL 25 2016


...................................

...THE PEORIA IL CLIMATE SUMMARY FOR JULY 24 2016...

CLIMATE NORMAL PERIOD 1981 TO 2010
CLIMATE RECORD PERIOD 1883 TO 2016


WEATHER ITEM   OBSERVED TIME   RECORD YEAR NORMAL DEPARTURE LAST
                VALUE   (LST)  VALUE       VALUE  FROM      YEAR
                                                  NORMAL
..................................................................
TEMPERATURE (F)
 YESTERDAY
  MAXIMUM         93    216 PM 106    1901  85      8       88
  MINIMUM         76   1159 PM  51    1906  65     11       65
  AVERAGE         85                        75     10       77

PRECIPITATION (IN)
  YESTERDAY        0.01          1.75 1993   0.12  -0.11     0.00
  MONTH TO DATE    5.01                      3.02   1.99     5.40
  SINCE JUN 1      8.45                      6.55   1.90    17.00
  SINCE JAN 1     17.56                     20.88  -3.32    29.77

SNOWFALL (IN)
  YESTERDAY        0.0           0.0    MM   0.0    0.0      0.0
  MONTH TO DATE    0.0                       0.0    0.0      0.0
  SINCE JUN 1      0.0                       0.0    0.0      0.0
  SINCE JUL 1      0.0                       0.0    0.0      0.0
  SNOW DEPTH       0

DEGREE DAYS
 HEATING
  YESTERDAY        0                         0      0        0
  MONTH TO DATE    4                         0      4        5
  SINCE JUN 1      4                        18    -14       12
  SINCE JUL 1      4                         0      4        5

 COOLING
  YESTERDAY       20                        10     10       12
  MONTH TO DATE  278                       259     19      257
  SINCE JUN 1    605                       481    124      545
  SINCE JAN 1    711                       562    149      699
..................................................................


WIND (MPH)
  HIGHEST WIND SPEED    18   HIGHEST WIND DIRECTION     S (200)
  HIGHEST GUST SPEED    23   HIGHEST GUST DIRECTION     S (200)
  AVERAGE WIND SPEED     9.5


SKY COVER
  POSSIBLE SUNSHINE  MM
  AVERAGE SKY COVER 0.1


WEATHER CONDITIONS
 THE FOLLOWING WEATHER WAS RECORDED YESTERDAY.
  THUNDERSTORM
  LIGHT RAIN
  FOG


RELATIVE HUMIDITY (PERCENT)
 HIGHEST    97           300 AM
 LOWEST     70           200 PM
 AVERAGE    84

..........................................................


THE PEORIA IL CLIMATE NORMALS FOR TODAY
                         NORMAL    RECORD    YEAR
 MAXIMUM TEMPERATURE (F)   85       104      1940
 MINIMUM TEMPERATURE (F)   65        51      1911


SUNRISE AND SUNSET
JULY 25 2016..........SUNRISE   549 AM CDT   SUNSET   820 PM CDT
JULY 26 2016..........SUNRISE   550 AM CDT   SUNSET   820 PM CDT


-  INDICATES NEGATIVE NUMBERS.
R  INDICATES RECORD WAS SET OR TIED.
MM INDICATES DATA IS MISSING.
T  INDICATES TRACE AMOUNT.




$$
