000
CDUS43 KILX 270703
CLIPIA


CLIMATE REPORT
NATIONAL WEATHER SERVICE LINCOLN IL
203 AM CDT MON MAR 27 2017


...................................

...THE PEORIA IL CLIMATE SUMMARY FOR MARCH 26 2017...

CLIMATE NORMAL PERIOD 1981 TO 2010
CLIMATE RECORD PERIOD 1883 TO 2017


WEATHER ITEM   OBSERVED TIME   RECORD YEAR NORMAL DEPARTURE LAST
                VALUE   (LST)  VALUE       VALUE  FROM      YEAR
                                                  NORMAL
..................................................................
TEMPERATURE (F)
 YESTERDAY
  MAXIMUM         59   1225 AM  82    1991  55      4       59
                                      1907
  MINIMUM         49   1159 PM   5    1955  34     15       34
  AVERAGE         54                        45      9       47

PRECIPITATION (IN)
  YESTERDAY        0.01          2.05 1898   0.09  -0.08     0.00
  MONTH TO DATE    1.88                      2.28  -0.40     1.76
  SINCE MAR 1      1.88                      2.28  -0.40     1.76
  SINCE JAN 1      4.54                      5.85  -1.31     3.14

SNOWFALL (IN)
  YESTERDAY        0.0           5.9  1934   0.1   -0.1      0.0
  MONTH TO DATE    4.2                       2.5    1.7      0.2
  SINCE MAR 1      4.2                       2.5    1.7      0.2
  SINCE JUL 1     13.9                      23.8   -9.9     15.3
  SNOW DEPTH       0

DEGREE DAYS
 HEATING
  YESTERDAY       11                        20     -9       18
  MONTH TO DATE  603                       660    -57      475
  SINCE MAR 1    603                       660    -57      475
  SINCE JUL 1   4210                      5176   -966     4058

 COOLING
  YESTERDAY        0                         0      0        0
  MONTH TO DATE    0                         0      0        0
  SINCE MAR 1      0                         0      0        0
  SINCE JAN 1      0                         0      0        0
..................................................................


WIND (MPH)
  HIGHEST WIND SPEED    16   HIGHEST WIND DIRECTION     S (190)
  HIGHEST GUST SPEED    20   HIGHEST GUST DIRECTION     S (190)
  AVERAGE WIND SPEED    10.0


SKY COVER
  POSSIBLE SUNSHINE  MM
  AVERAGE SKY COVER 1.0


WEATHER CONDITIONS
 THE FOLLOWING WEATHER WAS RECORDED YESTERDAY.
  LIGHT RAIN
  FOG


RELATIVE HUMIDITY (PERCENT)
 HIGHEST   100           800 AM
 LOWEST     83           200 PM
 AVERAGE    92

..........................................................


THE PEORIA IL CLIMATE NORMALS FOR TODAY
                         NORMAL    RECORD    YEAR
 MAXIMUM TEMPERATURE (F)   55        81      1945
                                             1910
 MINIMUM TEMPERATURE (F)   35        12      1965


SUNRISE AND SUNSET
MARCH 27 2017.........SUNRISE   650 AM CDT   SUNSET   719 PM CDT
MARCH 28 2017.........SUNRISE   648 AM CDT   SUNSET   720 PM CDT


-  INDICATES NEGATIVE NUMBERS.
R  INDICATES RECORD WAS SET OR TIED.
MM INDICATES DATA IS MISSING.
T  INDICATES TRACE AMOUNT.




$$
