000
CDUS45 KPIH 300738
CLIPIH


CLIMATE REPORT
NATIONAL WEATHER SERVICE POCATELLO ID
137 AM MDT THU JUL 30 2015


...................................

...THE POCATELLO ID CLIMATE SUMMARY FOR JULY 29 2015...

CLIMATE NORMAL PERIOD 1981 TO 2010
CLIMATE RECORD PERIOD 1939 TO 2015


WEATHER ITEM   OBSERVED TIME   RECORD YEAR NORMAL DEPARTURE LAST
                VALUE   (LST)  VALUE       VALUE  FROM      YEAR
                                                  NORMAL
..................................................................
TEMPERATURE (F)
 YESTERDAY
  MAXIMUM         82    649 PM 101    1994  90     -8       78
  MINIMUM         39R   527 AM  46    1959  53    -14       61
  AVERAGE         61                        71    -10       70

PRECIPITATION (IN)
  YESTERDAY        0.00          0.57 1975   0.02  -0.02     0.02
  MONTH TO DATE    1.38                      0.60   0.78     0.45
  SINCE OCT 1      8.68                     10.64  -1.96     7.96
  SINCE JAN 1      6.29                      7.42  -1.13     6.59

SNOWFALL (IN)
  YESTERDAY        0.0
  MONTH TO DATE    0.0
  SINCE JUN 1      0.0
  SINCE JUL 1      0.0
  SNOW DEPTH       0

DEGREE DAYS
 HEATING
  YESTERDAY        4                         0      4        0
  MONTH TO DATE   23                        17      6        2
  SINCE JUN 1     51                       148    -97      112
  SINCE JUL 1     23                        17      6        2

 COOLING
  YESTERDAY        0                         7     -7        5
  MONTH TO DATE  155                       158     -3      236
  SINCE JUN 1    290                       204     86      256
  SINCE JAN 1    294                       209     85      256
..................................................................


WIND (MPH)
  HIGHEST WIND SPEED    14   HIGHEST WIND DIRECTION     N (340)
  HIGHEST GUST SPEED    18   HIGHEST GUST DIRECTION     N (350)
  AVERAGE WIND SPEED     4.0


SKY COVER
  POSSIBLE SUNSHINE  MM
  AVERAGE SKY COVER 0.0


WEATHER CONDITIONS
 THE FOLLOWING WEATHER WAS RECORDED YESTERDAY.
  NO SIGNIFICANT WEATHER WAS OBSERVED.


RELATIVE HUMIDITY (PERCENT)
 HIGHEST    89           200 AM
 LOWEST     18           700 PM
 AVERAGE    54

..........................................................


THE POCATELLO ID CLIMATE NORMALS FOR TODAY
                         NORMAL    RECORD    YEAR
 MAXIMUM TEMPERATURE (F)   90       103      2000
 MINIMUM TEMPERATURE (F)   53        44      1950


SUNRISE AND SUNSET
JULY 30 2015..........SUNRISE   619 AM MDT   SUNSET   854 PM MDT
JULY 31 2015..........SUNRISE   620 AM MDT   SUNSET   853 PM MDT


-  INDICATES NEGATIVE NUMBERS.
R  INDICATES RECORD WAS SET OR TIED.
MM INDICATES DATA IS MISSING.
T  INDICATES TRACE AMOUNT.




$$
