000
CDUS45 KPIH 222322
CLIPIH


CLIMATE REPORT
NATIONAL WEATHER SERVICE POCATELLO ID
521 PM MDT FRI SEP 22 2017


...................................

...THE POCATELLO ID CLIMATE SUMMARY FOR SEPTEMBER 22 2017...
VALID TODAY AS OF 0500 PM LOCAL TIME.

CLIMATE NORMAL PERIOD 1981 TO 2010
CLIMATE RECORD PERIOD 1939 TO 2017


WEATHER ITEM   OBSERVED TIME   RECORD YEAR NORMAL DEPARTURE LAST
                VALUE   (LST)  VALUE       VALUE  FROM      YEAR
                                                  NORMAL
..................................................................
TEMPERATURE (F)
 TODAY
  MAXIMUM         46    359 PM  92    1966  73    -27       57
  MINIMUM         39    933 AM  23    1995  40     -1       48
  AVERAGE         43                        56    -13       53

PRECIPITATION (IN)
  TODAY            0.40R         0.28 1941   0.03   0.37     0.25
  MONTH TO DATE    2.89                      0.60   2.29     1.25
  SINCE OCT 1     21.00                     11.89   9.11    12.40
  SINCE JAN 1     14.44                      8.67   5.77     8.83

SNOWFALL (IN)
  TODAY            0.0
  MONTH TO DATE    0.0
  SINCE SEP 1      0.0
  SINCE JUL 1      0.0
  SNOW DEPTH       0

DEGREE DAYS
 HEATING
  TODAY           22                         9     13       12
  MONTH TO DATE  120                       118      2      145
  SINCE SEP 1    120                       118      2      145
  SINCE JUL 1    124                       164    -40      183

 COOLING
  TODAY            0                         0      0        0
  MONTH TO DATE   66                        20     46       16
  SINCE SEP 1     66                        20     46       16
  SINCE JAN 1    575                       390    185      415
..................................................................


WIND (MPH)
  HIGHEST WIND SPEED    17   HIGHEST WIND DIRECTION    SW (240)
  HIGHEST GUST SPEED    21   HIGHEST GUST DIRECTION    SW (240)
  AVERAGE WIND SPEED     9.0


SKY COVER
  POSSIBLE SUNSHINE  MM
  AVERAGE SKY COVER 1.0


WEATHER CONDITIONS
 THE FOLLOWING WEATHER WAS RECORDED TODAY.
  RAIN
  LIGHT RAIN
  FOG


RELATIVE HUMIDITY (PERCENT)
 HIGHEST    96          1200 AM
 LOWEST     65           200 PM
 AVERAGE    81

..........................................................


THE POCATELLO ID CLIMATE NORMALS FOR TOMORROW
                         NORMAL    RECORD    YEAR
 MAXIMUM TEMPERATURE (F)   72        90      2001
 MINIMUM TEMPERATURE (F)   40        24      1996


SUNRISE AND SUNSET
SEPTEMBER 22 2017.....SUNRISE   718 AM MDT   SUNSET   727 PM MDT
SEPTEMBER 23 2017.....SUNRISE   719 AM MDT   SUNSET   725 PM MDT


-  INDICATES NEGATIVE NUMBERS.
R  INDICATES RECORD WAS SET OR TIED.
MM INDICATES DATA IS MISSING.
T  INDICATES TRACE AMOUNT.




$$
