522
CDUS45 KPIH 202327
CLIPIH


CLIMATE REPORT
NATIONAL WEATHER SERVICE POCATELLO ID
424 PM MST TUE FEB 20 2018


...................................

...THE POCATELLO ID CLIMATE SUMMARY FOR FEBRUARY 20 2018...
VALID TODAY AS OF 0400 PM LOCAL TIME.

CLIMATE NORMAL PERIOD 1981 TO 2010
CLIMATE RECORD PERIOD 1939 TO 2018


WEATHER ITEM   OBSERVED TIME   RECORD YEAR NORMAL DEPARTURE LAST
                VALUE   (LST)  VALUE       VALUE  FROM      YEAR
                                                  NORMAL
..................................................................
TEMPERATURE (F)
 TODAY
  MAXIMUM         18    230 PM  60    1995  39    -21       45
                                      1958
  MINIMUM         10    842 AM -11    1984  20    -10       28
                                      1942
  AVERAGE         14                        30    -16       37

PRECIPITATION (IN)
  TODAY            0.02          0.62 2001   0.04  -0.02     0.20
  MONTH TO DATE    0.56                      0.66  -0.10     2.00
  SINCE OCT 1      4.06                      4.87  -0.81    11.41
  SINCE JAN 1      1.27                      1.65  -0.38     4.85

SNOWFALL (IN)
  TODAY            0.4
  MONTH TO DATE    6.6
  SINCE DEC 1     19.7
  SINCE JUL 1     20.7
  SNOW DEPTH       2

DEGREE DAYS
 HEATING
  TODAY           51                        35     16       28
  MONTH TO DATE  579                       757   -178      597
  SINCE DEC 1   2736                      3276   -540     3495
  SINCE JUL 1   4370                      5004   -634     4930

 COOLING
  TODAY            0                         0      0        0
  MONTH TO DATE    0                         0      0        0
  SINCE DEC 1      0                         0      0        0
  SINCE JAN 1      0                         0      0        0
..................................................................


WIND (MPH)
  HIGHEST WIND SPEED    28   HIGHEST WIND DIRECTION    SW (230)
  HIGHEST GUST SPEED    31   HIGHEST GUST DIRECTION    SW (240)
  AVERAGE WIND SPEED    18.1


SKY COVER
  POSSIBLE SUNSHINE  MM
  AVERAGE SKY COVER 0.9


WEATHER CONDITIONS
 THE FOLLOWING WEATHER WAS RECORDED TODAY.
  LIGHT SNOW
  FOG
  HAZE


RELATIVE HUMIDITY (PERCENT)
 HIGHEST    84           300 AM
 LOWEST     56           300 PM
 AVERAGE    70

..........................................................


THE POCATELLO ID CLIMATE NORMALS FOR TOMORROW
                         NORMAL    RECORD    YEAR
 MAXIMUM TEMPERATURE (F)   40        62      1982
 MINIMUM TEMPERATURE (F)   21        -1      1984


SUNRISE AND SUNSET
FEBRUARY 20 2018......SUNRISE   720 AM MST   SUNSET   608 PM MST
FEBRUARY 21 2018......SUNRISE   719 AM MST   SUNSET   610 PM MST


-  INDICATES NEGATIVE NUMBERS.
R  INDICATES RECORD WAS SET OR TIED.
MM INDICATES DATA IS MISSING.
T  INDICATES TRACE AMOUNT.




$$
