000
CDUS45 KPIH 090740
CLIPIH


CLIMATE REPORT
NATIONAL WEATHER SERVICE POCATELLO ID
1237 AM MST FRI DEC 9 2016


...................................

...THE POCATELLO ID CLIMATE SUMMARY FOR DECEMBER 8 2016...

CLIMATE NORMAL PERIOD 1981 TO 2010
CLIMATE RECORD PERIOD 1939 TO 2016


WEATHER ITEM   OBSERVED TIME   RECORD YEAR NORMAL DEPARTURE LAST
                VALUE   (LST)  VALUE       VALUE  FROM      YEAR
                                                  NORMAL
..................................................................
TEMPERATURE (F)
 YESTERDAY
  MAXIMUM         21    754 PM  59    1939  34    -13       53
  MINIMUM         -9    211 AM -14    1972  17    -26       40
  AVERAGE          6                        25    -19       47

PRECIPITATION (IN)
  YESTERDAY        0.07          0.68 1985   0.04   0.03     0.00
  MONTH TO DATE    0.34                      0.34   0.00     0.11
  SINCE OCT 1      4.04                      2.32   1.72     2.74
  SINCE JAN 1     13.72                     11.23   2.49    10.48

SNOWFALL (IN)
  YESTERDAY        1.2
  MONTH TO DATE    5.7
  SINCE DEC 1      5.7
  SINCE JUL 1      8.3
  SNOW DEPTH       3

DEGREE DAYS
 HEATING
  YESTERDAY       59                        40     19       18
  MONTH TO DATE  354                       310     44      293
  SINCE DEC 1    354                       310     44      293
  SINCE JUL 1   1789                      2038   -249     1737

 COOLING
  YESTERDAY        0                         0      0        0
  MONTH TO DATE    0                         0      0        0
  SINCE DEC 1      0                         0      0        0
  SINCE JAN 1    416                       392     24      502
..................................................................


WIND (MPH)
  HIGHEST WIND SPEED    10   HIGHEST WIND DIRECTION    NE (40)
  HIGHEST GUST SPEED    12   HIGHEST GUST DIRECTION     N (20)
  AVERAGE WIND SPEED     5.3


SKY COVER
  POSSIBLE SUNSHINE  MM
  AVERAGE SKY COVER 0.6


WEATHER CONDITIONS
 THE FOLLOWING WEATHER WAS RECORDED YESTERDAY.
  LIGHT SNOW
  FOG
  HAZE


RELATIVE HUMIDITY (PERCENT)
 HIGHEST    91           200 AM
 LOWEST     67          1200 PM
 AVERAGE    79

..........................................................


THE POCATELLO ID CLIMATE NORMALS FOR TODAY
                         NORMAL    RECORD    YEAR
 MAXIMUM TEMPERATURE (F)   34        60      2015
                                             1939
 MINIMUM TEMPERATURE (F)   17       -24      1972


SUNRISE AND SUNSET
DECEMBER  9 2016......SUNRISE   750 AM MST   SUNSET   456 PM MST
DECEMBER 10 2016......SUNRISE   751 AM MST   SUNSET   456 PM MST


-  INDICATES NEGATIVE NUMBERS.
R  INDICATES RECORD WAS SET OR TIED.
MM INDICATES DATA IS MISSING.
T  INDICATES TRACE AMOUNT.




$$
