000
CDUS45 KPIH 280740
CLIPIH


CLIMATE REPORT
NATIONAL WEATHER SERVICE POCATELLO ID
1235 AM MST WED JAN 28 2015


...................................

...THE POCATELLO ID CLIMATE SUMMARY FOR JANUARY 27 2015...

CLIMATE NORMAL PERIOD 1981 TO 2010
CLIMATE RECORD PERIOD 1939 TO 2015


WEATHER ITEM   OBSERVED TIME   RECORD YEAR NORMAL DEPARTURE LAST
                VALUE   (LST)  VALUE       VALUE  FROM      YEAR
                                                  NORMAL
..................................................................
TEMPERATURE (F)
 YESTERDAY
  MAXIMUM         52    112 PM  53    2003  33     19       35
  MINIMUM         24    736 AM -10    2009  17      7       13
  AVERAGE         38                        25     13       24

PRECIPITATION (IN)
  YESTERDAY        0.01          0.93 1970   0.03  -0.02     0.00
  MONTH TO DATE    0.38                      0.88  -0.50     0.46
  SINCE OCT 1      2.77                      4.10  -1.33     1.83
  SINCE JAN 1      0.38                      0.88  -0.50     0.46

SNOWFALL (IN)
  YESTERDAY        0.0
  MONTH TO DATE    0.9
  SINCE DEC 1      8.1
  SINCE JUL 1     12.7
  SNOW DEPTH       0

DEGREE DAYS
 HEATING
  YESTERDAY       27                        40    -13       41
  MONTH TO DATE  956                      1100   -144      975
  SINCE DEC 1   1962                      2357   -395     2363
  SINCE JUL 1   3489                      4085   -596     3975

 COOLING
  YESTERDAY        0                         0      0        0
  MONTH TO DATE    0                         0      0        0
  SINCE DEC 1      0                         0      0        0
  SINCE JAN 1      0                         0      0        0
..................................................................


WIND (MPH)
  HIGHEST WIND SPEED    25   HIGHEST WIND DIRECTION     S (190)
  HIGHEST GUST SPEED    31   HIGHEST GUST DIRECTION     S (180)
  AVERAGE WIND SPEED     6.6


SKY COVER
  POSSIBLE SUNSHINE  MM
  AVERAGE SKY COVER 0.4


WEATHER CONDITIONS
 THE FOLLOWING WEATHER WAS RECORDED YESTERDAY.
  LIGHT RAIN
  FOG


RELATIVE HUMIDITY (PERCENT)
 HIGHEST   100          1200 AM
 LOWEST     66           200 PM
 AVERAGE    83

..........................................................


THE POCATELLO ID CLIMATE NORMALS FOR TODAY
                         NORMAL    RECORD    YEAR
 MAXIMUM TEMPERATURE (F)   33        52      1967
 MINIMUM TEMPERATURE (F)   17       -20      1979


SUNRISE AND SUNSET
JANUARY 28 2015.......SUNRISE   749 AM MST   SUNSET   538 PM MST
JANUARY 29 2015.......SUNRISE   748 AM MST   SUNSET   539 PM MST


-  INDICATES NEGATIVE NUMBERS.
R  INDICATES RECORD WAS SET OR TIED.
MM INDICATES DATA IS MISSING.
T  INDICATES TRACE AMOUNT.




$$
