138
CDUS45 KPIH 190731
CLIPIH


CLIMATE REPORT
NATIONAL WEATHER SERVICE POCATELLO ID
1229 AM MST THU JAN 19 2017


...................................

...THE POCATELLO ID CLIMATE SUMMARY FOR JANUARY 18 2017...

CLIMATE NORMAL PERIOD 1981 TO 2010
CLIMATE RECORD PERIOD 1939 TO 2017


WEATHER ITEM   OBSERVED TIME   RECORD YEAR NORMAL DEPARTURE LAST
                VALUE   (LST)  VALUE       VALUE  FROM      YEAR
                                                  NORMAL
..................................................................
TEMPERATURE (F)
 YESTERDAY
  MAXIMUM         25    321 PM  54    2015  33     -8       39
  MINIMUM          0    649 AM -28    1984  16    -16       27
  AVERAGE         13                        24    -11       33

PRECIPITATION (IN)
  YESTERDAY        0.03          0.42 1950   0.03   0.00     0.10
  MONTH TO DATE    1.71                      0.62   1.09     0.39
  SINCE OCT 1      8.27                      3.84   4.43     3.96
  SINCE JAN 1      1.71                      0.62   1.09     0.39

SNOWFALL (IN)
  YESTERDAY        0.3
  MONTH TO DATE   14.2
  SINCE DEC 1     42.7
  SINCE JUL 1     45.3
  SNOW DEPTH       4

DEGREE DAYS
 HEATING
  YESTERDAY       52                        41     11       32
  MONTH TO DATE  931                       738    193      714
  SINCE DEC 1   2328                      1995    333     1949
  SINCE JUL 1   3763                      3723     40     3393

 COOLING
  YESTERDAY        0                         0      0        0
  MONTH TO DATE    0                         0      0        0
  SINCE DEC 1      0                         0      0        0
  SINCE JAN 1      0                         0      0        0
..................................................................


WIND (MPH)
  HIGHEST WIND SPEED    13   HIGHEST WIND DIRECTION     N (360)
  HIGHEST GUST SPEED    14   HIGHEST GUST DIRECTION     E (70)
  AVERAGE WIND SPEED     4.6


SKY COVER
  POSSIBLE SUNSHINE  MM
  AVERAGE SKY COVER 0.3


WEATHER CONDITIONS
 THE FOLLOWING WEATHER WAS RECORDED YESTERDAY.
  LIGHT SNOW
  FOG


RELATIVE HUMIDITY (PERCENT)
 HIGHEST    95           300 AM
 LOWEST     62           100 PM
 AVERAGE    79

..........................................................


THE POCATELLO ID CLIMATE NORMALS FOR TODAY
                         NORMAL    RECORD    YEAR
 MAXIMUM TEMPERATURE (F)   33        53      1971
 MINIMUM TEMPERATURE (F)   16       -23      1984


SUNRISE AND SUNSET
JANUARY 19 2017.......SUNRISE   756 AM MST   SUNSET   527 PM MST
JANUARY 20 2017.......SUNRISE   755 AM MST   SUNSET   528 PM MST


-  INDICATES NEGATIVE NUMBERS.
R  INDICATES RECORD WAS SET OR TIED.
MM INDICATES DATA IS MISSING.
T  INDICATES TRACE AMOUNT.




$$
