000
CDUS45 KPIH 290730
CLIPIH


CLIMATE REPORT
NATIONAL WEATHER SERVICE POCATELLO ID
129 AM MDT FRI MAY 29 2015


...................................

...THE POCATELLO ID CLIMATE SUMMARY FOR MAY 28 2015...

CLIMATE NORMAL PERIOD 1981 TO 2010
CLIMATE RECORD PERIOD 1939 TO 2015


WEATHER ITEM   OBSERVED TIME   RECORD YEAR NORMAL DEPARTURE LAST
                VALUE   (LST)  VALUE       VALUE  FROM      YEAR
                                                  NORMAL
..................................................................
TEMPERATURE (F)
 YESTERDAY
  MAXIMUM         68    538 PM  97    2003  71     -3       81
  MINIMUM         43    501 AM  32    1991  43      0       49
                                      1955
  AVERAGE         56                        57     -1       65

PRECIPITATION (IN)
  YESTERDAY        T             1.16 1946   0.05  -0.05     0.00
  MONTH TO DATE    2.69                      1.32   1.37     0.34
  SINCE OCT 1      6.84                      8.91  -2.07     7.08
  SINCE JAN 1      4.45                      5.69  -1.24     5.71

SNOWFALL (IN)
  YESTERDAY        0.0
  MONTH TO DATE    0.0
  SINCE MAR 1      5.5
  SINCE JUL 1     20.3
  SNOW DEPTH       0

DEGREE DAYS
 HEATING
  YESTERDAY        9                         8      1        0
  MONTH TO DATE  277                       329    -52      255
  SINCE MAR 1   1467                      1750   -283     1545
  SINCE JUL 1   5808                      7023  -1215     6525

 COOLING
  YESTERDAY        0                         0      0        0
  MONTH TO DATE    0                         0      0        0
  SINCE MAR 1      0                         0      0        0
  SINCE JAN 1      0                         0      0        0
..................................................................


WIND (MPH)
  HIGHEST WIND SPEED    15   HIGHEST WIND DIRECTION    NE (40)
  HIGHEST GUST SPEED    19   HIGHEST GUST DIRECTION    NE (40)
  AVERAGE WIND SPEED     5.0


SKY COVER
  POSSIBLE SUNSHINE  MM
  AVERAGE SKY COVER 0.4


WEATHER CONDITIONS
 THE FOLLOWING WEATHER WAS RECORDED YESTERDAY.
  THUNDERSTORM


RELATIVE HUMIDITY (PERCENT)
 HIGHEST   100           100 AM
 LOWEST     34           500 PM
 AVERAGE    67

..........................................................


THE POCATELLO ID CLIMATE NORMALS FOR TODAY
                         NORMAL    RECORD    YEAR
 MAXIMUM TEMPERATURE (F)   72        96      2003
 MINIMUM TEMPERATURE (F)   43        29      1982


SUNRISE AND SUNSET
MAY 29 2015...........SUNRISE   556 AM MDT   SUNSET   900 PM MDT
MAY 30 2015...........SUNRISE   555 AM MDT   SUNSET   901 PM MDT


-  INDICATES NEGATIVE NUMBERS.
R  INDICATES RECORD WAS SET OR TIED.
MM INDICATES DATA IS MISSING.
T  INDICATES TRACE AMOUNT.




$$
