000
CDUS45 KPIH 240731
CLIPIH


CLIMATE REPORT
NATIONAL WEATHER SERVICE POCATELLO ID
130 AM MDT THU JUL 24 2014


...................................

...THE POCATELLO ID CLIMATE SUMMARY FOR JULY 23 2014...

CLIMATE NORMAL PERIOD 1981 TO 2010
CLIMATE RECORD PERIOD 1939 TO 2014


WEATHER ITEM   OBSERVED TIME   RECORD YEAR NORMAL DEPARTURE LAST
                VALUE   (LST)  VALUE       VALUE  FROM      YEAR
                                                  NORMAL
..................................................................
TEMPERATURE (F)
 YESTERDAY
  MAXIMUM         97    548 PM 102    1976  90      7       94
  MINIMUM         54    217 AM  41    1954  53      1       52
  AVERAGE         76                        71      5       73

PRECIPITATION (IN)
  YESTERDAY        0.00          0.47 1993   0.02  -0.02     0.00
  MONTH TO DATE    0.32                      0.47  -0.15     0.27
  SINCE OCT 1      7.83                     10.51  -2.68     7.98
  SINCE JAN 1      6.46                      7.29  -0.83     3.82

SNOWFALL (IN)
  YESTERDAY        0.0
  MONTH TO DATE    0.0
  SINCE JUN 1      0.0
  SINCE JUL 1      0.0
  SNOW DEPTH       0

DEGREE DAYS
 HEATING
  YESTERDAY        0                         0      0        0
  MONTH TO DATE    2                        17    -15        0
  SINCE JUN 1    112                       148    -36       90
  SINCE JUL 1      2                        17    -15        0

 COOLING
  YESTERDAY       11                         6      5        8
  MONTH TO DATE  209                       118     91      226
  SINCE JUN 1    229                       164     65      319
  SINCE JAN 1    229                       169     60      328
..................................................................


WIND (MPH)
  HIGHEST WIND SPEED    16   HIGHEST WIND DIRECTION    SW (230)
  HIGHEST GUST SPEED    19   HIGHEST GUST DIRECTION    SW (230)
  AVERAGE WIND SPEED     7.8


SKY COVER
  POSSIBLE SUNSHINE  MM
  AVERAGE SKY COVER 0.0


WEATHER CONDITIONS
 THE FOLLOWING WEATHER WAS RECORDED YESTERDAY.
  NO SIGNIFICANT WEATHER WAS OBSERVED.


RELATIVE HUMIDITY (PERCENT)
 HIGHEST    86           400 AM
 LOWEST     13           400 PM
 AVERAGE    50

..........................................................


THE POCATELLO ID CLIMATE NORMALS FOR TODAY
                         NORMAL    RECORD    YEAR
 MAXIMUM TEMPERATURE (F)   90       100      2003
 MINIMUM TEMPERATURE (F)   53        44      2010
                                             1970


SUNRISE AND SUNSET
JULY 24 2014..........SUNRISE   613 AM MDT   SUNSET   900 PM MDT
JULY 25 2014..........SUNRISE   614 AM MDT   SUNSET   859 PM MDT


-  INDICATES NEGATIVE NUMBERS.
R  INDICATES RECORD WAS SET OR TIED.
MM INDICATES DATA IS MISSING.
T  INDICATES TRACE AMOUNT.




$$
