000
CDUS45 KPIH 250733
CLIPIH


CLIMATE REPORT
NATIONAL WEATHER SERVICE POCATELLO ID
132 AM MDT SUN SEP 25 2016


...................................

...THE POCATELLO ID CLIMATE SUMMARY FOR SEPTEMBER 24 2016...

CLIMATE NORMAL PERIOD 1981 TO 2010
CLIMATE RECORD PERIOD 1939 TO 2016


WEATHER ITEM   OBSERVED TIME   RECORD YEAR NORMAL DEPARTURE LAST
                VALUE   (LST)  VALUE       VALUE  FROM      YEAR
                                                  NORMAL
..................................................................
TEMPERATURE (F)
 YESTERDAY
  MAXIMUM         62    326 PM  91    2001  72    -10       88
  MINIMUM         44   1136 PM  22    2000  39      5       41
  AVERAGE         53                        55     -2       65

PRECIPITATION (IN)
  YESTERDAY        0.01          0.09 1973   0.03  -0.02     0.00
  MONTH TO DATE    2.10                      0.66   1.44     0.82
  SINCE OCT 1     13.25                     11.95   1.30    10.13
  SINCE JAN 1      9.68                      8.73   0.95     7.74

SNOWFALL (IN)
  YESTERDAY        0.0
  MONTH TO DATE    0.0
  SINCE SEP 1      0.0
  SINCE JUL 1      0.0
  SNOW DEPTH       0.0

DEGREE DAYS
 HEATING
  YESTERDAY       12                        10      2        0
  MONTH TO DATE  173                       137     36       97
  SINCE SEP 1    173                       137     36       97
  SINCE JUL 1    211                       183     28      136

 COOLING
  YESTERDAY        0                         0      0        0
  MONTH TO DATE   16                        20     -4       27
  SINCE SEP 1     16                        20     -4       27
  SINCE JAN 1    415                       390     25      488
..................................................................


WIND (MPH)
  HIGHEST WIND SPEED    26   HIGHEST WIND DIRECTION    SW (230)
  HIGHEST GUST SPEED    31   HIGHEST GUST DIRECTION     W (250)
  AVERAGE WIND SPEED    13.5


SKY COVER
  POSSIBLE SUNSHINE  MM
  AVERAGE SKY COVER 0.6


WEATHER CONDITIONS
 THE FOLLOWING WEATHER WAS RECORDED YESTERDAY.
  LIGHT RAIN


RELATIVE HUMIDITY (PERCENT)
 HIGHEST   100           400 AM
 LOWEST     46           400 PM
 AVERAGE    73

..........................................................


THE POCATELLO ID CLIMATE NORMALS FOR TODAY
                         NORMAL    RECORD    YEAR
 MAXIMUM TEMPERATURE (F)   71        93      2015
 MINIMUM TEMPERATURE (F)   39        23      1970


SUNRISE AND SUNSET
SEPTEMBER 25 2016.....SUNRISE   722 AM MDT   SUNSET   721 PM MDT
SEPTEMBER 26 2016.....SUNRISE   723 AM MDT   SUNSET   719 PM MDT


-  INDICATES NEGATIVE NUMBERS.
R  INDICATES RECORD WAS SET OR TIED.
MM INDICATES DATA IS MISSING.
T  INDICATES TRACE AMOUNT.




$$
