000
CDUS45 KPIH 222325
CLIPIH


CLIMATE REPORT
NATIONAL WEATHER SERVICE POCATELLO ID
521 PM MDT FRI AUG 22 2014


...................................

...THE POCATELLO ID CLIMATE SUMMARY FOR AUGUST 22 2014...
VALID TODAY AS OF 0500 PM LOCAL TIME.

CLIMATE NORMAL PERIOD 1981 TO 2010
CLIMATE RECORD PERIOD 1939 TO 2014


WEATHER ITEM   OBSERVED TIME   RECORD YEAR NORMAL DEPARTURE LAST
                VALUE   (LST)  VALUE       VALUE  FROM      YEAR
                                                  NORMAL
..................................................................
TEMPERATURE (F)
 TODAY
  MAXIMUM         63    345 PM  98    1991  86    -23       93
  MINIMUM         55    920 AM  34    1966  50      5       53
  AVERAGE         59                        68     -9       73

PRECIPITATION (IN)
  TODAY            0.36          0.64 1960   0.02   0.34     0.01
  MONTH TO DATE    2.01                      0.41   1.60     0.04
  SINCE OCT 1      9.98                     11.09  -1.11     8.02
  SINCE JAN 1      8.61                      7.87   0.74     3.86

SNOWFALL (IN)
  TODAY            0.0
  MONTH TO DATE    0.0
  SINCE JUN 1      0.0
  SINCE JUL 1      0.0
  SNOW DEPTH       0

DEGREE DAYS
 HEATING
  TODAY            6                         1      5        0
  MONTH TO DATE    7                         9     -2        0
  SINCE JUN 1    119                       160    -41       90
  SINCE JUL 1      9                        29    -20        0

 COOLING
  TODAY            0                         4     -4        8
  MONTH TO DATE  109                       118     -9      169
  SINCE JUN 1    376                       336     40      554
  SINCE JAN 1    376                       341     35      563
..................................................................


WIND (MPH)
  HIGHEST WIND SPEED    23   HIGHEST WIND DIRECTION    SW (210)
  HIGHEST GUST SPEED    29   HIGHEST GUST DIRECTION     S (200)
  AVERAGE WIND SPEED     9.4


SKY COVER
  POSSIBLE SUNSHINE  MM
  AVERAGE SKY COVER 0.7


WEATHER CONDITIONS
 THE FOLLOWING WEATHER WAS RECORDED TODAY.
  THUNDERSTORM
  HEAVY RAIN
  RAIN
  LIGHT RAIN
  FOG


RELATIVE HUMIDITY (PERCENT)
 HIGHEST    93           800 AM
 LOWEST     72          1200 AM
 AVERAGE    83

..........................................................


THE POCATELLO ID CLIMATE NORMALS FOR TOMORROW
                         NORMAL    RECORD    YEAR
 MAXIMUM TEMPERATURE (F)   86        97      1969
                                             1967
 MINIMUM TEMPERATURE (F)   50        36      1988
                                             1978


SUNRISE AND SUNSET
AUGUST 22 2014........SUNRISE   644 AM MDT   SUNSET   822 PM MDT
AUGUST 23 2014........SUNRISE   645 AM MDT   SUNSET   820 PM MDT


-  INDICATES NEGATIVE NUMBERS.
R  INDICATES RECORD WAS SET OR TIED.
MM INDICATES DATA IS MISSING.
T  INDICATES TRACE AMOUNT.




$$
