000
CDUS45 KPIH 261437 CCA
CLIPIH

CLIMATE REPORT
NATIONAL WEATHER SERVICE POCATELLO ID
1234 AM MST SUN FEB 26 2017


...................................

...THE POCATELLO ID CLIMATE SUMMARY FOR FEBRUARY 25 2017...

CLIMATE NORMAL PERIOD 1981 TO 2010
CLIMATE RECORD PERIOD 1939 TO 2017


WEATHER ITEM   OBSERVED TIME   RECORD YEAR NORMAL DEPARTURE LAST
                VALUE   (LST)  VALUE       VALUE  FROM      YEAR
                                                  NORMAL
..................................................................
TEMPERATURE (F)
 YESTERDAY
  MAXIMUM         25    346 PM  62    1986  41    -16       51
  MINIMUM          2    734 AM  -4    1952  22    -20       22
  AVERAGE         14                        31    -17       37

PRECIPITATION (IN)
  YESTERDAY        0.00          0.34 1969   0.04  -0.04     0.00
  MONTH TO DATE    3.05                      0.85   2.20     0.20
  SINCE OCT 1     12.46                      5.06   7.55     5.18
  SINCE JAN 1      5.90                      1.84   4.21     1.61

SNOWFALL (IN)
  YESTERDAY        0.0
  MONTH TO DATE   19.4
  SINCE DEC 1     80.1
  SINCE JUL 1     82.7
  SNOW DEPTH       5

DEGREE DAYS
 HEATING
  YESTERDAY       51                        34     17       28
  MONTH TO DATE  790                       929   -139      852
  SINCE DEC 1   3688                      3448    240     3300
  SINCE JUL 1   5123                      5176    -53     4744

 COOLING
  YESTERDAY        0                         0      0        0
  MONTH TO DATE    0                         0      0        0
  SINCE DEC 1      0                         0      0        0
  SINCE JAN 1      0                         0      0        0
..................................................................


WIND (MPH)
  HIGHEST WIND SPEED    18   HIGHEST WIND DIRECTION    SW (240)
  HIGHEST GUST SPEED    22   HIGHEST GUST DIRECTION     W (260)
  AVERAGE WIND SPEED     9.1


SKY COVER
  POSSIBLE SUNSHINE  MM
  AVERAGE SKY COVER 0.1


WEATHER CONDITIONS
 THE FOLLOWING WEATHER WAS RECORDED YESTERDAY.
  NO SIGNIFICANT WEATHER WAS OBSERVED.


RELATIVE HUMIDITY (PERCENT)
 HIGHEST    87           400 AM
 LOWEST     60           400 PM
 AVERAGE    74

..........................................................


THE POCATELLO ID CLIMATE NORMALS FOR TODAY
                         NORMAL    RECORD    YEAR
 MAXIMUM TEMPERATURE (F)   42        62      1950
 MINIMUM TEMPERATURE (F)   22       -11      1960


SUNRISE AND SUNSET
FEBRUARY 26 2017......SUNRISE   711 AM MST   SUNSET   616 PM MST
FEBRUARY 27 2017......SUNRISE   709 AM MST   SUNSET   618 PM MST


-  INDICATES NEGATIVE NUMBERS.
R  INDICATES RECORD WAS SET OR TIED.
MM INDICATES DATA IS MISSING.
T  INDICATES TRACE AMOUNT.




$$
