000
CDUS45 KPIH 280742
CLIPIH


CLIMATE REPORT
NATIONAL WEATHER SERVICE POCATELLO ID
1239 AM MST SUN DEC 28 2014


...................................

...THE POCATELLO ID CLIMATE SUMMARY FOR DECEMBER 27 2014...

CLIMATE NORMAL PERIOD 1981 TO 2010
CLIMATE RECORD PERIOD 1939 TO 2014


WEATHER ITEM   OBSERVED TIME   RECORD YEAR NORMAL DEPARTURE LAST
                VALUE   (LST)  VALUE       VALUE  FROM      YEAR
                                                  NORMAL
..................................................................
TEMPERATURE (F)
 YESTERDAY
  MAXIMUM         28    348 PM  59    1980  32     -4       36
  MINIMUM         19   1247 AM -10    1954  15      4       11
                                      1941
  AVERAGE         24                        23      1       24

PRECIPITATION (IN)
  YESTERDAY        T             0.51 2006   0.04  -0.04     0.00
  MONTH TO DATE    0.76                      1.09  -0.33     0.43
  SINCE OCT 1      2.38                      3.07  -0.69     1.37
  SINCE JAN 1     12.64                     11.98   0.66     6.17

SNOWFALL (IN)
  YESTERDAY        0.0
  MONTH TO DATE    6.8
  SINCE DEC 1      6.8
  SINCE JUL 1     11.4
  SNOW DEPTH       3

DEGREE DAYS
 HEATING
  YESTERDAY       41                        42     -1       41
  MONTH TO DATE  789                      1093   -304     1239
  SINCE DEC 1    789                      1093   -304     1239
  SINCE JUL 1   2316                      2821   -505     2851

 COOLING
  YESTERDAY        0                         0      0        0
  MONTH TO DATE    0                         0      0        0
  SINCE DEC 1      0                         0      0        0
  SINCE JAN 1    421                       392     29      688
..................................................................


WIND (MPH)
  HIGHEST WIND SPEED    24   HIGHEST WIND DIRECTION     S (170)
  HIGHEST GUST SPEED    31   HIGHEST GUST DIRECTION     S (170)
  AVERAGE WIND SPEED    11.8


SKY COVER
  POSSIBLE SUNSHINE  MM
  AVERAGE SKY COVER 1.0


WEATHER CONDITIONS
 THE FOLLOWING WEATHER WAS RECORDED YESTERDAY.
  LIGHT SNOW
  FOG


RELATIVE HUMIDITY (PERCENT)
 HIGHEST    92           300 AM
 LOWEST     63           100 PM
 AVERAGE    78

..........................................................


THE POCATELLO ID CLIMATE NORMALS FOR TODAY
                         NORMAL    RECORD    YEAR
 MAXIMUM TEMPERATURE (F)   32        53      1945
 MINIMUM TEMPERATURE (F)   15       -15      1954


SUNRISE AND SUNSET
DECEMBER 28 2014......SUNRISE   801 AM MST   SUNSET   503 PM MST
DECEMBER 29 2014......SUNRISE   801 AM MST   SUNSET   504 PM MST


-  INDICATES NEGATIVE NUMBERS.
R  INDICATES RECORD WAS SET OR TIED.
MM INDICATES DATA IS MISSING.
T  INDICATES TRACE AMOUNT.




$$
