000
CDUS45 KPIH 112323
CLIPIH


CLIMATE REPORT
NATIONAL WEATHER SERVICE POCATELLO ID
422 PM MST THU FEB 11 2016


...................................

...THE POCATELLO ID CLIMATE SUMMARY FOR FEBRUARY 11 2016...
VALID TODAY AS OF 0400 PM LOCAL TIME.

CLIMATE NORMAL PERIOD 1981 TO 2010
CLIMATE RECORD PERIOD 1939 TO 2016


WEATHER ITEM   OBSERVED TIME   RECORD YEAR NORMAL DEPARTURE LAST
                VALUE   (LST)  VALUE       VALUE  FROM      YEAR
                                                  NORMAL
..................................................................
TEMPERATURE (F)
 TODAY
  MAXIMUM         36    344 PM  57    1961  36      0       52
  MINIMUM         17    132 AM -15    1982  18     -1       25
  AVERAGE         27                        27      0       39

PRECIPITATION (IN)
  TODAY            0.00          0.45 1961   0.03  -0.03     0.00
  MONTH TO DATE    0.04                      0.35  -0.31     0.54
  SINCE OCT 1      5.02                      4.56   0.46     3.36
  SINCE JAN 1      1.45                      1.34   0.11     0.97

SNOWFALL (IN)
  TODAY            0.0
  MONTH TO DATE    0.6
  SINCE DEC 1     21.3
  SINCE JUL 1     27.6
  SNOW DEPTH       T

DEGREE DAYS
 HEATING
  TODAY           38                        38      0       26
  MONTH TO DATE  470                       428     42      233
  SINCE DEC 1   2918                      2947    -29     2313
  SINCE JUL 1   4362                      4675   -313     3840

 COOLING
  TODAY            0                         0      0        0
  MONTH TO DATE    0                         0      0        0
  SINCE DEC 1      0                         0      0        0
  SINCE JAN 1      0                         0      0        0
..................................................................


WIND (MPH)
  HIGHEST WIND SPEED    14   HIGHEST WIND DIRECTION     E (90)
  HIGHEST GUST SPEED    18   HIGHEST GUST DIRECTION     E (80)
  AVERAGE WIND SPEED     6.4


SKY COVER
  POSSIBLE SUNSHINE  MM
  AVERAGE SKY COVER 0.2


WEATHER CONDITIONS
 THE FOLLOWING WEATHER WAS RECORDED TODAY.
  FOG


RELATIVE HUMIDITY (PERCENT)
 HIGHEST    92           200 AM
 LOWEST     64           100 PM
 AVERAGE    78

..........................................................


THE POCATELLO ID CLIMATE NORMALS FOR TOMORROW
                         NORMAL    RECORD    YEAR
 MAXIMUM TEMPERATURE (F)   36        57      2015
 MINIMUM TEMPERATURE (F)   18       -13      1949


SUNRISE AND SUNSET
FEBRUARY 11 2016......SUNRISE   734 AM MST   SUNSET   556 PM MST
FEBRUARY 12 2016......SUNRISE   732 AM MST   SUNSET   557 PM MST


-  INDICATES NEGATIVE NUMBERS.
R  INDICATES RECORD WAS SET OR TIED.
MM INDICATES DATA IS MISSING.
T  INDICATES TRACE AMOUNT.




$$
