000
CDUS45 KPIH 012330
CLIPIH


CLIMATE REPORT
NATIONAL WEATHER SERVICE POCATELLO ID
528 PM MDT WED OCT 1 2014


...................................

...THE POCATELLO ID CLIMATE SUMMARY FOR OCTOBER 1 2014...
VALID TODAY AS OF 0500 PM LOCAL TIME.

CLIMATE NORMAL PERIOD 1981 TO 2010
CLIMATE RECORD PERIOD 1939 TO 2014


WEATHER ITEM   OBSERVED TIME   RECORD YEAR NORMAL DEPARTURE LAST
                VALUE   (LST)  VALUE       VALUE  FROM      YEAR
                                                  NORMAL
..................................................................
TEMPERATURE (F)
 TODAY
  MAXIMUM         57   1250 PM  91    1992  68    -11       69
  MINIMUM         41    325 AM  18    1950  37      4       31
  AVERAGE         49                        53     -4       50

PRECIPITATION (IN)
  TODAY            0.03          1.05 1971   0.03   0.00     0.00
  MONTH TO DATE    0.03                      0.03   0.00     0.00
  SINCE OCT 1      0.03                      0.03   0.00     0.00
  SINCE JAN 1     10.29                      8.94   1.35     4.80

SNOWFALL (IN)
  TODAY            0.0
  MONTH TO DATE    0.0
  SINCE SEP 1      0.0
  SINCE JUL 1      0.0
  SNOW DEPTH       0

DEGREE DAYS
 HEATING
  TODAY           16                        12      4       15
  MONTH TO DATE   16                        12      4       15
  SINCE SEP 1    159                       215    -56      152
  SINCE JUL 1    194                       261    -67      152

 COOLING
  TODAY            0                         0      0        0
  MONTH TO DATE    0                         0      0        0
  SINCE SEP 1     35                        22     13       61
  SINCE JAN 1    421                       392     29      688
..................................................................


WIND (MPH)
  HIGHEST WIND SPEED    21   HIGHEST WIND DIRECTION     W (270)
  HIGHEST GUST SPEED    26   HIGHEST GUST DIRECTION     W (270)
  AVERAGE WIND SPEED    11.9


SKY COVER
  POSSIBLE SUNSHINE  MM
  AVERAGE SKY COVER 0.6


WEATHER CONDITIONS
 THE FOLLOWING WEATHER WAS RECORDED TODAY.
  RAIN
  LIGHT RAIN


RELATIVE HUMIDITY (PERCENT)
 HIGHEST    89           600 AM
 LOWEST     51           100 PM
 AVERAGE    70

..........................................................


THE POCATELLO ID CLIMATE NORMALS FOR TOMORROW
                         NORMAL    RECORD    YEAR
 MAXIMUM TEMPERATURE (F)   68        89      2010
 MINIMUM TEMPERATURE (F)   37        23      2009


SUNRISE AND SUNSET
OCTOBER  1 2014.......SUNRISE   728 AM MDT   SUNSET   712 PM MDT
OCTOBER  2 2014.......SUNRISE   729 AM MDT   SUNSET   710 PM MDT


-  INDICATES NEGATIVE NUMBERS.
R  INDICATES RECORD WAS SET OR TIED.
MM INDICATES DATA IS MISSING.
T  INDICATES TRACE AMOUNT.




$$
