000
CDUS45 KPIH 012323
CLIPIH


CLIMATE REPORT
NATIONAL WEATHER SERVICE POCATELLO ID
521 PM MDT FRI AUG 1 2014


...................................

...THE POCATELLO ID CLIMATE SUMMARY FOR AUGUST 1 2014...
VALID TODAY AS OF 0500 PM LOCAL TIME.

CLIMATE NORMAL PERIOD 1981 TO 2010
CLIMATE RECORD PERIOD 1939 TO 2014


WEATHER ITEM   OBSERVED TIME   RECORD YEAR NORMAL DEPARTURE LAST
                VALUE   (LST)  VALUE       VALUE  FROM      YEAR
                                                  NORMAL
..................................................................
TEMPERATURE (F)
 TODAY
  MAXIMUM         93    347 PM  99    2004  90      3       94
                                      1992
  MINIMUM         54    500 AM  40    2001  53      1       55
  AVERAGE         74                        71      3       75

PRECIPITATION (IN)
  TODAY            0.00          0.36 2011   0.02  -0.02     0.01
  MONTH TO DATE    0.00                      0.02  -0.02     0.01
  SINCE OCT 1      7.97                     10.70  -2.73     7.99
  SINCE JAN 1      6.60                      7.48  -0.88     3.83

SNOWFALL (IN)
  TODAY            0.0
  MONTH TO DATE    0.0
  SINCE JUN 1      0.0
  SINCE JUL 1      0.0
  SNOW DEPTH       0

DEGREE DAYS
 HEATING
  TODAY            0                         0      0        0
  MONTH TO DATE    0                         0      0        0
  SINCE JUN 1    112                       151    -39       90
  SINCE JUL 1      2                        20    -18        0

 COOLING
  TODAY            9                         6      3       10
  MONTH TO DATE    9                         6      3       10
  SINCE JUN 1    276                       224     52      395
  SINCE JAN 1    276                       229     47      404
..................................................................


WIND (MPH)
  HIGHEST WIND SPEED    14   HIGHEST WIND DIRECTION    NW (300)
  HIGHEST GUST SPEED    19   HIGHEST GUST DIRECTION     W (270)
  AVERAGE WIND SPEED     5.0


SKY COVER
  POSSIBLE SUNSHINE  MM
  AVERAGE SKY COVER 0.2


WEATHER CONDITIONS
 THE FOLLOWING WEATHER WAS RECORDED TODAY.
  NO SIGNIFICANT WEATHER WAS OBSERVED.


RELATIVE HUMIDITY (PERCENT)
 HIGHEST    83           500 AM
 LOWEST     16           200 PM
 AVERAGE    50

..........................................................


THE POCATELLO ID CLIMATE NORMALS FOR TOMORROW
                         NORMAL    RECORD    YEAR
 MAXIMUM TEMPERATURE (F)   90       104      1969
 MINIMUM TEMPERATURE (F)   53        43      1991


SUNRISE AND SUNSET
AUGUST  1 2014........SUNRISE   622 AM MDT   SUNSET   851 PM MDT
AUGUST  2 2014........SUNRISE   623 AM MDT   SUNSET   850 PM MDT


-  INDICATES NEGATIVE NUMBERS.
R  INDICATES RECORD WAS SET OR TIED.
MM INDICATES DATA IS MISSING.
T  INDICATES TRACE AMOUNT.




$$
