000
CDUS43 KABR 281034
CLIPIR


CLIMATE REPORT
NATIONAL WEATHER SERVICE ABERDEEN SD
532 AM CDT SAT MAR 28 2015


...................................

...THE PIERRE SD CLIMATE SUMMARY FOR MARCH 27 2015...

CLIMATE NORMAL PERIOD 1981 TO 2010
CLIMATE RECORD PERIOD 1892 TO 2015


WEATHER ITEM   OBSERVED TIME   RECORD YEAR NORMAL DEPARTURE LAST
                VALUE   (LST)  VALUE       VALUE  FROM      YEAR
                                                  NORMAL
..................................................................
TEMPERATURE (F)
 YESTERDAY
  MAXIMUM         51    459 PM  87    1988  50      1       42
  MINIMUM         26    720 AM   4    1970  27     -1       24
  AVERAGE         39                        39      0       33

PRECIPITATION (IN)
  YESTERDAY       MM             1.40 2004   0.04  MM         T
  MONTH TO DATE    0.33                      1.01  -0.68     0.34
  SINCE MAR 1      0.33                      1.01  -0.68     0.34
  SINCE JAN 1      0.68                      2.02  -1.34     0.91

SNOWFALL (IN)
  YESTERDAY       MM            18.0  1975   0.1   MM        0.0
                                      1995
  MONTH TO DATE    4.8                       5.3   -0.5      3.7
  SINCE OCT 1     27.1                      27.1    0.0     28.6
  SINCE JUL 1     27.1                      27.1    0.0     28.6
  SNOW DEPTH       T

DEGREE DAYS
 HEATING
  YESTERDAY       26                        26      0       32
  MONTH TO DATE  698                       846   -148      961
  SINCE MAR 1    698                       846   -148      961
  SINCE JUL 1   6207                      6344   -137     6956

 COOLING
  YESTERDAY        0                         0      0        0
  MONTH TO DATE    5                         0      5        0
  SINCE MAR 1      5                         0      5        0
  SINCE JAN 1      5                         0      5        0
..................................................................


WIND (MPH)
  RESULTANT WIND SPEED  11   RESULTANT WIND DIRECTION  SE (130)
  HIGHEST WIND SPEED    22   HIGHEST WIND DIRECTION    SE (130)
  HIGHEST GUST SPEED    26   HIGHEST GUST DIRECTION    SE (140)
  AVERAGE WIND SPEED    11.7




RELATIVE HUMIDITY (PERCENT)
 HIGHEST    85          1100 PM
 LOWEST     52           500 PM
 AVERAGE    69

..........................................................


THE PIERRE SD CLIMATE NORMALS FOR TODAY
                         NORMAL    RECORD    YEAR
 MAXIMUM TEMPERATURE (F)   51        87      1946
 MINIMUM TEMPERATURE (F)   28         5      1944


SUNRISE AND SUNSET
MARCH 28 2015.........SUNRISE   730 AM CDT   SUNSET   803 PM CDT
MARCH 29 2015.........SUNRISE   728 AM CDT   SUNSET   805 PM CDT


-  INDICATES NEGATIVE NUMBERS.
R  INDICATES RECORD WAS SET OR TIED.
MM INDICATES DATA IS MISSING.
T  INDICATES TRACE AMOUNT.




$$
