000
CDUS43 KABR 251543
CLIPIR


CLIMATE REPORT
NATIONAL WEATHER SERVICE ABERDEEN SD
943 AM CST THU DEC 25 2014


...................................

...THE PIERRE SD CLIMATE SUMMARY FOR DECEMBER 24 2014...

CLIMATE NORMAL PERIOD 1981 TO 2010
CLIMATE RECORD PERIOD 1892 TO 2014


WEATHER ITEM   OBSERVED TIME   RECORD YEAR NORMAL DEPARTURE LAST
                VALUE   (LST)  VALUE       VALUE  FROM      YEAR
                                                  NORMAL
..................................................................
TEMPERATURE (F)
 YESTERDAY
  MAXIMUM         29    423 PM  54    1999  30     -1       32
  MINIMUM         12    902 AM -19    2000  10      2        0
  AVERAGE         21                        20      1       16

PRECIPITATION (IN)
  YESTERDAY        T             0.34 1925   0.02  -0.02     0.05
  MONTH TO DATE    0.44                      0.43   0.01     1.34
  SINCE DEC 1      0.44                      0.43   0.01     1.34
  SINCE JAN 1     18.39                     19.89  -1.50    24.42

SNOWFALL (IN)
  YESTERDAY        T             3.2  1948   0.2   -0.2       T
  MONTH TO DATE    5.1                       3.9    1.2     12.9
  SINCE OCT 1     14.3                      10.2    4.1     14.9
  SINCE JUL 1     14.3                      10.2    4.1     14.9
  SNOW DEPTH       4

DEGREE DAYS
 HEATING
  YESTERDAY       44                        45     -1       49
  MONTH TO DATE  893                      1025   -132     1282
  SINCE DEC 1    893                      1025   -132     1282
  SINCE JUL 1   2615                      2645    -30     2901

 COOLING
  YESTERDAY        0                         0      0        0
  MONTH TO DATE    0                         0      0        0
  SINCE DEC 1      0                         0      0        0
  SINCE JAN 1    622                       868   -246      853
..................................................................


WIND (MPH)
  RESULTANT WIND SPEED   4   RESULTANT WIND DIRECTION   S (180)
  HIGHEST WIND SPEED    14   HIGHEST WIND DIRECTION    NW (330)
  HIGHEST GUST SPEED    15   HIGHEST GUST DIRECTION     N (340)
  AVERAGE WIND SPEED     6.5




RELATIVE HUMIDITY (PERCENT)
 HIGHEST    96           700 AM
 LOWEST     75           200 PM
 AVERAGE    86

..........................................................


THE PIERRE SD CLIMATE NORMALS FOR TODAY
                         NORMAL    RECORD    YEAR
 MAXIMUM TEMPERATURE (F)   30        56      1999
 MINIMUM TEMPERATURE (F)   10       -16      1983


SUNRISE AND SUNSET
DECEMBER 25 2014......SUNRISE   816 AM CST   SUNSET   507 PM CST
DECEMBER 26 2014......SUNRISE   816 AM CST   SUNSET   508 PM CST


-  INDICATES NEGATIVE NUMBERS.
R  INDICATES RECORD WAS SET OR TIED.
MM INDICATES DATA IS MISSING.
T  INDICATES TRACE AMOUNT.




$$
