000
CDUS43 KABR 011027
CLIPIR


CLIMATE REPORT
NATIONAL WEATHER SERVICE ABERDEEN SD
526 AM CDT WED OCT 1 2014


...................................

...THE PIERRE SD CLIMATE SUMMARY FOR SEPTEMBER 30 2014...

CLIMATE NORMAL PERIOD 1981 TO 2010
CLIMATE RECORD PERIOD 1892 TO 2014


WEATHER ITEM   OBSERVED TIME   RECORD YEAR NORMAL DEPARTURE LAST
                VALUE   (LST)  VALUE       VALUE  FROM      YEAR
                                                  NORMAL
..................................................................
TEMPERATURE (F)
 YESTERDAY
  MAXIMUM         72   1213 PM  98    1980  69      3       88
  MINIMUM         55   1142 PM  23    1974  43     12       49
  AVERAGE         64                        56      8       69

PRECIPITATION (IN)
  YESTERDAY        0.04          1.02 1911   0.06  -0.02     0.00
  MONTH TO DATE    0.61                      1.87  -1.26     1.16
  SINCE SEP 1      0.61                      1.87  -1.26     1.16
  SINCE JAN 1     16.83                     17.05  -0.22    18.08

DEGREE DAYS
 HEATING
  YESTERDAY        1                        10     -9        0
  MONTH TO DATE  127                       151    -24       56
  SINCE SEP 1    127                       151    -24       56
  SINCE JUL 1    155                       171    -16       65

 COOLING
  YESTERDAY        0                         1     -1        4
  MONTH TO DATE   84                        86     -2      167
  SINCE SEP 1     84                        86     -2      167
  SINCE JAN 1    620                       863   -243      853
..................................................................


WIND (MPH)
  RESULTANT WIND SPEED  15   RESULTANT WIND DIRECTION   S (170)
  HIGHEST WIND SPEED    38   HIGHEST WIND DIRECTION     S (180)
  HIGHEST GUST SPEED    49   HIGHEST GUST DIRECTION     S (180)
  AVERAGE WIND SPEED    21.4




RELATIVE HUMIDITY (PERCENT)
 HIGHEST    93           700 AM
 LOWEST     47          1200 PM
 AVERAGE    70

..........................................................


THE PIERRE SD CLIMATE NORMALS FOR TODAY
                         NORMAL    RECORD    YEAR
 MAXIMUM TEMPERATURE (F)   69        96      1953
 MINIMUM TEMPERATURE (F)   42        25      2003


SUNRISE AND SUNSET
OCTOBER  1 2014.......SUNRISE   739 AM CDT   SUNSET   722 PM CDT
OCTOBER  2 2014.......SUNRISE   740 AM CDT   SUNSET   720 PM CDT


-  INDICATES NEGATIVE NUMBERS.
R  INDICATES RECORD WAS SET OR TIED.
MM INDICATES DATA IS MISSING.
T  INDICATES TRACE AMOUNT.




$$
