000
CDUS43 KABR 260907
CLIPIR


CLIMATE REPORT
NATIONAL WEATHER SERVICE ABERDEEN SD
406 AM CDT TUE JUL 26 2016


...................................

...THE PIERRE SD CLIMATE SUMMARY FOR JULY 25 2016...

CLIMATE NORMAL PERIOD 1981 TO 2010
CLIMATE RECORD PERIOD 1892 TO 2016


WEATHER ITEM   OBSERVED TIME   RECORD YEAR NORMAL DEPARTURE LAST
                VALUE   (LST)  VALUE       VALUE  FROM      YEAR
                                                  NORMAL
..................................................................
TEMPERATURE (F)
 YESTERDAY
  MAXIMUM         97    438 PM 109    2007  90      7       91
  MINIMUM         62    544 AM  48    2004  63     -1       64
  AVERAGE         80                        76      4       78

PRECIPITATION (IN)
  YESTERDAY        T             4.00 1984   0.09  -0.09     0.04
  MONTH TO DATE    2.13                      2.11   0.02     1.83
  SINCE JUN 1      3.96                      5.68  -1.72     7.99
  SINCE JAN 1     11.40                     12.88  -1.48    15.34

DEGREE DAYS
 HEATING
  YESTERDAY        0                         0      0        0
  MONTH TO DATE    4                         0      4        2
  SINCE JUN 1     16                        53    -37        7
  SINCE JUL 1      4                         0      4        2

 COOLING
  YESTERDAY       15                        11      4       13
  MONTH TO DATE  286                       256     30      236
  SINCE JUN 1    513                       390    123      371
  SINCE JAN 1    536                       422    114      385
..................................................................


WIND (MPH)
  RESULTANT WIND SPEED  10   RESULTANT WIND DIRECTION   S (180)
  HIGHEST WIND SPEED    25   HIGHEST WIND DIRECTION     S (170)
  HIGHEST GUST SPEED    33   HIGHEST GUST DIRECTION     S (180)
  AVERAGE WIND SPEED    12.2




RELATIVE HUMIDITY (PERCENT)
 HIGHEST    73           600 AM
 LOWEST     17           300 PM
 AVERAGE    45

..........................................................


THE PIERRE SD CLIMATE NORMALS FOR TODAY
                         NORMAL    RECORD    YEAR
 MAXIMUM TEMPERATURE (F)   90       108      1935
 MINIMUM TEMPERATURE (F)   63        46      1971


SUNRISE AND SUNSET
JULY 26 2016..........SUNRISE   622 AM CDT   SUNSET   912 PM CDT
JULY 27 2016..........SUNRISE   623 AM CDT   SUNSET   911 PM CDT


-  INDICATES NEGATIVE NUMBERS.
R  INDICATES RECORD WAS SET OR TIED.
MM INDICATES DATA IS MISSING.
T  INDICATES TRACE AMOUNT.




$$
