000
CDUS43 KABR 271029
CLIPIR


CLIMATE REPORT
NATIONAL WEATHER SERVICE ABERDEEN SD
429 AM CST THU NOV 27 2014


...................................

...THE PIERRE SD CLIMATE SUMMARY FOR NOVEMBER 26 2014...

CLIMATE NORMAL PERIOD 1981 TO 2010
CLIMATE RECORD PERIOD 1892 TO 2014


WEATHER ITEM   OBSERVED TIME   RECORD YEAR NORMAL DEPARTURE LAST
                VALUE   (LST)  VALUE       VALUE  FROM      YEAR
                                                  NORMAL
..................................................................
TEMPERATURE (F)
 YESTERDAY
  MAXIMUM         34   1212 AM  69    1998  38     -4       30
  MINIMUM         13   1159 PM  -6    1985  18     -5        7
  AVERAGE         24                        28     -4       19

PRECIPITATION (IN)
  YESTERDAY        T             0.80 2001   0.02  -0.02     0.00
  MONTH TO DATE    0.80                      0.68   0.12     0.24
  SINCE SEP 1      1.71                      4.20  -2.49     6.16
  SINCE JAN 1     17.93                     19.38  -1.45    23.08

SNOWFALL (IN)
  YESTERDAY        T             8.0  2001   0.2   -0.2      0.0
  MONTH TO DATE    9.0                       4.5    4.5      1.5
  SINCE OCT 1      9.0                       5.5    3.5      2.0
  SINCE JUL 1      9.0                       5.5    3.5      2.0
  SNOW DEPTH       1

DEGREE DAYS
 HEATING
  YESTERDAY       41                        37      4       46
  MONTH TO DATE  964                       787    177      799
  SINCE SEP 1   1513                      1448     65     1468
  SINCE JUL 1   1541                      1468     73     1477

 COOLING
  YESTERDAY        0                         0      0        0
  MONTH TO DATE    0                         0      0        0
  SINCE SEP 1     86                        91     -5      167
  SINCE JAN 1    622                       868   -246      853
..................................................................


WIND (MPH)
  RESULTANT WIND SPEED  10   RESULTANT WIND DIRECTION   N (0)
  HIGHEST WIND SPEED    37   HIGHEST WIND DIRECTION     N (340)
  HIGHEST GUST SPEED    47   HIGHEST GUST DIRECTION    NW (330)
  AVERAGE WIND SPEED    12.3




RELATIVE HUMIDITY (PERCENT)
 HIGHEST    88           300 AM
 LOWEST     67           600 PM
 AVERAGE    78

..........................................................


THE PIERRE SD CLIMATE NORMALS FOR TODAY
                         NORMAL    RECORD    YEAR
 MAXIMUM TEMPERATURE (F)   38        70      1949
 MINIMUM TEMPERATURE (F)   18        -8      1985


SUNRISE AND SUNSET
NOVEMBER 27 2014......SUNRISE   752 AM CST   SUNSET   505 PM CST
NOVEMBER 28 2014......SUNRISE   754 AM CST   SUNSET   504 PM CST


-  INDICATES NEGATIVE NUMBERS.
R  INDICATES RECORD WAS SET OR TIED.
MM INDICATES DATA IS MISSING.
T  INDICATES TRACE AMOUNT.




$$
