000
CDUS43 KABR 270911
CLIPIR


CLIMATE REPORT
NATIONAL WEATHER SERVICE ABERDEEN SD
410 AM CDT FRI MAY 27 2016


...................................

...THE PIERRE SD CLIMATE SUMMARY FOR MAY 26 2016...

CLIMATE NORMAL PERIOD 1981 TO 2010
CLIMATE RECORD PERIOD 1892 TO 2016


WEATHER ITEM   OBSERVED TIME   RECORD YEAR NORMAL DEPARTURE LAST
                VALUE   (LST)  VALUE       VALUE  FROM      YEAR
                                                  NORMAL
..................................................................
TEMPERATURE (F)
 YESTERDAY
  MAXIMUM         77    437 PM  96    2006  73      4       78
  MINIMUM         46    511 AM  29    1992  49     -3       50
  AVERAGE         62                        61      1       64

PRECIPITATION (IN)
  YESTERDAY        0.00          1.81 1955   0.11  -0.11     0.00
  MONTH TO DATE    1.17                      2.57  -1.40     3.62
  SINCE MAR 1      6.41                      5.61   0.80     4.44
  SINCE JAN 1      7.41                      6.62   0.79     4.79

DEGREE DAYS
 HEATING
  YESTERDAY        3                         5     -2        1
  MONTH TO DATE  220                       224     -4      261
  SINCE MAR 1   1485                      1716   -231     1464
  SINCE JUL 1   6319                      7214   -895     6973

 COOLING
  YESTERDAY        0                         1     -1        0
  MONTH TO DATE   12                        24    -12        5
  SINCE MAR 1     18                        28    -10       10
  SINCE JAN 1     18                        28    -10       10
..................................................................


WIND (MPH)
  RESULTANT WIND SPEED   2   RESULTANT WIND DIRECTION  SW (240)
  HIGHEST WIND SPEED    17   HIGHEST WIND DIRECTION     S (170)
  HIGHEST GUST SPEED    22   HIGHEST GUST DIRECTION     S (160)
  AVERAGE WIND SPEED     6.5




RELATIVE HUMIDITY (PERCENT)
 HIGHEST    93           300 AM
 LOWEST     44           400 PM
 AVERAGE    69

..........................................................


THE PIERRE SD CLIMATE NORMALS FOR TODAY
                         NORMAL    RECORD    YEAR
 MAXIMUM TEMPERATURE (F)   73       105      1969
 MINIMUM TEMPERATURE (F)   50        32      1992


SUNRISE AND SUNSET
MAY 27 2016...........SUNRISE   603 AM CDT   SUNSET   915 PM CDT
MAY 28 2016...........SUNRISE   602 AM CDT   SUNSET   915 PM CDT


-  INDICATES NEGATIVE NUMBERS.
R  INDICATES RECORD WAS SET OR TIED.
MM INDICATES DATA IS MISSING.
T  INDICATES TRACE AMOUNT.




$$
