000
CDUS43 KABR 252232
CLIPIR


CLIMATE REPORT
NATIONAL WEATHER SERVICE ABERDEEN SD
530 PM CDT SAT OCT 25 2014


...................................

...THE PIERRE SD CLIMATE SUMMARY FOR OCTOBER 25 2014...
VALID TODAY AS OF 0500 PM LOCAL TIME.

CLIMATE NORMAL PERIOD 1981 TO 2010
CLIMATE RECORD PERIOD 1892 TO 2014


WEATHER ITEM   OBSERVED TIME   RECORD YEAR NORMAL DEPARTURE LAST
                VALUE   (LST)  VALUE       VALUE  FROM      YEAR
                                                  NORMAL
..................................................................
TEMPERATURE (F)
 TODAY
  MAXIMUM         68    354 PM  88    1940  57     11       69
  MINIMUM         37    711 AM  14    1997  33      4       27
  AVERAGE         53                        45      8       48

PRECIPITATION (IN)
  TODAY            0.00          0.85 1954   0.04  -0.04     0.00
  MONTH TO DATE    0.29                      1.42  -1.13     4.66
  SINCE SEP 1      0.90                      3.29  -2.39     5.82
  SINCE JAN 1     17.12                     18.47  -1.35    22.74

SNOWFALL (IN)
  TODAY            0.0
  MONTH TO DATE    0.0
  SINCE OCT 1      0.0
  SINCE JUL 1      0.0
  SNOW DEPTH       0

DEGREE DAYS
 HEATING
  TODAY           12                        20     -8       17
  MONTH TO DATE  288                       378    -90      445
  SINCE SEP 1    415                       529   -114      501
  SINCE JUL 1    443                       549   -106      510

 COOLING
  TODAY            0                         0      0        0
  MONTH TO DATE    2                         2      0        0
  SINCE SEP 1     86                        88     -2      167
  SINCE JAN 1    622                       865   -243      853
..................................................................


WIND (MPH)
  HIGHEST GUST SPEED    16   HIGHEST GUST DIRECTION    SE (120)




..........................................................


THE PIERRE SD CLIMATE NORMALS FOR TOMORROW
                         NORMAL    RECORD    YEAR
 MAXIMUM TEMPERATURE (F)   56        83      1966
 MINIMUM TEMPERATURE (F)   33        10      1997


SUNRISE AND SUNSET
OCTOBER 25 2014.......SUNRISE   809 AM CDT   SUNSET   641 PM CDT
OCTOBER 26 2014.......SUNRISE   810 AM CDT   SUNSET   639 PM CDT


-  INDICATES NEGATIVE NUMBERS.
R  INDICATES RECORD WAS SET OR TIED.
MM INDICATES DATA IS MISSING.
T  INDICATES TRACE AMOUNT.




$$
