000
CDUS43 KABR 011039
CLIPIR


CLIMATE REPORT
NATIONAL WEATHER SERVICE ABERDEEN SD
538 AM CDT SAT OCT 1 2016


...................................

...THE PIERRE SD CLIMATE SUMMARY FOR SEPTEMBER 30 2016...

CLIMATE NORMAL PERIOD 1981 TO 2010
CLIMATE RECORD PERIOD 1892 TO 2016


WEATHER ITEM   OBSERVED TIME   RECORD YEAR NORMAL DEPARTURE LAST
                VALUE   (LST)  VALUE       VALUE  FROM      YEAR
                                                  NORMAL
..................................................................
TEMPERATURE (F)
 YESTERDAY
  MAXIMUM         74    215 PM  98    1980  69      5       73
  MINIMUM         50    654 AM  23    1974  43      7       56
  AVERAGE         62                        56      6       65

PRECIPITATION (IN)
  YESTERDAY        0.00          1.02 1911   0.06  -0.06     0.00
  MONTH TO DATE    1.23                      1.87  -0.64     1.18
  SINCE SEP 1      1.23                      1.87  -0.64     1.18
  SINCE JAN 1     16.95                     17.05  -0.10    19.33

DEGREE DAYS
 HEATING
  YESTERDAY        3                        10     -7        0
  MONTH TO DATE   94                       151    -57       56
  SINCE SEP 1     94                       151    -57       56
  SINCE JUL 1    114                       171    -57       81

 COOLING
  YESTERDAY        0                         1     -1        0
  MONTH TO DATE   80                        86     -6      121
  SINCE SEP 1     80                        86     -6      121
  SINCE JAN 1    944                       863     81      831
..................................................................


WIND (MPH)
  RESULTANT WIND SPEED  16   RESULTANT WIND DIRECTION  SE (140)
  HIGHEST WIND SPEED    28   HIGHEST WIND DIRECTION    SE (150)
  HIGHEST GUST SPEED    32   HIGHEST GUST DIRECTION    SE (140)
  AVERAGE WIND SPEED    16.2




RELATIVE HUMIDITY (PERCENT)
 HIGHEST    80           700 AM
 LOWEST     40           600 PM
 AVERAGE    60

..........................................................


THE PIERRE SD CLIMATE NORMALS FOR TODAY
                         NORMAL    RECORD    YEAR
 MAXIMUM TEMPERATURE (F)   69        96      1953
 MINIMUM TEMPERATURE (F)   42        25      2003


SUNRISE AND SUNSET
OCTOBER  1 2016.......SUNRISE   740 AM CDT   SUNSET   721 PM CDT
OCTOBER  2 2016.......SUNRISE   741 AM CDT   SUNSET   719 PM CDT


-  INDICATES NEGATIVE NUMBERS.
R  INDICATES RECORD WAS SET OR TIED.
MM INDICATES DATA IS MISSING.
T  INDICATES TRACE AMOUNT.




$$
