000
CDUS43 KABR 040915
CLIPIR


CLIMATE REPORT
NATIONAL WEATHER SERVICE ABERDEEN SD
414 AM CDT SAT JUL 4 2015


...................................

...THE PIERRE SD CLIMATE SUMMARY FOR JULY 3 2015...

CLIMATE NORMAL PERIOD 1981 TO 2010
CLIMATE RECORD PERIOD 1892 TO 2015


WEATHER ITEM   OBSERVED TIME   RECORD YEAR NORMAL DEPARTURE LAST
                VALUE   (LST)  VALUE       VALUE  FROM      YEAR
                                                  NORMAL
..................................................................
TEMPERATURE (F)
 YESTERDAY
  MAXIMUM         82    459 PM 110    1949  87     -5       80
  MINIMUM         60    502 AM  43    1967  60      0       50
  AVERAGE         71                        73     -2       65

PRECIPITATION (IN)
  YESTERDAY        0.00          1.53 1905   0.08  -0.08     0.00
  MONTH TO DATE    0.82                      0.25   0.57     0.05
  SINCE JUN 1      6.98                      3.82   3.16     4.44
  SINCE JAN 1     14.33                     11.02   3.31    12.37

DEGREE DAYS
 HEATING
  YESTERDAY        0                         0      0        0
  MONTH TO DATE    0                         0      0        9
  SINCE JUN 1      5                        53    -48       76
  SINCE JUL 1      0                         0      0        9

 COOLING
  YESTERDAY        6                         9     -3        0
  MONTH TO DATE   18                        26     -8        0
  SINCE JUN 1    153                       160     -7       59
  SINCE JAN 1    167                       192    -25      107
..................................................................


WIND (MPH)
  RESULTANT WIND SPEED   1   RESULTANT WIND DIRECTION   S (170)
  HIGHEST WIND SPEED     9   HIGHEST WIND DIRECTION     S (160)
  HIGHEST GUST SPEED    14   HIGHEST GUST DIRECTION     S (160)
  AVERAGE WIND SPEED     3.4




RELATIVE HUMIDITY (PERCENT)
 HIGHEST   100           200 AM
 LOWEST     51           500 PM
 AVERAGE    76

..........................................................


THE PIERRE SD CLIMATE NORMALS FOR TODAY
                         NORMAL    RECORD    YEAR
 MAXIMUM TEMPERATURE (F)   87       107      1936
 MINIMUM TEMPERATURE (F)   60        43      1967


SUNRISE AND SUNSET
JULY  4 2015..........SUNRISE   602 AM CDT   SUNSET   928 PM CDT
JULY  5 2015..........SUNRISE   603 AM CDT   SUNSET   928 PM CDT


-  INDICATES NEGATIVE NUMBERS.
R  INDICATES RECORD WAS SET OR TIED.
MM INDICATES DATA IS MISSING.
T  INDICATES TRACE AMOUNT.




$$
