686
CDUS43 KABR 260914
CLIPIR


CLIMATE REPORT
NATIONAL WEATHER SERVICE ABERDEEN SD
413 AM CDT FRI AUG 26 2016


...................................

...THE PIERRE SD CLIMATE SUMMARY FOR AUGUST 25 2016...

CLIMATE NORMAL PERIOD 1981 TO 2010
CLIMATE RECORD PERIOD 1892 TO 2016


WEATHER ITEM   OBSERVED TIME   RECORD YEAR NORMAL DEPARTURE LAST
                VALUE   (LST)  VALUE       VALUE  FROM      YEAR
                                                  NORMAL
..................................................................
TEMPERATURE (F)
 YESTERDAY
  MAXIMUM         73    343 PM 108    1991  86    -13       79
  MINIMUM         48   1119 PM  45    2015  58    -10       45
                                      1934
  AVERAGE         61                        72    -11       62

PRECIPITATION (IN)
  YESTERDAY        0.00          1.54 1944   0.05  -0.05     0.00
  MONTH TO DATE    1.91                      1.50   0.41     2.22
  SINCE JUN 1      8.05                      7.68   0.37    10.53
  SINCE JAN 1     15.49                     14.88   0.61    17.88

DEGREE DAYS
 HEATING
  YESTERDAY        4                         1      3        3
  MONTH TO DATE    7                         5      2       23
  SINCE JUN 1     23                        64    -41       30
  SINCE JUL 1     11                        11      0       25

 COOLING
  YESTERDAY        0                         8     -8        0
  MONTH TO DATE  214                       243    -29      208
  SINCE JUN 1    792                       704     88      637
  SINCE JAN 1    815                       736     79      651
..................................................................


WIND (MPH)
  RESULTANT WIND SPEED  10   RESULTANT WIND DIRECTION  NW (320)
  HIGHEST WIND SPEED    22   HIGHEST WIND DIRECTION    NW (310)
  HIGHEST GUST SPEED    29   HIGHEST GUST DIRECTION    NW (330)
  AVERAGE WIND SPEED    10.5




RELATIVE HUMIDITY (PERCENT)
 HIGHEST    83           600 AM
 LOWEST     41           100 PM
 AVERAGE    62

..........................................................


THE PIERRE SD CLIMATE NORMALS FOR TODAY
                         NORMAL    RECORD    YEAR
 MAXIMUM TEMPERATURE (F)   85       108      1991
 MINIMUM TEMPERATURE (F)   58        44      1934


SUNRISE AND SUNSET
AUGUST 26 2016........SUNRISE   658 AM CDT   SUNSET   827 PM CDT
AUGUST 27 2016........SUNRISE   659 AM CDT   SUNSET   825 PM CDT


-  INDICATES NEGATIVE NUMBERS.
R  INDICATES RECORD WAS SET OR TIED.
MM INDICATES DATA IS MISSING.
T  INDICATES TRACE AMOUNT.




$$
