000
CDUS43 KABR 121026
CLIPIR


CLIMATE REPORT
NATIONAL WEATHER SERVICE ABERDEEN SD
525 AM CDT SAT JUL 12 2014


...................................

...THE PIERRE SD CLIMATE SUMMARY FOR JULY 11 2014...

CLIMATE NORMAL PERIOD 1981 TO 2010
CLIMATE RECORD PERIOD 1892 TO 2014


WEATHER ITEM   OBSERVED TIME   RECORD YEAR NORMAL DEPARTURE LAST
                VALUE   (LST)  VALUE       VALUE  FROM      YEAR
                                                  NORMAL
..................................................................
TEMPERATURE (F)
 YESTERDAY
  MAXIMUM         94    357 PM 111    1973  89      5       98
  MINIMUM         64    404 AM  47    1993  62      2       67
  AVERAGE         79                        75      4       83

PRECIPITATION (IN)
  YESTERDAY        0.01          1.50 1992   0.09  -0.08     0.00
  MONTH TO DATE    0.06                      0.91  -0.85     1.91
  SINCE JUN 1      4.45                      4.48  -0.03     4.87
  SINCE JAN 1     12.38                     11.68   0.70    13.73

DEGREE DAYS
 HEATING
  YESTERDAY        0                         0      0        0
  MONTH TO DATE    9                         0      9        0
  SINCE JUN 1     76                        53     23       60
  SINCE JUL 1      9                         0      9        0

 COOLING
  YESTERDAY       14                        10      4       18
  MONTH TO DATE   64                       103    -39       91
  SINCE JUN 1    123                       237   -114      210
  SINCE JAN 1    171                       269    -98      232
..................................................................


WIND (MPH)
  RESULTANT WIND SPEED   2   RESULTANT WIND DIRECTION   N (10)
  HIGHEST WIND SPEED    26   HIGHEST WIND DIRECTION    NE (60)
  HIGHEST GUST SPEED    35   HIGHEST GUST DIRECTION     E (70)
  AVERAGE WIND SPEED     5.4




RELATIVE HUMIDITY (PERCENT)
 HIGHEST   100           400 AM
 LOWEST     39           400 PM
 AVERAGE    70

..........................................................


THE PIERRE SD CLIMATE NORMALS FOR TODAY
                         NORMAL    RECORD    YEAR
 MAXIMUM TEMPERATURE (F)   89       105      1939
 MINIMUM TEMPERATURE (F)   62        44      1975


SUNRISE AND SUNSET
JULY 12 2014..........SUNRISE   608 AM CDT   SUNSET   925 PM CDT
JULY 13 2014..........SUNRISE   609 AM CDT   SUNSET   924 PM CDT


-  INDICATES NEGATIVE NUMBERS.
R  INDICATES RECORD WAS SET OR TIED.
MM INDICATES DATA IS MISSING.
T  INDICATES TRACE AMOUNT.




$$
