000
CDUS43 KABR 221024
CLIPIR


CLIMATE REPORT
NATIONAL WEATHER SERVICE ABERDEEN SD
523 AM CDT TUE JUL 22 2014


...................................

...THE PIERRE SD CLIMATE SUMMARY FOR JULY 21 2014...

CLIMATE NORMAL PERIOD 1981 TO 2010
CLIMATE RECORD PERIOD 1892 TO 2014


WEATHER ITEM   OBSERVED TIME   RECORD YEAR NORMAL DEPARTURE LAST
                VALUE   (LST)  VALUE       VALUE  FROM      YEAR
                                                  NORMAL
..................................................................
TEMPERATURE (F)
 YESTERDAY
  MAXIMUM        104    229 PM 110    1934  90     14       88
  MINIMUM         70   1159 PM  46    1947  63      7       55
  AVERAGE         87                        76     11       72

PRECIPITATION (IN)
  YESTERDAY        0.00          0.94 1978   0.09  -0.09     0.00
  MONTH TO DATE    0.31                      1.76  -1.45     2.41
  SINCE JUN 1      4.70                      5.33  -0.63     5.37
  SINCE JAN 1     12.63                     12.53   0.10    14.23

DEGREE DAYS
 HEATING
  YESTERDAY        0                         0      0        0
  MONTH TO DATE   19                         0     19        0
  SINCE JUN 1     86                        53     33       60
  SINCE JUL 1     19                         0     19        0

 COOLING
  YESTERDAY       22                        11     11        7
  MONTH TO DATE  144                       212    -68      225
  SINCE JUN 1    203                       346   -143      344
  SINCE JAN 1    251                       378   -127      366
..................................................................


WIND (MPH)
  RESULTANT WIND SPEED   2   RESULTANT WIND DIRECTION   E (70)
  HIGHEST WIND SPEED    23   HIGHEST WIND DIRECTION     W (280)
  HIGHEST GUST SPEED    28   HIGHEST GUST DIRECTION     W (270)
  AVERAGE WIND SPEED    11.5




RELATIVE HUMIDITY (PERCENT)
 HIGHEST   100           400 AM
 LOWEST     24           500 PM
 AVERAGE    62

..........................................................


THE PIERRE SD CLIMATE NORMALS FOR TODAY
                         NORMAL    RECORD    YEAR
 MAXIMUM TEMPERATURE (F)   90       108      1941
 MINIMUM TEMPERATURE (F)   63        49      1961


SUNRISE AND SUNSET
JULY 22 2014..........SUNRISE   618 AM CDT   SUNSET   917 PM CDT
JULY 23 2014..........SUNRISE   619 AM CDT   SUNSET   916 PM CDT


-  INDICATES NEGATIVE NUMBERS.
R  INDICATES RECORD WAS SET OR TIED.
MM INDICATES DATA IS MISSING.
T  INDICATES TRACE AMOUNT.




$$
