000
CDUS41 KPBZ 160703
CLIPIT


CLIMATE REPORT
NATIONAL WEATHER SERVICE PITTSBURGH PA
302 AM EDT WED APR 16 2014


...................................

...THE PITTSBURGH PA CLIMATE SUMMARY FOR APRIL 15 2014...

CLIMATE NORMAL PERIOD 1981 TO 2010
CLIMATE RECORD PERIOD 1871 TO 2014


WEATHER ITEM   OBSERVED TIME   RECORD YEAR NORMAL DEPARTURE LAST
                VALUE   (LST)  VALUE       VALUE  FROM      YEAR
                                                  NORMAL
..................................................................
TEMPERATURE (F)
 YESTERDAY
  MAXIMUM         64    220 AM  85    1883  62      2       66
  MINIMUM         27   1159 PM  20    1943  40    -13       54
  AVERAGE         46                        51     -5       60

PRECIPITATION (IN)
  YESTERDAY        0.25          0.87 1914   0.11   0.14     0.00
  MONTH TO DATE    2.40                      1.56   0.84     1.26
  SINCE JUN 1     33.01                     32.69   0.32    34.36
  SINCE JAN 1      8.70                      9.60  -0.90     8.00

SNOWFALL (IN)
  YESTERDAY        0.1           0.5  1962   0.1    0.0      0.0
  MONTH TO DATE    0.1                       1.2   -1.1       T
  SINCE OCT 1     63.4                      41.1   22.3     57.4
  SINCE JUL 1     63.4                      41.1   22.3     57.4
  SNOW DEPTH       0

DEGREE DAYS
 HEATING
  YESTERDAY       19                        14      5        5
  MONTH TO DATE  191                       252    -61      225
  SINCE MAR 1   1131                      1040     91     1119
  SINCE JUL 1   5662                      5297    365     5231

 COOLING
  YESTERDAY        0                         0      0        0
  MONTH TO DATE   10                         0     10        8
  SINCE MAR 1     10                         1      9        8
  SINCE JAN 1     10                         1      9        8
..................................................................


WIND (MPH)
  HIGHEST WIND SPEED    26   HIGHEST WIND DIRECTION    NW (300)
  HIGHEST GUST SPEED    34   HIGHEST GUST DIRECTION    NW (300)
  AVERAGE WIND SPEED    15.7


SKY COVER
  POSSIBLE SUNSHINE  MM
  AVERAGE SKY COVER 1.0


WEATHER CONDITIONS
 THE FOLLOWING WEATHER WAS RECORDED YESTERDAY.
  RAIN
  LIGHT RAIN
  LIGHT SNOW
  SLEET
  FOG
  HAZE


RELATIVE HUMIDITY (PERCENT)
 HIGHEST    96          1000 AM
 LOWEST     63           800 PM
 AVERAGE    80

..........................................................


THE PITTSBURGH PA CLIMATE NORMALS FOR TODAY
                         NORMAL    RECORD    YEAR
 MAXIMUM TEMPERATURE (F)   62        86      2002
 MINIMUM TEMPERATURE (F)   41        21      1875


SUNRISE AND SUNSET
APRIL 16 2014.........SUNRISE   641 AM EDT   SUNSET   801 PM EDT
APRIL 17 2014.........SUNRISE   639 AM EDT   SUNSET   802 PM EDT


-  INDICATES NEGATIVE NUMBERS.
R  INDICATES RECORD WAS SET OR TIED.
MM INDICATES DATA IS MISSING.
T  INDICATES TRACE AMOUNT.






&&
SNOW DEPTH IS MEASURED AT 7 AM EST OR 8 AM EDT.
$$
