000
CDUS41 KPBZ 040830
CLIPIT


CLIMATE REPORT
NATIONAL WEATHER SERVICE PITTSBURGH PA
330 AM EST WED MAR 4 2015


...................................

...THE PITTSBURGH PA CLIMATE SUMMARY FOR MARCH 3 2015...

CLIMATE NORMAL PERIOD 1981 TO 2010
CLIMATE RECORD PERIOD 1871 TO 2015


WEATHER ITEM   OBSERVED TIME   RECORD YEAR NORMAL DEPARTURE LAST
                VALUE   (LST)  VALUE       VALUE  FROM      YEAR
                                                  NORMAL
..................................................................
TEMPERATURE (F)
 YESTERDAY
  MAXIMUM         49    922 PM  75    1976  44      5       19
                                      1974
  MINIMUM         14    123 AM   0    1943  26    -12        7
  AVERAGE         32                        35     -3       13

PRECIPITATION (IN)
  YESTERDAY        0.72          1.66 1904   0.08   0.64     0.00
  MONTH TO DATE    1.27                      0.25   1.02     0.15
  SINCE JUN 1     26.82                     28.43  -1.61    28.89
  SINCE JAN 1      5.07                      5.34  -0.27     4.58

SNOWFALL (IN)
  YESTERDAY       MM            16.3  1942   0.3   MM        0.0
  MONTH TO DATE    3.7                       1.0    2.7      2.4
  SINCE OCT 1     40.9                      33.8    7.1     60.8
  SINCE JUL 1     40.9                      33.8    7.1     60.8
  SNOW DEPTH       0

DEGREE DAYS
 HEATING
  YESTERDAY       33                        30      3       52
  MONTH TO DATE  111                        91     20      123
  SINCE MAR 1    111                        91     20      123
  SINCE JUL 1   4779                      4348    431     4654

 COOLING
  YESTERDAY        0                         0      0        0
  MONTH TO DATE    0                         0      0        0
  SINCE MAR 1      0                         0      0        0
  SINCE JAN 1      0                         0      0        0
..................................................................


WIND (MPH)
  HIGHEST WIND SPEED    17   HIGHEST WIND DIRECTION     W (280)
  HIGHEST GUST SPEED    24   HIGHEST GUST DIRECTION     W (260)
  AVERAGE WIND SPEED     7.5


SKY COVER
  POSSIBLE SUNSHINE  MM
  AVERAGE SKY COVER 1.0


WEATHER CONDITIONS
 THE FOLLOWING WEATHER WAS RECORDED YESTERDAY.
  LIGHT RAIN
  HAIL
  LIGHT SNOW
  FOG
  HAZE


RELATIVE HUMIDITY (PERCENT)
 HIGHEST   100           500 PM
 LOWEST     56           100 PM
 AVERAGE    78

..........................................................


THE PITTSBURGH PA CLIMATE NORMALS FOR TODAY
                         NORMAL    RECORD    YEAR
 MAXIMUM TEMPERATURE (F)   44        74      1992
                                             1976
 MINIMUM TEMPERATURE (F)   26        -1      1943


SUNRISE AND SUNSET
MARCH  4 2015.........SUNRISE   650 AM EST   SUNSET   615 PM EST
MARCH  5 2015.........SUNRISE   649 AM EST   SUNSET   617 PM EST


-  INDICATES NEGATIVE NUMBERS.
R  INDICATES RECORD WAS SET OR TIED.
MM INDICATES DATA IS MISSING.
T  INDICATES TRACE AMOUNT.





&&
SNOW DEPTH IS MEASURED AT 7 AM EST OR 8 AM EDT.
$$
