000
CDUS41 KPBZ 250701
CLIPIT

CLIMATE REPORT
NATIONAL WEATHER SERVICE PITTSBURGH PA
301 AM EDT TUE APR 25 2017

...................................

...THE PITTSBURGH PA CLIMATE SUMMARY FOR APRIL 24 2017...

CLIMATE NORMAL PERIOD 1981 TO 2010
CLIMATE RECORD PERIOD 1871 TO 2017

WEATHER ITEM   OBSERVED TIME   RECORD YEAR NORMAL DEPARTURE LAST
                VALUE   (LST)  VALUE       VALUE  FROM      YEAR
                                                  NORMAL
..................................................................
TEMPERATURE (F)
 YESTERDAY
  MAXIMUM         64   1150 AM  90    1925  65     -1       70
  MINIMUM         45    450 AM  26    1930  43      2       37
  AVERAGE         55                        54      1       54

PRECIPITATION (IN)
  YESTERDAY        T             1.02 1966   0.10  -0.10     0.00
  MONTH TO DATE    2.33                      2.49  -0.16     1.70
  SINCE JUN 1     33.74                     33.62   0.12    35.54
  SINCE JAN 1     12.35                     10.53   1.82     9.46

SNOWFALL (IN)
  YESTERDAY        0.0           1.6  2005   0.1   -0.1      0.0
  MONTH TO DATE    T                         1.5   -1.5      3.1
  SINCE OCT 1     32.0                      41.9   -9.9     29.6
  SINCE JUL 1     32.0                      41.9   -9.9     29.6
  SNOW DEPTH       0

DEGREE DAYS
 HEATING
  YESTERDAY       10                        12     -2       11
  MONTH TO DATE  233                       367   -134      355
  SINCE MAR 1   1006                      1155   -149      875
  SINCE JUL 1   4432                      5412   -980     4441

 COOLING
  YESTERDAY        0                         0      0        0
  MONTH TO DATE   12                         0     12        1
  SINCE MAR 1     14                         1     13        3
  SINCE JAN 1     15                         1     14        3
..................................................................

WIND (MPH)
  HIGHEST WIND SPEED    23   HIGHEST WIND DIRECTION    SE (120)
  HIGHEST GUST SPEED    29   HIGHEST GUST DIRECTION    SE (120)
  AVERAGE WIND SPEED    11.2


SKY COVER
  POSSIBLE SUNSHINE  MM
  AVERAGE SKY COVER 0.7


WEATHER CONDITIONS
 THE FOLLOWING WEATHER WAS RECORDED YESTERDAY.
  LIGHT RAIN


RELATIVE HUMIDITY (PERCENT)
 HIGHEST    77           800 PM
 LOWEST     38          1200 AM
 AVERAGE    58

..........................................................


THE PITTSBURGH PA CLIMATE NORMALS FOR TODAY
                         NORMAL    RECORD    YEAR
 MAXIMUM TEMPERATURE (F)   65        87      2009
                                             1990
 MINIMUM TEMPERATURE (F)   43        27      1919


SUNRISE AND SUNSET
APRIL 25 2017.........SUNRISE   628 AM EDT   SUNSET   811 PM EDT
APRIL 26 2017.........SUNRISE   626 AM EDT   SUNSET   812 PM EDT


-  INDICATES NEGATIVE NUMBERS.
R  INDICATES RECORD WAS SET OR TIED.
MM INDICATES DATA IS MISSING.
T  INDICATES TRACE AMOUNT.

&&

SNOW DEPTH IS MEASURED AT 7 AM EST OR 8 AM EDT.

$$
