000
CDUS41 KPBZ 170806
CLIPIT

CLIMATE REPORT
NATIONAL WEATHER SERVICE PITTSBURGH PA
305 AM EST TUE JAN 17 2017

...................................

...THE PITTSBURGH PA CLIMATE SUMMARY FOR JANUARY 16 2017...

CLIMATE NORMAL PERIOD 1981 TO 2010
CLIMATE RECORD PERIOD 1871 TO 2017

WEATHER ITEM   OBSERVED TIME   RECORD YEAR NORMAL DEPARTURE LAST
                VALUE   (LST)  VALUE       VALUE  FROM      YEAR
                                                  NORMAL
..................................................................
TEMPERATURE (F)
 YESTERDAY
  MAXIMUM         38   1004 PM  61    1889  35      3       41
  MINIMUM         23    532 AM -14    1977  21      2       30
  AVERAGE         31                        28      3       36

PRECIPITATION (IN)
  YESTERDAY        T             1.24 1885   0.09  -0.09     0.03
  MONTH TO DATE    1.91                      1.41   0.50     1.25
  SINCE JUN 1     23.30                     24.50  -1.20    27.33
  SINCE JAN 1      1.91                      1.41   0.50     1.25

SNOWFALL (IN)
  YESTERDAY        0.0           5.0  1936   0.4   -0.4       T
  MONTH TO DATE    2.4                       5.8   -3.4      6.0
  SINCE OCT 1     10.5                      16.5   -6.0      6.3
  SINCE JUL 1     10.5                      16.5   -6.0      6.3
  SNOW DEPTH       0

DEGREE DAYS
 HEATING
  YESTERDAY       34                        37     -3       29
  MONTH TO DATE  554                       588    -34      577
  SINCE DEC 1   1523                      1600    -77     1206
  SINCE JUL 1   2370                      2763   -393     2060

 COOLING
  YESTERDAY        0                         0      0        0
  MONTH TO DATE    0                         0      0        0
  SINCE DEC 1      0                         0      0        0
  SINCE JAN 1      0                         0      0        0
..................................................................

WIND (MPH)
  HIGHEST WIND SPEED     7   HIGHEST WIND DIRECTION    NE (50)
  HIGHEST GUST SPEED     9   HIGHEST GUST DIRECTION     N (20)
  AVERAGE WIND SPEED     1.4


SKY COVER
  POSSIBLE SUNSHINE  MM
  AVERAGE SKY COVER 0.9


WEATHER CONDITIONS
 THE FOLLOWING WEATHER WAS RECORDED YESTERDAY.
  LIGHT RAIN
  FOG
  HAZE


RELATIVE HUMIDITY (PERCENT)
 HIGHEST    92           800 AM
 LOWEST     70           100 PM
 AVERAGE    81

..........................................................


THE PITTSBURGH PA CLIMATE NORMALS FOR TODAY
                         NORMAL    RECORD    YEAR
 MAXIMUM TEMPERATURE (F)   35        63      1990
                                             1932
 MINIMUM TEMPERATURE (F)   21       -18      1982


SUNRISE AND SUNSET
JANUARY 17 2017.......SUNRISE   741 AM EST   SUNSET   521 PM EST
JANUARY 18 2017.......SUNRISE   741 AM EST   SUNSET   523 PM EST


-  INDICATES NEGATIVE NUMBERS.
R  INDICATES RECORD WAS SET OR TIED.
MM INDICATES DATA IS MISSING.
T  INDICATES TRACE AMOUNT.

&&

SNOW DEPTH IS MEASURED AT 7 AM EST OR 8 AM EDT.

$$
