123
CDUS41 KPBZ 260701
CLIPIT

CLIMATE REPORT
NATIONAL WEATHER SERVICE PITTSBURGH PA
300 AM EDT SUN MAR 26 2017

...................................

...THE PITTSBURGH PA CLIMATE SUMMARY FOR MARCH 25 2017...

CLIMATE NORMAL PERIOD 1981 TO 2010
CLIMATE RECORD PERIOD 1871 TO 2017

WEATHER ITEM   OBSERVED TIME   RECORD YEAR NORMAL DEPARTURE LAST
                VALUE   (LST)  VALUE       VALUE  FROM      YEAR
                                                  NORMAL
..................................................................
TEMPERATURE (F)
 YESTERDAY
  MAXIMUM         73    322 PM  84    1929  53     20       59
  MINIMUM         61   1159 PM   9    1974  33     28       34
                                      1940
  AVERAGE         67                        43     24       47

PRECIPITATION (IN)
  YESTERDAY        0.00          0.90 2013   0.10  -0.10     0.18
  MONTH TO DATE    2.94                      2.33   0.61     2.34
  SINCE JUN 1     29.33                     30.51  -1.18    33.35
  SINCE JAN 1      7.94                      7.42   0.52     7.27

SNOWFALL (IN)
  YESTERDAY        0.0           4.7  2013   0.1   -0.1      0.0
  MONTH TO DATE    9.7                       6.6    3.1      2.1
  SINCE OCT 1     32.0                      39.4   -7.4     26.5
  SINCE JUL 1     32.0                      39.4   -7.4     26.5
  SNOW DEPTH       0

DEGREE DAYS
 HEATING
  YESTERDAY        0                        22    -22       18
  MONTH TO DATE  709                       663     46      439
  SINCE MAR 1    709                       663     46      439
  SINCE JUL 1   4135                      4920   -785     4005

 COOLING
  YESTERDAY        2                         0      2        0
  MONTH TO DATE    2                         0      2        0
  SINCE MAR 1      2                         0      2        0
  SINCE JAN 1      3                         0      3        0
..................................................................

WIND (MPH)
  HIGHEST WIND SPEED    17   HIGHEST WIND DIRECTION     W (280)
  HIGHEST GUST SPEED    22   HIGHEST GUST DIRECTION     W (280)
  AVERAGE WIND SPEED     7.6


SKY COVER
  POSSIBLE SUNSHINE  MM
  AVERAGE SKY COVER 1.0


WEATHER CONDITIONS
 THE FOLLOWING WEATHER WAS RECORDED YESTERDAY.
  NO SIGNIFICANT WEATHER WAS OBSERVED.


RELATIVE HUMIDITY (PERCENT)
 HIGHEST    67           600 AM
 LOWEST     49           200 PM
 AVERAGE    58

..........................................................


THE PITTSBURGH PA CLIMATE NORMALS FOR TODAY
                         NORMAL    RECORD    YEAR
 MAXIMUM TEMPERATURE (F)   53        81      1945
 MINIMUM TEMPERATURE (F)   33        13      2001
                                             1940


SUNRISE AND SUNSET
MARCH 26 2017.........SUNRISE   714 AM EDT   SUNSET   740 PM EDT
MARCH 27 2017.........SUNRISE   712 AM EDT   SUNSET   741 PM EDT


-  INDICATES NEGATIVE NUMBERS.
R  INDICATES RECORD WAS SET OR TIED.
MM INDICATES DATA IS MISSING.
T  INDICATES TRACE AMOUNT.

&&

SNOW DEPTH IS MEASURED AT 7 AM EST OR 8 AM EDT.

$$
