000
CDUS41 KPBZ 071227
CLIPIT

CLIMATE REPORT
NATIONAL WEATHER SERVICE PITTSBURGH PA
825 AM EDT TUE JUL 7 2015

...................................

...THE PITTSBURGH PA CLIMATE SUMMARY FOR JULY 7 2015...
VALID AS OF 0800 AM LOCAL TIME.

CLIMATE NORMAL PERIOD 1981 TO 2010
CLIMATE RECORD PERIOD 1871 TO 2015

WEATHER ITEM   OBSERVED TIME   RECORD YEAR NORMAL DEPARTURE LAST
                VALUE   (LST)  VALUE       VALUE  FROM      YEAR
                                                  NORMAL
..................................................................
TEMPERATURE (F)
 TODAY
  MAXIMUM         70    659 AM 101    1988
  MINIMUM         67    600 AM  46    1983  63      4       68

PRECIPITATION (IN)
  TODAY            0.00          1.38 1891   0.12  -0.12     0.05
  MONTH TO DATE    0.91                      0.89   0.02     0.25
  SINCE JUN 1      8.25                      5.19   3.06     4.30
  SINCE JAN 1     22.73                     20.29   2.44    19.39

SNOWFALL (IN)
  TODAY            0.0           0.0  2002   0.0    0.0      0.0
                                      2001
  MONTH TO DATE    0.0                       0.0    0.0      0.0
  SINCE OCT 1     47.5                      41.9    5.6     63.4
  SINCE JUL 1      0.0                       0.0    0.0      0.0
  SNOW DEPTH       0

DEGREE DAYS
 HEATING
  TODAY            0

 COOLING
  TODAY            4
..................................................................


WEATHER CONDITIONS
 THE FOLLOWING WEATHER WAS RECORDED TODAY.
  FOG


RELATIVE HUMIDITY (PERCENT)
 HIGHEST    93           100 AM

..........................................................


THE PITTSBURGH PA CLIMATE NORMALS FOR TOMORROW
                         NORMAL    RECORD    YEAR
 MAXIMUM TEMPERATURE (F)   83        99      1988
 MINIMUM TEMPERATURE (F)   63        45      1984


SUNRISE AND SUNSET
JULY  7 2015..........SUNRISE   557 AM EDT   SUNSET   854 PM EDT
JULY  8 2015..........SUNRISE   558 AM EDT   SUNSET   854 PM EDT


-  INDICATES NEGATIVE NUMBERS.
R  INDICATES RECORD WAS SET OR TIED.
MM INDICATES DATA IS MISSING.
T  INDICATES TRACE AMOUNT.

&&

SNOW DEPTH IS MEASURED AT 7 AM EST OR 8 AM EDT.

$$
