000
CDUS41 KPBZ 211327
CLIPIT

CLIMATE REPORT
NATIONAL WEATHER SERVICE PITTSBURGH PA
827 AM EST TUE NOV 21 2017

...................................

...THE PITTSBURGH PA CLIMATE SUMMARY FOR NOVEMBER 21 2017...
VALID AS OF 0800 AM LOCAL TIME.

CLIMATE NORMAL PERIOD 1981 TO 2010
CLIMATE RECORD PERIOD 1871 TO 2017

WEATHER ITEM   OBSERVED TIME   RECORD YEAR NORMAL DEPARTURE LAST
                VALUE   (LST)  VALUE       VALUE  FROM      YEAR
                                                  NORMAL
..................................................................
TEMPERATURE (F)
 TODAY
  MAXIMUM         41    659 AM  75    1906
  MINIMUM         31    449 AM   7    1880  33     -2       28

PRECIPITATION (IN)
  TODAY            0.00          0.83 1952   0.11  -0.11      T
  MONTH TO DATE    3.88                      2.24   1.64     0.58
  SINCE JUN 1     21.40                     19.25   2.15    17.11
  SINCE JAN 1     40.11                     34.35   5.76    30.73

SNOWFALL (IN)
  TODAY            0.0           2.0  1971   0.1   -0.1       T
  MONTH TO DATE    T                         1.1   -1.1      2.1
  SINCE OCT 1      T                         1.5   -1.5      2.1
  SINCE JUL 1      T                         1.5   -1.5      2.1
  SNOW DEPTH       0

DEGREE DAYS
 HEATING
  TODAY           29

 COOLING
  TODAY            0
..................................................................


WEATHER CONDITIONS
 THE FOLLOWING WEATHER WAS RECORDED TODAY.
  NO SIGNIFICANT WEATHER WAS OBSERVED.


RELATIVE HUMIDITY (PERCENT)
 HIGHEST    64           100 AM

..........................................................


THE PITTSBURGH PA CLIMATE NORMALS FOR TOMORROW
                         NORMAL    RECORD    YEAR
 MAXIMUM TEMPERATURE (F)   48        73      1934
 MINIMUM TEMPERATURE (F)   33         4      1880


SUNRISE AND SUNSET
NOVEMBER 21 2017......SUNRISE   714 AM EST   SUNSET   459 PM EST
NOVEMBER 22 2017......SUNRISE   715 AM EST   SUNSET   458 PM EST


-  INDICATES NEGATIVE NUMBERS.
R  INDICATES RECORD WAS SET OR TIED.
MM INDICATES DATA IS MISSING.
T  INDICATES TRACE AMOUNT.

&&

SNOW DEPTH IS MEASURED AT 7 AM EST OR 8 AM EDT.

$$
