000
CDUS41 KPBZ 282140
CLIPIT

CLIMATE REPORT
NATIONAL WEATHER SERVICE PITTSBURGH PA
540 PM EDT SUN MAY 28 2017

...................................

...THE PITTSBURGH PA CLIMATE SUMMARY FOR MAY 28 2017...
VALID TODAY AS OF 0500 PM LOCAL TIME.

CLIMATE NORMAL PERIOD 1981 TO 2010
CLIMATE RECORD PERIOD 1871 TO 2017

WEATHER ITEM   OBSERVED TIME   RECORD YEAR NORMAL DEPARTURE LAST
                VALUE   (LST)  VALUE       VALUE  FROM      YEAR
                                                  NORMAL
..................................................................
TEMPERATURE (F)
 TODAY
  MAXIMUM         78    355 PM  92    1911  74      4       88
                                      1881
                                      1875
  MINIMUM         56    328 AM  35    1971  53      3       66
  AVERAGE         67                        64      3       77

PRECIPITATION (IN)
  TODAY            0.00          2.00 2000   0.14  -0.14     0.00
  MONTH TO DATE    4.51                      3.51   1.00     3.61
  SINCE JUN 1     39.46                     37.75   1.71    39.70
  SINCE JAN 1     18.07                     14.66   3.41    13.62

SNOWFALL (IN)
  TODAY            0.0           0.0  2002   0.0    0.0      0.0
                                      2001
  MONTH TO DATE    0.0                       0.0    0.0       T
  SINCE OCT 1     32.0                      41.9   -9.9     29.6
  SINCE JUL 1     32.0                      41.9   -9.9     29.6
  SNOW DEPTH       0

DEGREE DAYS
 HEATING
  TODAY            0                         4     -4        0
  MONTH TO DATE  175                       186    -11      178
  SINCE MAR 1   1196                      1405   -209     1104
  SINCE JUL 1   4622                      5662  -1040     4670

 COOLING
  TODAY            2                         2      0       12
  MONTH TO DATE   37                        36      1       44
  SINCE MAR 1     63                        46     17       47
  SINCE JAN 1     64                        46     18       47
..................................................................

WIND (MPH)
  HIGHEST WIND SPEED    14   HIGHEST WIND DIRECTION    SW (220)
  HIGHEST GUST SPEED    18   HIGHEST GUST DIRECTION    SW (230)
  AVERAGE WIND SPEED     4.4


SKY COVER
  POSSIBLE SUNSHINE  MM
  AVERAGE SKY COVER 0.8


WEATHER CONDITIONS
 THE FOLLOWING WEATHER WAS RECORDED TODAY.
  FOG
  FOG W/VISIBILITY <= 1/4 MILE


RELATIVE HUMIDITY (PERCENT)
 HIGHEST   100          1200 AM
 LOWEST     62           400 PM
 AVERAGE    81

..........................................................


THE PITTSBURGH PA CLIMATE NORMALS FOR TOMORROW
                         NORMAL    RECORD    YEAR
 MAXIMUM TEMPERATURE (F)   74        95      1881
 MINIMUM TEMPERATURE (F)   53        39      1884


SUNRISE AND SUNSET
MAY 28 2017...........SUNRISE   554 AM EDT   SUNSET   842 PM EDT
MAY 29 2017...........SUNRISE   554 AM EDT   SUNSET   843 PM EDT


-  INDICATES NEGATIVE NUMBERS.
R  INDICATES RECORD WAS SET OR TIED.
MM INDICATES DATA IS MISSING.
T  INDICATES TRACE AMOUNT.

&&

SNOW DEPTH IS MEASURED AT 7 AM EST OR 8 AM EDT.

$$
