000
CDUS41 KPBZ 032140
CLIPIT

CLIMATE REPORT
NATIONAL WEATHER SERVICE PITTSBURGH PA
540 PM EDT TUE MAY 3 2016

...................................

...THE PITTSBURGH PA CLIMATE SUMMARY FOR MAY 3 2016...
VALID TODAY AS OF 0500 PM LOCAL TIME.

CLIMATE NORMAL PERIOD 1981 TO 2010
CLIMATE RECORD PERIOD 1871 TO 2016

WEATHER ITEM   OBSERVED TIME   RECORD YEAR NORMAL DEPARTURE LAST
                VALUE   (LST)  VALUE       VALUE  FROM      YEAR
                                                  NORMAL
..................................................................
TEMPERATURE (F)
 TODAY
  MAXIMUM         64    259 PM  95    1887  67     -3       77
  MINIMUM         47    738 AM  32    1986  46      1       48
                                      1981
                                      1978
  AVERAGE         56                        56      0       63

PRECIPITATION (IN)
  TODAY            0.00          0.93 1987   0.11  -0.11     0.00
  MONTH TO DATE    0.95                      0.32   0.63     0.01
  SINCE JUN 1     37.04                     34.56   2.48    33.52
  SINCE JAN 1     10.96                     11.47  -0.51    11.77

SNOWFALL (IN)
  TODAY            0.0           T    1940   0.0    0.0      0.0
  MONTH TO DATE    0.0                       0.0    0.0      0.0
  SINCE OCT 1     29.6                      41.9  -12.3     47.5
  SINCE JUL 1     29.6                      41.9  -12.3     47.5
  SNOW DEPTH       0

DEGREE DAYS
 HEATING
  TODAY            9                         9      0        2
  MONTH TO DATE   16                        28    -12       15
  SINCE MAR 1    942                      1247   -305     1272
  SINCE JUL 1   4508                      5504   -996     5940

 COOLING
  TODAY            0                         1     -1        0
  MONTH TO DATE    0                         2     -2        0
  SINCE MAR 1      3                        12     -9        1
  SINCE JAN 1      3                        12     -9        1
..................................................................

WIND (MPH)
  HIGHEST WIND SPEED    15   HIGHEST WIND DIRECTION    NW (310)
  HIGHEST GUST SPEED    18   HIGHEST GUST DIRECTION    NW (310)
  AVERAGE WIND SPEED     7.0


SKY COVER
  POSSIBLE SUNSHINE  MM
  AVERAGE SKY COVER 0.9


WEATHER CONDITIONS
 THE FOLLOWING WEATHER WAS RECORDED TODAY.
  NO SIGNIFICANT WEATHER WAS OBSERVED.


RELATIVE HUMIDITY (PERCENT)
 HIGHEST    80           100 AM
 LOWEST     43           200 PM
 AVERAGE    62

..........................................................


THE PITTSBURGH PA CLIMATE NORMALS FOR TOMORROW
                         NORMAL    RECORD    YEAR
 MAXIMUM TEMPERATURE (F)   68        90      1883
 MINIMUM TEMPERATURE (F)   46        30      1971


SUNRISE AND SUNSET
MAY  3 2016...........SUNRISE   617 AM EDT   SUNSET   819 PM EDT
MAY  4 2016...........SUNRISE   616 AM EDT   SUNSET   820 PM EDT


-  INDICATES NEGATIVE NUMBERS.
R  INDICATES RECORD WAS SET OR TIED.
MM INDICATES DATA IS MISSING.
T  INDICATES TRACE AMOUNT.

&&

SNOW DEPTH IS MEASURED AT 7 AM EST OR 8 AM EDT.

$$
