000
CDUS41 KPBZ 032114
CLIPIT

CLIMATE REPORT
NATIONAL WEATHER SERVICE PITTSBURGH PA
513 PM EDT THU SEP 3 2015

...................................

...THE PITTSBURGH PA CLIMATE SUMMARY FOR SEPTEMBER 3 2015...
VALID TODAY AS OF 0500 PM LOCAL TIME.

CLIMATE NORMAL PERIOD 1981 TO 2010
CLIMATE RECORD PERIOD 1871 TO 2015

WEATHER ITEM   OBSERVED TIME   RECORD YEAR NORMAL DEPARTURE LAST
                VALUE   (LST)  VALUE       VALUE  FROM      YEAR
                                                  NORMAL
..................................................................
TEMPERATURE (F)
 TODAY
  MAXIMUM         90    349 PM  96    1953  79     11       81
  MINIMUM         69    558 AM  44    1976  58     11       62
                                      1967
                                      1893
  AVERAGE         80                        69     11       72

PRECIPITATION (IN)
  TODAY            0.00          1.62 1974   0.11  -0.11     0.00
  MONTH TO DATE    0.00                      0.33  -0.33     0.21
  SINCE JUN 1     13.24                     11.94   1.30    14.50
  SINCE JAN 1     27.72                     27.04   0.68    29.59

SNOWFALL (IN)
  TODAY            0.0           0.0  2002   0.0    0.0      0.0
                                      2001
  MONTH TO DATE    0.0                       0.0    0.0      0.0
  SINCE OCT 1     47.5                      41.9    5.6     63.4
  SINCE JUL 1      0.0                       0.0    0.0      0.0
  SNOW DEPTH       0

DEGREE DAYS
 HEATING
  TODAY            0                         1     -1        0
  MONTH TO DATE    0                         3     -3        0
  SINCE SEP 1      0                         3     -3        0
  SINCE JUL 1      6                        16    -10       21

 COOLING
  TODAY           15                         5     10        7
  MONTH TO DATE   43                        15     28       26
  SINCE SEP 1     43                        15     28       26
  SINCE JAN 1    846                       667    179      647
..................................................................

WIND (MPH)
  HIGHEST WIND SPEED    14   HIGHEST WIND DIRECTION    NW (300)
  HIGHEST GUST SPEED    17   HIGHEST GUST DIRECTION    NW (310)
  AVERAGE WIND SPEED     3.2


SKY COVER
  POSSIBLE SUNSHINE  MM
  AVERAGE SKY COVER 0.8


WEATHER CONDITIONS
 THE FOLLOWING WEATHER WAS RECORDED TODAY.
  FOG
  HAZE


RELATIVE HUMIDITY (PERCENT)
 HIGHEST    90           400 AM
 LOWEST     41           400 PM
 AVERAGE    66

..........................................................


THE PITTSBURGH PA CLIMATE NORMALS FOR TOMORROW
                         NORMAL    RECORD    YEAR
 MAXIMUM TEMPERATURE (F)   79        95      1953
                                             1884
 MINIMUM TEMPERATURE (F)   58        42      1997


SUNRISE AND SUNSET
SEPTEMBER  3 2015.....SUNRISE   650 AM EDT   SUNSET   750 PM EDT
SEPTEMBER  4 2015.....SUNRISE   651 AM EDT   SUNSET   748 PM EDT


-  INDICATES NEGATIVE NUMBERS.
R  INDICATES RECORD WAS SET OR TIED.
MM INDICATES DATA IS MISSING.
T  INDICATES TRACE AMOUNT.

&&

SNOW DEPTH IS MEASURED AT 7 AM EST OR 8 AM EDT.

$$
