000
CDUS41 KRLX 262216
CLIPKB


CLIMATE REPORT
NATIONAL WEATHER SERVICE CHARLESTON WV
516 PM EST FRI DEC 26 2014


...................................

...THE PARKERSBURG WV CLIMATE SUMMARY FOR DECEMBER 26 2014...
VALID TODAY AS OF 0500 PM LOCAL TIME.

CLIMATE NORMAL PERIOD 1981 TO 2010
CLIMATE RECORD PERIOD 1889 TO 2014


WEATHER ITEM   OBSERVED TIME   RECORD YEAR NORMAL DEPARTURE LAST
                VALUE   (LST)  VALUE       VALUE  FROM      YEAR
                                                  NORMAL
..................................................................
TEMPERATURE (F)
 TODAY
  MAXIMUM         51    359 PM  64    1922  41     10       41
  MINIMUM         26    819 AM  -1    1985  25      1       24
  AVERAGE         39                        33      6       33

PRECIPITATION (IN)
  TODAY            0.00          T    2004   0.10  -0.10     0.02
                                      2004
                                      2010
  MONTH TO DATE    3.27                      2.64   0.63     3.79
  SINCE DEC 1      3.27                      2.64   0.63     3.79
  SINCE JAN 1         M                     40.73      M    43.61

DEGREE DAYS
 HEATING
  TODAY           26                        32     -6       32
  MONTH TO DATE  673                       763    -90      706
  SINCE DEC 1    673                       763    -90      706
  SINCE JUL 1      M                      1748      M     1808

 COOLING
  TODAY            0                         0      0        0
  MONTH TO DATE    0                         0      0        0
  SINCE DEC 1      0                         0      0        0
  SINCE JAN 1      M                       955      M      955
..................................................................


WIND (MPH)
  HIGHEST WIND SPEED    14   HIGHEST WIND DIRECTION     S (200)
  HIGHEST GUST SPEED    18   HIGHEST GUST DIRECTION     S (200)
  AVERAGE WIND SPEED     3.9


SKY COVER
  POSSIBLE SUNSHINE  MM
  AVERAGE SKY COVER 0.0


WEATHER CONDITIONS
 THE FOLLOWING WEATHER WAS RECORDED TODAY.
  FOG


RELATIVE HUMIDITY (PERCENT)
 HIGHEST    92           300 AM
 LOWEST     50           300 PM
 AVERAGE    71

..........................................................


THE PARKERSBURG WV CLIMATE NORMALS FOR TOMORROW
                         NORMAL    RECORD    YEAR
 MAXIMUM TEMPERATURE (F)   41        72      2008
 MINIMUM TEMPERATURE (F)   25         1      1933


SUNRISE AND SUNSET
DECEMBER 26 2014......SUNRISE   744 AM EST   SUNSET   509 PM EST
DECEMBER 27 2014......SUNRISE   744 AM EST   SUNSET   509 PM EST


-  INDICATES NEGATIVE NUMBERS.
R  INDICATES RECORD WAS SET OR TIED.
MM INDICATES DATA IS MISSING.
T  INDICATES TRACE AMOUNT.




$$
