000
CDUS41 KRLX 290717
CLIPKB


CLIMATE REPORT
NATIONAL WEATHER SERVICE CHARLESTON WV
317 AM EDT WED MAR 29 2017


...................................

...THE PARKERSBURG WV CLIMATE SUMMARY FOR MARCH 28 2017...

CLIMATE NORMAL PERIOD 1981 TO 2010
CLIMATE RECORD PERIOD 1889 TO 2017


WEATHER ITEM   OBSERVED TIME   RECORD YEAR NORMAL DEPARTURE LAST
                VALUE   (LST)  VALUE       VALUE  FROM      YEAR
                                                  NORMAL
..................................................................
TEMPERATURE (F)
 YESTERDAY
  MAXIMUM         67   1213 PM  85    1989  59      8       61
  MINIMUM         49   1159 PM  15    1982  37     12       45
  AVERAGE         58                        48     10       53

PRECIPITATION (IN)
  YESTERDAY        0.14          1.10 2005   0.12   0.02     0.60
  MONTH TO DATE    3.38                      3.35   0.03     2.78
  SINCE JAN 1     11.93                      9.00   2.93     8.32

SNOWFALL (IN)
  YESTERDAY       MM
  MONTH TO DATE   MM
  SINCE SEP 1     MM
  SNOW DEPTH      MM

DEGREE DAYS
 HEATING
  YESTERDAY        7                        17    -10       12
  MONTH TO DATE  613                       619     -6      420
  SINCE MAR 1    613                       619     -6      420
  SINCE JUL 1   3644                      4409   -765     3633

 COOLING
  YESTERDAY        0                         0      0        0
  MONTH TO DATE    2                         0      2        2
  SINCE MAR 1      2                         0      2        2
  SINCE JAN 1      6                         0      6        2
..................................................................


WIND (MPH)
  HIGHEST WIND SPEED    15   HIGHEST WIND DIRECTION    NW (300)
  HIGHEST GUST SPEED    20   HIGHEST GUST DIRECTION    NW (320)
  AVERAGE WIND SPEED     6.8


SKY COVER
  POSSIBLE SUNSHINE  MM
  AVERAGE SKY COVER 1.0


WEATHER CONDITIONS
 THE FOLLOWING WEATHER WAS RECORDED YESTERDAY.
  LIGHT RAIN
  FOG


RELATIVE HUMIDITY (PERCENT)
 HIGHEST    93          1200 AM
 LOWEST     67           600 PM
 AVERAGE    80

..........................................................


THE PARKERSBURG WV CLIMATE NORMALS FOR TODAY
                         NORMAL    RECORD    YEAR
 MAXIMUM TEMPERATURE (F)   59        83      1910
 MINIMUM TEMPERATURE (F)   37        14      2015


SUNRISE AND SUNSET
MARCH 29 2017.........SUNRISE   714 AM EDT   SUNSET   747 PM EDT
MARCH 30 2017.........SUNRISE   713 AM EDT   SUNSET   748 PM EDT


-  INDICATES NEGATIVE NUMBERS.
R  INDICATES RECORD WAS SET OR TIED.
MM INDICATES DATA IS MISSING.
T  INDICATES TRACE AMOUNT.




$$
