000
CDUS41 KRLX 242116
CLIPKB


CLIMATE REPORT
NATIONAL WEATHER SERVICE CHARLESTON WV
516 PM EDT SAT SEP 24 2016


...................................

...THE PARKERSBURG WV CLIMATE SUMMARY FOR SEPTEMBER 24 2016...
VALID TODAY AS OF 0500 PM LOCAL TIME.

CLIMATE NORMAL PERIOD 1981 TO 2010
CLIMATE RECORD PERIOD 1889 TO 2016


WEATHER ITEM   OBSERVED TIME   RECORD YEAR NORMAL DEPARTURE LAST
                VALUE   (LST)  VALUE       VALUE  FROM      YEAR
                                                  NORMAL
..................................................................
TEMPERATURE (F)
 TODAY
  MAXIMUM         85    254 PM  93    1908  74     11       81
  MINIMUM         63    644 AM  34    1989  52     11       49
  AVERAGE         74                        63     11       65

PRECIPITATION (IN)
  TODAY            0.00          0.68 2001   0.09  -0.09     0.00
  MONTH TO DATE    0.73                      2.48  -1.75     2.92
  SINCE SEP 1      0.73                      2.48  -1.75     2.92
  SINCE JAN 1     26.62                     31.27  -4.65    30.89

DEGREE DAYS
 HEATING
  TODAY            0                         4     -4        0
  MONTH TO DATE    0                        41    -41       26
  SINCE SEP 1      0                        41    -41       26
  SINCE JUL 1      0                        46    -46       29

 COOLING
  TODAY            9                         2      7        0
  MONTH TO DATE  225                        96    129      144
  SINCE SEP 1    225                        96    129      144
  SINCE JAN 1   1303                       926    377     1020
..................................................................


WIND (MPH)
  HIGHEST WIND SPEED    13   HIGHEST WIND DIRECTION    NE (30)
  HIGHEST GUST SPEED    17   HIGHEST GUST DIRECTION    NW (320)
  AVERAGE WIND SPEED     4.6


SKY COVER
  POSSIBLE SUNSHINE  MM
  AVERAGE SKY COVER 0.2


WEATHER CONDITIONS
 THE FOLLOWING WEATHER WAS RECORDED TODAY.
  FOG
  HAZE


RELATIVE HUMIDITY (PERCENT)
 HIGHEST    93           100 AM
 LOWEST     48           300 PM
 AVERAGE    71

..........................................................


THE PARKERSBURG WV CLIMATE NORMALS FOR TOMORROW
                         NORMAL    RECORD    YEAR
 MAXIMUM TEMPERATURE (F)   74        95      2007
 MINIMUM TEMPERATURE (F)   51        35      1983


SUNRISE AND SUNSET
SEPTEMBER 24 2016.....SUNRISE   716 AM EDT   SUNSET   719 PM EDT
SEPTEMBER 25 2016.....SUNRISE   717 AM EDT   SUNSET   717 PM EDT


-  INDICATES NEGATIVE NUMBERS.
R  INDICATES RECORD WAS SET OR TIED.
MM INDICATES DATA IS MISSING.
T  INDICATES TRACE AMOUNT.




$$
