263
CDUS41 KRLX 190832
CLIPKB


CLIMATE REPORT
NATIONAL WEATHER SERVICE CHARLESTON WV
331 AM EST FRI JAN 19 2018


...................................

...THE PARKERSBURG WV CLIMATE SUMMARY FOR JANUARY 18 2018...

CLIMATE NORMAL PERIOD 1981 TO 2010
CLIMATE RECORD PERIOD 1889 TO 2018


WEATHER ITEM   OBSERVED TIME   RECORD YEAR NORMAL DEPARTURE LAST
                VALUE   (LST)  VALUE       VALUE  FROM      YEAR
                                                  NORMAL
..................................................................
TEMPERATURE (F)
 YESTERDAY
  MAXIMUM         28    514 PM  72    1929  40    -12       50
  MINIMUM          6    637 AM -15    1994  23    -17       40
  AVERAGE         17                        31    -14       45

PRECIPITATION (IN)
  YESTERDAY        0.00          0.57 1937   0.10  -0.10     0.03
  MONTH TO DATE    2.69                      1.70   0.99     3.01
  SINCE JAN 1      2.69                      1.70   0.99     3.01

SNOWFALL (IN)
  YESTERDAY       MM
  MONTH TO DATE   MM
  SINCE SEP 1     MM
  SNOW DEPTH      MM

DEGREE DAYS
 HEATING
  YESTERDAY       48                        34     14       20
  MONTH TO DATE  797                       605    192      519
  SINCE DEC 1   1790                      1530    260     1379
  SINCE JUL 1   2690                      2515    175     2133

 COOLING
  YESTERDAY        0                         0      0        0
  MONTH TO DATE    0                         0      0        0
  SINCE DEC 1      0                         0      0        0
  SINCE JAN 1      0                         0      0        0
..................................................................


WIND (MPH)
  HIGHEST WIND SPEED    20   HIGHEST WIND DIRECTION    SW (210)
  HIGHEST GUST SPEED    29   HIGHEST GUST DIRECTION     S (200)
  AVERAGE WIND SPEED    10.0


SKY COVER
  POSSIBLE SUNSHINE  MM
  AVERAGE SKY COVER 0.0


WEATHER CONDITIONS
 THE FOLLOWING WEATHER WAS RECORDED YESTERDAY.
  NO SIGNIFICANT WEATHER WAS OBSERVED.


RELATIVE HUMIDITY (PERCENT)
 HIGHEST    88           400 AM
 LOWEST     46           400 PM
 AVERAGE    67

..........................................................


THE PARKERSBURG WV CLIMATE NORMALS FOR TODAY
                         NORMAL    RECORD    YEAR
 MAXIMUM TEMPERATURE (F)   40        65      1951
 MINIMUM TEMPERATURE (F)   23       -24      1994


SUNRISE AND SUNSET
JANUARY 19 2018.......SUNRISE   742 AM EST   SUNSET   531 PM EST
JANUARY 20 2018.......SUNRISE   742 AM EST   SUNSET   532 PM EST


-  INDICATES NEGATIVE NUMBERS.
R  INDICATES RECORD WAS SET OR TIED.
MM INDICATES DATA IS MISSING.
T  INDICATES TRACE AMOUNT.




$$
