010
CDUS41 KRLX 190820
CLIPKB


CLIMATE REPORT
NATIONAL WEATHER SERVICE CHARLESTON WV
319 AM EST SUN NOV 19 2017


...................................

...THE PARKERSBURG WV CLIMATE SUMMARY FOR NOVEMBER 18 2017...

CLIMATE NORMAL PERIOD 1981 TO 2010
CLIMATE RECORD PERIOD 1889 TO 2017


WEATHER ITEM   OBSERVED TIME   RECORD YEAR NORMAL DEPARTURE LAST
                VALUE   (LST)  VALUE       VALUE  FROM      YEAR
                                                  NORMAL
..................................................................
TEMPERATURE (F)
 YESTERDAY
  MAXIMUM         68    541 PM  79    1958  54     14       76
  MINIMUM         34   1200 AM  14    1959  35     -1       37
  AVERAGE         51                        44      7       57

PRECIPITATION (IN)
  YESTERDAY        0.54          1.79 1957   0.12   0.42     0.00
  MONTH TO DATE    3.95                      1.97   1.98     0.37
  SINCE JAN 1     48.55                     36.70  11.85    31.31

SNOWFALL (IN)
  YESTERDAY       MM
  MONTH TO DATE   MM
  SINCE SEP 1     MM
  SNOW DEPTH      MM

DEGREE DAYS
 HEATING
  YESTERDAY       14                        21     -7        8
  MONTH TO DATE  332                       316     16      270
  SINCE SEP 1    629                       705    -76      485
  SINCE JUL 1    631                       710    -79      485

 COOLING
  YESTERDAY        0                         0      0        0
  MONTH TO DATE    2                         0      2        2
  SINCE SEP 1    173                       123     50      274
  SINCE JAN 1    975                       953     22     1352
..................................................................


WIND (MPH)
  HIGHEST WIND SPEED    30   HIGHEST WIND DIRECTION     W (290)
  HIGHEST GUST SPEED    46   HIGHEST GUST DIRECTION     S (200)
  AVERAGE WIND SPEED    12.0


SKY COVER
  POSSIBLE SUNSHINE  MM
  AVERAGE SKY COVER 0.8


WEATHER CONDITIONS
 THE FOLLOWING WEATHER WAS RECORDED YESTERDAY.
  RAIN
  LIGHT RAIN
  FOG


RELATIVE HUMIDITY (PERCENT)
 HIGHEST    93           800 AM
 LOWEST     36           300 AM
 AVERAGE    65

..........................................................


THE PARKERSBURG WV CLIMATE NORMALS FOR TODAY
                         NORMAL    RECORD    YEAR
 MAXIMUM TEMPERATURE (F)   54        78      1985
 MINIMUM TEMPERATURE (F)   35        13      2014


SUNRISE AND SUNSET
NOVEMBER 19 2017......SUNRISE   714 AM EST   SUNSET   508 PM EST
NOVEMBER 20 2017......SUNRISE   715 AM EST   SUNSET   507 PM EST


-  INDICATES NEGATIVE NUMBERS.
R  INDICATES RECORD WAS SET OR TIED.
MM INDICATES DATA IS MISSING.
T  INDICATES TRACE AMOUNT.




$$
