000
CDUS41 KRLX 292128
CLIPKB


CLIMATE REPORT
NATIONAL WEATHER SERVICE CHARLESTON WV
527 PM EDT SAT AUG 29 2015


...................................

...THE PARKERSBURG WV CLIMATE SUMMARY FOR AUGUST 29 2015...
VALID TODAY AS OF 0500 PM LOCAL TIME.

CLIMATE NORMAL PERIOD 1981 TO 2010
CLIMATE RECORD PERIOD 1889 TO 2015


WEATHER ITEM   OBSERVED TIME   RECORD YEAR NORMAL DEPARTURE LAST
                VALUE   (LST)  VALUE       VALUE  FROM      YEAR
                                                  NORMAL
..................................................................
TEMPERATURE (F)
 TODAY
  MAXIMUM         87    342 PM  99    1953  83      4       85
  MINIMUM         55    430 AM  40    1986  61     -6       54
  AVERAGE         71                        72     -1       70

PRECIPITATION (IN)
  TODAY            0.00          0.59 2003   0.11  -0.11     0.00
  MONTH TO DATE    2.74                      3.38  -0.64     3.05
  SINCE JUN 1      9.78                     11.61  -1.83    MM
  SINCE JAN 1     27.97                     28.56  -0.59    MM

DEGREE DAYS
 HEATING
  TODAY            0                         0      0        0
  MONTH TO DATE    3                         0      3        1
  SINCE JUN 1     18                        20     -2       MM
  SINCE JUL 1      3                         1      2       MM

 COOLING
  TODAY            6                         7     -1        5
  MONTH TO DATE  190                       247    -57      215
  SINCE JUN 1    692                       730    -38       MM
  SINCE JAN 1    853                       814     39       MM
..................................................................


WIND (MPH)
  HIGHEST WIND SPEED    10   HIGHEST WIND DIRECTION    SW (220)
  HIGHEST GUST SPEED    22   HIGHEST GUST DIRECTION     W (270)
  AVERAGE WIND SPEED     3.2


SKY COVER
  POSSIBLE SUNSHINE  MM
  AVERAGE SKY COVER 0.5


WEATHER CONDITIONS
 THE FOLLOWING WEATHER WAS RECORDED TODAY.
  FOG
  FOG W/VISIBILITY <= 1/4 MILE


RELATIVE HUMIDITY (PERCENT)
 HIGHEST   100           600 AM
 LOWEST     42           400 PM
 AVERAGE    71

..........................................................


THE PARKERSBURG WV CLIMATE NORMALS FOR TOMORROW
                         NORMAL    RECORD    YEAR
 MAXIMUM TEMPERATURE (F)   83       100      1953
 MINIMUM TEMPERATURE (F)   61        44      1986


SUNRISE AND SUNSET
AUGUST 29 2015........SUNRISE   651 AM EDT   SUNSET   801 PM EDT
AUGUST 30 2015........SUNRISE   652 AM EDT   SUNSET   800 PM EDT


-  INDICATES NEGATIVE NUMBERS.
R  INDICATES RECORD WAS SET OR TIED.
MM INDICATES DATA IS MISSING.
T  INDICATES TRACE AMOUNT.




$$
