037
CDUS46 KLOX 240111
CLIPMD


CLIMATE REPORT
NATIONAL WEATHER SERVICE LOS ANGELES/OXNARD CA
611 PM PDT MON MAY 23 2016


...................................

...THE PALMDALE AIRPORT CA CLIMATE SUMMARY FOR MAY 23 2016...
VALID TODAY AS OF 0600 PM LOCAL TIME.

CLIMATE NORMAL PERIOD 1981 TO 2010
CLIMATE RECORD PERIOD 1931 TO 2016


WEATHER ITEM   OBSERVED TIME   RECORD YEAR NORMAL DEPARTURE LAST
                VALUE   (LST)  VALUE       VALUE  FROM      YEAR
                                                  NORMAL
..................................................................
TEMPERATURE (F)
 TODAY
  MAXIMUM         71    216 PM 102    2000  85    -14       73
  MINIMUM         50    428 AM  42    2010  54     -4       52
  AVERAGE         61                        70     -9       63

PRECIPITATION (IN)
  TODAY            0.00          0.18 1999   0.00   0.00     0.00
  MONTH TO DATE    T                         0.22  -0.22     0.10
  SINCE OCT 1      4.28                      7.65  -3.37     4.22
  SINCE JAN 1      2.47                      5.20  -2.73     1.65

SNOWFALL (IN)
  TODAY            0.0          MM      MM  MM               0.0
  MONTH TO DATE    0.0                      MM               0.0
  SINCE MAR 1      0.0                      MM               0.0
  SINCE JUL 1      T                        MM               0.0
  SNOW DEPTH       0

DEGREE DAYS
 HEATING
  TODAY            4                         2      2        2
  MONTH TO DATE   51                        60     -9       98
  SINCE MAR 1    434                       665   -231      444
  SINCE JUL 1   2595                      2910   -315     2099

 COOLING
  TODAY            0                         6     -6        0
  MONTH TO DATE   72                        91    -19       27
  SINCE MAR 1     92                       114    -22       62
  SINCE JAN 1     92                       114    -22       62
..................................................................


WIND (MPH)
  HIGHEST WIND SPEED    28   HIGHEST WIND DIRECTION    SW (240)
  HIGHEST GUST SPEED    34   HIGHEST GUST DIRECTION    SW (240)
  AVERAGE WIND SPEED    15.1


SKY COVER
  POSSIBLE SUNSHINE  MM
  AVERAGE SKY COVER 0.0


WEATHER CONDITIONS
 THE FOLLOWING WEATHER WAS RECORDED TODAY.
  NO SIGNIFICANT WEATHER WAS OBSERVED.


RELATIVE HUMIDITY (PERCENT)
 HIGHEST    63           400 AM
 LOWEST     31          1200 PM
 AVERAGE    47

..........................................................


THE PALMDALE AIRPORT CA CLIMATE NORMALS FOR TOMORROW
                         NORMAL    RECORD    YEAR
 MAXIMUM TEMPERATURE (F)   86        98      2001
 MINIMUM TEMPERATURE (F)   54        39      1980


SUNRISE AND SUNSET
MAY 23 2016...........SUNRISE   544 AM PDT   SUNSET   755 PM PDT
MAY 24 2016...........SUNRISE   544 AM PDT   SUNSET   755 PM PDT


-  INDICATES NEGATIVE NUMBERS.
R  INDICATES RECORD WAS SET OR TIED.
MM INDICATES DATA IS MISSING.
T  INDICATES TRACE AMOUNT.




$$
