000
CDUS46 KLOX 050856
CLIPMD


CLIMATE REPORT
NATIONAL WEATHER SERVICE LOS ANGELES/OXNARD CA
1256 AM PST THU MAR 5 2015


...................................

...THE PALMDALE AIRPORT CA CLIMATE SUMMARY FOR MARCH 4 2015...

CLIMATE NORMAL PERIOD 1981 TO 2010
CLIMATE RECORD PERIOD 1931 TO 2015


WEATHER ITEM   OBSERVED TIME   RECORD YEAR NORMAL DEPARTURE LAST
                VALUE   (LST)  VALUE       VALUE  FROM      YEAR
                                                  NORMAL
..................................................................
TEMPERATURE (F)
 YESTERDAY
  MAXIMUM         61    405 PM  81    1994  65     -4       67
  MINIMUM         30    633 AM  19    1966  38     -8       46
  AVERAGE         46                        52     -6       57

PRECIPITATION (IN)
  YESTERDAY        0.00          2.15 1943   0.08  -0.08     0.00
  MONTH TO DATE    0.03                      0.31  -0.28     0.48
  SINCE OCT 1      3.71                      6.05  -2.34     3.81
  SINCE JAN 1      1.14                      3.60  -2.46     1.87

SNOWFALL (IN)
  YESTERDAY        0.0           0.0  1974  MM               0.0
  MONTH TO DATE    0.0                      MM               0.0
  SINCE MAR 1      0.0                      MM               0.0
  SINCE JUL 1      0.0                      MM               0.0
  SNOW DEPTH       0

DEGREE DAYS
 HEATING
  YESTERDAY       19                        13      6        8
  MONTH TO DATE   75                        55     20       55
  SINCE MAR 1     75                        55     20       55
  SINCE JUL 1   1730                      2300   -570     1953

 COOLING
  YESTERDAY        0                         0      0        0
  MONTH TO DATE    0                         0      0        0
  SINCE MAR 1      0                         0      0        0
  SINCE JAN 1      0                         0      0        1
..................................................................


WIND (MPH)
  HIGHEST WIND SPEED    18   HIGHEST WIND DIRECTION     E (70)
  HIGHEST GUST SPEED    23   HIGHEST GUST DIRECTION    NE (60)
  AVERAGE WIND SPEED     5.9


SKY COVER
  POSSIBLE SUNSHINE  MM
  AVERAGE SKY COVER 0.0


WEATHER CONDITIONS
 THE FOLLOWING WEATHER WAS RECORDED YESTERDAY.
  NO SIGNIFICANT WEATHER WAS OBSERVED.


RELATIVE HUMIDITY (PERCENT)
 HIGHEST    92           600 AM
 LOWEST     15           200 PM
 AVERAGE    54

..........................................................


THE PALMDALE AIRPORT CA CLIMATE NORMALS FOR TODAY
                         NORMAL    RECORD    YEAR
 MAXIMUM TEMPERATURE (F)   65        83      1986
 MINIMUM TEMPERATURE (F)   39        22      1963


SUNRISE AND SUNSET
MARCH  5 2015.........SUNRISE   617 AM PST   SUNSET   552 PM PST
MARCH  6 2015.........SUNRISE   615 AM PST   SUNSET   552 PM PST


-  INDICATES NEGATIVE NUMBERS.
R  INDICATES RECORD WAS SET OR TIED.
MM INDICATES DATA IS MISSING.
T  INDICATES TRACE AMOUNT.




$$
