000
CDUS46 KLOX 200112
CLIPMD


CLIMATE REPORT
NATIONAL WEATHER SERVICE LOS ANGELES/OXNARD CA
612 PM PDT TUE AUG 19 2014


...................................

...THE PALMDALE AIRPORT CA CLIMATE SUMMARY FOR AUGUST 19 2014...
VALID TODAY AS OF 0600 PM LOCAL TIME.

CLIMATE NORMAL PERIOD 1981 TO 2010
CLIMATE RECORD PERIOD 1931 TO 2014


WEATHER ITEM   OBSERVED TIME   RECORD YEAR NORMAL DEPARTURE LAST
                VALUE   (LST)  VALUE       VALUE  FROM      YEAR
                                                  NORMAL
..................................................................
TEMPERATURE (F)
 TODAY
  MAXIMUM         87    310 PM 109    1950  97    -10       97
  MINIMUM         71    504 AM  38    1931  65      6       72
  AVERAGE         79                        81     -2       85

PRECIPITATION (IN)
  TODAY            0.00          0.14 1945   0.01  -0.01     0.04
  MONTH TO DATE    0.04                      0.06  -0.02     0.04
  SINCE JUL 1      0.04                      0.16  -0.12     0.13
  SINCE JAN 1      3.09                      5.48  -2.39     0.99

SNOWFALL (IN)
  TODAY            0.0          MM      MM  MM               0.0
  MONTH TO DATE    0.0                      MM               0.0
  SINCE JUN 1      0.0                      MM               0.0
  SINCE JUL 1      0.0                      MM               0.0
  SNOW DEPTH       0

DEGREE DAYS
 HEATING
  TODAY            0                         0      0        0
  MONTH TO DATE    0                         0      0        0
  SINCE JUN 1      0                         7     -7        0
  SINCE JUL 1      0                         0      0        0

 COOLING
  TODAY           14                        16     -2       20
  MONTH TO DATE  322                       326     -4      295
  SINCE JUN 1   1328                      1134    194     1329
  SINCE JAN 1   1547                      1304    243     1560
..................................................................


WIND (MPH)
  HIGHEST WIND SPEED    33   HIGHEST WIND DIRECTION    SW (220)
  HIGHEST GUST SPEED    39   HIGHEST GUST DIRECTION    SW (220)
  AVERAGE WIND SPEED    14.8


SKY COVER
  POSSIBLE SUNSHINE  MM
  AVERAGE SKY COVER 0.1


WEATHER CONDITIONS
 THE FOLLOWING WEATHER WAS RECORDED TODAY.
  NO SIGNIFICANT WEATHER WAS OBSERVED.


RELATIVE HUMIDITY (PERCENT)
 HIGHEST    32           500 PM
 LOWEST     15          1000 AM
 AVERAGE    24

..........................................................


THE PALMDALE AIRPORT CA CLIMATE NORMALS FOR TOMORROW
                         NORMAL    RECORD    YEAR
 MAXIMUM TEMPERATURE (F)   97       108      1950
 MINIMUM TEMPERATURE (F)   65        51      1998


SUNRISE AND SUNSET
AUGUST 19 2014........SUNRISE   616 AM PDT   SUNSET   735 PM PDT
AUGUST 20 2014........SUNRISE   617 AM PDT   SUNSET   734 PM PDT


-  INDICATES NEGATIVE NUMBERS.
R  INDICATES RECORD WAS SET OR TIED.
MM INDICATES DATA IS MISSING.
T  INDICATES TRACE AMOUNT.




$$
