000
CDUS46 KLOX 040115
CLIPMD


CLIMATE REPORT
NATIONAL WEATHER SERVICE LOS ANGELES/OXNARD CA
515 PM PST SAT DEC 3 2016


...................................

...THE PALMDALE AIRPORT CA CLIMATE SUMMARY FOR DECEMBER 3 2016...
VALID TODAY AS OF 0500 PM LOCAL TIME.

CLIMATE NORMAL PERIOD 1981 TO 2010
CLIMATE RECORD PERIOD 1931 TO 2016


WEATHER ITEM   OBSERVED TIME   RECORD YEAR NORMAL DEPARTURE LAST
                VALUE   (LST)  VALUE       VALUE  FROM      YEAR
                                                  NORMAL
..................................................................
TEMPERATURE (F)
 TODAY
  MAXIMUM         58    301 PM  76    1977  60     -2       62
  MINIMUM         28    717 AM  19    1934  32     -4       31
  AVERAGE         43                        46     -3       47

PRECIPITATION (IN)
  TODAY            0.00          0.33 1966   0.02  -0.02     0.00
  MONTH TO DATE    0.00                      0.04  -0.04     0.00
  SINCE OCT 1      0.32                      1.34  -1.02     1.32
  SINCE JAN 1      2.79                      7.19  -4.40     5.03

SNOWFALL (IN)
  TODAY            0.0           0.0  1973  MM               0.0
  MONTH TO DATE    0.0                      MM               0.0
  SINCE DEC 1      0.0                      MM               0.0
  SINCE JUL 1      0.0                      MM               0.0
  SNOW DEPTH       0

DEGREE DAYS
 HEATING
  TODAY           22                        19      3       18
  MONTH TO DATE   64                        57      7       62
  SINCE DEC 1     64                        57      7       62
  SINCE JUL 1    447                       584   -137      585

 COOLING
  TODAY            0                         0      0        0
  MONTH TO DATE    0                         0      0        0
  SINCE DEC 1      0                         0      0        0
  SINCE JAN 1   2086                      1815    271     2067
..................................................................


WIND (MPH)
  HIGHEST WIND SPEED    17   HIGHEST WIND DIRECTION     E (90)
  HIGHEST GUST SPEED    20   HIGHEST GUST DIRECTION     E (100)
  AVERAGE WIND SPEED    10.6


SKY COVER
  POSSIBLE SUNSHINE  MM
  AVERAGE SKY COVER 0.0


WEATHER CONDITIONS
 THE FOLLOWING WEATHER WAS RECORDED TODAY.
  NO SIGNIFICANT WEATHER WAS OBSERVED.


RELATIVE HUMIDITY (PERCENT)
 HIGHEST    42           700 AM
 LOWEST     10          1200 PM
 AVERAGE    26

..........................................................


THE PALMDALE AIRPORT CA CLIMATE NORMALS FOR TOMORROW
                         NORMAL    RECORD    YEAR
 MAXIMUM TEMPERATURE (F)   60        85      1958
 MINIMUM TEMPERATURE (F)   31        19      2006


SUNRISE AND SUNSET
DECEMBER  3 2016......SUNRISE   643 AM PST   SUNSET   441 PM PST
DECEMBER  4 2016......SUNRISE   644 AM PST   SUNSET   441 PM PST


-  INDICATES NEGATIVE NUMBERS.
R  INDICATES RECORD WAS SET OR TIED.
MM INDICATES DATA IS MISSING.
T  INDICATES TRACE AMOUNT.




$$
