000
CDUS46 KLOX 230935
CLIPMD


CLIMATE REPORT
NATIONAL WEATHER SERVICE LOS ANGELES/OXNARD CA
235 AM PDT SAT SEP 23 2017


...................................

...THE PALMDALE AIRPORT CA CLIMATE SUMMARY FOR SEPTEMBER 22 2017...

CLIMATE NORMAL PERIOD 1981 TO 2010
CLIMATE RECORD PERIOD 1931 TO 2017


WEATHER ITEM   OBSERVED TIME   RECORD YEAR NORMAL DEPARTURE LAST
                VALUE   (LST)  VALUE       VALUE  FROM      YEAR
                                                  NORMAL
..................................................................
TEMPERATURE (F)
 YESTERDAY
  MAXIMUM         72    312 PM 106    1992  88    -16       74
  MINIMUM         47    608 AM  38    1941  55     -8       56
  AVERAGE         60                        72    -12       65

PRECIPITATION (IN)
  YESTERDAY        0.00          0.20 2007   0.01  -0.01     0.00
  MONTH TO DATE    0.40                      0.20   0.20     0.00
  SINCE OCT 1      6.35                      8.21  -1.86     4.28
  SINCE JAN 1      4.56                      5.76  -1.20     2.47

SNOWFALL (IN)
  YESTERDAY        0.0           0.0  1973  MM               0.0
  MONTH TO DATE    0.0                      MM               0.0
  SINCE SEP 1      0.0                      MM               0.0
  SINCE JUL 1      0.0                      MM               0.0
  SNOW DEPTH       0

DEGREE DAYS
 HEATING
  YESTERDAY        5                         1      4        0
  MONTH TO DATE    8                         2      6        4
  SINCE SEP 1      8                         2      6        4
  SINCE JUL 1      8                         2      6        4

 COOLING
  YESTERDAY        0                         7     -7        0
  MONTH TO DATE  262                       227     35      214
  SINCE SEP 1    262                       227     35      214
  SINCE JAN 1   2175                      1709    466     1978
..................................................................


WIND (MPH)
  HIGHEST WIND SPEED    22   HIGHEST WIND DIRECTION     W (250)
  HIGHEST GUST SPEED    28   HIGHEST GUST DIRECTION    SW (240)
  AVERAGE WIND SPEED     9.0


SKY COVER
  POSSIBLE SUNSHINE  MM
  AVERAGE SKY COVER 0.0


WEATHER CONDITIONS
 THE FOLLOWING WEATHER WAS RECORDED YESTERDAY.
  NO SIGNIFICANT WEATHER WAS OBSERVED.


RELATIVE HUMIDITY (PERCENT)
 HIGHEST    66          1100 PM
 LOWEST     20           200 PM
 AVERAGE    43

..........................................................


THE PALMDALE AIRPORT CA CLIMATE NORMALS FOR TODAY
                         NORMAL    RECORD    YEAR
 MAXIMUM TEMPERATURE (F)   88       103      1949
 MINIMUM TEMPERATURE (F)   55        39      1941


SUNRISE AND SUNSET
SEPTEMBER 23 2017.....SUNRISE   641 AM PDT   SUNSET   647 PM PDT
SEPTEMBER 24 2017.....SUNRISE   642 AM PDT   SUNSET   646 PM PDT


-  INDICATES NEGATIVE NUMBERS.
R  INDICATES RECORD WAS SET OR TIED.
MM INDICATES DATA IS MISSING.
T  INDICATES TRACE AMOUNT.




$$
