035
CDUS46 KLOX 260111
CLIPMD


CLIMATE REPORT
NATIONAL WEATHER SERVICE LOS ANGELES/OXNARD CA
511 PM PST SUN FEB 25 2018


...................................

...THE PALMDALE AIRPORT CA CLIMATE SUMMARY FOR FEBRUARY 25 2018...
VALID TODAY AS OF 0500 PM LOCAL TIME.

CLIMATE NORMAL PERIOD 1981 TO 2010
CLIMATE RECORD PERIOD 1931 TO 2018


WEATHER ITEM   OBSERVED TIME   RECORD YEAR NORMAL DEPARTURE LAST
                VALUE   (LST)  VALUE       VALUE  FROM      YEAR
                                                  NORMAL
..................................................................
TEMPERATURE (F)
 TODAY
  MAXIMUM         59    414 PM  80    1986  63     -4       59
  MINIMUM         26    640 AM  22    1974  38    -12       30
  AVERAGE         43                        50     -7       45

PRECIPITATION (IN)
  TODAY            0.00          0.90 1969   0.07  -0.07     0.00
  MONTH TO DATE    T                         1.59  -1.59     1.71
  SINCE OCT 1      0.60                      5.61  -5.01     5.82
  SINCE JAN 1      0.60                      3.16  -2.56     4.03

SNOWFALL (IN)
  TODAY            0.0           0.0  1974  MM               0.0
  MONTH TO DATE    0.0                      MM               0.0
  SINCE DEC 1      0.0                      MM               0.0
  SINCE JUL 1      0.0                      MM               0.0
  SNOW DEPTH       0

DEGREE DAYS
 HEATING
  TODAY           22                        15      7       20
  MONTH TO DATE  378                       418    -40      298
  SINCE DEC 1   1331                      1675   -344     1468
  SINCE JUL 1   1616                      2202   -586     1851

 COOLING
  TODAY            0                         0      0        0
  MONTH TO DATE    0                         0      0        0
  SINCE DEC 1      0                         0      0        0
  SINCE JAN 1      0                         0      0        0
..................................................................


WIND (MPH)
  HIGHEST WIND SPEED    17   HIGHEST WIND DIRECTION    NE (60)
  HIGHEST GUST SPEED    24   HIGHEST GUST DIRECTION     E (70)
  AVERAGE WIND SPEED     5.1


SKY COVER
  POSSIBLE SUNSHINE  MM
  AVERAGE SKY COVER 0.0


WEATHER CONDITIONS
 THE FOLLOWING WEATHER WAS RECORDED TODAY.
  NO SIGNIFICANT WEATHER WAS OBSERVED.


RELATIVE HUMIDITY (PERCENT)
 HIGHEST    57           600 AM
 LOWEST     14           300 PM
 AVERAGE    36

..........................................................


THE PALMDALE AIRPORT CA CLIMATE NORMALS FOR TOMORROW
                         NORMAL    RECORD    YEAR
 MAXIMUM TEMPERATURE (F)   64        82      1986
 MINIMUM TEMPERATURE (F)   38        20      1964


SUNRISE AND SUNSET
FEBRUARY 25 2018......SUNRISE   626 AM PST   SUNSET   545 PM PST
FEBRUARY 26 2018......SUNRISE   625 AM PST   SUNSET   546 PM PST


-  INDICATES NEGATIVE NUMBERS.
R  INDICATES RECORD WAS SET OR TIED.
MM INDICATES DATA IS MISSING.
T  INDICATES TRACE AMOUNT.




$$
