000
CDUS44 KMOB 270645
CLIPNS


CLIMATE REPORT
NATIONAL WEATHER SERVICE MOBILE AL
1245 AM CST MON FEB 27 2017


...................................

...THE PENSACOLA CLIMATE SUMMARY FOR FEBRUARY 26 2017...

CLIMATE NORMAL PERIOD 1981 TO 2010
CLIMATE RECORD PERIOD 1879 TO 2017


WEATHER ITEM   OBSERVED TIME   RECORD YEAR NORMAL DEPARTURE LAST
                VALUE   (LST)  VALUE       VALUE  FROM      YEAR
                                                  NORMAL
..................................................................
TEMPERATURE (F)
 YESTERDAY
  MAXIMUM         68    152 PM  82    1972  66      2       60
  MINIMUM         47    654 AM  26    1967  48     -1       41
  AVERAGE         58                        57      1       51

PRECIPITATION (IN)
  YESTERDAY        0.00          2.01 2003   0.18  -0.18     0.00
  MONTH TO DATE    3.62                      4.69  -1.07     4.71
  SINCE MAR 1     71.32                     64.90   6.42    73.92
  SINCE JAN 1     15.35                      9.32   6.03     8.65

SNOWFALL (IN)
  YESTERDAY        0.0          MM      MM   0.0    0.0      0.0
  MONTH TO DATE    0.0                       0.0    0.0      0.0
  SINCE MAR 1      0.0                       0.0    0.0      0.0
  SINCE JUL 1      0.0                       0.0    0.0      0.0
  SNOW DEPTH       0

DEGREE DAYS
 HEATING
  YESTERDAY        7                         9     -2       14
  MONTH TO DATE   81                       282   -201      225
  SINCE DEC 1    464                      1081   -617      777
  SINCE JUL 1    533                      1293   -760      854

 COOLING
  YESTERDAY        0                         0      0        0
  MONTH TO DATE   40                         0     40       18
  SINCE DEC 1    151                        19    132       93
  SINCE JAN 1    104                         6     98       18
..................................................................


WIND (MPH)
  HIGHEST WIND SPEED    13   HIGHEST WIND DIRECTION     N (20)
  HIGHEST GUST SPEED    18   HIGHEST GUST DIRECTION     N (20)
  AVERAGE WIND SPEED     7.7


SKY COVER
  POSSIBLE SUNSHINE  MM
  AVERAGE SKY COVER 0.0


WEATHER CONDITIONS
 THE FOLLOWING WEATHER WAS RECORDED YESTERDAY.
  NO SIGNIFICANT WEATHER WAS OBSERVED.


RELATIVE HUMIDITY (PERCENT)
 HIGHEST    72          1100 PM
 LOWEST     26           100 PM
 AVERAGE    49

..........................................................


THE PENSACOLA CLIMATE NORMALS FOR TODAY
                         NORMAL    RECORD    YEAR
 MAXIMUM TEMPERATURE (F)   66        80      1981
 MINIMUM TEMPERATURE (F)   48        25      1963


SUNRISE AND SUNSET
FEBRUARY 27 2017......SUNRISE   617 AM CST   SUNSET   546 PM CST
FEBRUARY 28 2017......SUNRISE   616 AM CST   SUNSET   547 PM CST


-  INDICATES NEGATIVE NUMBERS.
R  INDICATES RECORD WAS SET OR TIED.
MM INDICATES DATA IS MISSING.
T  INDICATES TRACE AMOUNT.




$$
