000
CDUS44 KMOB 200645
CLIPNS


CLIMATE REPORT
NATIONAL WEATHER SERVICE MOBILE AL
145 AM CDT FRI OCT 20 2017


...................................

...THE PENSACOLA CLIMATE SUMMARY FOR OCTOBER 19 2017...

CLIMATE NORMAL PERIOD 1981 TO 2010
CLIMATE RECORD PERIOD 1879 TO 2017


WEATHER ITEM   OBSERVED TIME   RECORD YEAR NORMAL DEPARTURE LAST
                VALUE   (LST)  VALUE       VALUE  FROM      YEAR
                                                  NORMAL
..................................................................
TEMPERATURE (F)
 YESTERDAY
  MAXIMUM         84    258 PM  88    2006  78      6       86
  MINIMUM         63    624 AM  39    1989  59      4       70
  AVERAGE         74                        69      5       78

PRECIPITATION (IN)
  YESTERDAY        0.00          3.36 2007   0.15  -0.15     0.00
  MONTH TO DATE    4.74                      3.24   1.50      T
  SINCE MAR 1     67.25                     44.30  22.95    45.49
  SINCE JAN 1     82.60                     53.99  28.61    54.14

DEGREE DAYS
 HEATING
  YESTERDAY        0                         1     -1        0
  MONTH TO DATE    0                         9     -9        0
  SINCE SEP 1      0                        10    -10        0
  SINCE JUL 1      0                        10    -10        0

 COOLING
  YESTERDAY        9                         5      4       13
  MONTH TO DATE  260                       133    127      220
  SINCE SEP 1    734                       536    198      736
  SINCE JAN 1   3213                      2503    710     3039
..................................................................


WIND (MPH)
  HIGHEST WIND SPEED    12   HIGHEST WIND DIRECTION    NE (60)
  HIGHEST GUST SPEED    17   HIGHEST GUST DIRECTION     N (20)
  AVERAGE WIND SPEED     5.6


SKY COVER
  POSSIBLE SUNSHINE  MM
  AVERAGE SKY COVER 0.1


WEATHER CONDITIONS
 THE FOLLOWING WEATHER WAS RECORDED YESTERDAY.
  HAZE


RELATIVE HUMIDITY (PERCENT)
 HIGHEST    78           500 AM
 LOWEST     43           300 PM
 AVERAGE    61

..........................................................


THE PENSACOLA CLIMATE NORMALS FOR TODAY
                         NORMAL    RECORD    YEAR
 MAXIMUM TEMPERATURE (F)   78        89      2016
                                             2004
 MINIMUM TEMPERATURE (F)   59        35      1989


SUNRISE AND SUNSET
OCTOBER 20 2017.......SUNRISE   655 AM CDT   SUNSET   612 PM CDT
OCTOBER 21 2017.......SUNRISE   655 AM CDT   SUNSET   611 PM CDT


-  INDICATES NEGATIVE NUMBERS.
R  INDICATES RECORD WAS SET OR TIED.
MM INDICATES DATA IS MISSING.
T  INDICATES TRACE AMOUNT.




$$
