000
CDUS44 KMOB 080645
CLIPNS


CLIMATE REPORT
NATIONAL WEATHER SERVICE MOBILE AL
145 AM CDT WED JUL 8 2015


...................................

...THE PENSACOLA CLIMATE SUMMARY FOR JULY 7 2015...

CLIMATE NORMAL PERIOD 1981 TO 2010
CLIMATE RECORD PERIOD 1879 TO 2015


WEATHER ITEM   OBSERVED TIME   RECORD YEAR NORMAL DEPARTURE LAST
                VALUE   (LST)  VALUE       VALUE  FROM      YEAR
                                                  NORMAL
..................................................................
TEMPERATURE (F)
 YESTERDAY
  MAXIMUM         89    411 PM 100    2000  90     -1       91
                                      1980
  MINIMUM         74    439 AM  66    1882  75     -1       76
  AVERAGE         82                        82      0       84

PRECIPITATION (IN)
  YESTERDAY        T             5.01 1896   0.23  -0.23     0.00
  MONTH TO DATE    0.41                      1.65  -1.24     0.00
  SINCE MAR 1     22.00                     22.56  -0.56    48.41
  SINCE JAN 1     32.41                     32.25   0.16    59.74

DEGREE DAYS
 COOLING
  YESTERDAY       17                        17      0       19
  MONTH TO DATE  114                       119     -5      127
  SINCE JUN 1    597                       584     13      606
  SINCE JAN 1   1250                      1032    218     1057
..................................................................


WIND (MPH)
  HIGHEST WIND SPEED    16   HIGHEST WIND DIRECTION     S (170)
  HIGHEST GUST SPEED    21   HIGHEST GUST DIRECTION    SW (210)
  AVERAGE WIND SPEED     5.7


SKY COVER
  POSSIBLE SUNSHINE  MM
  AVERAGE SKY COVER 0.1


WEATHER CONDITIONS
 THE FOLLOWING WEATHER WAS RECORDED YESTERDAY.
  NO SIGNIFICANT WEATHER WAS OBSERVED.


RELATIVE HUMIDITY (PERCENT)
 HIGHEST    88           600 AM
 LOWEST     59           200 PM
 AVERAGE    74

..........................................................


THE PENSACOLA CLIMATE NORMALS FOR TODAY
                         NORMAL    RECORD    YEAR
 MAXIMUM TEMPERATURE (F)   90        98      1980
 MINIMUM TEMPERATURE (F)   75        67      1892


SUNRISE AND SUNSET
JULY  8 2015..........SUNRISE   553 AM CDT   SUNSET   754 PM CDT
JULY  9 2015..........SUNRISE   554 AM CDT   SUNSET   754 PM CDT


-  INDICATES NEGATIVE NUMBERS.
R  INDICATES RECORD WAS SET OR TIED.
MM INDICATES DATA IS MISSING.
T  INDICATES TRACE AMOUNT.




$$
