000
CDUS44 KMOB 300645
CLIPNS


CLIMATE REPORT
NATIONAL WEATHER SERVICE MOBILE AL
145 AM CDT FRI SEP 30 2016


...................................

...THE PENSACOLA CLIMATE SUMMARY FOR SEPTEMBER 29 2016...

CLIMATE NORMAL PERIOD 1981 TO 2010
CLIMATE RECORD PERIOD 1879 TO 2016


WEATHER ITEM   OBSERVED TIME   RECORD YEAR NORMAL DEPARTURE LAST
                VALUE   (LST)  VALUE       VALUE  FROM      YEAR
                                                  NORMAL
..................................................................
TEMPERATURE (F)
 YESTERDAY
  MAXIMUM         89    214 PM  94    1994  84      5       83
                                      1953
  MINIMUM         66   1159 PM  43    1967  66      0       73
  AVERAGE         78                        75      3       78

PRECIPITATION (IN)
  YESTERDAY        0.00          7.30 1906   0.19  -0.19     0.09
  MONTH TO DATE    3.36                      5.80  -2.44     6.35
  SINCE MAR 1     45.49                     40.88   4.61    41.65
  SINCE JAN 1     54.14                     50.57   3.57    52.06

DEGREE DAYS
 COOLING
  YESTERDAY       13                        10      3       13
  MONTH TO DATE  510                       393    117      415
  SINCE SEP 1    510                       393    117      415
  SINCE JAN 1   2813                      2360    453     2715
..................................................................


WIND (MPH)
  HIGHEST WIND SPEED    16   HIGHEST WIND DIRECTION     N (340)
  HIGHEST GUST SPEED    24   HIGHEST GUST DIRECTION     N (340)
  AVERAGE WIND SPEED     8.2


SKY COVER
  POSSIBLE SUNSHINE  MM
  AVERAGE SKY COVER 0.0


WEATHER CONDITIONS
 THE FOLLOWING WEATHER WAS RECORDED YESTERDAY.
  NO SIGNIFICANT WEATHER WAS OBSERVED.


RELATIVE HUMIDITY (PERCENT)
 HIGHEST    84           400 AM
 LOWEST     41           200 PM
 AVERAGE    63

..........................................................


THE PENSACOLA CLIMATE NORMALS FOR TODAY
                         NORMAL    RECORD    YEAR
 MAXIMUM TEMPERATURE (F)   83        96      1904
 MINIMUM TEMPERATURE (F)   66        46      1967


SUNRISE AND SUNSET
SEPTEMBER 30 2016.....SUNRISE   642 AM CDT   SUNSET   635 PM CDT
OCTOBER  1 2016.......SUNRISE   643 AM CDT   SUNSET   633 PM CDT


-  INDICATES NEGATIVE NUMBERS.
R  INDICATES RECORD WAS SET OR TIED.
MM INDICATES DATA IS MISSING.
T  INDICATES TRACE AMOUNT.




$$
