000
CDUS44 KMOB 031505
CLIPNS


CLIMATE REPORT
NATIONAL WEATHER SERVICE MOBILE AL
900 AM CST TUE MAR 3 2015


...................................

...THE PENSACOLA CLIMATE SUMMARY FOR MARCH 2 2015...

CLIMATE NORMAL PERIOD 1981 TO 2010
CLIMATE RECORD PERIOD 1879 TO 2015


WEATHER ITEM   OBSERVED TIME   RECORD YEAR NORMAL DEPARTURE LAST
                VALUE   (LST)  VALUE       VALUE  FROM      YEAR
                                                  NORMAL
..................................................................
TEMPERATURE (F)
 YESTERDAY
  MAXIMUM         71    111 PM  82    2006  67      4       71
  MINIMUM         54    220 AM  22    1980  49      5       54
  AVERAGE         63                        58      5       63

PRECIPITATION (IN)
  YESTERDAY        0.00          2.31 1889   0.20  -0.20     0.00
  MONTH TO DATE    0.00                      0.40  -0.40     0.00
  SINCE MAR 1      0.00                      0.40  -0.40     0.00
  SINCE JAN 1     10.41                     10.09   0.32    11.33

SNOWFALL (IN)
  YESTERDAY        0.0          MM      MM   0.0    0.0      0.0
  MONTH TO DATE    0.0                       0.0    0.0      0.0
  SINCE MAR 1      0.0                       0.0    0.0      0.0
  SINCE JUL 1      0.0                       0.0    0.0      1.0
  SNOW DEPTH       0

DEGREE DAYS
 HEATING
  YESTERDAY        2                         8     -6        2
  MONTH TO DATE   12                        16     -4        8
  SINCE MAR 1     12                        16     -4        8
  SINCE JUL 1   1455                      1324    131     1345

 COOLING
  YESTERDAY        0                         1     -1        0
  MONTH TO DATE    0                         1     -1        0
  SINCE MAR 1      0                         1     -1        0
  SINCE JAN 1      7                        15     -8       15
..................................................................


WIND (MPH)
  HIGHEST WIND SPEED     9   HIGHEST WIND DIRECTION    SE (150)
  HIGHEST GUST SPEED    13   HIGHEST GUST DIRECTION    SE (150)
  AVERAGE WIND SPEED     4.6


SKY COVER
  POSSIBLE SUNSHINE  MM
  AVERAGE SKY COVER 1.0


WEATHER CONDITIONS
 THE FOLLOWING WEATHER WAS RECORDED YESTERDAY.
  FOG
  FOG W/VISIBILITY <= 1/4 MILE
  HAZE


RELATIVE HUMIDITY (PERCENT)
 HIGHEST   100           500 AM
 LOWEST     76          1200 PM
 AVERAGE    88

..........................................................


THE PENSACOLA CLIMATE NORMALS FOR TODAY
                         NORMAL    RECORD    YEAR
 MAXIMUM TEMPERATURE (F)   67        80      1997
 MINIMUM TEMPERATURE (F)   49        23      1980


SUNRISE AND SUNSET
MARCH  3 2015.........SUNRISE   613 AM CST   SUNSET   549 PM CST
MARCH  4 2015.........SUNRISE   612 AM CST   SUNSET   550 PM CST


-  INDICATES NEGATIVE NUMBERS.
R  INDICATES RECORD WAS SET OR TIED.
MM INDICATES DATA IS MISSING.
T  INDICATES TRACE AMOUNT.




$$
