000
CDUS44 KMOB 260645
CLIPNS


CLIMATE REPORT
NATIONAL WEATHER SERVICE MOBILE AL
145 AM CDT WED APR 26 2017


...................................

...THE PENSACOLA CLIMATE SUMMARY FOR APRIL 25 2017...

CLIMATE NORMAL PERIOD 1981 TO 2010
CLIMATE RECORD PERIOD 1879 TO 2017


WEATHER ITEM   OBSERVED TIME   RECORD YEAR NORMAL DEPARTURE LAST
                VALUE   (LST)  VALUE       VALUE  FROM      YEAR
                                                  NORMAL
..................................................................
TEMPERATURE (F)
 YESTERDAY
  MAXIMUM         81    215 PM  87    1999  78      3       81
  MINIMUM         54    450 AM  40    1910  60     -6       68
  AVERAGE         68                        69     -1       75

PRECIPITATION (IN)
  YESTERDAY        0.00          3.40 1895   0.13  -0.13     0.00
  MONTH TO DATE    3.28                      3.66  -0.38     5.94
  SINCE MAR 1      5.64                      9.47  -3.83    13.59
  SINCE JAN 1     20.99                     19.16   1.83    22.24

DEGREE DAYS
 HEATING
  YESTERDAY        0                         1     -1        0
  MONTH TO DATE    9                        49    -40       11
  SINCE MAR 1    101                       225   -124       83
  SINCE JUL 1    634                      1533   -899      965

 COOLING
  YESTERDAY        3                         5     -2       10
  MONTH TO DATE  143                        75     68       87
  SINCE MAR 1    271                       108    163      173
  SINCE JAN 1    381                       122    259      191
..................................................................


WIND (MPH)
  HIGHEST WIND SPEED    18   HIGHEST WIND DIRECTION     S (200)
  HIGHEST GUST SPEED    24   HIGHEST GUST DIRECTION     S (160)
  AVERAGE WIND SPEED     7.3


SKY COVER
  POSSIBLE SUNSHINE  MM
  AVERAGE SKY COVER 0.1


WEATHER CONDITIONS
 THE FOLLOWING WEATHER WAS RECORDED YESTERDAY.
  NO SIGNIFICANT WEATHER WAS OBSERVED.


RELATIVE HUMIDITY (PERCENT)
 HIGHEST    86           200 AM
 LOWEST     45           100 PM
 AVERAGE    66

..........................................................


THE PENSACOLA CLIMATE NORMALS FOR TODAY
                         NORMAL    RECORD    YEAR
 MAXIMUM TEMPERATURE (F)   78        88      1988
                                             1945
 MINIMUM TEMPERATURE (F)   60        48      1983
                                             1977
                                             1910


SUNRISE AND SUNSET
APRIL 26 2017.........SUNRISE   610 AM CDT   SUNSET   724 PM CDT
APRIL 27 2017.........SUNRISE   609 AM CDT   SUNSET   724 PM CDT


-  INDICATES NEGATIVE NUMBERS.
R  INDICATES RECORD WAS SET OR TIED.
MM INDICATES DATA IS MISSING.
T  INDICATES TRACE AMOUNT.




$$
