000
CDUS44 KMOB 140710
CLIPNS


CLIMATE REPORT
NATIONAL WEATHER SERVICE MOBILE AL
109 AM CST SUN FEB 14 2016


...................................

...THE PENSACOLA CLIMATE SUMMARY FOR FEBRUARY 13 2016...

CLIMATE NORMAL PERIOD 1981 TO 2010
CLIMATE RECORD PERIOD 1879 TO 2016


WEATHER ITEM   OBSERVED TIME   RECORD YEAR NORMAL DEPARTURE LAST
                VALUE   (LST)  VALUE       VALUE  FROM      YEAR
                                                  NORMAL
..................................................................
TEMPERATURE (F)
 YESTERDAY
  MAXIMUM         62    251 PM  79    1950  63     -1       53
  MINIMUM         45   1136 PM   7    1899  45      0       30
  AVERAGE         54                        54      0       42

PRECIPITATION (IN)
  YESTERDAY        0.00          2.84 1936   0.17  -0.17     0.00
  MONTH TO DATE    1.59                      2.31  -0.72     1.45
  SINCE MAR 1     70.80                     62.52   8.28    79.76
  SINCE JAN 1      5.53                      6.94  -1.41     7.92

SNOWFALL (IN)
  YESTERDAY        0.0          MM      MM   0.0    0.0      0.0
  MONTH TO DATE    0.0                       0.0    0.0      0.0
  SINCE MAR 1      0.0                       0.0    0.0      0.0
  SINCE JUL 1      0.0                       0.0    0.0      0.0
  SNOW DEPTH       0

DEGREE DAYS
 HEATING
  YESTERDAY       11                        11      0       23
  MONTH TO DATE  145                       156    -11      186
  SINCE DEC 1    697                       955   -258      884
  SINCE JUL 1    774                      1167   -393     1211

 COOLING
  YESTERDAY        0                         0      0        0
  MONTH TO DATE   10                         0     10        1
  SINCE DEC 1     85                        19     66       17
  SINCE JAN 1     10                         6      4        4
..................................................................


WIND (MPH)
  HIGHEST WIND SPEED    18   HIGHEST WIND DIRECTION     N (360)
  HIGHEST GUST SPEED    28   HIGHEST GUST DIRECTION     N (340)
  AVERAGE WIND SPEED    10.5


SKY COVER
  POSSIBLE SUNSHINE  MM
  AVERAGE SKY COVER 0.0


WEATHER CONDITIONS
 THE FOLLOWING WEATHER WAS RECORDED YESTERDAY.
  NO SIGNIFICANT WEATHER WAS OBSERVED.


RELATIVE HUMIDITY (PERCENT)
 HIGHEST    55          1200 AM
 LOWEST     17           300 PM
 AVERAGE    36

..........................................................


THE PENSACOLA CLIMATE NORMALS FOR TODAY
                         NORMAL    RECORD    YEAR
 MAXIMUM TEMPERATURE (F)   64        81      2000
 MINIMUM TEMPERATURE (F)   45        15      1905


SUNRISE AND SUNSET
FEBRUARY 14 2016......SUNRISE   630 AM CST   SUNSET   536 PM CST
FEBRUARY 15 2016......SUNRISE   630 AM CST   SUNSET   537 PM CST


-  INDICATES NEGATIVE NUMBERS.
R  INDICATES RECORD WAS SET OR TIED.
MM INDICATES DATA IS MISSING.
T  INDICATES TRACE AMOUNT.




$$
