000
CDUS44 KMOB 200626
CLIPNS


CLIMATE REPORT
NATIONAL WEATHER SERVICE MOBILE AL
125 AM CDT WED AUG 20 2014


...................................

...THE PENSACOLA CLIMATE SUMMARY FOR AUGUST 19 2014...

CLIMATE NORMAL PERIOD 1981 TO 2010
CLIMATE RECORD PERIOD 1879 TO 2014


WEATHER ITEM   OBSERVED TIME   RECORD YEAR NORMAL DEPARTURE LAST
                VALUE   (LST)  VALUE       VALUE  FROM      YEAR
                                                  NORMAL
..................................................................
TEMPERATURE (F)
 YESTERDAY
  MAXIMUM         91   1255 PM 102    2000  89      2       88
  MINIMUM         71   1159 PM  67    1976  74     -3       75
  AVERAGE         81                        82     -1       82

PRECIPITATION (IN)
  YESTERDAY        T             1.86 1932   0.21  -0.21     0.00
  MONTH TO DATE    1.21                      4.36  -3.15     9.56
  SINCE MAR 1     57.26                     32.68  24.58    41.73
  SINCE JAN 1     68.59                     42.37  26.22    56.00

DEGREE DAYS
 COOLING
  YESTERDAY       16                        17     -1       17
  MONTH TO DATE  309                       323    -14      335
  SINCE JUN 1   1282                      1321    -39     1350
  SINCE JAN 1   1733                      1769    -36     1792
..................................................................


WIND (MPH)
  HIGHEST WIND SPEED    25   HIGHEST WIND DIRECTION     N (340)
  HIGHEST GUST SPEED    32   HIGHEST GUST DIRECTION     N (340)
  AVERAGE WIND SPEED     8.8


SKY COVER
  POSSIBLE SUNSHINE  MM
  AVERAGE SKY COVER 0.1


WEATHER CONDITIONS
 THE FOLLOWING WEATHER WAS RECORDED YESTERDAY.
  THUNDERSTORM
  LIGHT RAIN


RELATIVE HUMIDITY (PERCENT)
 HIGHEST    91           500 AM
 LOWEST     56           100 PM
 AVERAGE    74

..........................................................


THE PENSACOLA CLIMATE NORMALS FOR TODAY
                         NORMAL    RECORD    YEAR
 MAXIMUM TEMPERATURE (F)   89       100      1972
 MINIMUM TEMPERATURE (F)   74        68      1934
                                             1930


SUNRISE AND SUNSET
AUGUST 20 2014........SUNRISE   619 AM CDT   SUNSET   725 PM CDT
AUGUST 21 2014........SUNRISE   619 AM CDT   SUNSET   724 PM CDT


-  INDICATES NEGATIVE NUMBERS.
R  INDICATES RECORD WAS SET OR TIED.
MM INDICATES DATA IS MISSING.
T  INDICATES TRACE AMOUNT.




$$
