000
CDUS41 KALY 222045
CLIPOU


CLIMATE REPORT
NATIONAL WEATHER SERVICE ALBANY NY
444 PM EDT MON SEP 22 2014




THE POUGHKEEPSIE NY CLIMATE SUMMARY FOR SEPTEMBER 22 2014...
VALID TODAY AS OF 0400 PM LOCAL TIME.

CLIMATE NORMAL PERIOD 1981 TO 2010
CLIMATE RECORD PERIOD 1949 TO 2014


WEATHER ITEM   OBSERVED TIME   RECORD YEAR NORMAL DEPARTURE LAST
                VALUE   (LST)  VALUE       VALUE  FROM      YEAR
                                                  NORMAL

TEMPERATURE (F)
 TODAY
  MAXIMUM         71   1237 PM  91    1980  73     -2       68
  MINIMUM         59    432 AM  29    1962  49     10       50
  AVERAGE         65                        61      4       59

PRECIPITATION (IN)
  TODAY            0.01          0.73 1979   0.15  -0.14     0.14
  MONTH TO DATE    0.52                      3.07  -2.55     2.32
  SINCE SEP 1      0.52                      3.07  -2.55     2.32
  SINCE JAN 1     25.19                     33.85  -8.66    32.54

DEGREE DAYS
 HEATING
  TODAY            0                         6     -6        6
  MONTH TO DATE   60                        67     -7       78
  SINCE SEP 1     60                        67     -7       78
  SINCE JUL 1     65                        84    -19       81

 COOLING
  TODAY            0                         1     -1        0
  MONTH TO DATE   78                        58     20       64
  SINCE SEP 1     78                        58     20       64
  SINCE JAN 1    675                       662     13      821



WIND (MPH)
  HIGHEST WIND SPEED    20   HIGHEST WIND DIRECTION     W (280)
  HIGHEST GUST SPEED    28   HIGHEST GUST DIRECTION     W (280)
  AVERAGE WIND SPEED    11.2


SKY COVER
  AVERAGE SKY COVER 0.3



RELATIVE HUMIDITY (PERCENT)
 HIGHEST    93           100 AM
 LOWEST     39           200 PM
 AVERAGE    66




THE POUGHKEEPSIE NY CLIMATE NORMALS FOR TOMORROW
                         NORMAL    RECORD    YEAR
 MAXIMUM TEMPERATURE (F)   72        90      1959
 MINIMUM TEMPERATURE (F)   48        32      1963


SUNRISE AND SUNSET
SEPTEMBER 22 2014.....SUNRISE   643 AM EDT   SUNSET   653 PM EDT
SEPTEMBER 23 2014.....SUNRISE   644 AM EDT   SUNSET   651 PM EDT


-  INDICATES NEGATIVE NUMBERS.
R  INDICATES RECORD WAS SET OR TIED.
MM INDICATES DATA IS MISSING.
T  INDICATES TRACE AMOUNT.






RECORDS FOR KPOU DATE BACK TO 1949...
HOWEVER...DATA IS MISSING FROM JANUARY 1993 - JULY 2000.
$$
