000
CDUS41 KALY 230626
CLIPOU


CLIMATE REPORT
NATIONAL WEATHER SERVICE ALBANY NY
225 AM EDT WED AUG 23 2017


...................................

...THE POUGHKEEPSIE NY CLIMATE SUMMARY FOR AUGUST 22 2017...

CLIMATE NORMAL PERIOD 1981 TO 2010
CLIMATE RECORD PERIOD 1949 TO 2017


WEATHER ITEM   OBSERVED TIME   RECORD YEAR NORMAL DEPARTURE LAST
                VALUE   (LST)  VALUE       VALUE  FROM      YEAR
                                                  NORMAL
..................................................................
TEMPERATURE (F)
 YESTERDAY
  MAXIMUM         90R   222 PM  90    2003  82      8       74
                                      1955
  MINIMUM         66    540 AM  41    1982  59      7       51
  AVERAGE         78                        70      8       63

PRECIPITATION (IN)
  YESTERDAY        0.73          3.70 2010   0.13   0.60     0.00
  MONTH TO DATE    5.06                      3.14   1.92     2.19
  SINCE JUN 1     12.04                     12.22  -0.18    10.15
  SINCE JAN 1     28.60                     29.72  -1.12    22.31

DEGREE DAYS
 HEATING
  YESTERDAY        0                         0      0        2
  MONTH TO DATE    3                         0      3        2
  SINCE JUN 1     56                        54      2       10
  SINCE JUL 1      6                         5      1        2

 COOLING
  YESTERDAY       13                         6      7        0
  MONTH TO DATE  150                       156     -6      265
  SINCE JUN 1    520                       523     -3      800
  SINCE JAN 1    568                       559      9      881
..................................................................


WIND (MPH)
  HIGHEST WIND SPEED    18   HIGHEST WIND DIRECTION     W (280)
  HIGHEST GUST SPEED    27   HIGHEST GUST DIRECTION     W (270)
  AVERAGE WIND SPEED     5.5


SKY COVER
  AVERAGE SKY COVER 0.1



RELATIVE HUMIDITY (PERCENT)
 HIGHEST    93           200 AM
 LOWEST     52           200 PM
 AVERAGE    73

..........................................................


THE POUGHKEEPSIE NY CLIMATE NORMALS FOR TODAY
                         NORMAL    RECORD    YEAR
 MAXIMUM TEMPERATURE (F)   82        89      1966
 MINIMUM TEMPERATURE (F)   59        43      1988
                                             1987
                                             1952


SUNRISE AND SUNSET
AUGUST 23 2017........SUNRISE   613 AM EDT   SUNSET   743 PM EDT
AUGUST 24 2017........SUNRISE   614 AM EDT   SUNSET   741 PM EDT


-  INDICATES NEGATIVE NUMBERS.
R  INDICATES RECORD WAS SET OR TIED.
MM INDICATES DATA IS MISSING.
T  INDICATES TRACE AMOUNT.




RECORDS FOR KPOU DATE BACK TO 1949...
HOWEVER...DATA IS MISSING FROM JANUARY 1993 - JULY 2000.
$$
