000
CDUS41 KALY 042049
CLIPOU


CLIMATE REPORT
NATIONAL WEATHER SERVICE ALBANY NY
448 PM EDT TUE AUG 4 2015


...................................

...THE POUGHKEEPSIE NY CLIMATE SUMMARY FOR AUGUST 4 2015...
VALID TODAY AS OF 0400 PM LOCAL TIME.

CLIMATE NORMAL PERIOD 1981 TO 2010
CLIMATE RECORD PERIOD 1949 TO 2015


WEATHER ITEM   OBSERVED TIME   RECORD YEAR NORMAL DEPARTURE LAST
                VALUE   (LST)  VALUE       VALUE  FROM      YEAR
                                                  NORMAL
..................................................................
TEMPERATURE (F)
 TODAY
  MAXIMUM         90    319 PM  97    2005  84      6       84
  MINIMUM         68    553 AM  45    1964  61      7       64
  AVERAGE         79                        73      6       74

PRECIPITATION (IN)
  TODAY            0.04          2.00 1969   0.16  -0.12     0.00
  MONTH TO DATE    0.04                      0.63  -0.59     0.83
  SINCE JUN 1      6.12                      9.71  -3.59     8.09
  SINCE JAN 1     16.79                     27.21 -10.42    22.12

DEGREE DAYS
 HEATING
  TODAY            0                         0      0        0
  MONTH TO DATE    0                         0      0        0
  SINCE JUN 1     46                        54     -8        7
  SINCE JUL 1      0                         5     -5        0

 COOLING
  TODAY           14                         8      6        9
  MONTH TO DATE   47                        32     15       29
  SINCE JUN 1    465                       399     66      432
  SINCE JAN 1    578                       435    143      465
..................................................................


WIND (MPH)
  HIGHEST WIND SPEED    15   HIGHEST WIND DIRECTION    SW (230)
  HIGHEST GUST SPEED    24   HIGHEST GUST DIRECTION    SW (230)
  AVERAGE WIND SPEED     6.2


SKY COVER
  AVERAGE SKY COVER 0.2



RELATIVE HUMIDITY (PERCENT)
 HIGHEST    93           600 AM
 LOWEST     36           300 PM
 AVERAGE    65

..........................................................


THE POUGHKEEPSIE NY CLIMATE NORMALS FOR TOMORROW
                         NORMAL    RECORD    YEAR
 MAXIMUM TEMPERATURE (F)   84       100      1955
 MINIMUM TEMPERATURE (F)   61        45      1951


SUNRISE AND SUNSET
AUGUST  4 2015........SUNRISE   553 AM EDT   SUNSET   810 PM EDT
AUGUST  5 2015........SUNRISE   554 AM EDT   SUNSET   809 PM EDT


-  INDICATES NEGATIVE NUMBERS.
R  INDICATES RECORD WAS SET OR TIED.
MM INDICATES DATA IS MISSING.
T  INDICATES TRACE AMOUNT.




RECORDS FOR KPOU DATE BACK TO 1949...
HOWEVER...DATA IS MISSING FROM JANUARY 1993 - JULY 2000.
$$
