032
CDUS46 KLOX 260917
CLIPRB


CLIMATE REPORT
NATIONAL WEATHER SERVICE LOS ANGELES/OXNARD CA
217 AM PDT MON JUN 26 2017


...................................

...THE PASO ROBLES AIRPORT CA CLIMATE SUMMARY FOR JUNE 25 2017...

CLIMATE NORMAL PERIOD 1981 TO 2010
CLIMATE RECORD PERIOD 1948 TO 2017


WEATHER ITEM   OBSERVED TIME   RECORD YEAR NORMAL DEPARTURE LAST
                VALUE   (LST)  VALUE       VALUE  FROM      YEAR
                                                  NORMAL
..................................................................
TEMPERATURE (F)
 YESTERDAY
  MAXIMUM        100    249 PM 111    1993  90     10      104
  MINIMUM         56    604 AM  38    1975  52      4       51
  AVERAGE         78                        71      7       78

PRECIPITATION (IN)
  YESTERDAY        0.00          0.01 1988   0.00   0.00     0.00
  MONTH TO DATE    T                         0.02  -0.02      T
  SINCE OCT 1     16.14                     12.45   3.69     8.06
  SINCE JAN 1     12.46                      8.79   3.67     6.00

SNOWFALL (IN)
  YESTERDAY        0.0
  MONTH TO DATE    0.0
  SINCE JUN 1      0.0
  SINCE JUL 1      0.0

DEGREE DAYS
 HEATING
  YESTERDAY        0                         0      0        0
  MONTH TO DATE   12                        27    -15        8
  SINCE JUN 1     12                        27    -15        8
  SINCE JUL 1   2339                      2849   -510     2266

 COOLING
  YESTERDAY       13                         6      7       13
  MONTH TO DATE  212                       109    103      207
  SINCE JUN 1    212                       109    103      207
  SINCE JAN 1    304                       177    127      268
..................................................................


WIND (MPH)
  HIGHEST WIND SPEED    20   HIGHEST WIND DIRECTION     S (190)
  HIGHEST GUST SPEED    24   HIGHEST GUST DIRECTION     S (190)
  AVERAGE WIND SPEED     7.9


SKY COVER
  POSSIBLE SUNSHINE  MM
  AVERAGE SKY COVER 0.1


WEATHER CONDITIONS
 THE FOLLOWING WEATHER WAS RECORDED YESTERDAY.
  NO SIGNIFICANT WEATHER WAS OBSERVED.


RELATIVE HUMIDITY (PERCENT)
 HIGHEST    93           400 AM
 LOWEST     15           200 PM
 AVERAGE    54

..........................................................


THE PASO ROBLES AIRPORT CA CLIMATE NORMALS FOR TODAY
                         NORMAL    RECORD    YEAR
 MAXIMUM TEMPERATURE (F)   90       108      1976
 MINIMUM TEMPERATURE (F)   52        40      1965


SUNRISE AND SUNSET
JUNE 26 2017..........SUNRISE   549 AM PDT   SUNSET   822 PM PDT
JUNE 27 2017..........SUNRISE   549 AM PDT   SUNSET   822 PM PDT


-  INDICATES NEGATIVE NUMBERS.
R  INDICATES RECORD WAS SET OR TIED.
MM INDICATES DATA IS MISSING.
T  INDICATES TRACE AMOUNT.




$$
