000
CDUS46 KLOX 240902
CLIPRB


CLIMATE REPORT
NATIONAL WEATHER SERVICE LOS ANGELES/OXNARD CA
202 AM PDT WED AUG 24 2016


...................................

...THE PASO ROBLES AIRPORT CA CLIMATE SUMMARY FOR AUGUST 23 2016...

CLIMATE NORMAL PERIOD 1981 TO 2010
CLIMATE RECORD PERIOD 1948 TO 2016


WEATHER ITEM   OBSERVED TIME   RECORD YEAR NORMAL DEPARTURE LAST
                VALUE   (LST)  VALUE       VALUE  FROM      YEAR
                                                  NORMAL
..................................................................
TEMPERATURE (F)
 YESTERDAY
  MAXIMUM         94    116 PM 105    1964  93      1       93
  MINIMUM         55    605 AM  44    1960  53      2       57
  AVERAGE         75                        73      2       75

PRECIPITATION (IN)
  YESTERDAY        0.00          0.00   MM   0.01  -0.01     0.00
  MONTH TO DATE    0.00                      0.07  -0.07     0.00
  SINCE OCT 1      8.06                     12.52  -4.46    10.98
  SINCE JAN 1      6.00                      8.86  -2.86     5.26

SNOWFALL (IN)
  YESTERDAY        0.0
  MONTH TO DATE    0.0
  SINCE JUN 1      0.0
  SINCE JUL 1      0.0

DEGREE DAYS
 HEATING
  YESTERDAY        0                         0      0        0
  MONTH TO DATE    0                         0      0        0
  SINCE JUN 1      8                        31    -23        8
  SINCE JUL 1      0                         4     -4        0

 COOLING
  YESTERDAY       10                         8      2       10
  MONTH TO DATE  184                       197    -13      208
  SINCE JUN 1    769                       606    163      754
  SINCE JAN 1    830                       674    156      825
..................................................................


WIND (MPH)
  HIGHEST WIND SPEED    18   HIGHEST WIND DIRECTION     W (290)
  HIGHEST GUST SPEED    21   HIGHEST GUST DIRECTION    NW (300)
  AVERAGE WIND SPEED     6.0


SKY COVER
  POSSIBLE SUNSHINE  MM
  AVERAGE SKY COVER 0.1


WEATHER CONDITIONS
 THE FOLLOWING WEATHER WAS RECORDED YESTERDAY.
  FOG
  HAZE


RELATIVE HUMIDITY (PERCENT)
 HIGHEST    93           600 AM
 LOWEST     18           100 PM
 AVERAGE    56

..........................................................


THE PASO ROBLES AIRPORT CA CLIMATE NORMALS FOR TODAY
                         NORMAL    RECORD    YEAR
 MAXIMUM TEMPERATURE (F)   92       109      2010
 MINIMUM TEMPERATURE (F)   53        44      1992


SUNRISE AND SUNSET
AUGUST 24 2016........SUNRISE   629 AM PDT   SUNSET   740 PM PDT
AUGUST 25 2016........SUNRISE   630 AM PDT   SUNSET   738 PM PDT


-  INDICATES NEGATIVE NUMBERS.
R  INDICATES RECORD WAS SET OR TIED.
MM INDICATES DATA IS MISSING.
T  INDICATES TRACE AMOUNT.




$$
