000
CDUS45 KFGZ 210832
CLIPRC
CLIMATE REPORT
NATIONAL WEATHER SERVICE FLAGSTAFF, AZ
131 AM MST TUE OCT 21 2014


...................................

...THE PRESCOTT AZ AIRPORT CLIMATE SUMMARY FOR OCTOBER 20 2014...

CLIMATE NORMAL PERIOD 1981 TO 2010
CLIMATE RECORD PERIOD 1948 TO 2014


WEATHER ITEM   OBSERVED TIME   RECORD YEAR NORMAL DEPARTURE LAST
                VALUE   (LST)  VALUE       VALUE  FROM      YEAR
                                                  NORMAL
..................................................................
TEMPERATURE (F)
 YESTERDAY
  MAXIMUM         74    245 PM  87    2003  70      4       75
  MINIMUM         44    641 AM  21    1949  40      4       36
  AVERAGE         59                        55      4

PRECIPITATION (IN)
  YESTERDAY        0.00          0.62 1969   0.02  -0.02     0.00
  MONTH TO DATE    0.14                      0.62  -0.48     0.23
  SINCE SEP 1      2.73                      2.13   0.60     2.71
  SINCE JAN 1     10.20                     11.79  -1.59    10.93

DEGREE DAYS
 HEATING
  YESTERDAY        6                               -4
  MONTH TO DATE   67                              -70
  SINCE JUL 1     92                              -83

 COOLING
  YESTERDAY        0                                0
  MONTH TO DATE    0                               -5
  SINCE JAN 1   1039                               99
..................................................................


WIND (MPH)
  HIGHEST WIND SPEED    13   HIGHEST WIND DIRECTION    SE (150)
  HIGHEST GUST SPEED    17   HIGHEST GUST DIRECTION    SE (140)
  AVERAGE WIND SPEED     5.4


SKY COVER
  AVERAGE SKY COVER 0.0


WEATHER CONDITIONS
 THE FOLLOWING WEATHER WAS RECORDED YESTERDAY.
  NO SIGNIFICANT WEATHER WAS OBSERVED.


RELATIVE HUMIDITY (PERCENT)
 HIGHEST    83
 LOWEST     27

..........................................................


THE PRESCOTT AZ AIRPORT CLIMATE NORMALS FOR TODAY
                         NORMAL    RECORD    YEAR
 MAXIMUM TEMPERATURE (F)   70        88      2003
 MINIMUM TEMPERATURE (F)   40        22      1949


SUNRISE AND SUNSET
OCTOBER 21 2014.......SUNRISE   640 AM MST   SUNSET   548 PM MST
OCTOBER 22 2014.......SUNRISE   641 AM MST   SUNSET   547 PM MST


-  INDICATES NEGATIVE NUMBERS.
R  INDICATES RECORD WAS SET OR TIED.
MM INDICATES DATA IS MISSING.
T  INDICATES TRACE AMOUNT.




$$
