000
CDUS45 KFGZ 280737
CLIPRC
CLIMATE REPORT
NATIONAL WEATHER SERVICE FLAGSTAFF, AZ
1236 AM MST FRI NOV 28 2014


...................................

...THE PRESCOTT AZ AIRPORT CLIMATE SUMMARY FOR NOVEMBER 27 2014...

CLIMATE NORMAL PERIOD 1981 TO 2010
CLIMATE RECORD PERIOD 1948 TO 2014


WEATHER ITEM   OBSERVED TIME   RECORD YEAR NORMAL DEPARTURE LAST
                VALUE   (LST)  VALUE       VALUE  FROM      YEAR
                                                  NORMAL
..................................................................
TEMPERATURE (F)
 YESTERDAY
  MAXIMUM         72    321 PM  74    1954  56     16       53
  MINIMUM         29    606 AM  14    1994  28      1       31
  AVERAGE         51                        42      9

PRECIPITATION (IN)
  YESTERDAY        0.00          0.79 2008   0.04  -0.04     0.00
  MONTH TO DATE    0.02                      0.83  -0.81     1.70
  SINCE SEP 1      2.75                      3.26  -0.51     4.41
  SINCE JAN 1     10.22                     12.92  -2.70    12.63

DEGREE DAYS
 HEATING
  YESTERDAY       14                               -9
  MONTH TO DATE  470                              -28
  SINCE JUL 1    612                             -192

 COOLING
  YESTERDAY        0                                0
  MONTH TO DATE    0                                0
  SINCE JAN 1   1039                               98
..................................................................


WIND (MPH)
  HIGHEST WIND SPEED    12   HIGHEST WIND DIRECTION     S (190)
  HIGHEST GUST SPEED    13   HIGHEST GUST DIRECTION    NE (40)
  AVERAGE WIND SPEED     4.6


SKY COVER
  AVERAGE SKY COVER 0.0


WEATHER CONDITIONS
 THE FOLLOWING WEATHER WAS RECORDED YESTERDAY.
  NO SIGNIFICANT WEATHER WAS OBSERVED.


RELATIVE HUMIDITY (PERCENT)
 HIGHEST    53
 LOWEST      9

..........................................................


THE PRESCOTT AZ AIRPORT CLIMATE NORMALS FOR TODAY
                         NORMAL    RECORD    YEAR
 MAXIMUM TEMPERATURE (F)   55        71      2011
                                             1980
 MINIMUM TEMPERATURE (F)   28         7      1976


SUNRISE AND SUNSET
NOVEMBER 28 2014......SUNRISE   716 AM MST   SUNSET   519 PM MST
NOVEMBER 29 2014......SUNRISE   717 AM MST   SUNSET   519 PM MST


-  INDICATES NEGATIVE NUMBERS.
R  INDICATES RECORD WAS SET OR TIED.
MM INDICATES DATA IS MISSING.
T  INDICATES TRACE AMOUNT.




$$
