000
CDUS45 KFGZ 020847
CLIPRC
CLIMATE REPORT
NATIONAL WEATHER SERVICE FLAGSTAFF, AZ
146 AM MST MON MAY 2 2016


...................................

...THE PRESCOTT AZ AIRPORT CLIMATE SUMMARY FOR MAY 1 2016...

CLIMATE NORMAL PERIOD 1981 TO 2010
CLIMATE RECORD PERIOD 1948 TO 2016


WEATHER ITEM   OBSERVED TIME   RECORD YEAR NORMAL DEPARTURE LAST
                VALUE   (LST)  VALUE       VALUE  FROM      YEAR
                                                  NORMAL
..................................................................
TEMPERATURE (F)
 YESTERDAY
  MAXIMUM         58    458 PM  86    1996  72    -14       83
  MINIMUM         40    248 AM  22    1967  43     -3       49
  AVERAGE         49                        57     -8

PRECIPITATION (IN)
  YESTERDAY        0.01          0.73 1978   0.01   0.00     0.00
  MONTH TO DATE    0.01                      0.01   0.00     0.00
  SINCE SEP 1      6.80                      8.40  -1.60     8.77
  SINCE JAN 1      3.31                      4.09  -0.78     4.09

DEGREE DAYS
 HEATING
  YESTERDAY       16                                8
  MONTH TO DATE   16                                8
  SINCE JUL 1   3659                             -468

 COOLING
  YESTERDAY        0                                0
  MONTH TO DATE    0                                0
  SINCE JAN 1      0                               -2
..................................................................


WIND (MPH)
  HIGHEST WIND SPEED    15   HIGHEST WIND DIRECTION     N (360)
  HIGHEST GUST SPEED    17   HIGHEST GUST DIRECTION     N (360)
  AVERAGE WIND SPEED     4.1


SKY COVER
  AVERAGE SKY COVER 0.8


WEATHER CONDITIONS
 THE FOLLOWING WEATHER WAS RECORDED YESTERDAY.
  NO SIGNIFICANT WEATHER WAS OBSERVED.


RELATIVE HUMIDITY (PERCENT)
 HIGHEST   100
 LOWEST     51

..........................................................


THE PRESCOTT AZ AIRPORT CLIMATE NORMALS FOR TODAY
                         NORMAL    RECORD    YEAR
 MAXIMUM TEMPERATURE (F)   72        85      1986
 MINIMUM TEMPERATURE (F)   43        26      1988


SUNRISE AND SUNSET
MAY  2 2016...........SUNRISE   538 AM MST   SUNSET   716 PM MST
MAY  3 2016...........SUNRISE   537 AM MST   SUNSET   717 PM MST


-  INDICATES NEGATIVE NUMBERS.
R  INDICATES RECORD WAS SET OR TIED.
MM INDICATES DATA IS MISSING.
T  INDICATES TRACE AMOUNT.




$$
