000
CDUS45 KFGZ 270737
CLIPRC
CLIMATE REPORT
NATIONAL WEATHER SERVICE FLAGSTAFF, AZ
1234 AM MST FRI MAR 27 2015


...................................

...THE PRESCOTT AZ AIRPORT CLIMATE SUMMARY FOR MARCH 26 2015...

CLIMATE NORMAL PERIOD 1981 TO 2010
CLIMATE RECORD PERIOD 1948 TO 2015


WEATHER ITEM   OBSERVED TIME   RECORD YEAR NORMAL DEPARTURE LAST
                VALUE   (LST)  VALUE       VALUE  FROM      YEAR
                                                  NORMAL
..................................................................
TEMPERATURE (F)
 YESTERDAY
  MAXIMUM         73    455 PM  81    1988  62     11       61
  MINIMUM         37    622 AM  19    1976  34      3       45
  AVERAGE         55                        48      7

PRECIPITATION (IN)
  YESTERDAY        0.00          0.99 1991   0.03  -0.03      T
  MONTH TO DATE    1.54                      0.94   0.60     0.51
  SINCE SEP 1      8.42                      7.76   0.66     5.40
  SINCE JAN 1      3.74                      3.45   0.29     0.68

DEGREE DAYS
 HEATING
  YESTERDAY       10                               -7
  MONTH TO DATE  370                             -124
  SINCE JUL 1   2906                             -760

 COOLING
  YESTERDAY        0                                0
  MONTH TO DATE    0                                0
  SINCE JAN 1      0                                0
..................................................................


WIND (MPH)
  HIGHEST WIND SPEED    12   HIGHEST WIND DIRECTION    NE (40)
  HIGHEST GUST SPEED    19   HIGHEST GUST DIRECTION     E (80)
  AVERAGE WIND SPEED     4.2


SKY COVER
  AVERAGE SKY COVER 0.0


WEATHER CONDITIONS
 THE FOLLOWING WEATHER WAS RECORDED YESTERDAY.
  NO SIGNIFICANT WEATHER WAS OBSERVED.


RELATIVE HUMIDITY (PERCENT)
 HIGHEST    52
 LOWEST      9

..........................................................


THE PRESCOTT AZ AIRPORT CLIMATE NORMALS FOR TODAY
                         NORMAL    RECORD    YEAR
 MAXIMUM TEMPERATURE (F)   62        79      1986
 MINIMUM TEMPERATURE (F)   34        20      1995


SUNRISE AND SUNSET
MARCH 27 2015.........SUNRISE   624 AM MST   SUNSET   647 PM MST
MARCH 28 2015.........SUNRISE   623 AM MST   SUNSET   648 PM MST


-  INDICATES NEGATIVE NUMBERS.
R  INDICATES RECORD WAS SET OR TIED.
MM INDICATES DATA IS MISSING.
T  INDICATES TRACE AMOUNT.




$$
