000
CDUS45 KFGZ 310743
CLIPRC
CLIMATE REPORT
NATIONAL WEATHER SERVICE FLAGSTAFF, AZ
1242 AM MST THU JUL 31 2014


...................................

...THE PRESCOTT AZ AIRPORT CLIMATE SUMMARY FOR JULY 30 2014...

CLIMATE NORMAL PERIOD 1981 TO 2010
CLIMATE RECORD PERIOD 1948 TO 2014


WEATHER ITEM   OBSERVED TIME   RECORD YEAR NORMAL DEPARTURE LAST
                VALUE   (LST)  VALUE       VALUE  FROM      YEAR
                                                  NORMAL
..................................................................
TEMPERATURE (F)
 YESTERDAY
  MAXIMUM         92    432 PM  99    1978  88      4       90
  MINIMUM         64    609 AM  56    1958  62      2       62
  AVERAGE         78                        75      3

PRECIPITATION (IN)
  YESTERDAY        0.00          0.81 1976   0.09  -0.09     0.00
  MONTH TO DATE    1.78                      2.02  -0.24     3.31
  SINCE SEP 1      7.47                     11.26  -3.79     7.79
  SINCE JAN 1      2.75                      6.95  -4.20     5.83

DEGREE DAYS
 HEATING
  YESTERDAY        0                                0
  MONTH TO DATE    0                                0
  SINCE JUL 1      0                                0

 COOLING
  YESTERDAY       13                                3
  MONTH TO DATE  361                               42
  SINCE JAN 1    667                              120
..................................................................


WIND (MPH)
  HIGHEST WIND SPEED    18   HIGHEST WIND DIRECTION    SW (230)
  HIGHEST GUST SPEED    24   HIGHEST GUST DIRECTION    SW (240)
  AVERAGE WIND SPEED     6.9


SKY COVER
  AVERAGE SKY COVER 0.2


WEATHER CONDITIONS
 THE FOLLOWING WEATHER WAS RECORDED YESTERDAY.
  NO SIGNIFICANT WEATHER WAS OBSERVED.


RELATIVE HUMIDITY (PERCENT)
 HIGHEST    63
 LOWEST     18

..........................................................


THE PRESCOTT AZ AIRPORT CLIMATE NORMALS FOR TODAY
                         NORMAL    RECORD    YEAR
 MAXIMUM TEMPERATURE (F)   88       100      1977
 MINIMUM TEMPERATURE (F)   62        55      1979


SUNRISE AND SUNSET
JULY 31 2014..........SUNRISE   539 AM MST   SUNSET   733 PM MST
AUGUST  1 2014........SUNRISE   540 AM MST   SUNSET   732 PM MST


-  INDICATES NEGATIVE NUMBERS.
R  INDICATES RECORD WAS SET OR TIED.
MM INDICATES DATA IS MISSING.
T  INDICATES TRACE AMOUNT.




$$
