481
CDUS45 KFGZ 010056
CLIPRC
CLIMATE REPORT
NATIONAL WEATHER SERVICE FLAGSTAFF, AZ
555 PM MST TUE MAY 31 2016


...................................

...THE PRESCOTT AZ AIRPORT CLIMATE SUMMARY FOR MAY 31 2016...
VALID TODAY AS OF 0500 PM LOCAL TIME.

CLIMATE NORMAL PERIOD 1981 TO 2010
CLIMATE RECORD PERIOD 1948 TO 2016


WEATHER ITEM   OBSERVED TIME   RECORD YEAR NORMAL DEPARTURE LAST
                VALUE   (LST)  VALUE       VALUE  FROM      YEAR
                                                  NORMAL
..................................................................
TEMPERATURE (F)
 TODAY
  MAXIMUM         84    453 PM  94    2012  82      2       91
                                      2002
  MINIMUM         47    550 AM  34    1988  50     -3       54
  AVERAGE         66                        66      0

PRECIPITATION (IN)
  TODAY            0.00          0.37 1981   0.01  -0.01
  MONTH TO DATE    0.48                      0.46   0.02
  SINCE SEP 1      7.27                      8.85  -1.58
  SINCE JAN 1      3.78                      4.54  -0.76

DEGREE DAYS
 HEATING
  TODAY            0                         2     -2
  SINCE JUL 1   3810                      4263   -453

 COOLING
  TODAY            1                         3     -2
  SINCE JAN 1     12                        42    -30
..................................................................


WIND (MPH)
  HIGHEST WIND SPEED    16   HIGHEST WIND DIRECTION    NW (300)
  HIGHEST GUST SPEED    21   HIGHEST GUST DIRECTION     W (280)
  AVERAGE WIND SPEED     5.4


SKY COVER
  POSSIBLE SUNSHINE  MM
  AVERAGE SKY COVER 0.0


WEATHER CONDITIONS
 THE FOLLOWING WEATHER WAS RECORDED TODAY.
  NO SIGNIFICANT WEATHER WAS OBSERVED.


RELATIVE HUMIDITY (PERCENT)
 HIGHEST    39           400 AM
 LOWEST      8           400 PM

..........................................................


THE PRESCOTT AZ AIRPORT CLIMATE NORMALS FOR TOMORROW
                         NORMAL    RECORD    YEAR
 MAXIMUM TEMPERATURE (F)   82        96      2012
 MINIMUM TEMPERATURE (F)   51        40      1988


SUNRISE AND SUNSET
MAY 31 2016...........SUNRISE   518 AM MST   SUNSET   737 PM MST
JUNE  1 2016..........SUNRISE   518 AM MST   SUNSET   738 PM MST


-  INDICATES NEGATIVE NUMBERS.
R  INDICATES RECORD WAS SET OR TIED.
MM INDICATES DATA IS MISSING.
T  INDICATES TRACE AMOUNT.




$$
