000
CDUS45 KFGZ 230755
CLIPRC
CLIMATE REPORT
NATIONAL WEATHER SERVICE FLAGSTAFF, AZ
1254 AM MST SAT JUL 23 2016


...................................

...THE PRESCOTT AZ AIRPORT CLIMATE SUMMARY FOR JULY 22 2016...

CLIMATE NORMAL PERIOD 1981 TO 2010
CLIMATE RECORD PERIOD 1948 TO 2016


WEATHER ITEM   OBSERVED TIME   RECORD YEAR NORMAL DEPARTURE LAST
                VALUE   (LST)  VALUE       VALUE  FROM      YEAR
                                                  NORMAL
..................................................................
TEMPERATURE (F)
 YESTERDAY
  MAXIMUM         96    420 PM 100    1996  89      7       86
  MINIMUM         68    615 AM  47    1987  63      5       61
  AVERAGE         82                        76      6

PRECIPITATION (IN)
  YESTERDAY        0.15          1.73 1948   0.08   0.07     0.00
  MONTH TO DATE    0.62                      1.31  -0.69     3.17
  SINCE SEP 1      8.26                     10.55  -2.29    15.14
  SINCE JAN 1      4.77                      6.24  -1.47    10.46

DEGREE DAYS
 HEATING
  YESTERDAY        0                                0
  MONTH TO DATE    0                                0
  SINCE JUL 1      0                                0

 COOLING
  YESTERDAY       17                                6
  MONTH TO DATE  271                               36
  SINCE JAN 1    634                              171
..................................................................


WIND (MPH)
  HIGHEST WIND SPEED    25   HIGHEST WIND DIRECTION     E (110)
  HIGHEST GUST SPEED    41   HIGHEST GUST DIRECTION     E (110)
  AVERAGE WIND SPEED     6.9


SKY COVER
  AVERAGE SKY COVER 0.3


WEATHER CONDITIONS
 THE FOLLOWING WEATHER WAS RECORDED YESTERDAY.
  THUNDERSTORM
  RAIN
  LIGHT RAIN


RELATIVE HUMIDITY (PERCENT)
 HIGHEST    68
 LOWEST     20

..........................................................


THE PRESCOTT AZ AIRPORT CLIMATE NORMALS FOR TODAY
                         NORMAL    RECORD    YEAR
 MAXIMUM TEMPERATURE (F)   89       101      1996
 MINIMUM TEMPERATURE (F)   63        49      1987


SUNRISE AND SUNSET
JULY 23 2016..........SUNRISE   534 AM MST   SUNSET   738 PM MST
JULY 24 2016..........SUNRISE   534 AM MST   SUNSET   738 PM MST


-  INDICATES NEGATIVE NUMBERS.
R  INDICATES RECORD WAS SET OR TIED.
MM INDICATES DATA IS MISSING.
T  INDICATES TRACE AMOUNT.




$$
