000
CDUS45 KFGZ 100108
CLIPRC
CLIMATE REPORT
NATIONAL WEATHER SERVICE FLAGSTAFF, AZ
607 PM MST TUE FEB 9 2016


...................................

...THE PRESCOTT AZ AIRPORT CLIMATE SUMMARY FOR FEBRUARY 9 2016...
VALID TODAY AS OF 0500 PM LOCAL TIME.

CLIMATE NORMAL PERIOD 1981 TO 2010
CLIMATE RECORD PERIOD 1948 TO 2016


WEATHER ITEM   OBSERVED TIME   RECORD YEAR NORMAL DEPARTURE LAST
                VALUE   (LST)  VALUE       VALUE  FROM      YEAR
                                                  NORMAL
..................................................................
TEMPERATURE (F)
 TODAY
  MAXIMUM         70    305 PM  73    1996  54     16       72
  MINIMUM         30    735 AM   4    1949  27      3       37
  AVERAGE         50                        41      9

PRECIPITATION (IN)
  TODAY            0.00          0.75 1976   0.05  -0.05
  MONTH TO DATE    0.09                      0.38  -0.29
  SINCE SEP 1      4.97                      5.81  -0.84
  SINCE JAN 1      1.48                      1.50  -0.02

DEGREE DAYS
 HEATING
  TODAY           15                        24     -9
  SINCE JUL 1   2672                      2739    -67

 COOLING
  TODAY            0                         0      0
  SINCE JAN 1      0                         0      0
..................................................................


WIND (MPH)
  HIGHEST WIND SPEED    13   HIGHEST WIND DIRECTION    NW (330)
  HIGHEST GUST SPEED    14   HIGHEST GUST DIRECTION    NW (330)
  AVERAGE WIND SPEED     5.1


SKY COVER
  POSSIBLE SUNSHINE  MM
  AVERAGE SKY COVER 0.0


WEATHER CONDITIONS
 THE FOLLOWING WEATHER WAS RECORDED TODAY.
  NO SIGNIFICANT WEATHER WAS OBSERVED.


RELATIVE HUMIDITY (PERCENT)
 HIGHEST    69           400 AM
 LOWEST     10           200 PM

..........................................................


THE PRESCOTT AZ AIRPORT CLIMATE NORMALS FOR TOMORROW
                         NORMAL    RECORD    YEAR
 MAXIMUM TEMPERATURE (F)   54        73      1951
 MINIMUM TEMPERATURE (F)   28         5      1949


SUNRISE AND SUNSET
FEBRUARY  9 2016......SUNRISE   722 AM MST   SUNSET   607 PM MST
FEBRUARY 10 2016......SUNRISE   721 AM MST   SUNSET   608 PM MST


-  INDICATES NEGATIVE NUMBERS.
R  INDICATES RECORD WAS SET OR TIED.
MM INDICATES DATA IS MISSING.
T  INDICATES TRACE AMOUNT.




$$
