188
CDUS45 KFGZ 230047
CLIPRC
CLIMATE REPORT
NATIONAL WEATHER SERVICE FLAGSTAFF, AZ
545 PM MST THU FEB 22 2018


...................................

...THE PRESCOTT AZ AIRPORT CLIMATE SUMMARY FOR FEBRUARY 22 2018...
VALID TODAY AS OF 0500 PM LOCAL TIME.

CLIMATE NORMAL PERIOD 1981 TO 2010
CLIMATE RECORD PERIOD 1948 TO 2018


WEATHER ITEM   OBSERVED TIME   RECORD YEAR NORMAL DEPARTURE LAST
                VALUE   (LST)  VALUE       VALUE  FROM      YEAR
                                                  NORMAL
..................................................................
TEMPERATURE (F)
 TODAY
  MAXIMUM         43    323 PM  71    2002  56    -13       60
  MINIMUM         19    726 AM  10    1955  29    -10       41
  AVERAGE         31                        43    -12

PRECIPITATION (IN)
  TODAY            0.00          0.41 2008   0.06  -0.06
  MONTH TO DATE    0.20                      1.08  -0.88
  SINCE SEP 1      1.44                      6.51  -5.07
  SINCE JAN 1      0.91                      2.20  -1.29

DEGREE DAYS
 HEATING
  TODAY           34                        22     12
  SINCE JUL 1   2305                      3042   -737

 COOLING
  TODAY            0                         0      0
  SINCE JAN 1      0                         0      0
..................................................................


WIND (MPH)
  HIGHEST WIND SPEED    26   HIGHEST WIND DIRECTION    SW (230)
  HIGHEST GUST SPEED    30   HIGHEST GUST DIRECTION    SW (230)
  AVERAGE WIND SPEED    11.0


SKY COVER
  POSSIBLE SUNSHINE  MM
  AVERAGE SKY COVER 0.2


WEATHER CONDITIONS
 THE FOLLOWING WEATHER WAS RECORDED TODAY.
  NO SIGNIFICANT WEATHER WAS OBSERVED.


RELATIVE HUMIDITY (PERCENT)
 HIGHEST    56           700 AM
 LOWEST     20           200 PM

..........................................................


THE PRESCOTT AZ AIRPORT CLIMATE NORMALS FOR TOMORROW
                         NORMAL    RECORD    YEAR
 MAXIMUM TEMPERATURE (F)   56        72      1989
 MINIMUM TEMPERATURE (F)   30        13      1966


SUNRISE AND SUNSET
FEBRUARY 22 2018......SUNRISE   707 AM MST   SUNSET   620 PM MST
FEBRUARY 23 2018......SUNRISE   706 AM MST   SUNSET   620 PM MST


-  INDICATES NEGATIVE NUMBERS.
R  INDICATES RECORD WAS SET OR TIED.
MM INDICATES DATA IS MISSING.
T  INDICATES TRACE AMOUNT.




$$
