000
CDUS45 KFGZ 250813
CLIPRC
CLIMATE REPORT
NATIONAL WEATHER SERVICE FLAGSTAFF, AZ
112 AM MST SUN JUN 25 2017


...................................

...THE PRESCOTT AZ AIRPORT CLIMATE SUMMARY FOR JUNE 24 2017...

CLIMATE NORMAL PERIOD 1981 TO 2010
CLIMATE RECORD PERIOD 1948 TO 2017


WEATHER ITEM   OBSERVED TIME   RECORD YEAR NORMAL DEPARTURE LAST
                VALUE   (LST)  VALUE       VALUE  FROM      YEAR
                                                  NORMAL
..................................................................
TEMPERATURE (F)
 YESTERDAY
  MAXIMUM        101R  1250 PM 101    2017  89     12       93
  MINIMUM         66    534 AM  48    1965  58      8       64
  AVERAGE         84                        73     11

PRECIPITATION (IN)
  YESTERDAY        0.00          0.31 1954   0.02  -0.02     0.00
  MONTH TO DATE    0.00                      0.26  -0.26     0.04
  SINCE SEP 1     11.65                      9.11   2.54     7.31
  SINCE JAN 1      4.90                      4.80   0.10     3.82

DEGREE DAYS
 HEATING
  YESTERDAY        0                                0
  MONTH TO DATE    6                              -10
  SINCE JUL 1   3543                             -736

 COOLING
  YESTERDAY       19                               11
  MONTH TO DATE  242                              111
  SINCE JAN 1    275                              102
..................................................................


WIND (MPH)
  HIGHEST WIND SPEED    21   HIGHEST WIND DIRECTION    SW (220)
  HIGHEST GUST SPEED    29   HIGHEST GUST DIRECTION    SW (220)
  AVERAGE WIND SPEED     6.7


SKY COVER
  AVERAGE SKY COVER 0.1


WEATHER CONDITIONS
 THE FOLLOWING WEATHER WAS RECORDED YESTERDAY.
  HAZE


RELATIVE HUMIDITY (PERCENT)
 HIGHEST    37
 LOWEST      7

..........................................................


THE PRESCOTT AZ AIRPORT CLIMATE NORMALS FOR TODAY
                         NORMAL    RECORD    YEAR
 MAXIMUM TEMPERATURE (F)   89       103      1970
 MINIMUM TEMPERATURE (F)   58        45      1963


SUNRISE AND SUNSET
JUNE 25 2017..........SUNRISE   518 AM MST   SUNSET   747 PM MST
JUNE 26 2017..........SUNRISE   519 AM MST   SUNSET   747 PM MST


-  INDICATES NEGATIVE NUMBERS.
R  INDICATES RECORD WAS SET OR TIED.
MM INDICATES DATA IS MISSING.
T  INDICATES TRACE AMOUNT.




$$
