000
CDUS45 KFGZ 030801
CLIPRC

CLIMATE REPORT
NATIONAL WEATHER SERVICE FLAGSTAFF, AZ
1258 AM MST MON AUG 3 2015


...................................

...THE PRESCOTT AZ AIRPORT CLIMATE SUMMARY FOR AUGUST 2 2015...

CLIMATE NORMAL PERIOD 1981 TO 2010
CLIMATE RECORD PERIOD 1948 TO 2015


WEATHER ITEM   OBSERVED TIME   RECORD YEAR NORMAL DEPARTURE LAST
                VALUE   (LST)  VALUE       VALUE  FROM      YEAR
                                                  NORMAL
..................................................................
TEMPERATURE (F)
 YESTERDAY
  MAXIMUM         89    452 PM  99    1995  88      1       85
  MINIMUM         62    602 AM  53    1976  62      0       61
  AVERAGE         76                        75      1

PRECIPITATION (IN)
  YESTERDAY        0.00          1.87 2005   0.09  -0.09     0.16
  MONTH TO DATE    T                         0.17  -0.17     0.22
  SINCE SEP 1     15.41                     11.52   3.89     7.74
  SINCE JAN 1     10.73                      7.21   3.52     3.02

DEGREE DAYS
 HEATING
  YESTERDAY        0                                0
  MONTH TO DATE    0                                0
  SINCE JUL 1      0                                0

 COOLING
  YESTERDAY       11                                1
  MONTH TO DATE   22                                2
  SINCE JAN 1    623                               48
..................................................................


WIND (MPH)
  HIGHEST WIND SPEED    22   HIGHEST WIND DIRECTION     N (10)
  HIGHEST GUST SPEED    26   HIGHEST GUST DIRECTION     N (10)
  AVERAGE WIND SPEED     6.1


SKY COVER
  AVERAGE SKY COVER 0.4


WEATHER CONDITIONS
 THE FOLLOWING WEATHER WAS RECORDED YESTERDAY.
  THUNDERSTORM


RELATIVE HUMIDITY (PERCENT)
 HIGHEST    84
 LOWEST     24

..........................................................


THE PRESCOTT AZ AIRPORT CLIMATE NORMALS FOR TODAY
                         NORMAL    RECORD    YEAR
 MAXIMUM TEMPERATURE (F)   88        99      1995
 MINIMUM TEMPERATURE (F)   62        53      1990


SUNRISE AND SUNSET
AUGUST  3 2015........SUNRISE   541 AM MST   SUNSET   730 PM MST
AUGUST  4 2015........SUNRISE   542 AM MST   SUNSET   729 PM MST


-  INDICATES NEGATIVE NUMBERS.
R  INDICATES RECORD WAS SET OR TIED.
MM INDICATES DATA IS MISSING.
T  INDICATES TRACE AMOUNT.




$$
