000
CDUS45 KFGZ 230811
CLIPRC
CLIMATE REPORT
NATIONAL WEATHER SERVICE FLAGSTAFF, AZ
110 AM MST WED JUL 23 2014


...................................

...THE PRESCOTT AZ AIRPORT CLIMATE SUMMARY FOR JULY 22 2014...

CLIMATE NORMAL PERIOD 1981 TO 2010
CLIMATE RECORD PERIOD 1948 TO 2014


WEATHER ITEM   OBSERVED TIME   RECORD YEAR NORMAL DEPARTURE LAST
                VALUE   (LST)  VALUE       VALUE  FROM      YEAR
                                                  NORMAL
..................................................................
TEMPERATURE (F)
 YESTERDAY
  MAXIMUM         98    330 PM 100    1996  89      9       84
  MINIMUM         61    511 AM  47    1987  63     -2       65
  AVERAGE         80                        76      4

PRECIPITATION (IN)
  YESTERDAY        T             1.73 1948   0.08  -0.08     0.37
  MONTH TO DATE    1.09                      1.31  -0.22     0.85
  SINCE SEP 1      6.78                     10.55  -3.77     5.33
  SINCE JAN 1      2.06                      6.24  -4.18     3.37

DEGREE DAYS
 HEATING
  YESTERDAY        0                                0
  MONTH TO DATE    0                                0
  SINCE JUL 1      0                                0

 COOLING
  YESTERDAY       15                                4
  MONTH TO DATE  254                               19
  SINCE JAN 1    560                               97
..................................................................


WIND (MPH)
  HIGHEST WIND SPEED    26   HIGHEST WIND DIRECTION     E (110)
  HIGHEST GUST SPEED    44   HIGHEST GUST DIRECTION    SE (120)
  AVERAGE WIND SPEED     4.9


SKY COVER
  AVERAGE SKY COVER 0.2


WEATHER CONDITIONS
 THE FOLLOWING WEATHER WAS RECORDED YESTERDAY.
  LIGHT RAIN


RELATIVE HUMIDITY (PERCENT)
 HIGHEST    48
 LOWEST     10

..........................................................


THE PRESCOTT AZ AIRPORT CLIMATE NORMALS FOR TODAY
                         NORMAL    RECORD    YEAR
 MAXIMUM TEMPERATURE (F)   89       101      1996
 MINIMUM TEMPERATURE (F)   63        49      1987


SUNRISE AND SUNSET
JULY 23 2014..........SUNRISE   533 AM MST   SUNSET   739 PM MST
JULY 24 2014..........SUNRISE   534 AM MST   SUNSET   738 PM MST


-  INDICATES NEGATIVE NUMBERS.
R  INDICATES RECORD WAS SET OR TIED.
MM INDICATES DATA IS MISSING.
T  INDICATES TRACE AMOUNT.




$$
