000
CDUS46 KPDT 260041 RRA
CLIPSC

CLIMATE REPORT
NATIONAL WEATHER SERVICE PENDLETON OR
527 PM PDT MON MAY 25 2015


...................................

...THE PASCO WA CLIMATE SUMMARY FOR MAY 25 2015...
VALID TODAY AS OF 0500 PM LOCAL TIME.

CLIMATE NORMAL PERIOD 1981 TO 2010
CLIMATE RECORD PERIOD 1948 TO 2015


WEATHER ITEM   OBSERVED TIME   RECORD YEAR NORMAL DEPARTURE LAST
                VALUE   (LST)  VALUE       VALUE  FROM      YEAR
                                                  NORMAL
..................................................................
TEMPERATURE (F)
 TODAY
  MAXIMUM         80    359 PM  95    2001  78      2       82
  MINIMUM         58    207 AM  41    2005  49      9       47
  AVERAGE         69                        63      6       65

PRECIPITATION (IN)
  TODAY            0.00          0.55 1981   0.03  -0.03      T
  MONTH TO DATE    1.16                      0.54   0.62     0.29
  SINCE OCT 1      5.45                      7.01  -1.56     2.96
  SINCE JAN 1      3.08                      4.06  -0.98     2.38

SNOWFALL (IN)
  TODAY            0.0
  SNOW DEPTH       0

DEGREE DAYS
 HEATING
  TODAY            0                         3     -3        0
  MONTH TO DATE  107                       148    -41       80
  SINCE MAR 1    935                      1089   -154      964
  SINCE JUL 1   4391                      4972   -581     5193

 COOLING
  TODAY            4                         2      2        0
  MONTH TO DATE   39                        20     19       27
  SINCE MAR 1     39                        21     18       27
  SINCE JAN 1     39                        21     18       27
..................................................................


WIND (MPH)
  RESULTANT WIND SPEED   5   RESULTANT WIND DIRECTION  SW (210)
  HIGHEST WIND SPEED    12   HIGHEST WIND DIRECTION    SW (210)
  HIGHEST GUST SPEED    13   HIGHEST GUST DIRECTION    SW (210)


SKY COVER
  POSSIBLE SUNSHINE  MM
  AVERAGE SKY COVER 0.1


WEATHER CONDITIONS
THE FOLLOWING WEATHER WAS RECORDED TODAY.
  NO SIGNIFICANT WEATHER WAS OBSERVED.


RELATIVE HUMIDITY (PERCENT)
 HIGHEST    67
 LOWEST     26
 AVERAGE    47

..........................................................


THE PASCO WA CLIMATE NORMALS FOR TOMORROW
                         NORMAL    RECORD    YEAR
 MAXIMUM TEMPERATURE (F)   78        96      2001
 MINIMUM TEMPERATURE (F)   49        40      1999


SUNRISE AND SUNSET
MAY 25 2015...........SUNRISE   513 AM PDT   SUNSET   834 PM PDT
MAY 26 2015...........SUNRISE   513 AM PDT   SUNSET   835 PM PDT


-  INDICATES NEGATIVE NUMBERS.
R  INDICATES RECORD WAS SET OR TIED.
MM INDICATES DATA IS MISSING.
T  INDICATES TRACE AMOUNT.




$$
