000
CDUS46 KPDT 200839
CLIPSC

CLIMATE REPORT
NATIONAL WEATHER SERVICE PENDLETON OR
1239 AM PST MON FEB 20 2017


...................................

...THE PASCO WA CLIMATE SUMMARY FOR FEBRUARY 19 2017...

CLIMATE NORMAL PERIOD 1981 TO 2010
CLIMATE RECORD PERIOD 1948 TO 2017


WEATHER ITEM   OBSERVED TIME   RECORD YEAR NORMAL DEPARTURE LAST
                VALUE   (LST)  VALUE       VALUE  FROM      YEAR
                                                  NORMAL
..................................................................
TEMPERATURE (F)
 YESTERDAY
  MAXIMUM         55    353 PM  66    1995  50      5       58
  MINIMUM         30   1255 AM   5    2006  29      1       43
  AVERAGE         43                        39      4       51

PRECIPITATION (IN)
  YESTERDAY        0.08          0.42 1993   0.03   0.05     0.02
  MONTH TO DATE    0.96                      0.60   0.36     0.33
  SINCE OCT 1      5.68                      4.77   0.91     4.28
  SINCE JAN 1      1.91                      1.82   0.09     1.52

SNOWFALL (IN)
  YESTERDAY        0.0
  SNOW DEPTH       0

DEGREE DAYS
 HEATING
  YESTERDAY       22                        26     -4       14
  MONTH TO DATE  654                       513    141      400
  SINCE DEC 1   3135                      2435    700     2199
  SINCE JUL 1   4081                      3664    417     3301

 COOLING
  YESTERDAY        0                         0      0        0
  MONTH TO DATE    0                         0      0        0
  SINCE DEC 1      0                         0      0        0
  SINCE JAN 1      0                         0      0        0
..................................................................


WIND (MPH)
  RESULTANT WIND SPEED   1   RESULTANT WIND DIRECTION  NE (60)
  HIGHEST WIND SPEED    12   HIGHEST WIND DIRECTION     E (80)
  HIGHEST GUST SPEED    13   HIGHEST GUST DIRECTION     E (80)


SKY COVER
  POSSIBLE SUNSHINE  MM
  AVERAGE SKY COVER 0.5


WEATHER CONDITIONS
 THE FOLLOWING WEATHER WAS RECORDED YESTERDAY.
  RAIN
  LIGHT RAIN
  FOG
  FOG W/VISIBILITY <= 1/4 MILE
  HAZE


RELATIVE HUMIDITY (PERCENT)
 HIGHEST    96
 LOWEST     47
 AVERAGE    72

..........................................................


THE PASCO WA CLIMATE NORMALS FOR TODAY
                         NORMAL    RECORD    YEAR
 MAXIMUM TEMPERATURE (F)   51        74      1995
 MINIMUM TEMPERATURE (F)   29        13      2006


SUNRISE AND SUNSET
FEBRUARY 20 2017......SUNRISE   651 AM PST   SUNSET   530 PM PST
FEBRUARY 21 2017......SUNRISE   649 AM PST   SUNSET   532 PM PST


-  INDICATES NEGATIVE NUMBERS.
R  INDICATES RECORD WAS SET OR TIED.
MM INDICATES DATA IS MISSING.
T  INDICATES TRACE AMOUNT.


$$
