000
CDUS46 KPDT 260849
CLIPSC

CLIMATE REPORT
NATIONAL WEATHER SERVICE PENDLETON OR
1249 AM PST WED NOV 26 2014


...................................

...THE PASCO WA CLIMATE SUMMARY FOR NOVEMBER 25 2014...

CLIMATE NORMAL PERIOD 1981 TO 2010
CLIMATE RECORD PERIOD 1948 TO 2014


WEATHER ITEM   OBSERVED TIME   RECORD YEAR NORMAL DEPARTURE LAST
                VALUE   (LST)  VALUE       VALUE  FROM      YEAR
                                                  NORMAL
..................................................................
TEMPERATURE (F)
 YESTERDAY
  MAXIMUM         58    651 AM  68    1998  45     13       40
  MINIMUM         41   1159 PM   3    1993  31     10       17
  AVERAGE         50                        38     12       29

PRECIPITATION (IN)
  YESTERDAY        0.02          0.62 1977   0.03  -0.01     0.00
  MONTH TO DATE    0.48                      0.87  -0.39     0.40
  SINCE OCT 1      1.19                      1.52  -0.33     0.44
  SINCE JAN 1      4.30                      7.40  -3.10     4.75

SNOWFALL (IN)
  YESTERDAY        0.0
  SNOW DEPTH       0

DEGREE DAYS
 HEATING
  YESTERDAY       15                        27    -12       36
  MONTH TO DATE  662                       570     92      610
  SINCE SEP 1    943                      1076   -133     1163
  SINCE JUL 1    943                      1088   -145     1163

 COOLING
  YESTERDAY        0                         0      0        0
  MONTH TO DATE    0                         0      0        0
  SINCE SEP 1     73                        53     20      133
  SINCE JAN 1    991                       710    281      995
..................................................................


WIND (MPH)
  RESULTANT WIND SPEED   7   RESULTANT WIND DIRECTION   W (280)
  HIGHEST WIND SPEED    25   HIGHEST WIND DIRECTION    SW (230)
  HIGHEST GUST SPEED    33   HIGHEST GUST DIRECTION    SW (230)


SKY COVER
  POSSIBLE SUNSHINE  MM
  AVERAGE SKY COVER 0.8


WEATHER CONDITIONS
THE FOLLOWING WEATHER WAS RECORDED YESTERDAY.
  LIGHT RAIN
  FOG


RELATIVE HUMIDITY (PERCENT)
 HIGHEST   100
 LOWEST     71
 AVERAGE    86

..........................................................


THE PASCO WA CLIMATE NORMALS FOR TODAY
                         NORMAL    RECORD    YEAR
 MAXIMUM TEMPERATURE (F)   45        64      1998
 MINIMUM TEMPERATURE (F)   30         2      1993


SUNRISE AND SUNSET
NOVEMBER 26 2014......SUNRISE   713 AM PST   SUNSET   415 PM PST
NOVEMBER 27 2014......SUNRISE   714 AM PST   SUNSET   414 PM PST


-  INDICATES NEGATIVE NUMBERS.
R  INDICATES RECORD WAS SET OR TIED.
MM INDICATES DATA IS MISSING.
T  INDICATES TRACE AMOUNT.

$$
