000
CDUS46 KPDT 290837 RRA
CLIPSC

CLIMATE REPORT
NATIONAL WEATHER SERVICE PENDLETON OR
135 AM PDT THU SEP 29 2016


...................................

...THE PASCO WA CLIMATE SUMMARY FOR SEPTEMBER 28 2016...

CLIMATE NORMAL PERIOD 1981 TO 2010
CLIMATE RECORD PERIOD 1948 TO 2016


WEATHER ITEM   OBSERVED TIME   RECORD YEAR NORMAL DEPARTURE LAST
                VALUE   (LST)  VALUE       VALUE  FROM      YEAR
                                                  NORMAL
..................................................................
TEMPERATURE (F)
 YESTERDAY
  MAXIMUM         82    354 PM  92    1996  75      7       76
  MINIMUM         47    611 AM  32    1999  43      4       33
  AVERAGE         65                        59      6       55

PRECIPITATION (IN)
  YESTERDAY        0.00          0.21 2007   0.02  -0.02     0.00
  MONTH TO DATE    0.24                      0.36  -0.12     0.12
  SINCE OCT 1      8.38                      8.79  -0.41     5.72
  SINCE JAN 1      5.62                      5.84  -0.22     3.35

SNOWFALL (IN)
  YESTERDAY        0.0
  SNOW DEPTH       0

DEGREE DAYS
 HEATING
  YESTERDAY        0                         7     -7       10
  MONTH TO DATE   79                        84     -5       88
  SINCE SEP 1     79                        84     -5       88
  SINCE JUL 1     79                        96    -17       88

 COOLING
  YESTERDAY        0                         0      0        0
  MONTH TO DATE   24                        49    -25       42
  SINCE SEP 1     24                        49    -25       42
  SINCE JAN 1    775                       706     69     1115
..................................................................


WIND (MPH)
  RESULTANT WIND SPEED   3   RESULTANT WIND DIRECTION   N (350)
  HIGHEST WIND SPEED    14   HIGHEST WIND DIRECTION     N (360)
  HIGHEST GUST SPEED    17   HIGHEST GUST DIRECTION     N (360)


SKY COVER
  POSSIBLE SUNSHINE  MM
  AVERAGE SKY COVER 0.0


WEATHER CONDITIONS
 THE FOLLOWING WEATHER WAS RECORDED YESTERDAY.
  NO SIGNIFICANT WEATHER WAS OBSERVED.


RELATIVE HUMIDITY (PERCENT)
 HIGHEST    86
 LOWEST     24
 AVERAGE    55

..........................................................


THE PASCO WA CLIMATE NORMALS FOR TODAY
                         NORMAL    RECORD    YEAR
 MAXIMUM TEMPERATURE (F)   74        91      1996
 MINIMUM TEMPERATURE (F)   42        34      2007


SUNRISE AND SUNSET
SEPTEMBER 29 2016.....SUNRISE   653 AM PDT   SUNSET   639 PM PDT
SEPTEMBER 30 2016.....SUNRISE   654 AM PDT   SUNSET   637 PM PDT


-  INDICATES NEGATIVE NUMBERS.
R  INDICATES RECORD WAS SET OR TIED.
MM INDICATES DATA IS MISSING.
T  INDICATES TRACE AMOUNT.




$$
