000
CDUS46 KPDT 290035
CLIPSC

CLIMATE REPORT
NATIONAL WEATHER SERVICE PENDLETON OR
435 PM PST SUN DEC 28 2014


...................................

...THE PASCO WA CLIMATE SUMMARY FOR DECEMBER 28 2014...
VALID TODAY AS OF 0400 PM LOCAL TIME.

CLIMATE NORMAL PERIOD 1981 TO 2010
CLIMATE RECORD PERIOD 1948 TO 2014


WEATHER ITEM   OBSERVED TIME   RECORD YEAR NORMAL DEPARTURE LAST
                VALUE   (LST)  VALUE       VALUE  FROM      YEAR
                                                  NORMAL
..................................................................
TEMPERATURE (F)
 TODAY
  MAXIMUM         42    249 PM  61    2011  39      3       29
  MINIMUM         34    838 AM -10    1996  26      8       24
  AVERAGE         38                        32      6       27

PRECIPITATION (IN)
  TODAY            T             0.53 2010   0.05  -0.05     0.00
  MONTH TO DATE    1.15                      1.08   0.07     0.14
  SINCE OCT 1      2.37                      2.82  -0.45     0.58
  SINCE JAN 1      5.48                      8.70  -3.22     4.89

SNOWFALL (IN)
  TODAY            0.0
  SNOW DEPTH       0

DEGREE DAYS
 HEATING
  TODAY           27                        33     -6       38
  MONTH TO DATE  750                       891   -141     1047
  SINCE DEC 1    750                       891   -141     1047
  SINCE JUL 1   1815                      2120   -305     2397

 COOLING
  TODAY            0                         0      0        0
  MONTH TO DATE    0                         0      0        0
  SINCE DEC 1      0                         0      0        0
  SINCE JAN 1    991                       710    281      995
..................................................................


WIND (MPH)
  RESULTANT WIND SPEED   4   RESULTANT WIND DIRECTION  SW (240)
  HIGHEST WIND SPEED    18   HIGHEST WIND DIRECTION    SW (240)
  HIGHEST GUST SPEED    22   HIGHEST GUST DIRECTION    SW (240)


SKY COVER
  POSSIBLE SUNSHINE  MM
  AVERAGE SKY COVER 0.6


WEATHER CONDITIONS
 THE FOLLOWING WEATHER WAS RECORDED TODAY.
  LIGHT RAIN


RELATIVE HUMIDITY (PERCENT)
 HIGHEST    92
 LOWEST     67
 AVERAGE    80

..........................................................


THE PASCO WA CLIMATE NORMALS FOR TOMORROW
                         NORMAL    RECORD    YEAR
 MAXIMUM TEMPERATURE (F)   39        60      1998
 MINIMUM TEMPERATURE (F)   26         0      1990


SUNRISE AND SUNSET
DECEMBER 28 2014......SUNRISE   739 AM PST   SUNSET   417 PM PST
DECEMBER 29 2014......SUNRISE   739 AM PST   SUNSET   418 PM PST


-  INDICATES NEGATIVE NUMBERS.
R  INDICATES RECORD WAS SET OR TIED.
MM INDICATES DATA IS MISSING.
T  INDICATES TRACE AMOUNT.

$$
