000
CDUS46 KPDT 081344
CLIPSC

CLIMATE REPORT
NATIONAL WEATHER SERVICE PENDLETON OR
1226 AM PST THU DEC 8 2016


...................................

...THE PASCO WA CLIMATE SUMMARY FOR DECEMBER 7 2016...

CLIMATE NORMAL PERIOD 1981 TO 2010
CLIMATE RECORD PERIOD 1948 TO 2016


WEATHER ITEM   OBSERVED TIME   RECORD YEAR NORMAL DEPARTURE LAST
                VALUE   (LST)  VALUE       VALUE  FROM      YEAR
                                                  NORMAL
..................................................................
TEMPERATURE (F)
 YESTERDAY
  MAXIMUM         32    115 PM  52    2012  41     -9       49
                                      1991
  MINIMUM         16   1254 AM   2    2009  28    -12       37
  AVERAGE         24                        34    -10       43

PRECIPITATION (IN)
  YESTERDAY        0.00          0.62 2015   0.03  -0.03     0.62
  MONTH TO DATE    0.05                      0.21  -0.16     0.89
  SINCE OCT 1      3.17                      1.95   1.22     1.92
  SINCE JAN 1      8.79                      7.83   0.96     5.27

SNOWFALL (IN)
  YESTERDAY        0.0
  SNOW DEPTH       0

DEGREE DAYS
 HEATING
  YESTERDAY       41                        31     10       22
  MONTH TO DATE  205                       210     -5      198
  SINCE DEC 1    205                       210     -5      198
  SINCE JUL 1   1151                      1439   -288     1300

 COOLING
  YESTERDAY        0                         0      0        0
  MONTH TO DATE    0                         0      0        0
  SINCE DEC 1      0                         0      0        0
  SINCE JAN 1    778                       710     68     1122
..................................................................


WIND (MPH)
  RESULTANT WIND SPEED   5   RESULTANT WIND DIRECTION   N (350)
  HIGHEST WIND SPEED    16   HIGHEST WIND DIRECTION     N (10)
  HIGHEST GUST SPEED    20   HIGHEST GUST DIRECTION     N (10)


SKY COVER
  POSSIBLE SUNSHINE  MM
  AVERAGE SKY COVER 0.5


WEATHER CONDITIONS
 THE FOLLOWING WEATHER WAS RECORDED YESTERDAY.
  NO SIGNIFICANT WEATHER WAS OBSERVED.


RELATIVE HUMIDITY (PERCENT)
 HIGHEST    96
 LOWEST     63
 AVERAGE    80

..........................................................


THE PASCO WA CLIMATE NORMALS FOR TODAY
                         NORMAL    RECORD    YEAR
 MAXIMUM TEMPERATURE (F)   41        69      2015
 MINIMUM TEMPERATURE (F)   27        -2      2009


SUNRISE AND SUNSET
DECEMBER  8 2016......SUNRISE   727 AM PST   SUNSET   410 PM PST
DECEMBER  9 2016......SUNRISE   728 AM PST   SUNSET   410 PM PST


-  INDICATES NEGATIVE NUMBERS.
R  INDICATES RECORD WAS SET OR TIED.
MM INDICATES DATA IS MISSING.
T  INDICATES TRACE AMOUNT.




$$
