414
CDUS46 KPDT 070827 RRA
CLIPSC

CLIMATE REPORT
NATIONAL WEATHER SERVICE PENDLETON OR
1226 AM PST SUN FEB 7 2016


...................................

...THE PASCO WA CLIMATE SUMMARY FOR FEBRUARY 6 2016...

CLIMATE NORMAL PERIOD 1981 TO 2010
CLIMATE RECORD PERIOD 1948 TO 2016


WEATHER ITEM   OBSERVED TIME   RECORD YEAR NORMAL DEPARTURE LAST
                VALUE   (LST)  VALUE       VALUE  FROM      YEAR
                                                  NORMAL
..................................................................
TEMPERATURE (F)
 YESTERDAY
  MAXIMUM         51   1220 AM  61    2015  46      5       61
  MINIMUM         29   1138 PM   0    1989  29      0       43
  AVERAGE         40                        38      2       52

PRECIPITATION (IN)
  YESTERDAY        0.00          0.24 1951   0.03  -0.03     0.01
  MONTH TO DATE    0.04                      0.21  -0.17     0.30
  SINCE OCT 1      3.99                      4.38  -0.39     3.36
  SINCE JAN 1      1.23                      1.43  -0.20     0.99

SNOWFALL (IN)
  YESTERDAY        0.0
  SNOW DEPTH       0

DEGREE DAYS
 HEATING
  YESTERDAY       25                        28     -3       13
  MONTH TO DATE  164                       168     -4      145
  SINCE DEC 1   1963                      2090   -127     1927
  SINCE JUL 1   3065                      3319   -254     2992

 COOLING
  YESTERDAY        0                         0      0        0
  MONTH TO DATE    0                         0      0        0
  SINCE DEC 1      0                         0      0        0
  SINCE JAN 1      0                         0      0        0
..................................................................


WIND (MPH)
  RESULTANT WIND SPEED   7   RESULTANT WIND DIRECTION  SW (230)
  HIGHEST WIND SPEED    25   HIGHEST WIND DIRECTION    SW (230)
  HIGHEST GUST SPEED    33   HIGHEST GUST DIRECTION    SW (230)


SKY COVER
  POSSIBLE SUNSHINE  MM
  AVERAGE SKY COVER 0.2


WEATHER CONDITIONS
 THE FOLLOWING WEATHER WAS RECORDED YESTERDAY.
  NO SIGNIFICANT WEATHER WAS OBSERVED.


RELATIVE HUMIDITY (PERCENT)
 HIGHEST    89
 LOWEST     56
 AVERAGE    73

..........................................................


THE PASCO WA CLIMATE NORMALS FOR TODAY
                         NORMAL    RECORD    YEAR
 MAXIMUM TEMPERATURE (F)   47        67      2015
 MINIMUM TEMPERATURE (F)   29         2      1989


SUNRISE AND SUNSET
FEBRUARY  7 2016......SUNRISE   712 AM PST   SUNSET   510 PM PST
FEBRUARY  8 2016......SUNRISE   711 AM PST   SUNSET   511 PM PST


-  INDICATES NEGATIVE NUMBERS.
R  INDICATES RECORD WAS SET OR TIED.
MM INDICATES DATA IS MISSING.
T  INDICATES TRACE AMOUNT.




$$
