000
CDUS41 KALY 260623
CLIPSF


CLIMATE REPORT
NATIONAL WEATHER SERVICE ALBANY NY
223 AM EDT FRI AUG 26 2016


...................................

...THE PITTSFIELD MA CLIMATE SUMMARY FOR AUGUST 25 2016...

CLIMATE NORMAL PERIOD 1981 TO 2010
CLIMATE RECORD PERIOD 9999 TO 9999


WEATHER ITEM   OBSERVED TIME   NORMAL DEPARTURE LAST
                VALUE   (LST)  VALUE  FROM      YEAR
                                      NORMAL
......................................................
TEMPERATURE (F)
 YESTERDAY
  MAXIMUM         81    128 PM  76      5       81
  MINIMUM         56    301 AM  55      1       61
  AVERAGE         69            66      3       71

PRECIPITATION (IN)
  YESTERDAY        T             0.13  -0.13     0.63
  MONTH TO DATE    2.61          3.37  -0.76     2.97
  SINCE JUN 1      9.26         12.02  -2.76    16.10
  SINCE JAN 1     23.36         29.06  -5.70    27.24

DEGREE DAYS
 HEATING
  YESTERDAY        0             2     -2        0
  MONTH TO DATE   11            29    -18        1
  SINCE JUN 1     98           161    -63      131
  SINCE JUL 1     22            60    -38       20

 COOLING
  YESTERDAY        4             2      2        6
  MONTH TO DATE  124            84     40      101
  SINCE JUN 1    318           248     70      255
  SINCE JAN 1    359           261     98      299
......................................................


WIND (MPH)
  HIGHEST WIND SPEED    15   HIGHEST WIND DIRECTION     S (200)
  HIGHEST GUST SPEED    23   HIGHEST GUST DIRECTION    SW (240)
  AVERAGE WIND SPEED     5.8


SKY COVER
  AVERAGE SKY COVER 0.3



RELATIVE HUMIDITY (PERCENT)
 HIGHEST   100
 LOWEST     62
 AVERAGE    81

..........................................................


THE PITTSFIELD MA CLIMATE NORMALS FOR TODAY
                         NORMAL
 MAXIMUM TEMPERATURE (F)   76
 MINIMUM TEMPERATURE (F)   55


SUNRISE AND SUNSET
AUGUST 26 2016........SUNRISE   612 AM EDT   SUNSET   736 PM EDT
AUGUST 27 2016........SUNRISE   613 AM EDT   SUNSET   735 PM EDT


-  INDICATES NEGATIVE NUMBERS.
R  INDICATES RECORD WAS SET OR TIED.
MM INDICATES DATA IS MISSING.
T  INDICATES TRACE AMOUNT.




$$
