066
CDUS41 KALY 260625
CLIPSF


CLIMATE REPORT
NATIONAL WEATHER SERVICE ALBANY NY
124 AM EST SUN FEB 26 2017


...................................

...THE PITTSFIELD MA CLIMATE SUMMARY FOR FEBRUARY 25 2017...

CLIMATE NORMAL PERIOD 1981 TO 2010
CLIMATE RECORD PERIOD 9999 TO 9999


WEATHER ITEM   OBSERVED TIME   NORMAL DEPARTURE LAST
                VALUE   (LST)  VALUE  FROM      YEAR
                                      NORMAL
......................................................
TEMPERATURE (F)
 YESTERDAY
  MAXIMUM         65    131 PM  35     30       60
  MINIMUM         33    948 PM  17     16       29
  AVERAGE         49            26     23       45

PRECIPITATION (IN)
  YESTERDAY        0.96          0.09   0.87     0.74
  MONTH TO DATE    2.85          2.39   0.46     4.11
  SINCE DEC 1      8.59          8.31   0.28     8.88
  SINCE JAN 1      5.57          5.31   0.26     5.20

DEGREE DAYS
 HEATING
  YESTERDAY       16            39    -23       20
  MONTH TO DATE  881          1041   -160      888
  SINCE DEC 1   3206          3615   -409     2862
  SINCE JUL 1   4613          5266   -653     4235

 COOLING
  YESTERDAY        0             0      0        0
  MONTH TO DATE    0             0      0        0
  SINCE DEC 1      0             0      0        0
  SINCE JAN 1      0             0      0        0
......................................................


WIND (MPH)
  HIGHEST WIND SPEED    33   HIGHEST WIND DIRECTION     W (290)
  HIGHEST GUST SPEED    45   HIGHEST GUST DIRECTION    NW (310)
  AVERAGE WIND SPEED    13.7


SKY COVER
  AVERAGE SKY COVER 0.8



RELATIVE HUMIDITY (PERCENT)
 HIGHEST    89
 LOWEST     60
 AVERAGE    75

..........................................................


THE PITTSFIELD MA CLIMATE NORMALS FOR TODAY
                         NORMAL
 MAXIMUM TEMPERATURE (F)   36
 MINIMUM TEMPERATURE (F)   17


SUNRISE AND SUNSET
FEBRUARY 26 2017......SUNRISE   633 AM EST   SUNSET   540 PM EST
FEBRUARY 27 2017......SUNRISE   631 AM EST   SUNSET   541 PM EST


-  INDICATES NEGATIVE NUMBERS.
R  INDICATES RECORD WAS SET OR TIED.
MM INDICATES DATA IS MISSING.
T  INDICATES TRACE AMOUNT.




$$
