000
CDUS41 KALY 260624
CLIPSF


CLIMATE REPORT
NATIONAL WEATHER SERVICE ALBANY NY
123 AM EST WED NOV 26 2014


...................................

...THE PITTSFIELD MA CLIMATE SUMMARY FOR NOVEMBER 25 2014...

CLIMATE NORMAL PERIOD 1981 TO 2010
CLIMATE RECORD PERIOD 9999 TO 9999


WEATHER ITEM   OBSERVED TIME   NORMAL DEPARTURE LAST
                VALUE   (LST)  VALUE  FROM      YEAR
                                      NORMAL
......................................................
TEMPERATURE (F)
 YESTERDAY
  MAXIMUM         60   1254 AM  43     17       28
  MINIMUM         34    913 PM  27      7       11
  AVERAGE         47            34     13       20

PRECIPITATION (IN)
  YESTERDAY        0.00          0.14  -0.14     0.00
  MONTH TO DATE    1.82          3.24  -1.42     1.53
  SINCE SEP 1      8.46         11.91  -3.45     6.95
  SINCE JAN 1     39.38         41.69  -2.31    35.05

DEGREE DAYS
 HEATING
  YESTERDAY       18            30    -12       45
  MONTH TO DATE  707           658     49      711
  SINCE SEP 1   1366          1416    -50     1428
  SINCE JUL 1   1439          1494    -55     1484

 COOLING
  YESTERDAY        0             0      0        0
  MONTH TO DATE    0             0      0        0
  SINCE SEP 1     39            20     19       33
  SINCE JAN 1    238           290    -52      433
......................................................


WIND (MPH)
  HIGHEST WIND SPEED    16   HIGHEST WIND DIRECTION    SW (210)
  HIGHEST GUST SPEED    23   HIGHEST GUST DIRECTION    SW (230)
  AVERAGE WIND SPEED     7.1


SKY COVER
  AVERAGE SKY COVER 0.2



RELATIVE HUMIDITY (PERCENT)
 HIGHEST    82
 LOWEST     39
 AVERAGE    61

..........................................................


THE PITTSFIELD MA CLIMATE NORMALS FOR TODAY
                         NORMAL
 MAXIMUM TEMPERATURE (F)   42
 MINIMUM TEMPERATURE (F)   26


SUNRISE AND SUNSET
NOVEMBER 26 2014......SUNRISE   657 AM EST   SUNSET   423 PM EST
NOVEMBER 27 2014......SUNRISE   658 AM EST   SUNSET   423 PM EST


-  INDICATES NEGATIVE NUMBERS.
R  INDICATES RECORD WAS SET OR TIED.
MM INDICATES DATA IS MISSING.
T  INDICATES TRACE AMOUNT.




$$
