000
CDUS46 KSGX 281420
CLIPSP


CLIMATE REPORT
NATIONAL WEATHER SERVICE SAN DIEGO, CA
720 AM PDT SUN AUG 28 2016


...................................

...THE PALM SPRINGS INTL AIRPORT CA CLIMATE SUMMARY FOR AUGUST 27 2016...

CLIMATE NORMAL PERIOD 1981 TO 2010
CLIMATE RECORD PERIOD 1893 TO 2016


WEATHER ITEM   OBSERVED TIME   RECORD YEAR NORMAL DEPARTURE LAST
                VALUE   (LST)  VALUE       VALUE  FROM      YEAR
                                                  NORMAL
..................................................................
TEMPERATURE (F)
 YESTERDAY
  MAXIMUM        101    256 PM 121    1981 105     -4      112
  MINIMUM         73    556 AM  52    1954  77     -4       85
  AVERAGE         87                        91     -4       99

PRECIPITATION (IN)
  YESTERDAY        0.00          0.20 1994   0.01  -0.01     0.00
  MONTH TO DATE    0.00                      0.29  -0.29      T
  SINCE OCT 1      2.63                      5.33  -2.70     2.63
  SINCE JAN 1      2.44                      3.48  -1.04     1.76

DEGREE DAYS
 HEATING
  YESTERDAY        0                         0      0        0
  MONTH TO DATE    0                         0      0        0
  SINCE JUN 1      0                         0      0        0
  SINCE JUL 1      0                         0      0        0

 COOLING
  YESTERDAY       22                        26     -4       34
  MONTH TO DATE  787                       729     58      827
  SINCE JUN 1   2536                      2222    314     2417
  SINCE JAN 1   3533                      2981    552     3482
..................................................................


WIND (MPH)
  RESULTANT WIND SPEED   1   RESULTANT WIND DIRECTION  NE (30)
  HIGHEST WIND SPEED    18   HIGHEST WIND DIRECTION    NW (330)
  HIGHEST GUST SPEED    22   HIGHEST GUST DIRECTION    NW (320)
  AVERAGE WIND SPEED     5.9


SKY COVER
  POSSIBLE SUNSHINE  MM
  AVERAGE SKY COVER 0.1


WEATHER CONDITIONS
 THE FOLLOWING WEATHER WAS RECORDED YESTERDAY.
  NO SIGNIFICANT WEATHER WAS OBSERVED.


RELATIVE HUMIDITY (PERCENT)
 HIGHEST    49           500 AM
 LOWEST     17           500 PM
 AVERAGE    33

..........................................................


THE PALM SPRINGS INTL AIRPORT CA CLIMATE NORMALS FOR TODAY
                         NORMAL    RECORD    YEAR
 MAXIMUM TEMPERATURE (F)  105       118      2009
 MINIMUM TEMPERATURE (F)   77        55      1947


SUNRISE AND SUNSET
AUGUST 28 2016........SUNRISE   617 AM PDT   SUNSET   716 PM PDT
AUGUST 29 2016........SUNRISE   618 AM PDT   SUNSET   715 PM PDT


-  INDICATES NEGATIVE NUMBERS.
R  INDICATES RECORD WAS SET OR TIED.
MM INDICATES DATA IS MISSING.
T  INDICATES TRACE AMOUNT.




$$
