000
CDUS46 KSGX 160116
CLIPSP


CLIMATE REPORT
NATIONAL WEATHER SERVICE SAN DIEGO, CA
516 PM PST FRI DEC 15 2017


...................................

...THE PALM SPRINGS INTL AIRPORT CA CLIMATE SUMMARY FOR DECEMBER 15 2017...
VALID TODAY AS OF 0500 PM LOCAL TIME.

CLIMATE NORMAL PERIOD 1981 TO 2010
CLIMATE RECORD PERIOD 1893 TO 2017


WEATHER ITEM   OBSERVED TIME   RECORD YEAR NORMAL DEPARTURE LAST
                VALUE   (LST)  VALUE       VALUE  FROM      YEAR
                                                  NORMAL
..................................................................
TEMPERATURE (F)
 TODAY
  MAXIMUM         78    213 PM  86    1980  66     12       72
                                      1942
  MINIMUM         55    702 AM  28    1987  44     11       56
                                      1971
  AVERAGE         67                        55     12       64

PRECIPITATION (IN)
  TODAY            0.00          1.35 1936   0.03  -0.03      T
  MONTH TO DATE    0.00                      0.32  -0.32      T
  SINCE OCT 1      T                         1.29  -1.29     0.29
  SINCE JAN 1      7.17                      5.18   1.99     3.65

DEGREE DAYS
 HEATING
  TODAY            0                        10    -10        1
  MONTH TO DATE    7                       133   -126       61
  SINCE DEC 1      7                       133   -126       61
  SINCE JUL 1      7                       229   -222      122

 COOLING
  TODAY            2                         0      2        0
  MONTH TO DATE   30                         0     30        1
  SINCE DEC 1     30                         0     30        1
  SINCE JAN 1   5221                      4137   1084     4809
..................................................................


WIND (MPH)
  RESULTANT WIND SPEED   1   RESULTANT WIND DIRECTION  NW (320)
  HIGHEST WIND SPEED    14   HIGHEST WIND DIRECTION    NW (330)
  HIGHEST GUST SPEED    15   HIGHEST GUST DIRECTION    NW (330)
  AVERAGE WIND SPEED     5.0


SKY COVER
  POSSIBLE SUNSHINE  MM
  AVERAGE SKY COVER 0.0


WEATHER CONDITIONS
 THE FOLLOWING WEATHER WAS RECORDED TODAY.
  NO SIGNIFICANT WEATHER WAS OBSERVED.


RELATIVE HUMIDITY (PERCENT)
 HIGHEST    24           800 AM
 LOWEST      8           100 PM
 AVERAGE    16

..........................................................


THE PALM SPRINGS INTL AIRPORT CA CLIMATE NORMALS FOR TOMORROW
                         NORMAL    RECORD    YEAR
 MAXIMUM TEMPERATURE (F)   66        90      1980
 MINIMUM TEMPERATURE (F)   44        30      1964
                                             1948
                                             1945


SUNRISE AND SUNSET
DECEMBER 15 2017......SUNRISE   644 AM PST   SUNSET   439 PM PST
DECEMBER 16 2017......SUNRISE   644 AM PST   SUNSET   439 PM PST


-  INDICATES NEGATIVE NUMBERS.
R  INDICATES RECORD WAS SET OR TIED.
MM INDICATES DATA IS MISSING.
T  INDICATES TRACE AMOUNT.




$$
