000
CDUS46 KSGX 261416
CLIPSP


CLIMATE REPORT
NATIONAL WEATHER SERVICE SAN DIEGO, CA
716 AM PDT TUE JUL 26 2016


...................................

...THE PALM SPRINGS INTL AIRPORT CA CLIMATE SUMMARY FOR JULY 25 2016...

CLIMATE NORMAL PERIOD 1981 TO 2010
CLIMATE RECORD PERIOD 1893 TO 2016


WEATHER ITEM   OBSERVED TIME   RECORD YEAR NORMAL DEPARTURE LAST
                VALUE   (LST)  VALUE       VALUE  FROM      YEAR
                                                  NORMAL
..................................................................
TEMPERATURE (F)
 YESTERDAY
  MAXIMUM        107    524 PM 119    1943 108     -1      110
  MINIMUM         87    617 AM  65    1958  78      9       76
                                      1935
  AVERAGE         97                        93      4       93

PRECIPITATION (IN)
  YESTERDAY        0.00          0.60 1936   0.02  -0.02     0.00
  MONTH TO DATE    0.00                      0.15  -0.15     0.42
  SINCE OCT 1      2.63                      4.94  -2.31     2.63
  SINCE JAN 1      2.44                      3.09  -0.65     1.76

DEGREE DAYS
 HEATING
  YESTERDAY        0                         0      0        0
  MONTH TO DATE    0                         0      0        0
  SINCE JUN 1      0                         0      0        0
  SINCE JUL 1      0                         0      0        0

 COOLING
  YESTERDAY       32                        28      4       28
  MONTH TO DATE  741                       680     61      631
  SINCE JUN 1   1544                      1327    217     1417
  SINCE JAN 1   2541                      2086    455     2482
..................................................................


WIND (MPH)
  RESULTANT WIND SPEED   1   RESULTANT WIND DIRECTION   E (70)
  HIGHEST WIND SPEED    17   HIGHEST WIND DIRECTION    NW (330)
  HIGHEST GUST SPEED    22   HIGHEST GUST DIRECTION     W (280)
  AVERAGE WIND SPEED     5.3


SKY COVER
  POSSIBLE SUNSHINE  MM
  AVERAGE SKY COVER 0.1


WEATHER CONDITIONS
 THE FOLLOWING WEATHER WAS RECORDED YESTERDAY.
  NO SIGNIFICANT WEATHER WAS OBSERVED.


RELATIVE HUMIDITY (PERCENT)
 HIGHEST    56           800 AM
 LOWEST     17           500 PM
 AVERAGE    37

..........................................................


THE PALM SPRINGS INTL AIRPORT CA CLIMATE NORMALS FOR TODAY
                         NORMAL    RECORD    YEAR
 MAXIMUM TEMPERATURE (F)  108       119      1998
                                             1933
 MINIMUM TEMPERATURE (F)   78        65      1955
                                             1941


SUNRISE AND SUNSET
JULY 26 2016..........SUNRISE   554 AM PDT   SUNSET   751 PM PDT
JULY 27 2016..........SUNRISE   555 AM PDT   SUNSET   750 PM PDT


-  INDICATES NEGATIVE NUMBERS.
R  INDICATES RECORD WAS SET OR TIED.
MM INDICATES DATA IS MISSING.
T  INDICATES TRACE AMOUNT.




$$
