000
CDUS46 KSGX 231523
CLIPSP


CLIMATE REPORT
NATIONAL WEATHER SERVICE SAN DIEGO, CA
722 AM PST MON JAN 23 2017


...................................

...THE PALM SPRINGS INTL AIRPORT CA CLIMATE SUMMARY FOR JANUARY 22 2017...

CLIMATE NORMAL PERIOD 1981 TO 2010
CLIMATE RECORD PERIOD 1893 TO 2017


WEATHER ITEM   OBSERVED TIME   RECORD YEAR NORMAL DEPARTURE LAST
                VALUE   (LST)  VALUE       VALUE  FROM      YEAR
                                                  NORMAL
..................................................................
TEMPERATURE (F)
 YESTERDAY
  MAXIMUM         55    123 PM  89    1948  70    -15       71
  MINIMUM         48    807 PM  19    1937  46      2       48
  AVERAGE         52                        58     -6       60

PRECIPITATION (IN)
  YESTERDAY        1.64          1.93 1943   0.03   1.61     0.00
  MONTH TO DATE    3.27                      0.86   2.41     2.12
  SINCE OCT 1      5.06                      2.71   2.35     2.31
  SINCE JAN 1      3.27                      0.86   2.41     2.12

DEGREE DAYS
 HEATING
  YESTERDAY       13                         7      6        5
  MONTH TO DATE  201                       178     23      210
  SINCE DEC 1    423                       468    -45      505
  SINCE JUL 1    484                       564    -80      612

 COOLING
  YESTERDAY        0                         0      0        0
  MONTH TO DATE    0                         0      0        0
  SINCE DEC 1      1                         4     -3        0
  SINCE JAN 1      0                         0      0        0
..................................................................


WIND (MPH)
  RESULTANT WIND SPEED   1   RESULTANT WIND DIRECTION  NE (60)
  HIGHEST WIND SPEED    10   HIGHEST WIND DIRECTION    NW (330)
  HIGHEST GUST SPEED    13   HIGHEST GUST DIRECTION     N (340)
  AVERAGE WIND SPEED     4.3


SKY COVER
  POSSIBLE SUNSHINE  MM
  AVERAGE SKY COVER 0.9


WEATHER CONDITIONS
 THE FOLLOWING WEATHER WAS RECORDED YESTERDAY.
  HEAVY RAIN
  RAIN
  LIGHT RAIN
  FOG


RELATIVE HUMIDITY (PERCENT)
 HIGHEST   100           500 PM
 LOWEST     59           100 AM
 AVERAGE    80

..........................................................


THE PALM SPRINGS INTL AIRPORT CA CLIMATE NORMALS FOR TODAY
                         NORMAL    RECORD    YEAR
 MAXIMUM TEMPERATURE (F)   70        88      1948
 MINIMUM TEMPERATURE (F)   46        25      1937


SUNRISE AND SUNSET
JANUARY 23 2017.......SUNRISE   648 AM PST   SUNSET   508 PM PST
JANUARY 24 2017.......SUNRISE   647 AM PST   SUNSET   509 PM PST


-  INDICATES NEGATIVE NUMBERS.
R  INDICATES RECORD WAS SET OR TIED.
MM INDICATES DATA IS MISSING.
T  INDICATES TRACE AMOUNT.




$$
