000
CDUS46 KSGX 291135
CLIPSP


CLIMATE REPORT
NATIONAL WEATHER SERVICE SAN DIEGO, CA
435 AM PDT SAT APR 29 2017


...................................

...THE PALM SPRINGS INTL AIRPORT CA CLIMATE SUMMARY FOR APRIL 28 2017...

CLIMATE NORMAL PERIOD 1981 TO 2010
CLIMATE RECORD PERIOD 1893 TO 2017


WEATHER ITEM   OBSERVED TIME   RECORD YEAR NORMAL DEPARTURE LAST
                VALUE   (LST)  VALUE       VALUE  FROM      YEAR
                                                  NORMAL
..................................................................
TEMPERATURE (F)
 YESTERDAY
  MAXIMUM         90    346 PM 106    2013  88      2       80
                                      2007
                                      1992
  MINIMUM         70    331 AM  40    1970  60     10       57
  AVERAGE         80                        74      6       69

PRECIPITATION (IN)
  YESTERDAY        0.00          0.08 2005   0.00   0.00     0.00
  MONTH TO DATE    0.00                      0.10  -0.10     0.14
  SINCE OCT 1      6.97                      4.59   2.38     2.61
  SINCE JAN 1      5.18                      2.74   2.44     2.42

DEGREE DAYS
 HEATING
  YESTERDAY        0                         0      0        0
  MONTH TO DATE    0                        17    -17        0
  SINCE MAR 1     19                        90    -71       28
  SINCE JUL 1    679                       868   -189      738

 COOLING
  YESTERDAY       15                         9      6        4
  MONTH TO DATE  325                       180    145      268
  SINCE MAR 1    571                       273    298      455
  SINCE JAN 1    616                       300    316      605
..................................................................


WIND (MPH)
  RESULTANT WIND SPEED   9   RESULTANT WIND DIRECTION   N (340)
  HIGHEST WIND SPEED    28   HIGHEST WIND DIRECTION    NW (320)
  HIGHEST GUST SPEED    36   HIGHEST GUST DIRECTION    NW (320)
  AVERAGE WIND SPEED    11.1


SKY COVER
  POSSIBLE SUNSHINE  MM
  AVERAGE SKY COVER 0.0


WEATHER CONDITIONS
 THE FOLLOWING WEATHER WAS RECORDED YESTERDAY.
  NO SIGNIFICANT WEATHER WAS OBSERVED.


RELATIVE HUMIDITY (PERCENT)
 HIGHEST    31           100 AM
 LOWEST      6           800 PM
 AVERAGE    19

..........................................................


THE PALM SPRINGS INTL AIRPORT CA CLIMATE NORMALS FOR TODAY
                         NORMAL    RECORD    YEAR
 MAXIMUM TEMPERATURE (F)   88       106      2013
                                             1959
 MINIMUM TEMPERATURE (F)   61        39      1970


SUNRISE AND SUNSET
APRIL 29 2017.........SUNRISE   559 AM PDT   SUNSET   728 PM PDT
APRIL 30 2017.........SUNRISE   558 AM PDT   SUNSET   729 PM PDT


-  INDICATES NEGATIVE NUMBERS.
R  INDICATES RECORD WAS SET OR TIED.
MM INDICATES DATA IS MISSING.
T  INDICATES TRACE AMOUNT.




$$
