000
CDUS46 KSGX 010017
CLIPSP


CLIMATE REPORT
NATIONAL WEATHER SERVICE SAN DIEGO, CA
417 PM PST SAT FEB 28 2015


...................................

...THE PALM SPRINGS INTL AIRPORT CA CLIMATE SUMMARY FOR FEBRUARY 28 2015...
VALID TODAY AS OF 0400 PM LOCAL TIME.

CLIMATE NORMAL PERIOD 1981 TO 2010
CLIMATE RECORD PERIOD 1893 TO 2015


WEATHER ITEM   OBSERVED TIME   RECORD YEAR NORMAL DEPARTURE LAST
                VALUE   (LST)  VALUE       VALUE  FROM      YEAR
                                                  NORMAL
..................................................................
TEMPERATURE (F)
 TODAY
  MAXIMUM         71   1226 PM  94    1986  75     -4       72
  MINIMUM         56    609 AM  28    1962  50      6       55
  AVERAGE         64                        63      1       64

PRECIPITATION (IN)
  TODAY            0.00          1.90 1991   0.04  -0.04     0.42
  MONTH TO DATE    0.17                      1.03  -0.86     0.42
  SINCE OCT 1      1.26                      3.88  -2.62     0.60
  SINCE JAN 1      0.39                      2.03  -1.64     0.42

SNOWFALL (IN)
  TODAY            0.0
  MONTH TO DATE    0.0
  SINCE JAN 1      0.0
  SINCE JUL 1      0.0
  SNOW DEPTH       0

DEGREE DAYS
 HEATING
  TODAY            1                         4     -3        1
  MONTH TO DATE    9                       153   -144       60
  SINCE DEC 1    338                       682   -344      350
  SINCE JUL 1    371                       778   -407      411

 COOLING
  TODAY            0                         1     -1        0
  MONTH TO DATE  102                        19     83       71
  SINCE DEC 1    144                        31    113      112
  SINCE JAN 1    120                        27     93      108
..................................................................


WIND (MPH)
  RESULTANT WIND SPEED   6   RESULTANT WIND DIRECTION   E (90)
  HIGHEST WIND SPEED    20   HIGHEST WIND DIRECTION    NW (330)
  HIGHEST GUST SPEED    26   HIGHEST GUST DIRECTION    NW (330)
  AVERAGE WIND SPEED     8.1


SKY COVER
  POSSIBLE SUNSHINE  MM
  AVERAGE SKY COVER 0.1


WEATHER CONDITIONS
 THE FOLLOWING WEATHER WAS RECORDED TODAY.
  NO SIGNIFICANT WEATHER WAS OBSERVED.


RELATIVE HUMIDITY (PERCENT)
 HIGHEST    51           700 AM
 LOWEST     26          1200 PM
 AVERAGE    39

..........................................................


THE PALM SPRINGS INTL AIRPORT CA CLIMATE NORMALS FOR TOMORROW
                         NORMAL    RECORD    YEAR
 MAXIMUM TEMPERATURE (F)   75        90      1986
                                             1967
 MINIMUM TEMPERATURE (F)   50        32      1962
                                             1945


SUNRISE AND SUNSET
FEBRUARY 28 2015......SUNRISE   616 AM PST   SUNSET   542 PM PST
MARCH  1 2015.........SUNRISE   615 AM PST   SUNSET   542 PM PST


-  INDICATES NEGATIVE NUMBERS.
R  INDICATES RECORD WAS SET OR TIED.
MM INDICATES DATA IS MISSING.
T  INDICATES TRACE AMOUNT.




$$
