000
CDUS46 KSGX 250027
CLIPSP


CLIMATE REPORT
NATIONAL WEATHER SERVICE SAN DIEGO, CA
517 PM PDT SAT JUN 24 2017


...................................

...THE PALM SPRINGS INTL AIRPORT CA CLIMATE SUMMARY FOR JUNE 24 2017...
VALID TODAY AS OF 0500 PM LOCAL TIME.

CLIMATE NORMAL PERIOD 1981 TO 2010
CLIMATE RECORD PERIOD 1893 TO 2017


WEATHER ITEM   OBSERVED TIME   RECORD YEAR NORMAL DEPARTURE LAST
                VALUE   (LST)  VALUE       VALUE  FROM      YEAR
                                                  NORMAL
..................................................................
TEMPERATURE (F)
 TODAY
  MAXIMUM        122R  1256 PM 121    1957 104     18      111
  MINIMUM         86    344 AM  52    1944  73     13       79
  AVERAGE        104                        89     15       95

PRECIPITATION (IN)
  TODAY            0.00          0.00 2016   0.00   0.00     0.00
                                      2015
                                      2014
  MONTH TO DATE    0.00                      0.04  -0.04     0.00
  SINCE OCT 1      6.97                      4.77   2.20     2.63
  SINCE JAN 1      5.18                      2.92   2.26     2.44

DEGREE DAYS
 HEATING
  TODAY            0                         0      0        0
  MONTH TO DATE    0                         0      0        0
  SINCE JUN 1      0                         0      0        0
  SINCE JUL 1    684                       874   -190      738

 COOLING
  TODAY           39                        24     15       30
  MONTH TO DATE  631                       499    132      611
  SINCE JUN 1    631                       499    132      611
  SINCE JAN 1   1754                      1258    496     1608
..................................................................


WIND (MPH)
  RESULTANT WIND SPEED   3   RESULTANT WIND DIRECTION  NW (300)
  HIGHEST WIND SPEED    24   HIGHEST WIND DIRECTION    NW (330)
  HIGHEST GUST SPEED    32   HIGHEST GUST DIRECTION    NW (300)
  AVERAGE WIND SPEED     6.3


SKY COVER
  POSSIBLE SUNSHINE  MM
  AVERAGE SKY COVER 0.0


WEATHER CONDITIONS
 THE FOLLOWING WEATHER WAS RECORDED TODAY.
  NO SIGNIFICANT WEATHER WAS OBSERVED.


RELATIVE HUMIDITY (PERCENT)
 HIGHEST    36           500 AM
 LOWEST      7           100 PM
 AVERAGE    22

..........................................................


THE PALM SPRINGS INTL AIRPORT CA CLIMATE NORMALS FOR TOMORROW
                         NORMAL    RECORD    YEAR
 MAXIMUM TEMPERATURE (F)  105       120      1970
                                             1957
 MINIMUM TEMPERATURE (F)   74        54      1943


SUNRISE AND SUNSET
JUNE 24 2017..........SUNRISE   536 AM PDT   SUNSET   801 PM PDT
JUNE 25 2017..........SUNRISE   537 AM PDT   SUNSET   801 PM PDT


-  INDICATES NEGATIVE NUMBERS.
R  INDICATES RECORD WAS SET OR TIED.
MM INDICATES DATA IS MISSING.
T  INDICATES TRACE AMOUNT.




$$
