000
CDUS45 KPUB 240038
CLIPUB


CLIMATE REPORT
NATIONAL WEATHER SERVICE PUEBLO
638 PM MDT THU MAR 23 2017


...................................

...THE PUEBLO CO CLIMATE SUMMARY FOR MARCH 23 2017...
VALID TODAY AS OF 0500 PM LOCAL TIME.

CLIMATE NORMAL PERIOD 1981 TO 2010
CLIMATE RECORD PERIOD 1888 TO 2017


WEATHER ITEM   OBSERVED TIME   RECORD YEAR NORMAL DEPARTURE LAST
                VALUE   (LST)  VALUE       VALUE  FROM      YEAR
                                                  NORMAL
..................................................................
TEMPERATURE (F)
 TODAY
  MAXIMUM         81    151 PM  84    2004  61     20       58
  MINIMUM         35    538 AM  -5    1898  28      7       29
  AVERAGE         58                        44     14       44

PRECIPITATION (IN)
  TODAY            0.00          0.56 1891   0.04  -0.04     0.07
  MONTH TO DATE    0.00                      0.66  -0.66     0.17
  SINCE MAR 1      0.00                      0.66  -0.66     0.17
  SINCE JAN 1      0.92                      1.31  -0.39     1.03

SNOWFALL (IN)
  TODAY            0.0           4.2  1891   0.2   -0.2      0.0
  MONTH TO DATE    0.0                       4.1   -4.1      1.1
  SINCE MAR 1      0.0                       4.1   -4.1      1.1
  SINCE JUL 1     14.2                      25.9  -11.7     25.3
  SNOW DEPTH       0

DEGREE DAYS
 HEATING
  TODAY            7                        21    -14       21
  MONTH TO DATE  335                       544   -209      415
  SINCE MAR 1    335                       544   -209      415
  SINCE JUL 1   3835                      4847  -1012     3924

 COOLING
  TODAY            0                         0      0        0
  MONTH TO DATE    0                         0      0        0
  SINCE MAR 1      0                         0      0        0
  SINCE JAN 1      0                         0      0        0
..................................................................


WIND (MPH)
  HIGHEST WIND SPEED    31   HIGHEST WIND DIRECTION    SW (240)
  HIGHEST GUST SPEED    42   HIGHEST GUST DIRECTION     S (170)
  AVERAGE WIND SPEED     9.2


SKY COVER
  POSSIBLE SUNSHINE  MM
  AVERAGE SKY COVER 0.1


WEATHER CONDITIONS
 THE FOLLOWING WEATHER WAS RECORDED TODAY.
  NO SIGNIFICANT WEATHER WAS OBSERVED.


RELATIVE HUMIDITY (PERCENT)
 HIGHEST    70           200 AM
 LOWEST      7           200 PM
 AVERAGE    39

..........................................................


THE PUEBLO CO CLIMATE NORMALS FOR TOMORROW
                         NORMAL    RECORD    YEAR
 MAXIMUM TEMPERATURE (F)   61        82      2012
 MINIMUM TEMPERATURE (F)   28         5      2013


SUNRISE AND SUNSET
MARCH 23 2017.........SUNRISE   656 AM MDT   SUNSET   713 PM MDT
MARCH 24 2017.........SUNRISE   655 AM MDT   SUNSET   714 PM MDT


-  INDICATES NEGATIVE NUMBERS.
R  INDICATES RECORD WAS SET OR TIED.
MM INDICATES DATA IS MISSING.
T  INDICATES TRACE AMOUNT.




$$
