000
CDUS45 KPUB 221146
CLIPUB


CLIMATE REPORT
NATIONAL WEATHER SERVICE PUEBLO
445 AM MST SUN JAN 22 2017


...................................

...THE PUEBLO CO CLIMATE SUMMARY FOR JANUARY 21 2017...

CLIMATE NORMAL PERIOD 1981 TO 2010
CLIMATE RECORD PERIOD 1888 TO 2017


WEATHER ITEM   OBSERVED TIME   RECORD YEAR NORMAL DEPARTURE LAST
                VALUE   (LST)  VALUE       VALUE  FROM      YEAR
                                                  NORMAL
..................................................................
TEMPERATURE (F)
 YESTERDAY
  MAXIMUM         43    338 PM  75    2009  47     -4       49
  MINIMUM         28    454 AM -16    1930  14     14       20
  AVERAGE         36                        31      5       35

PRECIPITATION (IN)
  YESTERDAY        0.00          0.54 1898   0.02  -0.02     0.00
  MONTH TO DATE    0.73                      0.24   0.49     0.41
  SINCE DEC 1      1.49                      0.62   0.87     0.81
  SINCE JAN 1      0.73                      0.24   0.49     0.41

SNOWFALL (IN)
  YESTERDAY        0.0           5.8  1898   0.2   -0.2      0.0
  MONTH TO DATE    8.7                       4.4    4.3      5.0
  SINCE DEC 1     13.1                       9.9    3.2     10.5
  SINCE JUL 1     13.1                      15.9   -2.8     16.9
  SNOW DEPTH       0

DEGREE DAYS
 HEATING
  YESTERDAY       29                        34     -5       30
  MONTH TO DATE  725                       728     -3      741
  SINCE DEC 1   1800                      1810    -10     1688
  SINCE JUL 1   2582                      3091   -509     2562

 COOLING
  YESTERDAY        0                         0      0        0
  MONTH TO DATE    0                         0      0        0
  SINCE DEC 1      0                         0      0        0
  SINCE JAN 1      0                         0      0        0
..................................................................


WIND (MPH)
  HIGHEST WIND SPEED     9   HIGHEST WIND DIRECTION     N (360)
  HIGHEST GUST SPEED    13   HIGHEST GUST DIRECTION     E (90)
  AVERAGE WIND SPEED     3.5


SKY COVER
  POSSIBLE SUNSHINE  MM
  AVERAGE SKY COVER 0.8


WEATHER CONDITIONS
 THE FOLLOWING WEATHER WAS RECORDED YESTERDAY.
  FOG
  FOG W/VISIBILITY <= 1/4 MILE


RELATIVE HUMIDITY (PERCENT)
 HIGHEST   100           200 AM
 LOWEST     65           400 PM
 AVERAGE    83

..........................................................


THE PUEBLO CO CLIMATE NORMALS FOR TODAY
                         NORMAL    RECORD    YEAR
 MAXIMUM TEMPERATURE (F)   47        74      2009
 MINIMUM TEMPERATURE (F)   14       -13      1966
                                             1930


SUNRISE AND SUNSET
JANUARY 22 2017.......SUNRISE   710 AM MST   SUNSET   510 PM MST
JANUARY 23 2017.......SUNRISE   710 AM MST   SUNSET   511 PM MST


-  INDICATES NEGATIVE NUMBERS.
R  INDICATES RECORD WAS SET OR TIED.
MM INDICATES DATA IS MISSING.
T  INDICATES TRACE AMOUNT.




$$
