000
CDUS45 KPUB 281137
CLIPUB


CLIMATE REPORT
NATIONAL WEATHER SERVICE PUEBLO
437 AM MST FRI NOV 28 2014


...................................

...THE PUEBLO CO CLIMATE SUMMARY FOR NOVEMBER 27 2014...

CLIMATE NORMAL PERIOD 1981 TO 2010
CLIMATE RECORD PERIOD 1888 TO 2014


WEATHER ITEM   OBSERVED TIME   RECORD YEAR NORMAL DEPARTURE LAST
                VALUE   (LST)  VALUE       VALUE  FROM      YEAR
                                                  NORMAL
..................................................................
TEMPERATURE (F)
 YESTERDAY
  MAXIMUM         73    224 PM  78    1998  50     23       55
  MINIMUM         20    417 AM -11    1976  18      2       20
                                      1952
  AVERAGE         47                        34     13       38

PRECIPITATION (IN)
  YESTERDAY        0.00          0.66 1923   0.01  -0.01     0.00
  MONTH TO DATE    0.46                      0.42   0.04     0.34
  SINCE SEP 1      1.99                      1.91   0.08     1.85
  SINCE JAN 1     11.59                     12.14  -0.55     9.65

SNOWFALL (IN)
  YESTERDAY        0.0           7.4  1923   0.2   -0.2      0.0
  MONTH TO DATE    9.4                       3.9    5.5      3.6
  SINCE SEP 1      9.4                       5.5    3.9      3.7
  SINCE JUL 1      9.4                       5.5    3.9      3.7
  SNOW DEPTH       0

DEGREE DAYS
 HEATING
  YESTERDAY       18                        31    -13       27
  MONTH TO DATE  786                       676    110      653
  SINCE SEP 1   1111                      1181    -70     1107
  SINCE JUL 1   1112                      1186    -74     1107

 COOLING
  YESTERDAY        0                         0      0        0
  MONTH TO DATE    0                         0      0        0
  SINCE SEP 1    127                        86     41      170
  SINCE JAN 1   1002                       897    105     1230
..................................................................


WIND (MPH)
  HIGHEST WIND SPEED    17   HIGHEST WIND DIRECTION     W (250)
  HIGHEST GUST SPEED    20   HIGHEST GUST DIRECTION    SW (240)
  AVERAGE WIND SPEED     5.4


SKY COVER
  POSSIBLE SUNSHINE  MM
  AVERAGE SKY COVER 0.0


WEATHER CONDITIONS
 THE FOLLOWING WEATHER WAS RECORDED YESTERDAY.
  NO SIGNIFICANT WEATHER WAS OBSERVED.


RELATIVE HUMIDITY (PERCENT)
 HIGHEST    88           300 AM
 LOWEST     10           300 PM
 AVERAGE    49

..........................................................


THE PUEBLO CO CLIMATE NORMALS FOR TODAY
                         NORMAL    RECORD    YEAR
 MAXIMUM TEMPERATURE (F)   50        75      1998
 MINIMUM TEMPERATURE (F)   18       -16      1896


SUNRISE AND SUNSET
NOVEMBER 28 2014......SUNRISE   653 AM MST   SUNSET   439 PM MST
NOVEMBER 29 2014......SUNRISE   654 AM MST   SUNSET   439 PM MST


-  INDICATES NEGATIVE NUMBERS.
R  INDICATES RECORD WAS SET OR TIED.
MM INDICATES DATA IS MISSING.
T  INDICATES TRACE AMOUNT.




$$
