000
CDUS45 KPUB 231032
CLIPUB


CLIMATE REPORT
NATIONAL WEATHER SERVICE PUEBLO
432 AM MDT TUE SEP 23 2014


...................................

...THE PUEBLO CO CLIMATE SUMMARY FOR SEPTEMBER 22 2014...

CLIMATE NORMAL PERIOD 1981 TO 2010
CLIMATE RECORD PERIOD 1888 TO 2014


WEATHER ITEM   OBSERVED TIME   RECORD YEAR NORMAL DEPARTURE LAST
                VALUE   (LST)  VALUE       VALUE  FROM      YEAR
                                                  NORMAL
..................................................................
TEMPERATURE (F)
 YESTERDAY
  MAXIMUM         79    507 PM  93    1953  79      0       86
  MINIMUM         57    557 AM  28    1912  45     12       53
  AVERAGE         68                        62      6       70

PRECIPITATION (IN)
  YESTERDAY        T             0.76 1941   0.02  -0.02     0.25
  MONTH TO DATE    0.35                      0.60  -0.25     1.27
  SINCE SEP 1      0.35                      0.60  -0.25     1.27
  SINCE JAN 1      9.95                     10.83  -0.88     9.07

SNOWFALL (IN)
  YESTERDAY        0.0           0.2  1895   0.0    0.0      0.0
  MONTH TO DATE    0.0                       0.2   -0.2      0.0
  SINCE SEP 1      0.0                       0.2   -0.2      0.0
  SINCE JUL 1      T                         0.2   -0.2       T
  SNOW DEPTH       0

DEGREE DAYS
 HEATING
  YESTERDAY        0                         4     -4        0
  MONTH TO DATE   46                        46      0        2
  SINCE SEP 1     46                        46      0        2
  SINCE JUL 1     47                        51     -4        2

 COOLING
  YESTERDAY        3                         1      2        5
  MONTH TO DATE  102                        75     27      158
  SINCE SEP 1    102                        75     27      158
  SINCE JAN 1    977                       886     91     1218
..................................................................


WIND (MPH)
  HIGHEST WIND SPEED    14   HIGHEST WIND DIRECTION     E (100)
  HIGHEST GUST SPEED    17   HIGHEST GUST DIRECTION     E (100)
  AVERAGE WIND SPEED     5.2


SKY COVER
  POSSIBLE SUNSHINE  MM
  AVERAGE SKY COVER 0.5


WEATHER CONDITIONS
 THE FOLLOWING WEATHER WAS RECORDED YESTERDAY.
  LIGHT RAIN


RELATIVE HUMIDITY (PERCENT)
 HIGHEST    78           800 PM
 LOWEST     42           500 PM
 AVERAGE    60

..........................................................


THE PUEBLO CO CLIMATE NORMALS FOR TODAY
                         NORMAL    RECORD    YEAR
 MAXIMUM TEMPERATURE (F)   79        95      2003
 MINIMUM TEMPERATURE (F)   44        28      1895


SUNRISE AND SUNSET
SEPTEMBER 23 2014.....SUNRISE   647 AM MDT   SUNSET   653 PM MDT
SEPTEMBER 24 2014.....SUNRISE   648 AM MDT   SUNSET   652 PM MDT


-  INDICATES NEGATIVE NUMBERS.
R  INDICATES RECORD WAS SET OR TIED.
MM INDICATES DATA IS MISSING.
T  INDICATES TRACE AMOUNT.




$$
