000
CDUS45 KPUB 211146
CLIPUB


CLIMATE REPORT
NATIONAL WEATHER SERVICE PUEBLO
446 AM MST TUE NOV 21 2017


...................................

...THE PUEBLO CO CLIMATE SUMMARY FOR NOVEMBER 20 2017...

CLIMATE NORMAL PERIOD 1981 TO 2010
CLIMATE RECORD PERIOD 1888 TO 2017


WEATHER ITEM   OBSERVED TIME   RECORD YEAR NORMAL DEPARTURE LAST
                VALUE   (LST)  VALUE       VALUE  FROM      YEAR
                                                  NORMAL
..................................................................
TEMPERATURE (F)
 YESTERDAY
  MAXIMUM         71    156 PM  78    1955  54     17       77
  MINIMUM         26    547 AM  -9    1906  21      5       29
  AVERAGE         49                        37     12       53

PRECIPITATION (IN)
  YESTERDAY        0.00          0.34 1992   0.02  -0.02     0.00
  MONTH TO DATE    0.31                      0.32  -0.01     0.08
  SINCE SEP 1      1.72                      1.81  -0.09     0.13
  SINCE JAN 1     15.98                     12.04   3.94    10.45

SNOWFALL (IN)
  YESTERDAY        0.0           5.2  1992   0.1   -0.1      0.0
  MONTH TO DATE    1.4                       2.6   -1.2       T
  SINCE SEP 1      1.4                       4.2   -2.8       T
  SINCE JUL 1      1.4                       4.2   -2.8       T
  SNOW DEPTH       0

DEGREE DAYS
 HEATING
  YESTERDAY       16                        28    -12       12
  MONTH TO DATE  389                       468    -79      318
  SINCE SEP 1    846                       973   -127      532
  SINCE JUL 1    846                       978   -132      532

 COOLING
  YESTERDAY        0                         0      0        0
  MONTH TO DATE    0                         0      0        0
  SINCE SEP 1    146                        86     60      193
  SINCE JAN 1   1027                       897    130     1358
..................................................................


WIND (MPH)
  HIGHEST WIND SPEED    26   HIGHEST WIND DIRECTION     W (260)
  HIGHEST GUST SPEED    33   HIGHEST GUST DIRECTION     W (270)
  AVERAGE WIND SPEED     8.4


SKY COVER
  POSSIBLE SUNSHINE  MM
  AVERAGE SKY COVER 0.0


WEATHER CONDITIONS
 THE FOLLOWING WEATHER WAS RECORDED YESTERDAY.
  NO SIGNIFICANT WEATHER WAS OBSERVED.


RELATIVE HUMIDITY (PERCENT)
 HIGHEST    58           500 AM
 LOWEST      7           200 PM
 AVERAGE    33

..........................................................


THE PUEBLO CO CLIMATE NORMALS FOR TODAY
                         NORMAL    RECORD    YEAR
 MAXIMUM TEMPERATURE (F)   53        78      1974
 MINIMUM TEMPERATURE (F)   20        -1      1906


SUNRISE AND SUNSET
NOVEMBER 21 2017......SUNRISE   646 AM MST   SUNSET   442 PM MST
NOVEMBER 22 2017......SUNRISE   647 AM MST   SUNSET   441 PM MST


-  INDICATES NEGATIVE NUMBERS.
R  INDICATES RECORD WAS SET OR TIED.
MM INDICATES DATA IS MISSING.
T  INDICATES TRACE AMOUNT.




$$
