000
CDUS46 KOTX 290833
CLIPUW


CLIMATE REPORT
NATIONAL WEATHER SERVICE SPOKANE, WA
132 AM PDT TUE JUL 29 2014


...................................

...THE PULLMAN-MOSCOW  AIRPORT CLIMATE SUMMARY FOR JULY 28 2014...

CLIMATE NORMAL PERIOD 1981 TO 2010
CLIMATE RECORD PERIOD 9999 TO 9999


WEATHER ITEM   OBSERVED TIME   RECORD YEAR NORMAL DEPARTURE LAST
                VALUE   (LST)  VALUE       VALUE  FROM      YEAR
                                                  NORMAL
..................................................................
TEMPERATURE (F)
 YESTERDAY
  MAXIMUM         98    232 PM 102    1998  84     14       82
  MINIMUM         56    352 AM  37    1976  51      5       44
  AVERAGE         77                        68      9       63

PRECIPITATION (IN)
  YESTERDAY        0.00          0.48 1948   0.01  -0.01     0.00
  MONTH TO DATE    0.33                      0.63  -0.30     0.12
  SINCE OCT 1     14.28                     15.42  -1.14    15.97
  SINCE JAN 1     10.94                     10.22   0.72     8.43

SNOWFALL (IN)
  YESTERDAY       MM            MM      MM  MM     MM       MM
  MONTH TO DATE   MM                        MM     MM       MM
  SINCE JUN 1     MM                        MM     MM       MM
  SINCE JUL 1     MM                        MM     MM       MM
  SNOW DEPTH      MM

DEGREE DAYS
 HEATING
  YESTERDAY        0                         1     -1        2
  MONTH TO DATE   10                        59    -49       23
  SINCE JUN 1    214                       265    -51      213
  SINCE JUL 1     10                        59    -49       23

 COOLING
  YESTERDAY       12                         4      8        0
  MONTH TO DATE  157                        70     87       99
  SINCE JUN 1    158                        83     75      132
  SINCE JAN 1    159                        88     71      144
..................................................................


WIND (MPH)
  HIGHEST WIND SPEED    13   HIGHEST WIND DIRECTION     E (110)
  HIGHEST GUST SPEED    16   HIGHEST GUST DIRECTION     E (110)
  AVERAGE WIND SPEED     2.3


SKY COVER
  POSSIBLE SUNSHINE  MM
  AVERAGE SKY COVER 0.0


WEATHER CONDITIONS
 THE FOLLOWING WEATHER WAS RECORDED YESTERDAY.
  NO SIGNIFICANT WEATHER WAS OBSERVED.


RELATIVE HUMIDITY (PERCENT)
 HIGHEST    77           300 AM
 LOWEST     13           300 PM
 AVERAGE    45

..........................................................


THE PULLMAN-MOSCOW  AIRPORT CLIMATE NORMALS FOR TODAY
                         NORMAL    RECORD    YEAR
 MAXIMUM TEMPERATURE (F)   84       100      1996
 MINIMUM TEMPERATURE (F)   51        35      1954


SUNRISE AND SUNSET
JULY 29 2014..........SUNRISE   525 AM PDT   SUNSET   824 PM PDT
JULY 30 2014..........SUNRISE   526 AM PDT   SUNSET   823 PM PDT


-  INDICATES NEGATIVE NUMBERS.
R  INDICATES RECORD WAS SET OR TIED.
MM INDICATES DATA IS MISSING.
T  INDICATES TRACE AMOUNT.




$$
