000
CDUS46 KOTX 090835
CLIPUW


CLIMATE REPORT
NATIONAL WEATHER SERVICE SPOKANE, WA
1234 AM PST TUE FEB 9 2016


...................................

...THE PULLMAN-MOSCOW  AIRPORT CLIMATE SUMMARY FOR FEBRUARY 8 2016...

CLIMATE NORMAL PERIOD 1981 TO 2010
CLIMATE RECORD PERIOD 9999 TO 9999


WEATHER ITEM   OBSERVED TIME   RECORD YEAR NORMAL DEPARTURE LAST
                VALUE   (LST)  VALUE       VALUE  FROM      YEAR
                                                  NORMAL
..................................................................
TEMPERATURE (F)
 YESTERDAY
  MAXIMUM         53    354 PM  55    1963  40     13       53
  MINIMUM         36    341 AM   3    1989  28      8       39
  AVERAGE         45                        34     11       46

PRECIPITATION (IN)
  YESTERDAY        0.00          1.32 1996   0.05  -0.05      T
  MONTH TO DATE    0.18                      0.52  -0.34     0.67
  SINCE OCT 1     10.79                      7.54   3.25     9.13
  SINCE JAN 1      2.80                      2.34   0.46     2.28

SNOWFALL (IN)
  YESTERDAY       MM

DEGREE DAYS
 HEATING
  YESTERDAY       20                        31    -11       19
  MONTH TO DATE  226                       253    -27      172
  SINCE DEC 1   2184                      2368   -184     2007
  SINCE JUL 1   3641                      4112   -471     3344

 COOLING
  YESTERDAY        0                         0      0        0
  MONTH TO DATE    0                         0      0        0
  SINCE DEC 1      0                         0      0        0
  SINCE JAN 1      0                         0      0        0
..................................................................


WIND (MPH)
  HIGHEST WIND SPEED    17   HIGHEST WIND DIRECTION     E (90)
  HIGHEST GUST SPEED    21   HIGHEST GUST DIRECTION     E (90)
  AVERAGE WIND SPEED     8.2


SKY COVER
  POSSIBLE SUNSHINE  MM
  AVERAGE SKY COVER 0.0


WEATHER CONDITIONS
 THE FOLLOWING WEATHER WAS RECORDED YESTERDAY.
  NO SIGNIFICANT WEATHER WAS OBSERVED.


RELATIVE HUMIDITY (PERCENT)
 HIGHEST    79           900 PM
 LOWEST     52          1200 PM
 AVERAGE    66

..........................................................


THE PULLMAN-MOSCOW  AIRPORT CLIMATE NORMALS FOR TODAY
                         NORMAL    RECORD    YEAR
 MAXIMUM TEMPERATURE (F)   40        52      1987
 MINIMUM TEMPERATURE (F)   28         6      1994


SUNRISE AND SUNSET
FEBRUARY  9 2016......SUNRISE   702 AM PST   SUNSET   504 PM PST
FEBRUARY 10 2016......SUNRISE   701 AM PST   SUNSET   505 PM PST


-  INDICATES NEGATIVE NUMBERS.
R  INDICATES RECORD WAS SET OR TIED.
MM INDICATES DATA IS MISSING.
T  INDICATES TRACE AMOUNT.




$$
