190
CDUS46 KOTX 260819
CLIPUW


CLIMATE REPORT
NATIONAL WEATHER SERVICE SPOKANE, WA
119 AM PDT FRI AUG 26 2016


...................................

...THE PULLMAN-MOSCOW  AIRPORT CLIMATE SUMMARY FOR AUGUST 25 2016...

CLIMATE NORMAL PERIOD 1981 TO 2010
CLIMATE RECORD PERIOD 9999 TO 9999


WEATHER ITEM   OBSERVED TIME   RECORD YEAR NORMAL DEPARTURE LAST
                VALUE   (LST)  VALUE       VALUE  FROM      YEAR
                                                  NORMAL
..................................................................
TEMPERATURE (F)
 YESTERDAY
  MAXIMUM         84    304 PM 100    1958  81      3       87
  MINIMUM         44    526 AM  33    1980  48     -4       52
  AVERAGE         64                        64      0       70

PRECIPITATION (IN)
  YESTERDAY        0.00                      0.02  -0.02     0.00
  MONTH TO DATE    0.24                      0.51  -0.27      T
  SINCE OCT 1     19.95                     15.99   3.96    16.63
  SINCE JAN 1     11.96                     10.79   1.17     9.78

SNOWFALL (IN)
  YESTERDAY       MM

DEGREE DAYS
 HEATING
  YESTERDAY        1                         3     -2        0
  MONTH TO DATE   34                        45    -11       26
  SINCE JUN 1    267                       315    -48      124
  SINCE JUL 1     99                       109    -10       45

 COOLING
  YESTERDAY        0                         2     -2        5
  MONTH TO DATE   73                        79     -6      116
  SINCE JUN 1    174                       174      0      378
  SINCE JAN 1    175                       179     -4      390
..................................................................


WIND (MPH)
  HIGHEST WIND SPEED    16   HIGHEST WIND DIRECTION     N (10)
  HIGHEST GUST SPEED    22   HIGHEST GUST DIRECTION    NE (30)
  AVERAGE WIND SPEED     4.2


SKY COVER
  POSSIBLE SUNSHINE  MM
  AVERAGE SKY COVER 0.0


WEATHER CONDITIONS
 THE FOLLOWING WEATHER WAS RECORDED YESTERDAY.
  HAZE


RELATIVE HUMIDITY (PERCENT)
 HIGHEST    71           600 AM
 LOWEST     14           200 PM
 AVERAGE    43

..........................................................


THE PULLMAN-MOSCOW  AIRPORT CLIMATE NORMALS FOR TODAY
                         NORMAL    RECORD    YEAR
 MAXIMUM TEMPERATURE (F)   80        99      1996
 MINIMUM TEMPERATURE (F)   48        34      1980


SUNRISE AND SUNSET
AUGUST 26 2016........SUNRISE   601 AM PDT   SUNSET   738 PM PDT
AUGUST 27 2016........SUNRISE   602 AM PDT   SUNSET   736 PM PDT


-  INDICATES NEGATIVE NUMBERS.
R  INDICATES RECORD WAS SET OR TIED.
MM INDICATES DATA IS MISSING.
T  INDICATES TRACE AMOUNT.




$$
