000
CDUS46 KOTX 280827
CLIPUW


CLIMATE REPORT
NATIONAL WEATHER SERVICE SPOKANE, WA
1227 AM PST WED JAN 28 2015


...................................

...THE PULLMAN-MOSCOW  AIRPORT CLIMATE SUMMARY FOR JANUARY 27 2015...

CLIMATE NORMAL PERIOD 1981 TO 2010
CLIMATE RECORD PERIOD 9999 TO 9999


WEATHER ITEM   OBSERVED TIME   RECORD YEAR NORMAL DEPARTURE LAST
                VALUE   (LST)  VALUE       VALUE  FROM      YEAR
                                                  NORMAL
..................................................................
TEMPERATURE (F)
 YESTERDAY
  MAXIMUM         53R  1230 PM  52    1983  38     15       29
  MINIMUM         38   1030 PM -27    1957  28     10       26
  AVERAGE         46                        33     13       28

PRECIPITATION (IN)
  YESTERDAY        0.00          1.19 1959   0.07  -0.07     0.00
  MONTH TO DATE    1.61                      1.56   0.05     0.92
  SINCE OCT 1      8.46                      6.76   1.70     4.26
  SINCE JAN 1      1.61                      1.56   0.05     0.92

SNOWFALL (IN)
  YESTERDAY       MM

DEGREE DAYS
 HEATING
  YESTERDAY       19                        32    -13       37
  MONTH TO DATE  789                       908   -119      847
  SINCE DEC 1   1720                      1988   -268     2012
  SINCE JUL 1   3057                      3732   -675     3701

 COOLING
  YESTERDAY        0                         0      0        0
  MONTH TO DATE    0                         0      0        0
  SINCE DEC 1      0                         0      0        0
  SINCE JAN 1      0                         0      0        0
..................................................................


WIND (MPH)
  HIGHEST WIND SPEED    15   HIGHEST WIND DIRECTION     W (270)
  HIGHEST GUST SPEED    19   HIGHEST GUST DIRECTION     W (260)
  AVERAGE WIND SPEED     6.9


SKY COVER
  POSSIBLE SUNSHINE  MM
  AVERAGE SKY COVER 0.1


WEATHER CONDITIONS
 THE FOLLOWING WEATHER WAS RECORDED YESTERDAY.
  NO SIGNIFICANT WEATHER WAS OBSERVED.


RELATIVE HUMIDITY (PERCENT)
 HIGHEST    92           800 PM
 LOWEST     59          1200 PM
 AVERAGE    76

..........................................................


THE PULLMAN-MOSCOW  AIRPORT CLIMATE NORMALS FOR TODAY
                         NORMAL    RECORD    YEAR
 MAXIMUM TEMPERATURE (F)   38        55      1941
 MINIMUM TEMPERATURE (F)   28       -14      1957


SUNRISE AND SUNSET
JANUARY 28 2015.......SUNRISE   718 AM PST   SUNSET   446 PM PST
JANUARY 29 2015.......SUNRISE   716 AM PST   SUNSET   447 PM PST


-  INDICATES NEGATIVE NUMBERS.
R  INDICATES RECORD WAS SET OR TIED.
MM INDICATES DATA IS MISSING.
T  INDICATES TRACE AMOUNT.




$$
