000
CDUS46 KOTX 210846
CLIPUW


CLIMATE REPORT
NATIONAL WEATHER SERVICE SPOKANE, WA
1245 AM PST WED FEB 21 2018


...................................

...THE PULLMAN-MOSCOW  AIRPORT CLIMATE SUMMARY FOR FEBRUARY 20 2018...

CLIMATE NORMAL PERIOD 1981 TO 2010
CLIMATE RECORD PERIOD 9999 TO 9999


WEATHER ITEM   OBSERVED TIME   RECORD YEAR NORMAL DEPARTURE LAST
                VALUE   (LST)  VALUE       VALUE  FROM      YEAR
                                                  NORMAL
..................................................................
TEMPERATURE (F)
 YESTERDAY
  MAXIMUM         21    626 PM  59    1977  43    -22       50
  MINIMUM         -6R  1249 AM  -1    1910  28    -34       35
  AVERAGE          8                        36    -28       43

PRECIPITATION (IN)
  YESTERDAY        0.00                      0.04  -0.04     0.21
  MONTH TO DATE    1.76                      1.11   0.65     2.26
  SINCE OCT 1     12.81                      8.13   4.68    12.17
  SINCE JAN 1      3.95                      2.93   1.02     3.76

SNOWFALL (IN)
  YESTERDAY       MM

DEGREE DAYS
 HEATING
  YESTERDAY       57                        29     28       22
  MONTH TO DATE  604                       617    -13      594
  SINCE DEC 1   2574                      2732   -158     3148
  SINCE JUL 1   4057                      4476   -419     4496

 COOLING
  YESTERDAY        0                         0      0        0
  MONTH TO DATE    0                         0      0        0
  SINCE DEC 1      0                         0      0        0
  SINCE JAN 1      0                         0      0        0
..................................................................


WIND (MPH)
  HIGHEST WIND SPEED    13   HIGHEST WIND DIRECTION     E (100)
  HIGHEST GUST SPEED    16   HIGHEST GUST DIRECTION    SE (120)
  AVERAGE WIND SPEED     8.4


SKY COVER
  POSSIBLE SUNSHINE  MM
  AVERAGE SKY COVER 0.7


WEATHER CONDITIONS
 THE FOLLOWING WEATHER WAS RECORDED YESTERDAY.
  LIGHT SNOW
  FOG
  HAZE


RELATIVE HUMIDITY (PERCENT)
 HIGHEST    92           900 AM
 LOWEST     67           200 PM
 AVERAGE    80

..........................................................


THE PULLMAN-MOSCOW  AIRPORT CLIMATE NORMALS FOR TODAY
                         NORMAL    RECORD    YEAR
 MAXIMUM TEMPERATURE (F)   43        62      1995
 MINIMUM TEMPERATURE (F)   28        -4      1910


SUNRISE AND SUNSET
FEBRUARY 21 2018......SUNRISE   642 AM PST   SUNSET   523 PM PST
FEBRUARY 22 2018......SUNRISE   640 AM PST   SUNSET   524 PM PST


-  INDICATES NEGATIVE NUMBERS.
R  INDICATES RECORD WAS SET OR TIED.
MM INDICATES DATA IS MISSING.
T  INDICATES TRACE AMOUNT.




$$
