000
CDUS41 KBOX 050601
CLIPVD


CLIMATE REPORT
NATIONAL WEATHER SERVICE TAUNTON MA
201 AM EDT WED AUG 5 2015


...................................

...THE PROVIDENCE RI CLIMATE SUMMARY FOR AUGUST 4 2015...

CLIMATE NORMAL PERIOD 1981 TO 2010
CLIMATE RECORD PERIOD 1904 TO 2015


WEATHER ITEM   OBSERVED TIME   RECORD YEAR NORMAL DEPARTURE LAST
                VALUE   (LST)  VALUE       VALUE  FROM      YEAR
                                                  NORMAL
..................................................................
TEMPERATURE (F)
 YESTERDAY
  MAXIMUM         87    331 PM  98    1944  83      4       82
  MINIMUM         63    534 AM  52    1959  65     -2       65
  AVERAGE         75                        74      1       74

PRECIPITATION (IN)
  YESTERDAY        1.08          6.31 1979   0.12   0.96     0.00
  MONTH TO DATE    1.08                      0.49   0.59     0.18
  SINCE JUN 1      8.77                      7.42   1.35     6.13
  SINCE JAN 1     25.72                     27.49  -1.77    28.93

SNOWFALL (IN)
  YESTERDAY        0.0           0.0  2002   0.0    0.0      0.0
                                      2001
                                      2000
  MONTH TO DATE    0.0                       0.0    0.0      0.0
  SINCE JUN 1      0.0                       0.0    0.0      0.0
  SINCE JUL 1      0.0                       0.0    0.0      0.0
  SNOW DEPTH       0

DEGREE DAYS
 HEATING
  YESTERDAY        0                         0      0        0
  MONTH TO DATE    0                         0      0        0
  SINCE JUN 1     72                        46     26       13
  SINCE JUL 1      0                         3     -3        0

 COOLING
  YESTERDAY       10                         9      1        9
  MONTH TO DATE   48                        36     12       22
  SINCE JUN 1    470                       434     36      414
  SINCE JAN 1    534                       460     74      425
..................................................................


WIND (MPH)
  RESULTANT WIND SPEED   8   RESULTANT WIND DIRECTION  SW (220)
  HIGHEST WIND SPEED    48   HIGHEST WIND DIRECTION     W (290)
  HIGHEST GUST SPEED    66   HIGHEST GUST DIRECTION     W (290)
  AVERAGE WIND SPEED     8.3


SKY COVER
  POSSIBLE SUNSHINE  MM
  AVERAGE SKY COVER 0.2


WEATHER CONDITIONS
 THE FOLLOWING WEATHER WAS RECORDED YESTERDAY.
  THUNDERSTORM
  HEAVY RAIN
  RAIN
  LIGHT RAIN
  FOG


RELATIVE HUMIDITY (PERCENT)
 HIGHEST    87          1200 AM
 LOWEST     51           200 PM
 AVERAGE    69

..........................................................


THE PROVIDENCE RI CLIMATE NORMALS FOR TODAY
                         NORMAL    RECORD    YEAR
 MAXIMUM TEMPERATURE (F)   83       100      1944
 MINIMUM TEMPERATURE (F)   65        51      1972


SUNRISE AND SUNSET
AUGUST  5 2015........SUNRISE   544 AM EDT   SUNSET   759 PM EDT
AUGUST  6 2015........SUNRISE   545 AM EDT   SUNSET   758 PM EDT


-  INDICATES NEGATIVE NUMBERS.
R  INDICATES RECORD WAS SET OR TIED.
MM INDICATES DATA IS MISSING.
T  INDICATES TRACE AMOUNT.




$$
