000
CDUS41 KBOX 182125
CLIPVD


CLIMATE REPORT
NATIONAL WEATHER SERVICE TAUNTON MA
425 PM EST MON DEC 18 2017


...................................

...THE PROVIDENCE RI CLIMATE SUMMARY FOR DECEMBER 18 2017...
VALID AS OF 0400 PM LOCAL TIME.

CLIMATE NORMAL PERIOD 1981 TO 2010
CLIMATE RECORD PERIOD 1904 TO 2017


WEATHER ITEM   OBSERVED TIME   RECORD YEAR NORMAL DEPARTURE LAST
                VALUE   (LST)  VALUE       VALUE  FROM      YEAR
                                                  NORMAL
..................................................................
TEMPERATURE (F)
 TODAY
  MAXIMUM         35    112 PM  60    1984  41     -6       58
  MINIMUM         24   1210 AM  -7    1919  26     -2       32
  AVERAGE         30                        33     -3       45

PRECIPITATION (IN)
  TODAY            0.01          1.46 1954   0.13  -0.12     0.12
  MONTH TO DATE    1.52                      2.62  -1.10     1.61
  SINCE DEC 1      1.52                      2.62  -1.10     1.61
  SINCE JAN 1     47.95                     45.58   2.37    38.47

SNOWFALL (IN)
  TODAY            0.0           5.3  1904   0.4   -0.4      0.0
  MONTH TO DATE    5.7                       4.6    1.1      4.4
  SINCE DEC 1      5.7                       4.6    1.1      4.4
  SINCE JUL 1      5.7                       6.1   -0.4      4.4
  SNOW DEPTH       0

DEGREE DAYS
 HEATING
  TODAY           35                        32      3       20
  MONTH TO DATE  546                       517     29      543
  SINCE DEC 1    546                       517     29      543
  SINCE JUL 1   1360                      1592   -232     1430

 COOLING
  TODAY            0                         0      0        0
  MONTH TO DATE    0                         0      0        0
  SINCE DEC 1      0                         0      0        0
  SINCE JAN 1    880                       744    136     1049
..................................................................


WIND (MPH)
  HIGHEST WIND SPEED     7   HIGHEST WIND DIRECTION    NE (60)
  HIGHEST GUST SPEED     8   HIGHEST GUST DIRECTION    NE (60)
  AVERAGE WIND SPEED     2.0


SKY COVER
  POSSIBLE SUNSHINE  MM
  AVERAGE SKY COVER 0.9


WEATHER CONDITIONS
 THE FOLLOWING WEATHER WAS RECORDED TODAY.
  LIGHT RAIN
  FOG


RELATIVE HUMIDITY (PERCENT)
 HIGHEST   100           400 PM
 LOWEST     57           300 AM
 AVERAGE    79

..........................................................


THE PROVIDENCE RI CLIMATE NORMALS FOR TOMORROW
                         NORMAL    RECORD    YEAR
 MAXIMUM TEMPERATURE (F)   41        57      1990
 MINIMUM TEMPERATURE (F)   25        -4      1942


SUNRISE AND SUNSET
DECEMBER 18 2017......SUNRISE   708 AM EST   SUNSET   417 PM EST
DECEMBER 19 2017......SUNRISE   709 AM EST   SUNSET   417 PM EST


-  INDICATES NEGATIVE NUMBERS.
R  INDICATES RECORD WAS SET OR TIED.
MM INDICATES DATA IS MISSING.
T  INDICATES TRACE AMOUNT.




$$
