000
CDUS41 KBOX 290542
CLIPVD


CLIMATE REPORT
NATIONAL WEATHER SERVICE TAUNTON MA
1237 AM EST MON DEC 29 2014


...................................

...THE PROVIDENCE RI CLIMATE SUMMARY FOR DECEMBER 28 2014...

CLIMATE NORMAL PERIOD 1981 TO 2010
CLIMATE RECORD PERIOD 1904 TO 2014


WEATHER ITEM   OBSERVED TIME   RECORD YEAR NORMAL DEPARTURE LAST
                VALUE   (LST)  VALUE       VALUE  FROM      YEAR
                                                  NORMAL
..................................................................
TEMPERATURE (F)
 YESTERDAY
  MAXIMUM         51    305 PM  60    2008  39     12       50
                                      1982
  MINIMUM         36   1245 AM   4    1950  23     13       23
  AVERAGE         44                        31     13       37

PRECIPITATION (IN)
  YESTERDAY        0.03          2.23 1967   0.11  -0.08     0.00
  MONTH TO DATE    6.25                      3.88   2.37     3.59
  SINCE DEC 1      6.25                      3.88   2.37     3.59
  SINCE JAN 1     47.19                     46.84   0.35    44.23

SNOWFALL (IN)
  YESTERDAY        0.0           6.9  1990   0.3   -0.3      0.0
  MONTH TO DATE    0.9                       7.7   -6.8      7.0
  SINCE DEC 1      0.9                       7.7   -6.8      7.0
  SINCE JUL 1      2.5                       9.2   -6.7      7.1
  SNOW DEPTH       0

DEGREE DAYS
 HEATING
  YESTERDAY       21                        34    -13       28
  MONTH TO DATE  726                       848   -122      872
  SINCE DEC 1    726                       848   -122      872
  SINCE JUL 1   1762                      1923   -161     1975

 COOLING
  YESTERDAY        0                         0      0        0
  MONTH TO DATE    0                         0      0        0
  SINCE DEC 1      0                         0      0        0
  SINCE JAN 1    709                       744    -35      892
..................................................................


WIND (MPH)
  RESULTANT WIND SPEED   5   RESULTANT WIND DIRECTION   W (260)
  HIGHEST WIND SPEED    17   HIGHEST WIND DIRECTION    NW (300)
  HIGHEST GUST SPEED    22   HIGHEST GUST DIRECTION    NW (310)
  AVERAGE WIND SPEED     7.6


SKY COVER
  POSSIBLE SUNSHINE  MM
  AVERAGE SKY COVER 0.7


WEATHER CONDITIONS
 THE FOLLOWING WEATHER WAS RECORDED YESTERDAY.
  RAIN
  LIGHT RAIN
  FOG


RELATIVE HUMIDITY (PERCENT)
 HIGHEST    89           500 AM
 LOWEST     54          1100 PM
 AVERAGE    72

..........................................................


THE PROVIDENCE RI CLIMATE NORMALS FOR TODAY
                         NORMAL    RECORD    YEAR
 MAXIMUM TEMPERATURE (F)   39        70      1984
 MINIMUM TEMPERATURE (F)   23       -10      1933


SUNRISE AND SUNSET
DECEMBER 29 2014......SUNRISE   712 AM EST   SUNSET   423 PM EST
DECEMBER 30 2014......SUNRISE   713 AM EST   SUNSET   424 PM EST


-  INDICATES NEGATIVE NUMBERS.
R  INDICATES RECORD WAS SET OR TIED.
MM INDICATES DATA IS MISSING.
T  INDICATES TRACE AMOUNT.




$$
