000
CDUS41 KBOX 200621
CLIPVD


CLIMATE REPORT
NATIONAL WEATHER SERVICE TAUNTON MA
116 AM EST FRI JAN 20 2017


...................................

...THE PROVIDENCE RI CLIMATE SUMMARY FOR JANUARY 19 2017...

CLIMATE NORMAL PERIOD 1981 TO 2010
CLIMATE RECORD PERIOD 1904 TO 2017


WEATHER ITEM   OBSERVED TIME   RECORD YEAR NORMAL DEPARTURE LAST
                VALUE   (LST)  VALUE       VALUE  FROM      YEAR
                                                  NORMAL
..................................................................
TEMPERATURE (F)
 YESTERDAY
  MAXIMUM         48   1232 PM  62    1951  37     11       27
  MINIMUM         34    813 AM  -4    1971  21     13       18
  AVERAGE         41                        29     12       23

PRECIPITATION (IN)
  YESTERDAY        T             1.08 1936   0.12  -0.12     0.00
  MONTH TO DATE    2.71                      2.38   0.33     2.60
  SINCE DEC 1      5.85                      6.60  -0.75     7.40
  SINCE JAN 1      2.71                      2.38   0.33     2.60

SNOWFALL (IN)
  YESTERDAY        0.0           8.3  1936   0.2   -0.2      0.0
  MONTH TO DATE   14.1                       5.5    8.6      2.0
  SINCE DEC 1     18.5                      14.2    4.3      2.6
  SINCE JUL 1     18.5                      15.7    2.8      2.6
  SNOW DEPTH       0

DEGREE DAYS
 HEATING
  YESTERDAY       24                        36    -12       42
  MONTH TO DATE  602                       680    -78      625
  SINCE DEC 1   1530                      1632   -102     1208
  SINCE JUL 1   2417                      2707   -290     2089

 COOLING
  YESTERDAY        0                         0      0        0
  MONTH TO DATE    0                         0      0        0
  SINCE DEC 1      0                         0      0        0
  SINCE JAN 1      0                         0      0        0
..................................................................


WIND (MPH)
  RESULTANT WIND SPEED   5   RESULTANT WIND DIRECTION   N (340)
  HIGHEST WIND SPEED    16   HIGHEST WIND DIRECTION     N (360)
  HIGHEST GUST SPEED    17   HIGHEST GUST DIRECTION     N (360)
  AVERAGE WIND SPEED     6.0


SKY COVER
  POSSIBLE SUNSHINE  MM
  AVERAGE SKY COVER 0.9


WEATHER CONDITIONS
 THE FOLLOWING WEATHER WAS RECORDED YESTERDAY.
  FOG


RELATIVE HUMIDITY (PERCENT)
 HIGHEST    96           300 AM
 LOWEST     58           800 PM
 AVERAGE    77

..........................................................


THE PROVIDENCE RI CLIMATE NORMALS FOR TODAY
                         NORMAL    RECORD    YEAR
 MAXIMUM TEMPERATURE (F)   37        59      1947
 MINIMUM TEMPERATURE (F)   21        -5      1971


SUNRISE AND SUNSET
JANUARY 20 2017.......SUNRISE   708 AM EST   SUNSET   446 PM EST
JANUARY 21 2017.......SUNRISE   707 AM EST   SUNSET   448 PM EST


-  INDICATES NEGATIVE NUMBERS.
R  INDICATES RECORD WAS SET OR TIED.
MM INDICATES DATA IS MISSING.
T  INDICATES TRACE AMOUNT.




$$
