000
CDUS43 KLOT 240634
CLIPWK


CLIMATE REPORT
NATIONAL WEATHER SERVICE CHICAGO IL
134 AM CDT SUN MAY 24 2015


...................................

...THE CHICAGO EXECUTIVE CLIMATE SUMMARY FOR MAY 23 2015...

CLIMATE NORMAL PERIOD 1981 TO 2010
CLIMATE RECORD PERIOD 1996 TO 2015


WEATHER ITEM   OBSERVED TIME   RECORD YEAR NORMAL DEPARTURE LAST
                VALUE   (LST)  VALUE       VALUE  FROM      YEAR
                                                  NORMAL
..................................................................
TEMPERATURE (F)
 YESTERDAY
  MAXIMUM         80    428 PM  89    2010  72      8       66
                                      2007
  MINIMUM         43    441 AM  39    2006  50     -7       49
  AVERAGE         62                        61      1       58

PRECIPITATION (IN)
  YESTERDAY        0.00          0.16 1999   0.13  -0.13     0.00
  MONTH TO DATE    2.46                      2.84  -0.38     3.23
  SINCE MAR 1      5.93                      8.06  -2.13     6.66
  SINCE JAN 1      6.62                     10.64  -4.02     8.79

DEGREE DAYS
 HEATING
  YESTERDAY        3                         6     -3        7
  MONTH TO DATE  187                       206    -19      200
  SINCE MAR 1   1605                      1581     24     1755
  SINCE JUL 1   6733                      6319    414     7114

 COOLING
  YESTERDAY        0                         2     -2        0
  MONTH TO DATE   28                        21      7       35
  SINCE MAR 1     28                        25      3       35
  SINCE JAN 1     28                        25      3       35
..................................................................


WIND (MPH)
  RESULTANT WIND SPEED   4   RESULTANT WIND DIRECTION   S (160)
  HIGHEST WIND SPEED    14   HIGHEST WIND DIRECTION     S (200)
  HIGHEST GUST SPEED    20   HIGHEST GUST DIRECTION     S (200)
  AVERAGE WIND SPEED     5.0



WEATHER CONDITIONS
 THE FOLLOWING WEATHER WAS RECORDED YESTERDAY.
  NO SIGNIFICANT WEATHER WAS OBSERVED.


..........................................................


THE CHICAGO EXECUTIVE CLIMATE NORMALS FOR TODAY
                         NORMAL    RECORD    YEAR
 MAXIMUM TEMPERATURE (F)   72        90      2012
                                             2010
 MINIMUM TEMPERATURE (F)   50        40      2013


SUNRISE AND SUNSET
MAY 24 2015...........SUNRISE   523 AM CDT   SUNSET   814 PM CDT
MAY 25 2015...........SUNRISE   523 AM CDT   SUNSET   815 PM CDT


-  INDICATES NEGATIVE NUMBERS.
R  INDICATES RECORD WAS SET OR TIED.
MM INDICATES DATA IS MISSING.
T  INDICATES TRACE AMOUNT.




$$
