000
CDUS43 KLOT 140634
CLIPWK


CLIMATE REPORT
NATIONAL WEATHER SERVICE CHICAGO IL
132 AM CDT MON JUL 14 2014


...................................

...THE CHICAGO EXECUTIVE CLIMATE SUMMARY FOR JULY 13 2014...

CLIMATE NORMAL PERIOD 1981 TO 2010
CLIMATE RECORD PERIOD 1996 TO 2014


WEATHER ITEM   OBSERVED TIME   RECORD YEAR NORMAL DEPARTURE LAST
                VALUE   (LST)  VALUE       VALUE  FROM      YEAR
                                                  NORMAL
..................................................................
TEMPERATURE (F)
 YESTERDAY
  MAXIMUM         86    334 PM  95    1997  84      2       83
  MINIMUM         68    648 AM  56    2007  64      4       60
                                      1999
  AVERAGE         77                        74      3       72

PRECIPITATION (IN)
  YESTERDAY        0.00          0.06 2012   0.12  -0.12     0.00
  MONTH TO DATE    1.13                      1.13   0.00     0.34
  SINCE JUN 1      8.86                      4.84   4.02     7.32
  SINCE JAN 1     18.06                     16.33   1.73    17.28

DEGREE DAYS
 HEATING
  YESTERDAY        0                         0      0        0
  MONTH TO DATE    1                         0      1        1
  SINCE JUN 1     21                        52    -31       58
  SINCE JUL 1      1                         0      1        1

 COOLING
  YESTERDAY       12                         9      3        7
  MONTH TO DATE   92                       111    -19       99
  SINCE JUN 1    270                       265      5      250
  SINCE JAN 1    328                       307     21      331
..................................................................


WIND (MPH)
  RESULTANT WIND SPEED   7   RESULTANT WIND DIRECTION   W (280)
  HIGHEST WIND SPEED    16   HIGHEST WIND DIRECTION     W (280)
  HIGHEST GUST SPEED    22   HIGHEST GUST DIRECTION    NW (300)
  AVERAGE WIND SPEED     8.2



WEATHER CONDITIONS
 THE FOLLOWING WEATHER WAS RECORDED YESTERDAY.
  NO SIGNIFICANT WEATHER WAS OBSERVED.


..........................................................


THE CHICAGO EXECUTIVE CLIMATE NORMALS FOR TODAY
                         NORMAL    RECORD    YEAR
 MAXIMUM TEMPERATURE (F)   84        92      2010
                                             1998
                                             1997
 MINIMUM TEMPERATURE (F)   64        55      2009


SUNRISE AND SUNSET
JULY 14 2014..........SUNRISE   528 AM CDT   SUNSET   826 PM CDT
JULY 15 2014..........SUNRISE   529 AM CDT   SUNSET   826 PM CDT


-  INDICATES NEGATIVE NUMBERS.
R  INDICATES RECORD WAS SET OR TIED.
MM INDICATES DATA IS MISSING.
T  INDICATES TRACE AMOUNT.




$$
