000
CDUS41 KGYX 240904
CLIPWM


CLIMATE REPORT
NATIONAL WEATHER SERVICE GRAY ME
404 AM EST SAT FEB 24 2018


...................................

...THE PORTLAND ME CLIMATE SUMMARY FOR FEBRUARY 23 2018...

CLIMATE NORMAL PERIOD 1981 TO 2010
CLIMATE RECORD PERIOD 1941 TO 2018


WEATHER ITEM   OBSERVED TIME   RECORD YEAR NORMAL DEPARTURE LAST
                VALUE   (LST)  VALUE       VALUE  FROM      YEAR
                                                  NORMAL
..................................................................
TEMPERATURE (F)
 YESTERDAY
  MAXIMUM         36    439 PM  61    1990  37     -1       51
  MINIMUM         24    632 AM -18    1972  18      6       26
  AVERAGE         30                        27      3       39

PRECIPITATION (IN)
  YESTERDAY        0.23          1.76 1928   0.13   0.10     0.00
  MONTH TO DATE    3.86                      2.61   1.25     4.13
  SINCE DEC 1     10.61                     10.01   0.60    13.09
  SINCE JAN 1      7.15                      5.99   1.16     7.78

SNOWFALL (IN)
  YESTERDAY        0.1          17.1  1967   0.4   -0.3      0.0
  MONTH TO DATE   16.3                       9.9    6.4     39.7
  SINCE DEC 1     56.5                      42.3   14.2     65.7
  SINCE JUL 1     56.6                      44.2   12.4     66.2
  SNOW DEPTH       T

DEGREE DAYS
 HEATING
  YESTERDAY       35                        38     -3       26
  MONTH TO DATE  803                       923   -120      885
  SINCE DEC 1   3413                      3368     45     3103
  SINCE JUL 1   4578                      4859   -281     4355

 COOLING
  YESTERDAY        0                         0      0        0
  MONTH TO DATE    0                         0      0        0
  SINCE DEC 1      0                         0      0        0
  SINCE JAN 1      0                         0      0        0
..................................................................


WIND (MPH)
  RESULTANT WIND SPEED   6   RESULTANT WIND DIRECTION  SE (120)
  HIGHEST WIND SPEED    17   HIGHEST WIND DIRECTION     S (180)
  HIGHEST GUST SPEED    23   HIGHEST GUST DIRECTION     S (190)
  AVERAGE WIND SPEED     8.8


SKY COVER
  AVERAGE SKY COVER 0.7


WEATHER CONDITIONS
 THE FOLLOWING WEATHER WAS RECORDED YESTERDAY.
  RAIN
  LIGHT RAIN
  SLEET
  FOG


RELATIVE HUMIDITY (PERCENT)
 HIGHEST    92           700 PM
 LOWEST     50           300 AM
 AVERAGE    71

..........................................................


THE PORTLAND ME CLIMATE NORMALS FOR TODAY
                         NORMAL    RECORD    YEAR
 MAXIMUM TEMPERATURE (F)   37        54      2000
 MINIMUM TEMPERATURE (F)   19       -11      2015


SUNRISE AND SUNSET
FEBRUARY 24 2018......SUNRISE   626 AM EST   SUNSET   523 PM EST
FEBRUARY 25 2018......SUNRISE   624 AM EST   SUNSET   525 PM EST


-  INDICATES NEGATIVE NUMBERS.
R  INDICATES RECORD WAS SET OR TIED.
MM INDICATES DATA IS MISSING.
T  INDICATES TRACE AMOUNT.




$$
