000
CDUS41 KGYX 260801
CLIPWM


CLIMATE REPORT
NATIONAL WEATHER SERVICE GRAY ME
401 AM EDT TUE JUL 26 2016


...................................

...THE PORTLAND ME CLIMATE SUMMARY FOR JULY 25 2016...

CLIMATE NORMAL PERIOD 1981 TO 2010
CLIMATE RECORD PERIOD 1941 TO 2016


WEATHER ITEM   OBSERVED TIME   RECORD YEAR NORMAL DEPARTURE LAST
                VALUE   (LST)  VALUE       VALUE  FROM      YEAR
                                                  NORMAL
..................................................................
TEMPERATURE (F)
 YESTERDAY
  MAXIMUM         84   1239 PM  91    1989  79      5       67
  MINIMUM         61    445 AM  45    1957  60      1       59
  AVERAGE         73                        70      3       63

PRECIPITATION (IN)
  YESTERDAY        0.37          1.43 1890   0.11   0.26     0.00
  MONTH TO DATE    1.66                      2.92  -1.26     1.05
  SINCE JUN 1      6.08                      6.71  -0.63     7.45
  SINCE JAN 1     21.59                     25.91  -4.32    24.06

SNOWFALL (IN)
  YESTERDAY        0.0           0.0  2002   0.0    0.0      0.0
                                      2001
                                      2000
  MONTH TO DATE    0.0                       0.0    0.0      0.0
  SINCE JUN 1      0.0                       0.0    0.0      0.0
  SINCE JUL 1      0.0                       0.0    0.0      0.0
  SNOW DEPTH       0

DEGREE DAYS
 HEATING
  YESTERDAY        0                         0      0        2
  MONTH TO DATE   13                        12      1        8
  SINCE JUN 1     79                       118    -39      152
  SINCE JUL 1     13                        12      1        8

 COOLING
  YESTERDAY        8                         5      3        0
  MONTH TO DATE  161                       115     46       96
  SINCE JUN 1    193                       172     21      139
  SINCE JAN 1    209                       179     30      179
..................................................................


WIND (MPH)
  RESULTANT WIND SPEED   2   RESULTANT WIND DIRECTION  SE (140)
  HIGHEST WIND SPEED    13   HIGHEST WIND DIRECTION     S (160)
  HIGHEST GUST SPEED    20   HIGHEST GUST DIRECTION     S (160)
  AVERAGE WIND SPEED     4.7


SKY COVER
  AVERAGE SKY COVER 0.6


WEATHER CONDITIONS
 THE FOLLOWING WEATHER WAS RECORDED YESTERDAY.
  THUNDERSTORM
  HEAVY RAIN
  LIGHT RAIN
  FOG


RELATIVE HUMIDITY (PERCENT)
 HIGHEST    93           100 AM
 LOWEST     37           100 PM
 AVERAGE    65

..........................................................


THE PORTLAND ME CLIMATE NORMALS FOR TODAY
                         NORMAL    RECORD    YEAR
 MAXIMUM TEMPERATURE (F)   79        95      1989
 MINIMUM TEMPERATURE (F)   60        45      1976


SUNRISE AND SUNSET
JULY 26 2016..........SUNRISE   525 AM EDT   SUNSET   810 PM EDT
JULY 27 2016..........SUNRISE   526 AM EDT   SUNSET   809 PM EDT


-  INDICATES NEGATIVE NUMBERS.
R  INDICATES RECORD WAS SET OR TIED.
MM INDICATES DATA IS MISSING.
T  INDICATES TRACE AMOUNT.




$$
