000
CDUS41 KGYX 232140
CLIPWM


CLIMATE REPORT
NATIONAL WEATHER SERVICE GRAY ME
440 PM EST THU NOV 23 2017


...................................

...THE PORTLAND ME CLIMATE SUMMARY FOR NOVEMBER 23 2017...
VALID TODAY AS OF 0400 PM LOCAL TIME.

CLIMATE NORMAL PERIOD 1981 TO 2010
CLIMATE RECORD PERIOD 1941 TO 2017


WEATHER ITEM   OBSERVED TIME   RECORD YEAR NORMAL DEPARTURE LAST
                VALUE   (LST)  VALUE       VALUE  FROM      YEAR
                                                  NORMAL
..................................................................
TEMPERATURE (F)
 TODAY
  MAXIMUM         41    219 PM  70    1999  45     -4       44
  MINIMUM         25    636 AM   7    1978  29     -4       27
  AVERAGE         33                        37     -4       36

PRECIPITATION (IN)
  TODAY            0.00          2.08 1874   0.16  -0.16     0.00
  MONTH TO DATE    2.10                      3.85  -1.75     2.47
  SINCE SEP 1      9.47                     12.41  -2.94    11.69
  SINCE JAN 1     40.17                     42.15  -1.98    35.22

SNOWFALL (IN)
  TODAY            0.0           8.2  1943   0.1   -0.1      0.0
  MONTH TO DATE    0.1                       1.0   -0.9      0.5
  SINCE SEP 1      0.1                       1.0   -0.9      0.5
  SINCE JUL 1      0.1                       1.0   -0.9      0.5
  SNOW DEPTH       0

DEGREE DAYS
 HEATING
  TODAY           32                        28      4       29
  MONTH TO DATE  595                       562     33      493
  SINCE SEP 1    934                      1241   -307     1035
  SINCE JUL 1    967                      1286   -319     1049

 COOLING
  TODAY            0                         0      0        0
  MONTH TO DATE    0                         0      0        0
  SINCE SEP 1     69                        31     38       68
  SINCE JAN 1    433                       359     74      553
..................................................................


WIND (MPH)
  HIGHEST WIND SPEED    13   HIGHEST WIND DIRECTION     W (270)
  HIGHEST GUST SPEED    18   HIGHEST GUST DIRECTION     W (270)
  AVERAGE WIND SPEED     5.8


SKY COVER
  POSSIBLE SUNSHINE  MM
  AVERAGE SKY COVER 0.4


WEATHER CONDITIONS
 THE FOLLOWING WEATHER WAS RECORDED TODAY.
  NO SIGNIFICANT WEATHER WAS OBSERVED.


RELATIVE HUMIDITY (PERCENT)
 HIGHEST    92           300 AM
 LOWEST     37           300 PM
 AVERAGE    65

..........................................................


THE PORTLAND ME CLIMATE NORMALS FOR TOMORROW
                         NORMAL    RECORD    YEAR
 MAXIMUM TEMPERATURE (F)   45        63      2014
 MINIMUM TEMPERATURE (F)   29         3      1989


SUNRISE AND SUNSET
NOVEMBER 23 2017......SUNRISE   646 AM EST   SUNSET   409 PM EST
NOVEMBER 24 2017......SUNRISE   647 AM EST   SUNSET   409 PM EST


-  INDICATES NEGATIVE NUMBERS.
R  INDICATES RECORD WAS SET OR TIED.
MM INDICATES DATA IS MISSING.
T  INDICATES TRACE AMOUNT.




$$
