000
CDUS46 KSGX 251417
CLIRAL


CLIMATE REPORT
NATIONAL WEATHER SERVICE SAN DIEGO, CA
617 AM PST THU DEC 25 2014


...................................

...THE RIVERSIDE MUNI AIRPORT CA CLIMATE SUMMARY FOR DECEMBER 24 2014...

CLIMATE NORMAL PERIOD 1981 TO 2010
CLIMATE RECORD PERIOD 1893 TO 2014


WEATHER ITEM   OBSERVED TIME   RECORD YEAR NORMAL DEPARTURE LAST
                VALUE   (LST)  VALUE       VALUE  FROM      YEAR
                                                  NORMAL
..................................................................
TEMPERATURE (F)
 YESTERDAY
  MAXIMUM         71    343 PM  86    2005  66      5       82
                                      1950
  MINIMUM         49   1150 PM  24    1953  42      7       48
  AVERAGE         60                        54      6       65

PRECIPITATION (IN)
  YESTERDAY        0.00          1.08 1940   0.05  -0.05     0.00
  MONTH TO DATE    2.89                      0.97   1.92     0.16
  SINCE JUL 1      3.54                      2.65   0.89     1.15
  SINCE JAN 1      5.26                     11.84  -6.58     3.36

SNOWFALL (IN)
  YESTERDAY        0.0
  MONTH TO DATE    0.0
  SINCE JAN 1      0.0
  SINCE JUL 1      0.0
  SNOW DEPTH       0

DEGREE DAYS
 HEATING
  YESTERDAY        5                        11     -6        0
  MONTH TO DATE  150                       250   -100      210
  SINCE DEC 1    150                       250   -100      210
  SINCE JUL 1    214                       450   -236      353

 COOLING
  YESTERDAY        0                         0      0        0
  MONTH TO DATE    5                         0      5       10
  SINCE DEC 1      5                         0      5       10
  SINCE JAN 1   2348                      1754    594     1996
..................................................................


WIND (MPH)
  RESULTANT WIND SPEED   2   RESULTANT WIND DIRECTION  NE (30)
  HIGHEST WIND SPEED    13   HIGHEST WIND DIRECTION    SW (240)
  HIGHEST GUST SPEED    15   HIGHEST GUST DIRECTION    SW (240)
  AVERAGE WIND SPEED     3.7


SKY COVER
  POSSIBLE SUNSHINE  MM
  AVERAGE SKY COVER 0.3


WEATHER CONDITIONS
 THE FOLLOWING WEATHER WAS RECORDED YESTERDAY.
  NO SIGNIFICANT WEATHER WAS OBSERVED.


RELATIVE HUMIDITY (PERCENT)
 HIGHEST    64          1100 PM
 LOWEST     26          1200 PM
 AVERAGE    45

..........................................................


THE RIVERSIDE MUNI AIRPORT CA CLIMATE NORMALS FOR TODAY
                         NORMAL    RECORD    YEAR
 MAXIMUM TEMPERATURE (F)   66        83      1980
 MINIMUM TEMPERATURE (F)   42        25      1953
                                             1926


SUNRISE AND SUNSET
DECEMBER 25 2014......SUNRISE   653 AM PST   SUNSET   447 PM PST
DECEMBER 26 2014......SUNRISE   653 AM PST   SUNSET   448 PM PST


-  INDICATES NEGATIVE NUMBERS.
R  INDICATES RECORD WAS SET OR TIED.
MM INDICATES DATA IS MISSING.
T  INDICATES TRACE AMOUNT.




$$
