000
CDUS46 KSGX 181140
CLIRAL


CLIMATE REPORT
NATIONAL WEATHER SERVICE SAN DIEGO, CA
430 AM PDT WED OCT 18 2017


...................................

...THE RIVERSIDE MUNI AIRPORT CA CLIMATE SUMMARY FOR OCTOBER 17 2017...

CLIMATE NORMAL PERIOD 1981 TO 2010
CLIMATE RECORD PERIOD 1893 TO 2017


WEATHER ITEM   OBSERVED TIME   RECORD YEAR NORMAL DEPARTURE LAST
                VALUE   (LST)  VALUE       VALUE  FROM      YEAR
                                                  NORMAL
..................................................................
TEMPERATURE (F)
 YESTERDAY
  MAXIMUM         97    204 PM 103    1958  81     16       76
  MINIMUM         61    630 AM  37    1946  55      6       59
  AVERAGE         79                        68     11       68

PRECIPITATION (IN)
  YESTERDAY        0.00          0.64 1948   0.01  -0.01     0.03
  MONTH TO DATE    0.00                      0.10  -0.10     0.03
  SINCE OCT 1      0.00                      0.10  -0.10     0.03
  SINCE JAN 1      8.46                      9.69  -1.23     4.31

DEGREE DAYS
 HEATING
  YESTERDAY        0                         1     -1        0
  MONTH TO DATE    0                         7     -7        0
  SINCE SEP 1      1                         9     -8        0
  SINCE JUL 1      1                         9     -8        0

 COOLING
  YESTERDAY       14                         4     10        3
  MONTH TO DATE  134                        96     38      105
  SINCE SEP 1    481                       430     51      455
  SINCE JAN 1   2129                      1688    441     2124
..................................................................


WIND (MPH)
  RESULTANT WIND SPEED   2   RESULTANT WIND DIRECTION   N (340)
  HIGHEST WIND SPEED    17   HIGHEST WIND DIRECTION     W (270)
  HIGHEST GUST SPEED    19   HIGHEST GUST DIRECTION     W (270)
  AVERAGE WIND SPEED     5.2


SKY COVER
  POSSIBLE SUNSHINE  MM
  AVERAGE SKY COVER 0.1


WEATHER CONDITIONS
 THE FOLLOWING WEATHER WAS RECORDED YESTERDAY.
  NO SIGNIFICANT WEATHER WAS OBSERVED.


RELATIVE HUMIDITY (PERCENT)
 HIGHEST    45          1100 PM
 LOWEST      9          1100 AM
 AVERAGE    27

..........................................................


THE RIVERSIDE MUNI AIRPORT CA CLIMATE NORMALS FOR TODAY
                         NORMAL    RECORD    YEAR
 MAXIMUM TEMPERATURE (F)   81       104      1921
 MINIMUM TEMPERATURE (F)   54        37      1904


SUNRISE AND SUNSET
OCTOBER 18 2017.......SUNRISE   658 AM PDT   SUNSET   612 PM PDT
OCTOBER 19 2017.......SUNRISE   658 AM PDT   SUNSET   611 PM PDT


-  INDICATES NEGATIVE NUMBERS.
R  INDICATES RECORD WAS SET OR TIED.
MM INDICATES DATA IS MISSING.
T  INDICATES TRACE AMOUNT.




$$
