000
CDUS46 KSGX 240016
CLIRAL


CLIMATE REPORT
NATIONAL WEATHER SERVICE SAN DIEGO, CA
516 PM PDT SAT MAY 23 2015


...................................

...THE RIVERSIDE MUNI AIRPORT CA CLIMATE SUMMARY FOR MAY 23 2015...
VALID TODAY AS OF 0500 PM LOCAL TIME.

CLIMATE NORMAL PERIOD 1981 TO 2010
CLIMATE RECORD PERIOD 1893 TO 2015


WEATHER ITEM   OBSERVED TIME   RECORD YEAR NORMAL DEPARTURE LAST
                VALUE   (LST)  VALUE       VALUE  FROM      YEAR
                                                  NORMAL
..................................................................
TEMPERATURE (F)
 TODAY
  MAXIMUM         69    350 PM  99    2001  81    -12       76
  MINIMUM         58    541 AM  40    1933  57      1       60
                                      1902
  AVERAGE         64                        69     -5       68

PRECIPITATION (IN)
  TODAY            0.00          0.23 1923   0.00   0.00      T
  MONTH TO DATE    0.60                      0.30   0.30      T
  SINCE OCT 1      5.75                     11.90  -6.15     2.71
  SINCE JAN 1      2.52                      9.09  -6.57     1.72

SNOWFALL (IN)
  TODAY            0.0
  MONTH TO DATE    0.0
  SINCE MAR 1      0.0
  SINCE JUL 1      0.0
  SNOW DEPTH       0

DEGREE DAYS
 HEATING
  TODAY            1                         0      1        0
  MONTH TO DATE   48                        22     26        8
  SINCE MAR 1    155                       334   -179      141
  SINCE JUL 1    762                      1442   -680      803

 COOLING
  TODAY            0                         4     -4        3
  MONTH TO DATE   38                        79    -41      149
  SINCE MAR 1    245                       133    112      272
  SINCE JAN 1    269                       142    127      301
..................................................................


WIND (MPH)
  RESULTANT WIND SPEED   1   RESULTANT WIND DIRECTION   W (280)
  HIGHEST WIND SPEED     9   HIGHEST WIND DIRECTION     W (280)
  HIGHEST GUST SPEED    13   HIGHEST GUST DIRECTION     W (280)
  AVERAGE WIND SPEED     2.0


SKY COVER
  POSSIBLE SUNSHINE  MM
  AVERAGE SKY COVER 1.0


WEATHER CONDITIONS
 THE FOLLOWING WEATHER WAS RECORDED TODAY.
  NO SIGNIFICANT WEATHER WAS OBSERVED.


RELATIVE HUMIDITY (PERCENT)
 HIGHEST    80          1200 AM
 LOWEST     55           400 PM
 AVERAGE    68

..........................................................


THE RIVERSIDE MUNI AIRPORT CA CLIMATE NORMALS FOR TOMORROW
                         NORMAL    RECORD    YEAR
 MAXIMUM TEMPERATURE (F)   81        99      1938
                                             1927
 MINIMUM TEMPERATURE (F)   57        39      1916


SUNRISE AND SUNSET
MAY 23 2015...........SUNRISE   544 AM PDT   SUNSET   750 PM PDT
MAY 24 2015...........SUNRISE   543 AM PDT   SUNSET   751 PM PDT


-  INDICATES NEGATIVE NUMBERS.
R  INDICATES RECORD WAS SET OR TIED.
MM INDICATES DATA IS MISSING.
T  INDICATES TRACE AMOUNT.




$$
