000
CDUS46 KSGX 220016
CLIRAL


CLIMATE REPORT
NATIONAL WEATHER SERVICE SAN DIEGO, CA
516 PM PDT TUE OCT 21 2014


...................................

...THE RIVERSIDE MUNI AIRPORT CA CLIMATE SUMMARY FOR OCTOBER 21 2014...
VALID TODAY AS OF 0500 PM LOCAL TIME.

CLIMATE NORMAL PERIOD 1981 TO 2010
CLIMATE RECORD PERIOD 1893 TO 2014


WEATHER ITEM   OBSERVED TIME   RECORD YEAR NORMAL DEPARTURE LAST
                VALUE   (LST)  VALUE       VALUE  FROM      YEAR
                                                  NORMAL
..................................................................
TEMPERATURE (F)
 TODAY
  MAXIMUM         82    254 PM 103    2003  81      1       84
  MINIMUM         58    637 AM  32    1949  54      4       51
  AVERAGE         70                        67      3       68

PRECIPITATION (IN)
  TODAY            0.00          0.25 1957   0.01  -0.01     0.00
  MONTH TO DATE    0.00                      0.14  -0.14     0.30
  SINCE JUL 1      0.37                      0.54  -0.17     0.46
  SINCE JAN 1      2.09                      9.73  -7.64     2.67

SNOWFALL (IN)
  TODAY            0.0
  MONTH TO DATE    0.0
  SINCE JAN 1      0.0
  SINCE JUL 1      0.0
  SNOW DEPTH       0

DEGREE DAYS
 HEATING
  TODAY            0                         1     -1        0
  MONTH TO DATE    0                        11    -11       16
  SINCE SEP 1      0                        13    -13       16
  SINCE JUL 1      0                        13    -13       16

 COOLING
  TODAY            5                         3      2        3
  MONTH TO DATE  190                       111     79       84
  SINCE SEP 1    642                       445    197      477
  SINCE JAN 1   2233                      1703    530     1946
..................................................................


WIND (MPH)
  RESULTANT WIND SPEED   1   RESULTANT WIND DIRECTION   W (280)
  HIGHEST WIND SPEED    12   HIGHEST WIND DIRECTION     W (270)
  HIGHEST GUST SPEED    16   HIGHEST GUST DIRECTION     W (270)
  AVERAGE WIND SPEED     2.2


SKY COVER
  POSSIBLE SUNSHINE  MM
  AVERAGE SKY COVER 0.4


WEATHER CONDITIONS
 THE FOLLOWING WEATHER WAS RECORDED TODAY.
  FOG
  HAZE


RELATIVE HUMIDITY (PERCENT)
 HIGHEST    97           800 AM
 LOWEST     37           300 PM
 AVERAGE    67

..........................................................


THE RIVERSIDE MUNI AIRPORT CA CLIMATE NORMALS FOR TOMORROW
                         NORMAL    RECORD    YEAR
 MAXIMUM TEMPERATURE (F)   80       103      1917
 MINIMUM TEMPERATURE (F)   53        34      1949


SUNRISE AND SUNSET
OCTOBER 21 2014.......SUNRISE   700 AM PDT   SUNSET   609 PM PDT
OCTOBER 22 2014.......SUNRISE   701 AM PDT   SUNSET   607 PM PDT


-  INDICATES NEGATIVE NUMBERS.
R  INDICATES RECORD WAS SET OR TIED.
MM INDICATES DATA IS MISSING.
T  INDICATES TRACE AMOUNT.




$$
