000
CDUS46 KSGX 301419
CLIRAL


CLIMATE REPORT
NATIONAL WEATHER SERVICE SAN DIEGO, CA
619 AM PST FRI JAN 30 2015


...................................

...THE RIVERSIDE MUNI AIRPORT CA CLIMATE SUMMARY FOR JANUARY 29 2015...

CLIMATE NORMAL PERIOD 1981 TO 2010
CLIMATE RECORD PERIOD 1893 TO 2015


WEATHER ITEM   OBSERVED TIME   RECORD YEAR NORMAL DEPARTURE LAST
                VALUE   (LST)  VALUE       VALUE  FROM      YEAR
                                                  NORMAL
..................................................................
TEMPERATURE (F)
 YESTERDAY
  MAXIMUM         74    114 PM  90    2003  66      8       80
  MINIMUM         60    709 AM  25    1948  44     16       56
  AVERAGE         67                        55     12       68

PRECIPITATION (IN)
  YESTERDAY        T             2.01 1915   0.08  -0.08     0.00
  MONTH TO DATE    0.55                      2.77  -2.22     0.00
  SINCE OCT 1      3.78                      5.58  -1.80     0.99
  SINCE JAN 1      0.55                      2.77  -2.22     0.00

SNOWFALL (IN)
  YESTERDAY        0.0
  MONTH TO DATE    0.0
  SINCE JAN 1      0.0
  SINCE JUL 1      0.0
  SNOW DEPTH       0

DEGREE DAYS
 HEATING
  YESTERDAY        0                        10    -10        0
  MONTH TO DATE  185                       294   -109      113
  SINCE DEC 1    444                       620   -176      358
  SINCE JUL 1    508                       820   -312      501

 COOLING
  YESTERDAY        2                         0      2        3
  MONTH TO DATE    7                         0      7       19
  SINCE DEC 1     12                         2     10       29
  SINCE JAN 1      7                         0      7       19
..................................................................


WIND (MPH)
  RESULTANT WIND SPEED   5   RESULTANT WIND DIRECTION   E (80)
  HIGHEST WIND SPEED    14   HIGHEST WIND DIRECTION    SE (120)
  HIGHEST GUST SPEED    18   HIGHEST GUST DIRECTION     E (110)
  AVERAGE WIND SPEED     5.0


SKY COVER
  POSSIBLE SUNSHINE  MM
  AVERAGE SKY COVER 0.6


WEATHER CONDITIONS
 THE FOLLOWING WEATHER WAS RECORDED YESTERDAY.
  LIGHT RAIN


RELATIVE HUMIDITY (PERCENT)
 HIGHEST    55           800 AM
 LOWEST     28           500 PM
 AVERAGE    42

..........................................................


THE RIVERSIDE MUNI AIRPORT CA CLIMATE NORMALS FOR TODAY
                         NORMAL    RECORD    YEAR
 MAXIMUM TEMPERATURE (F)   66        86      2003
 MINIMUM TEMPERATURE (F)   44        24      1949


SUNRISE AND SUNSET
JANUARY 30 2015.......SUNRISE   648 AM PST   SUNSET   518 PM PST
JANUARY 31 2015.......SUNRISE   647 AM PST   SUNSET   519 PM PST


-  INDICATES NEGATIVE NUMBERS.
R  INDICATES RECORD WAS SET OR TIED.
MM INDICATES DATA IS MISSING.
T  INDICATES TRACE AMOUNT.




$$
