000
CDUS43 KUNR 190038
CLIRAP


CLIMATE REPORT
NATIONAL WEATHER SERVICE RAPID CITY SD
537 PM MST SUN FEB 18 2018


...................................

...THE RAPID CITY AIRPORT SD CLIMATE SUMMARY FOR FEBRUARY 18 2018...
VALID TODAY AS OF 0500 PM LOCAL TIME.

CLIMATE NORMAL PERIOD 1981 TO 2010
CLIMATE RECORD PERIOD 1942 TO 2018


WEATHER ITEM   OBSERVED TIME   RECORD YEAR NORMAL DEPARTURE LAST
                VALUE   (LST)  VALUE       VALUE  FROM      YEAR
                                                  NORMAL
..................................................................
TEMPERATURE (F)
 TODAY
  MAXIMUM         33    824 AM  71    2016  40     -7       68
  MINIMUM          8    459 PM -23    2006  16     -8       35
  AVERAGE         21                        28     -7       52

PRECIPITATION (IN)
  TODAY            0.03          0.36 1971   0.02   0.01     0.00
  MONTH TO DATE    0.37                      0.23   0.14     0.22
  SINCE DEC 1      0.81                      0.95  -0.14     1.34
  SINCE JAN 1      0.54                      0.53   0.01     0.57

SNOWFALL (IN)
  TODAY            1.5           4.6  1971   0.2    1.3      0.0
  MONTH TO DATE    8.5                       3.2    5.3      4.8
  SINCE DEC 1     21.5                      13.0    8.5     24.6
  SINCE JUL 1     21.5                      20.8    0.7     27.4
  SNOW DEPTH       2

DEGREE DAYS
 HEATING
  TODAY           44                        37      7       13
  MONTH TO DATE  921                       694    227      629
  SINCE DEC 1   3439                      3175    264     3535
  SINCE JUL 1   4990                      4850    140     4758

 COOLING
  TODAY            0                         0      0        0
  MONTH TO DATE    0                         0      0        0
  SINCE DEC 1      0                         0      0        0
  SINCE JAN 1      0                         0      0        0
..................................................................


WIND (MPH)
  HIGHEST WIND SPEED    45   HIGHEST WIND DIRECTION     N (350)
  HIGHEST GUST SPEED    55   HIGHEST GUST DIRECTION     N (350)
  AVERAGE WIND SPEED    21.3


SKY COVER
  AVERAGE SKY COVER 0.5


WEATHER CONDITIONS
 THE FOLLOWING WEATHER WAS RECORDED TODAY.
  LIGHT SNOW
  FOG
  BLOWING SNOW


RELATIVE HUMIDITY (PERCENT)
 HIGHEST    96          1200 AM
 LOWEST     75          1000 AM
 AVERAGE    86

..........................................................


THE RAPID CITY AIRPORT SD CLIMATE NORMALS FOR TOMORROW
                         NORMAL    RECORD    YEAR
 MAXIMUM TEMPERATURE (F)   40        70      2017
 MINIMUM TEMPERATURE (F)   16       -12      2006


SUNRISE AND SUNSET
FEBRUARY 18 2018......SUNRISE   647 AM MST   SUNSET   526 PM MST
FEBRUARY 19 2018......SUNRISE   645 AM MST   SUNSET   527 PM MST


-  INDICATES NEGATIVE NUMBERS.
R  INDICATES RECORD WAS SET OR TIED.
MM INDICATES DATA IS MISSING.
T  INDICATES TRACE AMOUNT.




$$
