000
CDUS43 KUNR 160835
CLIRAP


CLIMATE REPORT
NATIONAL WEATHER SERVICE RAPID CITY SD
234 AM MDT TUE SEP 16 2014


...................................

...THE RAPID CITY AIRPORT SD CLIMATE SUMMARY FOR SEPTEMBER 15 2014...

CLIMATE NORMAL PERIOD 1981 TO 2010
CLIMATE RECORD PERIOD 1942 TO 2014


WEATHER ITEM   OBSERVED TIME   RECORD YEAR NORMAL DEPARTURE LAST
                VALUE   (LST)  VALUE       VALUE  FROM      YEAR
                                                  NORMAL
..................................................................
TEMPERATURE (F)
 YESTERDAY
  MAXIMUM         68    410 PM 103    1948  76     -8       71
  MINIMUM         33    550 AM  32    1965  46    -13       50
  AVERAGE         51                        61    -10       61

PRECIPITATION (IN)
  YESTERDAY        0.00          0.53 1967   0.04  -0.04     0.01
  MONTH TO DATE    0.52                      0.64  -0.12     0.55
  SINCE SEP 1      0.52                      0.64  -0.12     0.55
  SINCE JAN 1     17.12                     13.27   3.85    14.61

SNOWFALL (IN)
  YESTERDAY        0.0                       0.0    0.0      0.0
  MONTH TO DATE    T                         0.0    0.0      0.0
  SINCE SEP 1      T                         0.0    0.0      0.0
  SINCE JUL 1      T                         0.0    0.0      0.0
  SNOW DEPTH       0

DEGREE DAYS
 HEATING
  YESTERDAY       14                         6      8        4
  MONTH TO DATE  159                        58    101        8
  SINCE SEP 1    159                        58    101        8
  SINCE JUL 1    195                        95    100       13

 COOLING
  YESTERDAY        0                         2     -2        0
  MONTH TO DATE   14                        46    -32      106
  SINCE SEP 1     14                        46    -32      106
  SINCE JAN 1    377                       618   -241      697
..................................................................


WIND (MPH)
  HIGHEST WIND SPEED    23   HIGHEST WIND DIRECTION     S (160)
  HIGHEST GUST SPEED    27   HIGHEST GUST DIRECTION     S (160)
  AVERAGE WIND SPEED     8.2


SKY COVER
  AVERAGE SKY COVER 0.1


WEATHER CONDITIONS
 THE FOLLOWING WEATHER WAS RECORDED YESTERDAY.
  NO SIGNIFICANT WEATHER WAS OBSERVED.


RELATIVE HUMIDITY (PERCENT)
 HIGHEST    96           600 AM
 LOWEST     39           400 PM
 AVERAGE    68

..........................................................


THE RAPID CITY AIRPORT SD CLIMATE NORMALS FOR TODAY
                         NORMAL    RECORD    YEAR
 MAXIMUM TEMPERATURE (F)   76        95      1961
                                             1949
 MINIMUM TEMPERATURE (F)   46        30      1965


SUNRISE AND SUNSET
SEPTEMBER 16 2014.....SUNRISE   633 AM MDT   SUNSET   701 PM MDT
SEPTEMBER 17 2014.....SUNRISE   634 AM MDT   SUNSET   659 PM MDT


-  INDICATES NEGATIVE NUMBERS.
R  INDICATES RECORD WAS SET OR TIED.
MM INDICATES DATA IS MISSING.
T  INDICATES TRACE AMOUNT.




$$
