000
CDUS43 KUNR 270838
CLIRAP


CLIMATE REPORT
NATIONAL WEATHER SERVICE RAPID CITY SD
236 AM MDT FRI MAR 27 2015


...................................

...THE RAPID CITY AIRPORT SD CLIMATE SUMMARY FOR MARCH 26 2015...

CLIMATE NORMAL PERIOD 1981 TO 2010
CLIMATE RECORD PERIOD 1942 TO 2015


WEATHER ITEM   OBSERVED TIME   RECORD YEAR NORMAL DEPARTURE LAST
                VALUE   (LST)  VALUE       VALUE  FROM      YEAR
                                                  NORMAL
..................................................................
TEMPERATURE (F)
 YESTERDAY
  MAXIMUM         52   1102 AM  82    1993  51      1       68
  MINIMUM         26   1205 AM  -5    1965  26      0       28
  AVERAGE         39                        38      1       48

PRECIPITATION (IN)
  YESTERDAY        0.00          0.80 1950   0.03  -0.03     0.00
  MONTH TO DATE    0.10                      0.75  -0.65     0.88
  SINCE MAR 1      0.10                      0.75  -0.65     0.88
  SINCE JAN 1      0.53                      1.49  -0.96     1.37

SNOWFALL (IN)
  YESTERDAY        0.0           8.9  1950   0.3   -0.3      0.0
  MONTH TO DATE    1.2                       7.3   -6.1     11.5
  SINCE MAR 1      1.2                       7.3   -6.1     11.5
  SINCE JUL 1     36.2                      30.7    5.5     54.5
  SNOW DEPTH       0

DEGREE DAYS
 HEATING
  YESTERDAY       26                        26      0       17
  MONTH TO DATE  647                       789   -142      870
  SINCE MAR 1    647                       789   -142      870
  SINCE JUL 1   5755                      5999   -244     6503

 COOLING
  YESTERDAY        0                         0      0        0
  MONTH TO DATE    0                         0      0        0
  SINCE MAR 1      0                         0      0        0
  SINCE JAN 1      0                         0      0        0
..................................................................


WIND (MPH)
  HIGHEST WIND SPEED    35   HIGHEST WIND DIRECTION    NW (330)
  HIGHEST GUST SPEED    43   HIGHEST GUST DIRECTION    NW (320)
  AVERAGE WIND SPEED    11.9


SKY COVER
  AVERAGE SKY COVER 0.7


WEATHER CONDITIONS
 THE FOLLOWING WEATHER WAS RECORDED YESTERDAY.
  NO SIGNIFICANT WEATHER WAS OBSERVED.


RELATIVE HUMIDITY (PERCENT)
 HIGHEST    81          1200 AM
 LOWEST     39           900 AM
 AVERAGE    60

..........................................................


THE RAPID CITY AIRPORT SD CLIMATE NORMALS FOR TODAY
                         NORMAL    RECORD    YEAR
 MAXIMUM TEMPERATURE (F)   52        81      1946
 MINIMUM TEMPERATURE (F)   26         5      1944


SUNRISE AND SUNSET
MARCH 27 2015.........SUNRISE   643 AM MDT   SUNSET   713 PM MDT
MARCH 28 2015.........SUNRISE   641 AM MDT   SUNSET   714 PM MDT


-  INDICATES NEGATIVE NUMBERS.
R  INDICATES RECORD WAS SET OR TIED.
MM INDICATES DATA IS MISSING.
T  INDICATES TRACE AMOUNT.




$$
