000
CDUS43 KUNR 230832
CLIRAP


CLIMATE REPORT
NATIONAL WEATHER SERVICE RAPID CITY SD
230 AM MDT SAT AUG 23 2014


...................................

...THE RAPID CITY AIRPORT SD CLIMATE SUMMARY FOR AUGUST 22 2014...

CLIMATE NORMAL PERIOD 1981 TO 2010
CLIMATE RECORD PERIOD 1942 TO 2014


WEATHER ITEM   OBSERVED TIME   RECORD YEAR NORMAL DEPARTURE LAST
                VALUE   (LST)  VALUE       VALUE  FROM      YEAR
                                                  NORMAL
..................................................................
TEMPERATURE (F)
 YESTERDAY
  MAXIMUM         77    143 PM 104    1960  86     -9       83
                                      1949
  MINIMUM         61    505 AM  38    1966  56      5       54
  AVERAGE         69                        70     -1       69

PRECIPITATION (IN)
  YESTERDAY        T             1.06 1983   0.05  -0.05     0.00
  MONTH TO DATE    3.01                      1.18   1.83     2.04
  SINCE JUN 1     10.20                      5.56   4.64     6.07
  SINCE JAN 1     15.59                     12.25   3.34    13.69

SNOWFALL (IN)
  YESTERDAY        0.0                       0.0    0.0      0.0
  MONTH TO DATE    0.0                       0.0    0.0      0.0
  SINCE JUN 1      0.0                       0.0    0.0      0.0
  SINCE JUL 1      0.0                       0.0    0.0      0.0
  SNOW DEPTH       0

DEGREE DAYS
 HEATING
  YESTERDAY        0                         1     -1        0
  MONTH TO DATE    0                         6     -6        0
  SINCE JUN 1    150                       120     30       85
  SINCE JUL 1     22                        21      1        5

 COOLING
  YESTERDAY        4                         6     -2        4
  MONTH TO DATE  144                       176    -32      116
  SINCE JUN 1    333                       510   -177      454
  SINCE JAN 1    353                       525   -172      462
..................................................................


WIND (MPH)
  HIGHEST WIND SPEED    26   HIGHEST WIND DIRECTION     N (340)
  HIGHEST GUST SPEED    32   HIGHEST GUST DIRECTION     N (340)
  AVERAGE WIND SPEED     7.7


SKY COVER
  AVERAGE SKY COVER 0.6


WEATHER CONDITIONS
 THE FOLLOWING WEATHER WAS RECORDED YESTERDAY.
  LIGHT RAIN
  FOG


RELATIVE HUMIDITY (PERCENT)
 HIGHEST   100           400 AM
 LOWEST     60           300 PM
 AVERAGE    80

..........................................................


THE RAPID CITY AIRPORT SD CLIMATE NORMALS FOR TODAY
                         NORMAL    RECORD    YEAR
 MAXIMUM TEMPERATURE (F)   85       104      1949
 MINIMUM TEMPERATURE (F)   55        42      1966


SUNRISE AND SUNSET
AUGUST 23 2014........SUNRISE   605 AM MDT   SUNSET   744 PM MDT
AUGUST 24 2014........SUNRISE   606 AM MDT   SUNSET   742 PM MDT


-  INDICATES NEGATIVE NUMBERS.
R  INDICATES RECORD WAS SET OR TIED.
MM INDICATES DATA IS MISSING.
T  INDICATES TRACE AMOUNT.




$$
