000
CDUS43 KUNR 031900
CLIRAP

CLIMATE REPORT
NATIONAL WEATHER SERVICE RAPID CITY SD
1258 PM MDT WED JUN 3 2015

...................................

...THE RAPID CITY AIRPORT SD CLIMATE SUMMARY FOR JUNE 3 2015...
VALID AS OF 1100 AM LOCAL TIME.

CLIMATE NORMAL PERIOD 1981 TO 2010
CLIMATE RECORD PERIOD 1942 TO 2015

WEATHER ITEM   OBSERVED TIME   RECORD YEAR NORMAL DEPARTURE LAST
                VALUE   (LST)  VALUE       VALUE  FROM      YEAR
                                                  NORMAL
..................................................................
TEMPERATURE (F)
 TODAY
  MAXIMUM         61   1057 AM  94    1968  73    -12       61
  MINIMUM         53    445 AM  32    1998  48      5       52
  AVERAGE         57                        60     -3       57

PRECIPITATION (IN)
  TODAY            0.00          0.96 1995   0.12  -0.12     0.19
  MONTH TO DATE    1.22                      0.34   0.88     0.56
  SINCE JUN 1      1.22                      0.34   0.88     0.56
  SINCE JAN 1      9.27                      7.03   2.24     5.95

SNOWFALL (IN)
  TODAY            0.0           0.0    MM   0.0    0.0      0.0
  MONTH TO DATE    0.0                       0.0    0.0      0.0
  SINCE JUN 1      0.0                       0.0    0.0      0.0
  SINCE JUL 1     49.2                      41.1    8.1     63.8
  SNOW DEPTH       0

DEGREE DAYS
 HEATING
  TODAY            8                         6      2        8
  MONTH TO DATE    8                        18    -10       18
  SINCE JUN 1      8                        18    -10       18
  SINCE JUL 1   6796                      7072   -276     7657

 COOLING
  TODAY            0                         1     -1        0
  MONTH TO DATE    7                         3      4        0
  SINCE JUN 1      7                         3      4        0
  SINCE JAN 1      7                        18    -11       20
..................................................................

WIND (MPH)
  HIGHEST WIND SPEED    23   HIGHEST WIND DIRECTION     N (350)
  HIGHEST GUST SPEED    28   HIGHEST GUST DIRECTION     N (340)
  AVERAGE WIND SPEED    14.0

SKY COVER
  AVERAGE SKY COVER 0.5

WEATHER CONDITIONS
 THE FOLLOWING WEATHER WAS RECORDED TODAY.
  NO SIGNIFICANT WEATHER WAS OBSERVED.

RELATIVE HUMIDITY (PERCENT)
 HIGHEST    93           500 AM
 LOWEST     72          1100 AM
 AVERAGE    83

..........................................................

THE RAPID CITY AIRPORT SD CLIMATE NORMALS FOR TOMORROW
                         NORMAL    RECORD    YEAR
 MAXIMUM TEMPERATURE (F)   73        93      2012
 MINIMUM TEMPERATURE (F)   48        35      2009
                                             1943

SUNRISE AND SUNSET
JUNE  3 2015..........SUNRISE   511 AM MDT   SUNSET   830 PM MDT
JUNE  4 2015..........SUNRISE   511 AM MDT   SUNSET   831 PM MDT

-  INDICATES NEGATIVE NUMBERS.
R  INDICATES RECORD WAS SET OR TIED.
MM INDICATES DATA IS MISSING.
T  INDICATES TRACE AMOUNT.

$$
