649
CDUS43 KUNR 190859
CLIRAP


CLIMATE REPORT
NATIONAL WEATHER SERVICE RAPID CITY SD
159 AM MST THU JAN 19 2017


...................................

...THE RAPID CITY AIRPORT SD CLIMATE SUMMARY FOR JANUARY 18 2017...

CLIMATE NORMAL PERIOD 1981 TO 2010
CLIMATE RECORD PERIOD 1942 TO 2017


WEATHER ITEM   OBSERVED TIME   RECORD YEAR NORMAL DEPARTURE LAST
                VALUE   (LST)  VALUE       VALUE  FROM      YEAR
                                                  NORMAL
..................................................................
TEMPERATURE (F)
 YESTERDAY
  MAXIMUM         41    111 PM  59    2013  37      4       18
                                      1989
  MINIMUM         22    648 AM -27    1943  13      9       -1
  AVERAGE         32                        25      7        9

PRECIPITATION (IN)
  YESTERDAY        0.00          0.19 1975   0.01  -0.01      T
  MONTH TO DATE    0.11                      0.19  -0.08     0.09
  SINCE DEC 1      0.88                      0.61   0.27     0.72
  SINCE JAN 1      0.11                      0.19  -0.08     0.09

SNOWFALL (IN)
  YESTERDAY        0.0           2.2  1975   0.1   -0.1       T
  MONTH TO DATE    3.6                       2.5    1.1      1.3
  SINCE DEC 1     14.9                       7.9    7.0     13.8
  SINCE JUL 1     17.7                      15.7    2.0     20.4
  SNOW DEPTH       3

DEGREE DAYS
 HEATING
  YESTERDAY       33                        40     -7       56
  MONTH TO DATE  950                       722    228      801
  SINCE DEC 1   2444                      1963    481     1998
  SINCE JUL 1   3667                      3638     29     3443

 COOLING
  YESTERDAY        0                         0      0        0
  MONTH TO DATE    0                         0      0        0
  SINCE DEC 1      0                         0      0        0
  SINCE JAN 1      0                         0      0        0
..................................................................


WIND (MPH)
  HIGHEST WIND SPEED    18   HIGHEST WIND DIRECTION     N (340)
  HIGHEST GUST SPEED    21   HIGHEST GUST DIRECTION     N (340)
  AVERAGE WIND SPEED     4.1


SKY COVER
  AVERAGE SKY COVER 0.0


WEATHER CONDITIONS
 THE FOLLOWING WEATHER WAS RECORDED YESTERDAY.
  NO SIGNIFICANT WEATHER WAS OBSERVED.


RELATIVE HUMIDITY (PERCENT)
 HIGHEST    81           700 PM
 LOWEST     59           100 PM
 AVERAGE    70

..........................................................


THE RAPID CITY AIRPORT SD CLIMATE NORMALS FOR TODAY
                         NORMAL    RECORD    YEAR
 MAXIMUM TEMPERATURE (F)   37        66      2005
 MINIMUM TEMPERATURE (F)   13       -26      1963


SUNRISE AND SUNSET
JANUARY 19 2017.......SUNRISE   721 AM MST   SUNSET   445 PM MST
JANUARY 20 2017.......SUNRISE   721 AM MST   SUNSET   447 PM MST


-  INDICATES NEGATIVE NUMBERS.
R  INDICATES RECORD WAS SET OR TIED.
MM INDICATES DATA IS MISSING.
T  INDICATES TRACE AMOUNT.




$$
