261
CDUS43 KUNR 250848
CLIRAP


CLIMATE REPORT
NATIONAL WEATHER SERVICE RAPID CITY SD
244 AM MDT WED MAY 25 2016


...................................

...THE RAPID CITY AIRPORT SD CLIMATE SUMMARY FOR MAY 24 2016...

CLIMATE NORMAL PERIOD 1981 TO 2010
CLIMATE RECORD PERIOD 1942 TO 2016


WEATHER ITEM   OBSERVED TIME   RECORD YEAR NORMAL DEPARTURE LAST
                VALUE   (LST)  VALUE       VALUE  FROM      YEAR
                                                  NORMAL
..................................................................
TEMPERATURE (F)
 YESTERDAY
  MAXIMUM         71    228 PM  89    1985  70      1       58
  MINIMUM         45    333 AM  23    2002  45      0       52
  AVERAGE         58                        57      1       55

PRECIPITATION (IN)
  YESTERDAY        0.30          1.38 2010   0.10   0.20     1.15
  MONTH TO DATE    0.62                      2.45  -1.83     6.32
  SINCE MAR 1      3.56                      5.18  -1.62     7.08
  SINCE JAN 1      4.42                      5.92  -1.50     7.51

SNOWFALL (IN)
  YESTERDAY        0.0           0.0    MM   0.0    0.0      0.0
  MONTH TO DATE    T                         1.1   -1.1     13.0
  SINCE MAR 1     10.2                      17.7   -7.5     14.2
  SINCE JUL 1     36.3                      41.1   -4.8     49.2
  SNOW DEPTH       0

DEGREE DAYS
 HEATING
  YESTERDAY        7                         8     -1       10
  MONTH TO DATE  283                       275      8      343
  SINCE MAR 1   1566                      1794   -228     1625
  SINCE JUL 1   6261                      7004   -743     6733

 COOLING
  YESTERDAY        0                         0      0        0
  MONTH TO DATE    0                         0      0        0
  SINCE MAR 1      0                         2     -2        0
  SINCE JAN 1      0                         2     -2        0
..................................................................


WIND (MPH)
  HIGHEST WIND SPEED    40   HIGHEST WIND DIRECTION    SE (140)
  HIGHEST GUST SPEED    52   HIGHEST GUST DIRECTION     S (160)
  AVERAGE WIND SPEED     9.5


SKY COVER
  AVERAGE SKY COVER 0.2


WEATHER CONDITIONS
 THE FOLLOWING WEATHER WAS RECORDED YESTERDAY.
  THUNDERSTORM
  RAIN
  LIGHT RAIN
  FOG


RELATIVE HUMIDITY (PERCENT)
 HIGHEST    89          1000 PM
 LOWEST     37          1200 PM
 AVERAGE    63

..........................................................


THE RAPID CITY AIRPORT SD CLIMATE NORMALS FOR TODAY
                         NORMAL    RECORD    YEAR
 MAXIMUM TEMPERATURE (F)   70        86      1985
 MINIMUM TEMPERATURE (F)   45        30      1992


SUNRISE AND SUNSET
MAY 25 2016...........SUNRISE   516 AM MDT   SUNSET   823 PM MDT
MAY 26 2016...........SUNRISE   516 AM MDT   SUNSET   824 PM MDT


-  INDICATES NEGATIVE NUMBERS.
R  INDICATES RECORD WAS SET OR TIED.
MM INDICATES DATA IS MISSING.
T  INDICATES TRACE AMOUNT.




$$
