000
CDUS43 KUNR 010037
CLIRAP


CLIMATE REPORT
NATIONAL WEATHER SERVICE RAPID CITY SD
636 PM MDT SUN APR 30 2017


...................................

...THE RAPID CITY AIRPORT SD CLIMATE SUMMARY FOR APRIL 30 2017...
VALID TODAY AS OF 0500 PM LOCAL TIME.

CLIMATE NORMAL PERIOD 1981 TO 2010
CLIMATE RECORD PERIOD 1942 TO 2017


WEATHER ITEM   OBSERVED TIME   RECORD YEAR NORMAL DEPARTURE LAST
                VALUE   (LST)  VALUE       VALUE  FROM      YEAR
                                                  NORMAL
..................................................................
TEMPERATURE (F)
 TODAY
  MAXIMUM         60    417 PM  92    1992  63     -3       51
  MINIMUM         28   1245 AM   9    1950  37     -9       37
  AVERAGE         44                        50     -6       44

PRECIPITATION (IN)
  TODAY            0.00          2.06 1967   0.09  -0.09     0.01
  MONTH TO DATE    1.77                      1.80  -0.03     1.85
  SINCE MAR 1      2.30                      2.73  -0.43     2.94
  SINCE JAN 1      3.11                      3.47  -0.36     3.80

SNOWFALL (IN)
  TODAY            0.0          13.6  1967   0.2   -0.2      0.0
  MONTH TO DATE    4.7                       7.9   -3.2      4.2
  SINCE MAR 1      5.2                      16.6  -11.4     10.2
  SINCE JUL 1     35.7                      40.0   -4.3     36.3
  SNOW DEPTH       0

DEGREE DAYS
 HEATING
  TODAY           21                        15      6       21
  MONTH TO DATE  576                       602    -26      531
  SINCE MAR 1   1365                      1519   -154     1283
  SINCE JUL 1   6421                      6729   -308     5978

 COOLING
  TODAY            0                         0      0        0
  MONTH TO DATE    0                         2     -2        0
  SINCE MAR 1      0                         2     -2        0
  SINCE JAN 1      0                         2     -2        0
..................................................................


WIND (MPH)
  HIGHEST WIND SPEED    20   HIGHEST WIND DIRECTION     N (350)
  HIGHEST GUST SPEED    23   HIGHEST GUST DIRECTION     N (350)
  AVERAGE WIND SPEED    10.8


SKY COVER
  AVERAGE SKY COVER 0.0


WEATHER CONDITIONS
 THE FOLLOWING WEATHER WAS RECORDED TODAY.
  NO SIGNIFICANT WEATHER WAS OBSERVED.


RELATIVE HUMIDITY (PERCENT)
 HIGHEST    63          1200 AM
 LOWEST     22           300 PM
 AVERAGE    43

..........................................................


THE RAPID CITY AIRPORT SD CLIMATE NORMALS FOR TOMORROW
                         NORMAL    RECORD    YEAR
 MAXIMUM TEMPERATURE (F)   64        88      1955
 MINIMUM TEMPERATURE (F)   37        18      1950


SUNRISE AND SUNSET
APRIL 30 2017.........SUNRISE   545 AM MDT   SUNSET   755 PM MDT
MAY  1 2017...........SUNRISE   543 AM MDT   SUNSET   756 PM MDT


-  INDICATES NEGATIVE NUMBERS.
R  INDICATES RECORD WAS SET OR TIED.
MM INDICATES DATA IS MISSING.
T  INDICATES TRACE AMOUNT.




$$
