710
CDUS43 KUNR 090830
CLIRAP


CLIMATE REPORT
NATIONAL WEATHER SERVICE RAPID CITY SD
130 AM MST FRI DEC 9 2016


...................................

...THE RAPID CITY AIRPORT SD CLIMATE SUMMARY FOR DECEMBER 8 2016...

CLIMATE NORMAL PERIOD 1981 TO 2010
CLIMATE RECORD PERIOD 1942 TO 2016


WEATHER ITEM   OBSERVED TIME   RECORD YEAR NORMAL DEPARTURE LAST
                VALUE   (LST)  VALUE       VALUE  FROM      YEAR
                                                  NORMAL
..................................................................
TEMPERATURE (F)
 YESTERDAY
  MAXIMUM         14    150 PM  62    1984  38    -24       57
  MINIMUM         -6    933 PM -23    1972  14    -20       32
  AVERAGE          4                        26    -22       45

PRECIPITATION (IN)
  YESTERDAY        0.00          0.18 2007   0.01  -0.01      T
  MONTH TO DATE    T                         0.10  -0.10     0.14
  SINCE DEC 1      T                         0.10  -0.10     0.14
  SINCE JAN 1     12.50                     15.97  -3.47    24.76

SNOWFALL (IN)
  YESTERDAY        0.0           3.9  2007   0.1   -0.1      0.0
  MONTH TO DATE    T                         1.4   -1.4      2.5
  SINCE DEC 1      T                         1.4   -1.4      2.5
  SINCE JUL 1      2.8                       9.2   -6.4      9.1
  SNOW DEPTH       0

DEGREE DAYS
 HEATING
  YESTERDAY       61                        39     22       20
  MONTH TO DATE  350                       307     43      226
  SINCE DEC 1    350                       307     43      226
  SINCE JUL 1   1573                      1982   -409     1671

 COOLING
  YESTERDAY        0                         0      0        0
  MONTH TO DATE    0                         0      0        0
  SINCE DEC 1      0                         0      0        0
  SINCE JAN 1    646                       636     10      577
..................................................................


WIND (MPH)
  HIGHEST WIND SPEED    20   HIGHEST WIND DIRECTION     N (340)
  HIGHEST GUST SPEED    23   HIGHEST GUST DIRECTION     N (350)
  AVERAGE WIND SPEED     5.1


SKY COVER
  AVERAGE SKY COVER 0.0


WEATHER CONDITIONS
 THE FOLLOWING WEATHER WAS RECORDED YESTERDAY.
  NO SIGNIFICANT WEATHER WAS OBSERVED.


RELATIVE HUMIDITY (PERCENT)
 HIGHEST    82           900 PM
 LOWEST     48           100 PM
 AVERAGE    65

..........................................................


THE RAPID CITY AIRPORT SD CLIMATE NORMALS FOR TODAY
                         NORMAL    RECORD    YEAR
 MAXIMUM TEMPERATURE (F)   37        70      1957
 MINIMUM TEMPERATURE (F)   14       -19      1972


SUNRISE AND SUNSET
DECEMBER  9 2016......SUNRISE   716 AM MST   SUNSET   414 PM MST
DECEMBER 10 2016......SUNRISE   717 AM MST   SUNSET   414 PM MST


-  INDICATES NEGATIVE NUMBERS.
R  INDICATES RECORD WAS SET OR TIED.
MM INDICATES DATA IS MISSING.
T  INDICATES TRACE AMOUNT.




$$
