000
CDUS46 KMFR 290835
CLIRBG


CLIMATE REPORT
NATIONAL WEATHER SERVICE MEDFORD, OR
135 AM PDT MON MAY 29 2017


...................................

...THE ROSEBURG OR CLIMATE SUMMARY FOR MAY 28 2017...

CLIMATE NORMAL PERIOD 1981 TO 2010
CLIMATE RECORD PERIOD 1931 TO 2017


WEATHER ITEM   OBSERVED TIME   RECORD YEAR NORMAL DEPARTURE LAST
                VALUE   (LST)  VALUE       VALUE  FROM      YEAR
                                                  NORMAL
..................................................................
TEMPERATURE (F)
 YESTERDAY
  MAXIMUM         81    435 PM  90    2009  72      9       79
                                      2005
  MINIMUM         54    525 AM  37    1951  49      5       44
  AVERAGE         68                        61      7       62

PRECIPITATION (IN)
  YESTERDAY        0.00          0.84 2005   0.07  -0.07     0.00
  MONTH TO DATE    1.14                      2.09  -0.95     0.85
  SINCE OCT 1     41.55                     33.10   8.45    36.82
  SINCE JAN 1     22.63                     17.45   5.18    17.63

SNOWFALL (IN)
  YESTERDAY        0.0                      MM     MM       MM
  MONTH TO DATE    0.0                      MM     MM       MM
  SINCE JUL 1      0.0                      MM     MM        0.0
  SNOW DEPTH       0

DEGREE DAYS
 HEATING
  YESTERDAY        0                         5     -5        3
  MONTH TO DATE  152                       203    -51      116
  SINCE MAR 1    965                      1098   -133      734
  SINCE JUL 1   3681                      3967   -286     3087

 COOLING
  YESTERDAY        3                         1      2        0
  MONTH TO DATE   48                        16     32       19
  SINCE MAR 1     48                        17     31       37
  SINCE JAN 1     48                        17     31       37
..................................................................


WIND (MPH)
  RESULTANT WIND SPEED   5   RESULTANT WIND DIRECTION   N (360)
  HIGHEST WIND SPEED    15   HIGHEST WIND DIRECTION     N (10)
  HIGHEST GUST SPEED    20   HIGHEST GUST DIRECTION     N (360)
  AVERAGE WIND SPEED     5.8


SKY COVER
  POSSIBLE SUNSHINE  MM
  AVERAGE SKY COVER 0.3


WEATHER CONDITIONS
 THE FOLLOWING WEATHER WAS RECORDED YESTERDAY.
  NO SIGNIFICANT WEATHER WAS OBSERVED.


RELATIVE HUMIDITY (PERCENT)
 HIGHEST    89           400 AM
 LOWEST     42           400 PM
 AVERAGE    66

..........................................................


THE ROSEBURG OR CLIMATE NORMALS FOR TODAY
                         NORMAL    RECORD    YEAR
 MAXIMUM TEMPERATURE (F)   72        93      1931
 MINIMUM TEMPERATURE (F)   49        37      1959


SUNRISE AND SUNSET
MAY 29 2017...........SUNRISE   538 AM PDT   SUNSET   845 PM PDT
MAY 30 2017...........SUNRISE   537 AM PDT   SUNSET   845 PM PDT


-  INDICATES NEGATIVE NUMBERS.
R  INDICATES RECORD WAS SET OR TIED.
MM INDICATES DATA IS MISSING.
T  INDICATES TRACE AMOUNT.




$$
