000
CDUS46 KMFR 051226
CLIRBG


CLIMATE REPORT
NATIONAL WEATHER SERVICE MEDFORD, OR
415 AM PST THU MAR 5 2015


...................................

...THE ROSEBURG OR CLIMATE SUMMARY FOR MARCH 4 2015...

CLIMATE NORMAL PERIOD 1981 TO 2010
CLIMATE RECORD PERIOD 1931 TO 2015


WEATHER ITEM   OBSERVED TIME   RECORD YEAR NORMAL DEPARTURE LAST
                VALUE   (LST)  VALUE       VALUE  FROM      YEAR
                                                  NORMAL
..................................................................
TEMPERATURE (F)
 YESTERDAY
  MAXIMUM         62    452 PM  76    1987  56      6       66
  MINIMUM         31    646 AM  24    1955  38     -7       45
  AVERAGE         47                        47      0       56

PRECIPITATION (IN)
  YESTERDAY        0.00          1.12 1956   0.09  -0.09      T
  MONTH TO DATE    0.03                      0.40  -0.37     0.45
  SINCE OCT 1     20.49                     25.09  -4.60    11.60
  SINCE JAN 1      6.21                      9.44  -3.23     7.90

SNOWFALL (IN)
  YESTERDAY        0.0                      MM     MM       MM
  MONTH TO DATE    0.0                      MM     MM       MM
  SINCE JUL 1      0.0                      MM     MM        0.0
  SNOW DEPTH       0

DEGREE DAYS
 HEATING
  YESTERDAY       18                        18      0        9
  MONTH TO DATE   75                        72      3       38
  SINCE MAR 1     75                        72      3       38
  SINCE JUL 1   2132                      2941   -809     2965

 COOLING
  YESTERDAY        0                         0      0        0
  MONTH TO DATE    0                         0      0        0
  SINCE MAR 1      0                         0      0        0
  SINCE JAN 1      0                         0      0        0
..................................................................


WIND (MPH)
  RESULTANT WIND SPEED   0   RESULTANT WIND DIRECTION   N (360)
  HIGHEST WIND SPEED     8   HIGHEST WIND DIRECTION    NW (330)
  HIGHEST GUST SPEED    11   HIGHEST GUST DIRECTION    NW (330)
  AVERAGE WIND SPEED     1.4


SKY COVER
  POSSIBLE SUNSHINE  MM
  AVERAGE SKY COVER 0.2


WEATHER CONDITIONS
 THE FOLLOWING WEATHER WAS RECORDED YESTERDAY.
  FOG
  FOG W/VISIBILITY <= 1/4 MILE


RELATIVE HUMIDITY (PERCENT)
 HIGHEST   100           900 AM
 LOWEST     34           400 PM
 AVERAGE    67

..........................................................


THE ROSEBURG OR CLIMATE NORMALS FOR TODAY
                         NORMAL    RECORD    YEAR
 MAXIMUM TEMPERATURE (F)   57        71      1986
 MINIMUM TEMPERATURE (F)   39        21      1955


SUNRISE AND SUNSET
MARCH  5 2015.........SUNRISE   643 AM PST   SUNSET   607 PM PST
MARCH  6 2015.........SUNRISE   641 AM PST   SUNSET   609 PM PST


-  INDICATES NEGATIVE NUMBERS.
R  INDICATES RECORD WAS SET OR TIED.
MM INDICATES DATA IS MISSING.
T  INDICATES TRACE AMOUNT.




$$
