000
CDUS46 KMFR 270837
CLIRBG


CLIMATE REPORT
NATIONAL WEATHER SERVICE MEDFORD, OR
137 AM PDT THU JUL 27 2017


...................................

...THE ROSEBURG OR CLIMATE SUMMARY FOR JULY 26 2017...

CLIMATE NORMAL PERIOD 1981 TO 2010
CLIMATE RECORD PERIOD 1931 TO 2017


WEATHER ITEM   OBSERVED TIME   RECORD YEAR NORMAL DEPARTURE LAST
                VALUE   (LST)  VALUE       VALUE  FROM      YEAR
                                                  NORMAL
..................................................................
TEMPERATURE (F)
 YESTERDAY
  MAXIMUM         92    333 PM 104    1998  86      6       91
                                      1939
  MINIMUM         65    551 AM  45    1953  57      8       59
  AVERAGE         79                        72      7       75

PRECIPITATION (IN)
  YESTERDAY        0.00          1.43 1947   0.01  -0.01     0.00
  MONTH TO DATE    0.00                      0.37  -0.37     0.77
  SINCE OCT 1     42.38                     34.78   7.60    38.45
  SINCE JAN 1     23.46                     19.13   4.33    19.26

SNOWFALL (IN)
  YESTERDAY       MM                        MM     MM       MM
  MONTH TO DATE   MM                        MM     MM       MM
  SINCE JUL 1     MM                        MM     MM       MM
  SNOW DEPTH      MM

DEGREE DAYS
 HEATING
  YESTERDAY        0                         0      0        0
  MONTH TO DATE    0                         8     -8        3
  SINCE JUN 1     64                        91    -27       67
  SINCE JUL 1      0                         8     -8        3

 COOLING
  YESTERDAY       14                         7      7       10
  MONTH TO DATE  188                       141     47      130
  SINCE JUN 1    293                       191    102      266
  SINCE JAN 1    342                       211    131      309
..................................................................


WIND (MPH)
  RESULTANT WIND SPEED   3   RESULTANT WIND DIRECTION   N (350)
  HIGHEST WIND SPEED    15   HIGHEST WIND DIRECTION    NW (330)
  HIGHEST GUST SPEED    21   HIGHEST GUST DIRECTION     N (350)
  AVERAGE WIND SPEED     4.3


SKY COVER
  POSSIBLE SUNSHINE  MM
  AVERAGE SKY COVER 0.0


WEATHER CONDITIONS
 THE FOLLOWING WEATHER WAS RECORDED YESTERDAY.
  NO SIGNIFICANT WEATHER WAS OBSERVED.


RELATIVE HUMIDITY (PERCENT)
 HIGHEST    68           400 AM
 LOWEST     29           300 PM
 AVERAGE    49

..........................................................


THE ROSEBURG OR CLIMATE NORMALS FOR TODAY
                         NORMAL    RECORD    YEAR
 MAXIMUM TEMPERATURE (F)   86       107      1998
 MINIMUM TEMPERATURE (F)   57        44      1957


SUNRISE AND SUNSET
JULY 27 2017..........SUNRISE   559 AM PDT   SUNSET   840 PM PDT
JULY 28 2017..........SUNRISE   600 AM PDT   SUNSET   839 PM PDT


-  INDICATES NEGATIVE NUMBERS.
R  INDICATES RECORD WAS SET OR TIED.
MM INDICATES DATA IS MISSING.
T  INDICATES TRACE AMOUNT.




$$
