000
CDUS46 KMFR 030836
CLIRBG


CLIMATE REPORT
NATIONAL WEATHER SERVICE MEDFORD, OR
136 AM PDT TUE MAY 3 2016


...................................

...THE ROSEBURG OR CLIMATE SUMMARY FOR MAY 2 2016...

CLIMATE NORMAL PERIOD 1981 TO 2010
CLIMATE RECORD PERIOD 1931 TO 2016


WEATHER ITEM   OBSERVED TIME   RECORD YEAR NORMAL DEPARTURE LAST
                VALUE   (LST)  VALUE       VALUE  FROM      YEAR
                                                  NORMAL
..................................................................
TEMPERATURE (F)
 YESTERDAY
  MAXIMUM         86R   307 PM  86    1937  67     19       75
                                      1992
  MINIMUM         52    608 AM  31    1964  45      7       49
  AVERAGE         69                        56     13       62

PRECIPITATION (IN)
  YESTERDAY        0.05          0.72 1941   0.08  -0.03     0.00
  MONTH TO DATE    0.05                      0.17  -0.12     0.00
  SINCE OCT 1     36.02                     31.18   4.84    24.48
  SINCE JAN 1     16.83                     15.53   1.30    10.20

SNOWFALL (IN)
  YESTERDAY       MM                        MM     MM       MM
  MONTH TO DATE   MM                        MM     MM       MM
  SINCE JUL 1      0.0                      MM     MM        0.0
  SNOW DEPTH      MM

DEGREE DAYS
 HEATING
  YESTERDAY        0                         9     -9        3
  MONTH TO DATE    2                        19    -17        5
  SINCE MAR 1    620                       914   -294      668
  SINCE JUL 1   2973                      3783   -810     2725

 COOLING
  YESTERDAY        4                         0      4        0
  MONTH TO DATE    4                         0      4        0
  SINCE MAR 1     22                         1     21        1
  SINCE JAN 1     22                         1     21        1
..................................................................


WIND (MPH)
  RESULTANT WIND SPEED   1   RESULTANT WIND DIRECTION   W (290)
  HIGHEST WIND SPEED    14   HIGHEST WIND DIRECTION     N (360)
  HIGHEST GUST SPEED    20   HIGHEST GUST DIRECTION    NW (320)
  AVERAGE WIND SPEED     2.3


SKY COVER
  POSSIBLE SUNSHINE  MM
  AVERAGE SKY COVER 0.1


WEATHER CONDITIONS
 THE FOLLOWING WEATHER WAS RECORDED YESTERDAY.
  THUNDERSTORM
  HEAVY RAIN
  RAIN


RELATIVE HUMIDITY (PERCENT)
 HIGHEST    89           600 AM
 LOWEST     18           300 PM
 AVERAGE    54

..........................................................


THE ROSEBURG OR CLIMATE NORMALS FOR TODAY
                         NORMAL    RECORD    YEAR
 MAXIMUM TEMPERATURE (F)   67        90      1944
 MINIMUM TEMPERATURE (F)   45        36      2001
                                             1981


SUNRISE AND SUNSET
MAY  3 2016...........SUNRISE   603 AM PDT   SUNSET   818 PM PDT
MAY  4 2016...........SUNRISE   602 AM PDT   SUNSET   819 PM PDT


-  INDICATES NEGATIVE NUMBERS.
R  INDICATES RECORD WAS SET OR TIED.
MM INDICATES DATA IS MISSING.
T  INDICATES TRACE AMOUNT.




$$
