000
CDUS46 KMFR 300041
CLIRBG


CLIMATE REPORT
NATIONAL WEATHER SERVICE MEDFORD, OR
541 PM PDT SUN MAR 29 2015


...................................

...THE ROSEBURG OR CLIMATE SUMMARY FOR MARCH 29 2015...
VALID TODAY AS OF 0500 PM LOCAL TIME.

CLIMATE NORMAL PERIOD 1981 TO 2010
CLIMATE RECORD PERIOD 1931 TO 2015


WEATHER ITEM   OBSERVED TIME   RECORD YEAR NORMAL DEPARTURE LAST
                VALUE   (LST)  VALUE       VALUE  FROM      YEAR
                                                  NORMAL
..................................................................
TEMPERATURE (F)
 TODAY
  MAXIMUM         73    351 PM  80    2004  59     14       56
  MINIMUM         41    634 AM  27    1976  40      1       42
  AVERAGE         57                        50      7       49

PRECIPITATION (IN)
  TODAY            0.00          1.40 2005   0.13  -0.13
  MONTH TO DATE    2.80                      3.26  -0.46
  SINCE OCT 1     23.26                     27.95  -4.69
  SINCE JAN 1      8.98                     12.30  -3.32

SNOWFALL (IN)
  TODAY           MM                        MM     MM       MM
  MONTH TO DATE    0.0                      MM     MM       MM
  SINCE JUL 1      0.0                      MM     MM        0.0
  SNOW DEPTH      MM

DEGREE DAYS
 HEATING
  TODAY            8                        15     -7       16
  MONTH TO DATE  298                       480   -182      361
  SINCE MAR 1    298                       480   -182      361
  SINCE JUL 1   2355                      3349   -994     3288

 COOLING
  TODAY            0                         0      0        0
  MONTH TO DATE    0                         0      0        0
  SINCE MAR 1      0                         0      0        0
  SINCE JAN 1      0                         0      0        0
..................................................................







THE ROSEBURG OR CLIMATE NORMALS FOR TOMORROW
                         NORMAL    RECORD    YEAR
 MAXIMUM TEMPERATURE (F)   59        82      2003
                                             1991
 MINIMUM TEMPERATURE (F)   40        26      1954


SUNRISE AND SUNSET
MARCH 29 2015.........SUNRISE   701 AM PDT   SUNSET   736 PM PDT
MARCH 30 2015.........SUNRISE   659 AM PDT   SUNSET   737 PM PDT


-  INDICATES NEGATIVE NUMBERS.
R  INDICATES RECORD WAS SET OR TIED.
MM INDICATES DATA IS MISSING.
T  INDICATES TRACE AMOUNT.




$$
