000
CDUS46 KMFR 200836
CLIRBG


CLIMATE REPORT
NATIONAL WEATHER SERVICE MEDFORD, OR
135 AM PDT WED SEP 20 2017


...................................

...THE ROSEBURG OR CLIMATE SUMMARY FOR SEPTEMBER 19 2017...

CLIMATE NORMAL PERIOD 1981 TO 2010
CLIMATE RECORD PERIOD 1931 TO 2017


WEATHER ITEM   OBSERVED TIME   RECORD YEAR NORMAL DEPARTURE LAST
                VALUE   (LST)  VALUE       VALUE  FROM      YEAR
                                                  NORMAL
..................................................................
TEMPERATURE (F)
 YESTERDAY
  MAXIMUM         65   1202 PM  95    1939  78    -13       76
  MINIMUM         53    711 AM  34    1965  51      2       52
  AVERAGE         59                        64     -5       64

PRECIPITATION (IN)
  YESTERDAY        0.08          0.65 2010   0.04   0.04     0.00
  MONTH TO DATE    0.30                      0.51  -0.21     0.03
  SINCE OCT 1     42.68                     35.81   6.87    38.48
  SINCE JAN 1     23.76                     20.16   3.60    19.29

SNOWFALL (IN)
  YESTERDAY       MM                        MM     MM       MM
  MONTH TO DATE   MM                        MM     MM       MM
  SINCE JUL 1     MM                        MM     MM       MM
  SNOW DEPTH      MM

DEGREE DAYS
 HEATING
  YESTERDAY        6                         2      4        1
  MONTH TO DATE   14                        26    -12        8
  SINCE SEP 1     14                        26    -12        8
  SINCE JUL 1     14                        47    -33       11

 COOLING
  YESTERDAY        0                         2     -2        0
  MONTH TO DATE  124                        54     70       44
  SINCE SEP 1    124                        54     70       44
  SINCE JAN 1    849                       465    384      705
..................................................................


WIND (MPH)
  RESULTANT WIND SPEED   4   RESULTANT WIND DIRECTION  SE (150)
  HIGHEST WIND SPEED    13   HIGHEST WIND DIRECTION    SW (220)
  HIGHEST GUST SPEED    18   HIGHEST GUST DIRECTION    SW (220)
  AVERAGE WIND SPEED     4.7


SKY COVER
  POSSIBLE SUNSHINE  MM
  AVERAGE SKY COVER 0.9


WEATHER CONDITIONS
 THE FOLLOWING WEATHER WAS RECORDED YESTERDAY.
  LIGHT RAIN
  FOG


RELATIVE HUMIDITY (PERCENT)
 HIGHEST    93          1000 PM
 LOWEST     60          1200 PM
 AVERAGE    77

..........................................................


THE ROSEBURG OR CLIMATE NORMALS FOR TODAY
                         NORMAL    RECORD    YEAR
 MAXIMUM TEMPERATURE (F)   78        98      2014
                                             1974
 MINIMUM TEMPERATURE (F)   50        38      1965
                                             1958


SUNRISE AND SUNSET
SEPTEMBER 20 2017.....SUNRISE   659 AM PDT   SUNSET   714 PM PDT
SEPTEMBER 21 2017.....SUNRISE   700 AM PDT   SUNSET   712 PM PDT


-  INDICATES NEGATIVE NUMBERS.
R  INDICATES RECORD WAS SET OR TIED.
MM INDICATES DATA IS MISSING.
T  INDICATES TRACE AMOUNT.




$$
