000
CDUS46 KMFR 310838
CLIRBG


CLIMATE REPORT
NATIONAL WEATHER SERVICE MEDFORD, OR
138 AM PDT FRI OCT 31 2014


...................................

...THE ROSEBURG OR CLIMATE SUMMARY FOR OCTOBER 30 2014...

CLIMATE NORMAL PERIOD 1981 TO 2010
CLIMATE RECORD PERIOD 1931 TO 2014


WEATHER ITEM   OBSERVED TIME   RECORD YEAR NORMAL DEPARTURE LAST
                VALUE   (LST)  VALUE       VALUE  FROM      YEAR
                                                  NORMAL
..................................................................
TEMPERATURE (F)
 YESTERDAY
  MAXIMUM         65   1257 PM  75    1993  60      5       63
  MINIMUM         56    835 AM  23    1971  43     13       36
  AVERAGE         61                        51     10       50

PRECIPITATION (IN)
  YESTERDAY        0.24          1.08 1992   0.15   0.09      T
  MONTH TO DATE    3.63                      2.53   1.10     0.43
  SINCE SEP 1      5.15                      3.49   1.66     4.27
  SINCE JAN 1     21.80                     23.14  -1.34    12.81

SNOWFALL (IN)
  YESTERDAY       MM                        MM     MM       MM
  MONTH TO DATE   MM                        MM     MM       MM
  SINCE JUL 1     MM                        MM     MM       MM
  SNOW DEPTH      MM

DEGREE DAYS
 HEATING
  YESTERDAY        4                        14    -10       15
  MONTH TO DATE  102                       284   -182      313
  SINCE SEP 1    115                       352   -237      390
  SINCE JUL 1    122                       373   -251      391

 COOLING
  YESTERDAY        0                         0      0        0
  MONTH TO DATE   34                         2     32        0
  SINCE SEP 1    181                        67    114      121
  SINCE JAN 1    914                       478    436      823
..................................................................


WIND (MPH)
  RESULTANT WIND SPEED   0   RESULTANT WIND DIRECTION   S (190)
  HIGHEST WIND SPEED     7   HIGHEST WIND DIRECTION     N (360)
  HIGHEST GUST SPEED     8   HIGHEST GUST DIRECTION     N (360)
  AVERAGE WIND SPEED     0.5


SKY COVER
  POSSIBLE SUNSHINE  MM
  AVERAGE SKY COVER 0.8


WEATHER CONDITIONS
 THE FOLLOWING WEATHER WAS RECORDED YESTERDAY.
  HEAVY RAIN
  RAIN
  LIGHT RAIN
  FOG
  FOG W/VISIBILITY <= 1/4 MILE
  HAZE


RELATIVE HUMIDITY (PERCENT)
 HIGHEST    93           400 AM
 LOWEST     73           100 PM
 AVERAGE    83

..........................................................


THE ROSEBURG OR CLIMATE NORMALS FOR TODAY
                         NORMAL    RECORD    YEAR
 MAXIMUM TEMPERATURE (F)   59        74      1949
                                             1969
 MINIMUM TEMPERATURE (F)   42        21      2002


SUNRISE AND SUNSET
OCTOBER 31 2014.......SUNRISE   747 AM PDT   SUNSET   606 PM PDT
NOVEMBER  1 2014......SUNRISE   749 AM PDT   SUNSET   605 PM PDT


-  INDICATES NEGATIVE NUMBERS.
R  INDICATES RECORD WAS SET OR TIED.
MM INDICATES DATA IS MISSING.
T  INDICATES TRACE AMOUNT.




$$
