000
CDUS46 KSTO 200840 RRA
CLIRDD

CLIMATE REPORT
NATIONAL WEATHER SERVICE SACRAMENTO, CA
140 AM PDT WED SEP 20 2017


...................................

...THE REDDING AIRPORT CA CLIMATE SUMMARY FOR SEPTEMBER 19 2017...

CLIMATE NORMAL PERIOD 1981 TO 2010
CLIMATE RECORD PERIOD 1986 TO 2017


WEATHER ITEM   OBSERVED RECORD YEAR NORMAL DEPARTURE LAST
                VALUE   VALUE       VALUE  FROM      YEAR
                                           NORMAL
...........................................................
TEMPERATURE (F)
 YESTERDAY
  MAXIMUM         78    106    1994  90    -12       96
  MINIMUM         49     46    1986  57     -8       65
  AVERAGE         64

PRECIPITATION (IN)
  YESTERDAY        0.00   0.30 2004   0.02  -0.02     0.00
  MONTH TO DATE    0.61               0.36   0.25     0.00
  SINCE OCT 1     47.74              34.34  13.40    40.49
  SINCE JAN 1     29.01              21.49   7.52    30.63

SNOWFALL (IN)
  YESTERDAY        0.0    0.0  2002  MM               0.0
                               2001
  MONTH TO DATE    0.0               MM               0.0
  SINCE SEP 1      0.0               MM               0.0
  SINCE JUL 1      0.0               MM               0.0

DEGREE DAYS
 HEATING
  YESTERDAY        1

 COOLING
  YESTERDAY        0
...........................................................


WIND (MPH)
  RESULTANT WIND SPEED   2   RESULTANT WIND DIRECTION   W (290)
  HIGHEST WIND SPEED    14   HIGHEST WIND DIRECTION    SW (240)
  HIGHEST GUST SPEED    20   HIGHEST GUST DIRECTION    SW (220)


SKY COVER
  POSSIBLE SUNSHINE  MM
  AVERAGE SKY COVER 0.2


WEATHER CONDITIONS
 THE FOLLOWING WEATHER WAS RECORDED YESTERDAY.
  NO SIGNIFICANT WEATHER WAS OBSERVED.


RELATIVE HUMIDITY (PERCENT)
 HIGHEST    71
 LOWEST     22
 AVERAGE    47

..........................................................


THE REDDING AIRPORT CA CLIMATE NORMALS FOR TODAY
                         NORMAL    RECORD    YEAR
 MAXIMUM TEMPERATURE (F)   90       105      1994
 MINIMUM TEMPERATURE (F)   57        49      2004
                                             1986


SUNRISE AND SUNSET
SEPTEMBER 20 2017.....SUNRISE   655 AM PDT   SUNSET   709 PM PDT
SEPTEMBER 21 2017.....SUNRISE   656 AM PDT   SUNSET   707 PM PDT


-  INDICATES NEGATIVE NUMBERS.
R  INDICATES RECORD WAS SET OR TIED.
MM INDICATES DATA IS MISSING.
T  INDICATES TRACE AMOUNT.

&&
....................................................................

REDDING CITY CLIMATE DATA FOR SEPTEMBER 19

CLIMATE RECORD PERIOD 1897-1986

RECORD HIGH..............    109 IN 1952
RECORD LOW...............     45 IN 1986
RECORD RAINFALL..........   3.24 IN 1959

$$
