000
CDUS46 KSTO 250838
CLIRDD

CLIMATE REPORT
NATIONAL WEATHER SERVICE SACRAMENTO, CA
136 AM PDT MON MAY 25 2015


...................................

...THE REDDING AIRPORT CA CLIMATE SUMMARY FOR MAY 24 2015...

CLIMATE NORMAL PERIOD 1981 TO 2010
CLIMATE RECORD PERIOD 1986 TO 2015


WEATHER ITEM   OBSERVED RECORD YEAR NORMAL DEPARTURE LAST
                VALUE   VALUE       VALUE  FROM      YEAR
                                           NORMAL
...........................................................
TEMPERATURE (F)
 YESTERDAY
  MAXIMUM         92    100    1994  84      8       95
  MINIMUM         58     40    1990  56      2       69
  AVERAGE         75

PRECIPITATION (IN)
  YESTERDAY        0.00   0.54 1998   0.06  -0.06     0.00
                               1993
  MONTH TO DATE    0.34               1.45  -1.11     0.15
  SINCE OCT 1     22.47              32.62 -10.15    16.38
  SINCE JAN 1      6.22              19.77 -13.55    14.27

SNOWFALL (IN)
  YESTERDAY        0.0   MM      MM  MM               0.0
  MONTH TO DATE    0.0               MM               0.0
  SINCE MAR 1      0.0               MM               0.0
  SINCE JUL 1      0.0               MM               5.0

DEGREE DAYS
 HEATING
  YESTERDAY        0

 COOLING
  YESTERDAY       10
...........................................................


WIND (MPH)
  RESULTANT WIND SPEED   2   RESULTANT WIND DIRECTION   S (160)
  HIGHEST WIND SPEED    20   HIGHEST WIND DIRECTION     S (170)
  HIGHEST GUST SPEED    24   HIGHEST GUST DIRECTION     S (170)


SKY COVER
  POSSIBLE SUNSHINE  MM
  AVERAGE SKY COVER 0.0


WEATHER CONDITIONS
 THE FOLLOWING WEATHER WAS RECORDED YESTERDAY.
  NO SIGNIFICANT WEATHER WAS OBSERVED.


RELATIVE HUMIDITY (PERCENT)
 HIGHEST    75
 LOWEST     18
 AVERAGE    47

..........................................................


THE REDDING AIRPORT CA CLIMATE NORMALS FOR TODAY
                         NORMAL    RECORD    YEAR
 MAXIMUM TEMPERATURE (F)   84        98      2014
 MINIMUM TEMPERATURE (F)   56        45      1989


SUNRISE AND SUNSET
MAY 25 2015...........SUNRISE   545 AM PDT   SUNSET   828 PM PDT
MAY 26 2015...........SUNRISE   544 AM PDT   SUNSET   829 PM PDT


-  INDICATES NEGATIVE NUMBERS.
R  INDICATES RECORD WAS SET OR TIED.
MM INDICATES DATA IS MISSING.
T  INDICATES TRACE AMOUNT.






&&
....................................................................

REDDING CITY CLIMATE DATA FOR MAY 24

CLIMATE RECORD PERIOD 1897-1986

RECORD HIGH..............    102 IN 1982
RECORD LOW...............     37 IN 1980

RECORD RAINFALL..........   2.62 IN 1960

$$
