418
CDUS41 KPHI 192139
CLIRDG


CLIMATE REPORT
NATIONAL WEATHER SERVICE MOUNT HOLLY NJ
437 PM EST THU JAN 19 2017


...................................

...THE READING PA CLIMATE SUMMARY FOR JANUARY 19 2017...
VALID TODAY AS OF 0400 PM LOCAL TIME.

CLIMATE NORMAL PERIOD 1981 TO 2010
CLIMATE RECORD PERIOD 1869 TO 2017


WEATHER ITEM   OBSERVED TIME   RECORD YEAR NORMAL DEPARTURE LAST
                VALUE   (LST)  VALUE       VALUE  FROM      YEAR
                                                  NORMAL
..................................................................
TEMPERATURE (F)
 TODAY
  MAXIMUM         49    151 PM  65    1951  37     12       27
  MINIMUM         37    723 AM -13    1994  21     16       13
  AVERAGE         43                        29     14       20

PRECIPITATION (IN)
  TODAY            0.00          1.08 1936   0.10  -0.10     0.00
  MONTH TO DATE    1.59                      2.01  -0.42     1.38
  SINCE DEC 1      3.72                      5.30  -1.58     4.94
  SINCE JAN 1      1.59                      2.01  -0.42     1.38

DEGREE DAYS
 HEATING
  TODAY           22                        36    -14       45
  MONTH TO DATE  599                       669    -70      642
  SINCE DEC 1   1515                      1633   -118     1207
  SINCE JUL 1   2369                      2700   -331     2026

 COOLING
  TODAY            0                         0      0        0
  MONTH TO DATE    0                         0      0        0
  SINCE DEC 1      0                         0      0        0
  SINCE JAN 1      0                         0      0        0
..................................................................


WIND (MPH)
  HIGHEST WIND SPEED    12   HIGHEST WIND DIRECTION    NW (330)
  HIGHEST GUST SPEED    16   HIGHEST GUST DIRECTION    NW (330)
  AVERAGE WIND SPEED     4.7


SKY COVER
  POSSIBLE SUNSHINE  MM
  AVERAGE SKY COVER 0.8


WEATHER CONDITIONS
 THE FOLLOWING WEATHER WAS RECORDED TODAY.
  NO SIGNIFICANT WEATHER WAS OBSERVED.


RELATIVE HUMIDITY (PERCENT)
 HIGHEST    79           700 AM
 LOWEST     60          1200 PM
 AVERAGE    70

..........................................................


THE READING PA CLIMATE NORMALS FOR TOMORROW
                         NORMAL    RECORD    YEAR
 MAXIMUM TEMPERATURE (F)   38        68      1951
 MINIMUM TEMPERATURE (F)   21       -11      1994


SUNRISE AND SUNSET
JANUARY 19 2017.......SUNRISE   723 AM EST   SUNSET   507 PM EST
JANUARY 20 2017.......SUNRISE   722 AM EST   SUNSET   508 PM EST


-  INDICATES NEGATIVE NUMBERS.
R  INDICATES RECORD WAS SET OR TIED.
MM INDICATES DATA IS MISSING.
T  INDICATES TRACE AMOUNT.




$$
