000
CDUS41 KPHI 220546
CLIRDG


CLIMATE REPORT
NATIONAL WEATHER SERVICE MOUNT HOLLY NJ
145 AM EDT FRI SEP 22 2017


...................................

...THE READING PA CLIMATE SUMMARY FOR SEPTEMBER 21 2017...

CLIMATE NORMAL PERIOD 1981 TO 2010
CLIMATE RECORD PERIOD 1869 TO 2017


WEATHER ITEM   OBSERVED TIME   RECORD YEAR NORMAL DEPARTURE LAST
                VALUE   (LST)  VALUE       VALUE  FROM      YEAR
                                                  NORMAL
..................................................................
TEMPERATURE (F)
 YESTERDAY
  MAXIMUM         87    317 PM  94    1931  74     13       83
  MINIMUM         62    457 AM  38    1956  53      9       61
  AVERAGE         75                        63     12       72

PRECIPITATION (IN)
  YESTERDAY        0.00          2.13 1913   0.16  -0.16     0.00
  MONTH TO DATE    3.61                      2.82   0.79     2.47
  SINCE SEP 1      3.61                      2.82   0.79     2.47
  SINCE JAN 1     37.05                     31.78   5.27    26.98

DEGREE DAYS
 HEATING
  YESTERDAY        0                         3     -3        0
  MONTH TO DATE   39                        27     12        0
  SINCE SEP 1     39                        27     12        0
  SINCE JUL 1     43                        32     11        0

 COOLING
  YESTERDAY       10                         2      8        7
  MONTH TO DATE   80                        75      5      178
  SINCE SEP 1     80                        75      5      178
  SINCE JAN 1    969                       878     91     1320
..................................................................


WIND (MPH)
  HIGHEST WIND SPEED    12   HIGHEST WIND DIRECTION     N (350)
  HIGHEST GUST SPEED    16   HIGHEST GUST DIRECTION     N (340)
  AVERAGE WIND SPEED     3.2


SKY COVER
  POSSIBLE SUNSHINE  MM
  AVERAGE SKY COVER 0.0


WEATHER CONDITIONS
 THE FOLLOWING WEATHER WAS RECORDED YESTERDAY.
  NO SIGNIFICANT WEATHER WAS OBSERVED.


RELATIVE HUMIDITY (PERCENT)
 HIGHEST   100           200 AM
 LOWEST     46           200 PM
 AVERAGE    73

..........................................................


THE READING PA CLIMATE NORMALS FOR TODAY
                         NORMAL    RECORD    YEAR
 MAXIMUM TEMPERATURE (F)   73        94      1931
 MINIMUM TEMPERATURE (F)   53        32      1904


SUNRISE AND SUNSET
SEPTEMBER 22 2017.....SUNRISE   652 AM EDT   SUNSET   701 PM EDT
SEPTEMBER 23 2017.....SUNRISE   653 AM EDT   SUNSET   659 PM EDT


-  INDICATES NEGATIVE NUMBERS.
R  INDICATES RECORD WAS SET OR TIED.
MM INDICATES DATA IS MISSING.
T  INDICATES TRACE AMOUNT.




$$
