000
CDUS41 KPHI 300627
CLIRDG


CLIMATE REPORT
NATIONAL WEATHER SERVICE MOUNT HOLLY NJ
227 AM EDT TUE MAY 30 2017


...................................

...THE READING PA CLIMATE SUMMARY FOR MAY 29 2017...

CLIMATE NORMAL PERIOD 1981 TO 2010
CLIMATE RECORD PERIOD 1869 TO 2017


WEATHER ITEM   OBSERVED TIME   RECORD YEAR NORMAL DEPARTURE LAST
                VALUE   (LST)  VALUE       VALUE  FROM      YEAR
                                                  NORMAL
..................................................................
TEMPERATURE (F)
 YESTERDAY
  MAXIMUM         64    512 PM  95    1969  76    -12       89
  MINIMUM         58    642 AM  37    1902  54      4       66
  AVERAGE         61                        65     -4       78

PRECIPITATION (IN)
  YESTERDAY        0.23          1.46 1933   0.17   0.06     0.34
  MONTH TO DATE    3.70                      3.92  -0.22     3.46
  SINCE MAR 1     10.01                     11.17  -1.16     6.27
  SINCE JAN 1     13.40                     16.70  -3.30    13.08

DEGREE DAYS
 HEATING
  YESTERDAY        4                         3      1        0
  MONTH TO DATE  170                       165      5      192
  SINCE MAR 1   1198                      1321   -123     1147
  SINCE JUL 1   4560                      5363   -803     4494

 COOLING
  YESTERDAY        0                         3     -3       13
  MONTH TO DATE   41                        47     -6       59
  SINCE MAR 1     68                        56     12       72
  SINCE JAN 1     68                        56     12       72
..................................................................


WIND (MPH)
  HIGHEST WIND SPEED    12   HIGHEST WIND DIRECTION    SE (150)
  HIGHEST GUST SPEED    15   HIGHEST GUST DIRECTION    SE (150)
  AVERAGE WIND SPEED     4.8


SKY COVER
  POSSIBLE SUNSHINE  MM
  AVERAGE SKY COVER 1.0


WEATHER CONDITIONS
 THE FOLLOWING WEATHER WAS RECORDED YESTERDAY.
  HEAVY RAIN
  LIGHT RAIN
  FOG


RELATIVE HUMIDITY (PERCENT)
 HIGHEST   100          1200 AM
 LOWEST     87           500 PM
 AVERAGE    94

..........................................................


THE READING PA CLIMATE NORMALS FOR TODAY
                         NORMAL    RECORD    YEAR
 MAXIMUM TEMPERATURE (F)   77        94      1969
 MINIMUM TEMPERATURE (F)   55        41      1996
                                             1949


SUNRISE AND SUNSET
MAY 30 2017...........SUNRISE   537 AM EDT   SUNSET   827 PM EDT
MAY 31 2017...........SUNRISE   536 AM EDT   SUNSET   827 PM EDT


-  INDICATES NEGATIVE NUMBERS.
R  INDICATES RECORD WAS SET OR TIED.
MM INDICATES DATA IS MISSING.
T  INDICATES TRACE AMOUNT.




$$
