000
CDUS41 KPHI 260629
CLIRDG


CLIMATE REPORT
NATIONAL WEATHER SERVICE MOUNT HOLLY NJ
228 AM EDT WED APR 26 2017


...................................

...THE READING PA CLIMATE SUMMARY FOR APRIL 25 2017...

CLIMATE NORMAL PERIOD 1981 TO 2010
CLIMATE RECORD PERIOD 1869 TO 2017


WEATHER ITEM   OBSERVED TIME   RECORD YEAR NORMAL DEPARTURE LAST
                VALUE   (LST)  VALUE       VALUE  FROM      YEAR
                                                  NORMAL
..................................................................
TEMPERATURE (F)
 YESTERDAY
  MAXIMUM         58    352 PM  94    1915  66     -8       77
  MINIMUM         51    747 AM  31    2015  43      8       45
                                      1999
                                      1956
  AVERAGE         55                        55      0       61

PRECIPITATION (IN)
  YESTERDAY        0.18          2.25 1889   0.12   0.06     0.00
  MONTH TO DATE    2.07                      3.22  -1.15     1.47
  SINCE MAR 1      6.09                      6.70  -0.61     2.51
  SINCE JAN 1      9.48                     12.23  -2.75     9.32

DEGREE DAYS
 HEATING
  YESTERDAY       10                        11     -1        4
  MONTH TO DATE  228                       362   -134      363
  SINCE MAR 1   1022                      1105    -83      896
  SINCE JUL 1   4384                      5147   -763     4243

 COOLING
  YESTERDAY        0                         0      0        0
  MONTH TO DATE    7                         0      7        6
  SINCE MAR 1      7                         0      7        9
  SINCE JAN 1      7                         0      7        9
..................................................................


WIND (MPH)
  HIGHEST WIND SPEED    17   HIGHEST WIND DIRECTION    NE (60)
  HIGHEST GUST SPEED    23   HIGHEST GUST DIRECTION    NE (60)
  AVERAGE WIND SPEED     7.7


SKY COVER
  POSSIBLE SUNSHINE  MM
  AVERAGE SKY COVER 1.0


WEATHER CONDITIONS
 THE FOLLOWING WEATHER WAS RECORDED YESTERDAY.
  RAIN
  LIGHT RAIN
  FOG


RELATIVE HUMIDITY (PERCENT)
 HIGHEST   100           800 AM
 LOWEST     54          1200 AM
 AVERAGE    77

..........................................................


THE READING PA CLIMATE NORMALS FOR TODAY
                         NORMAL    RECORD    YEAR
 MAXIMUM TEMPERATURE (F)   66        91      1990
 MINIMUM TEMPERATURE (F)   44        27      1972


SUNRISE AND SUNSET
APRIL 26 2017.........SUNRISE   609 AM EDT   SUNSET   754 PM EDT
APRIL 27 2017.........SUNRISE   608 AM EDT   SUNSET   756 PM EDT


-  INDICATES NEGATIVE NUMBERS.
R  INDICATES RECORD WAS SET OR TIED.
MM INDICATES DATA IS MISSING.
T  INDICATES TRACE AMOUNT.




$$
