000
CDUS41 KPHI 260634
CLIRDG


CLIMATE REPORT
NATIONAL WEATHER SERVICE MOUNT HOLLY NJ
233 AM EDT FRI AUG 26 2016


...................................

...THE READING PA CLIMATE SUMMARY FOR AUGUST 25 2016...

CLIMATE NORMAL PERIOD 1981 TO 2010
CLIMATE RECORD PERIOD 1869 TO 2016


WEATHER ITEM   OBSERVED TIME   RECORD YEAR NORMAL DEPARTURE LAST
                VALUE   (LST)  VALUE       VALUE  FROM      YEAR
                                                  NORMAL
..................................................................
TEMPERATURE (F)
 YESTERDAY
  MAXIMUM         86    310 PM  97    1908  83      3       81
  MINIMUM         66    448 AM  45    1971  62      4       60
  AVERAGE         76                        72      4       71

PRECIPITATION (IN)
  YESTERDAY        T             2.85 1892   0.12  -0.12      T
  MONTH TO DATE    4.61                      2.96   1.65     3.45
  SINCE JUN 1     10.40                     11.26  -0.86    13.47
  SINCE JAN 1     24.40                     28.28  -3.88    25.38

SNOWFALL (IN)
  YESTERDAY       MM            MM      MM  MM     MM       MM
  MONTH TO DATE   MM                        MM     MM       MM
  SINCE JUN 1     MM                        MM     MM       MM
  SINCE JUL 1     MM                        MM     MM       MM
  SNOW DEPTH      MM

DEGREE DAYS
 HEATING
  YESTERDAY        0                         0      0        0
  MONTH TO DATE    0                         0      0        0
  SINCE JUN 1      9                        25    -16       21
  SINCE JUL 1      0                         1     -1        0

 COOLING
  YESTERDAY       11                         7      4        6
  MONTH TO DATE  321                       211    110      243
  SINCE JUN 1    976                       703    273      794
  SINCE JAN 1   1070                       763    307      953
..................................................................


WIND (MPH)
  HIGHEST WIND SPEED    14   HIGHEST WIND DIRECTION     S (200)
  HIGHEST GUST SPEED    16   HIGHEST GUST DIRECTION    SW (210)
  AVERAGE WIND SPEED     5.0


SKY COVER
  POSSIBLE SUNSHINE  MM
  AVERAGE SKY COVER 0.3


WEATHER CONDITIONS
 THE FOLLOWING WEATHER WAS RECORDED YESTERDAY.
  LIGHT RAIN


RELATIVE HUMIDITY (PERCENT)
 HIGHEST    87           500 AM
 LOWEST     65           100 PM
 AVERAGE    76

..........................................................


THE READING PA CLIMATE NORMALS FOR TODAY
                         NORMAL    RECORD    YEAR
 MAXIMUM TEMPERATURE (F)   82        99      1948
 MINIMUM TEMPERATURE (F)   61        47      1977


SUNRISE AND SUNSET
AUGUST 26 2016........SUNRISE   626 AM EDT   SUNSET   744 PM EDT
AUGUST 27 2016........SUNRISE   627 AM EDT   SUNSET   743 PM EDT


-  INDICATES NEGATIVE NUMBERS.
R  INDICATES RECORD WAS SET OR TIED.
MM INDICATES DATA IS MISSING.
T  INDICATES TRACE AMOUNT.




$$
