000
CDUS41 KPHI 280628
CLIRDG


CLIMATE REPORT
NATIONAL WEATHER SERVICE MOUNT HOLLY NJ
127 AM EST TUE FEB 28 2017


...................................

...THE READING PA CLIMATE SUMMARY FOR FEBRUARY 27 2017...

CLIMATE NORMAL PERIOD 1981 TO 2010
CLIMATE RECORD PERIOD 1869 TO 2017


WEATHER ITEM   OBSERVED TIME   RECORD YEAR NORMAL DEPARTURE LAST
                VALUE   (LST)  VALUE       VALUE  FROM      YEAR
                                                  NORMAL
..................................................................
TEMPERATURE (F)
 YESTERDAY
  MAXIMUM         53    240 PM  76    1997  45      8       42
  MINIMUM         24    636 AM   4    1934  26     -2       23
                                      1900
  AVERAGE         39                        35      4       33

PRECIPITATION (IN)
  YESTERDAY        T             0.84 1971   0.09  -0.09     0.00
  MONTH TO DATE    1.03                      2.38  -1.35     3.26
  SINCE DEC 1      5.52                      8.72  -3.20    10.35
  SINCE JAN 1      3.39                      5.43  -2.04     6.79

DEGREE DAYS
 HEATING
  YESTERDAY       26                        30     -4       32
  MONTH TO DATE  667                       888   -221      840
  SINCE DEC 1   2494                      2946   -452     2492
  SINCE JUL 1   3348                      4013   -665     3311

 COOLING
  YESTERDAY        0                         0      0        0
  MONTH TO DATE    0                         0      0        0
  SINCE DEC 1      0                         0      0        0
  SINCE JAN 1      0                         0      0        0
..................................................................


WIND (MPH)
  HIGHEST WIND SPEED    20   HIGHEST WIND DIRECTION    SW (230)
  HIGHEST GUST SPEED    27   HIGHEST GUST DIRECTION     S (200)
  AVERAGE WIND SPEED     2.9


SKY COVER
  POSSIBLE SUNSHINE  MM
  AVERAGE SKY COVER 0.4


WEATHER CONDITIONS
 THE FOLLOWING WEATHER WAS RECORDED YESTERDAY.
  LIGHT RAIN


RELATIVE HUMIDITY (PERCENT)
 HIGHEST    92           600 AM
 LOWEST     41           300 PM
 AVERAGE    67

..........................................................


THE READING PA CLIMATE NORMALS FOR TODAY
                         NORMAL    RECORD    YEAR
 MAXIMUM TEMPERATURE (F)   45        70      1976
 MINIMUM TEMPERATURE (F)   26         3      1934


SUNRISE AND SUNSET
FEBRUARY 28 2017......SUNRISE   639 AM EST   SUNSET   555 PM EST
MARCH  1 2017.........SUNRISE   637 AM EST   SUNSET   556 PM EST


-  INDICATES NEGATIVE NUMBERS.
R  INDICATES RECORD WAS SET OR TIED.
MM INDICATES DATA IS MISSING.
T  INDICATES TRACE AMOUNT.




$$
