000
CDUS46 KPDT 170828
CLIRDM

CLIMATE REPORT
NATIONAL WEATHER SERVICE PENDLETON OR
1226 AM PST TUE JAN 17 2017


...................................

...THE REDMOND OR CLIMATE SUMMARY FOR JANUARY 16 2017...

CLIMATE NORMAL PERIOD 1981 TO 2010
CLIMATE RECORD PERIOD 1949 TO 2017


WEATHER ITEM   OBSERVED TIME   RECORD YEAR NORMAL DEPARTURE LAST
                VALUE   (LST)  VALUE       VALUE  FROM      YEAR
                                                  NORMAL
..................................................................
TEMPERATURE (F)
 YESTERDAY
  MAXIMUM         24    351 PM  62    2009  42    -18       47
                                      1976
  MINIMUM         -3    323 AM  -5    1957  23    -26       34
  AVERAGE         11                        33    -22       41

PRECIPITATION (IN)
  YESTERDAY        0.00          0.68 1971   0.03  -0.03     0.19
  MONTH TO DATE    1.47                      0.55   0.92     0.56
  SINCE OCT 1      5.22                      3.31   1.91     4.13
  SINCE JAN 1      1.47                      0.55   0.92     0.56

DEGREE DAYS
 HEATING
  YESTERDAY       54                        32     22       24
  MONTH TO DATE  828                       529    299      562
  SINCE DEC 1   2087                      1595    492     1343
  SINCE JUL 1   3551                      3369    182     3061

 COOLING
  YESTERDAY        0                         0      0        0
  MONTH TO DATE    0                         0      0        0
  SINCE DEC 1      0                         0      0        0
  SINCE JAN 1      0                         0      0        0
..................................................................


WIND (MPH)
  RESULTANT WIND SPEED   0   RESULTANT WIND DIRECTION   W (270)
  HIGHEST WIND SPEED     9   HIGHEST WIND DIRECTION     W (290)
  HIGHEST GUST SPEED     9   HIGHEST GUST DIRECTION     W (270)
  AVERAGE WIND SPEED     1.6


SKY COVER
  POSSIBLE SUNSHINE  MM
  AVERAGE SKY COVER 0.0


WEATHER CONDITIONS
 THE FOLLOWING WEATHER WAS RECORDED YESTERDAY.
  FOG
  HAZE


RELATIVE HUMIDITY (PERCENT)
 HIGHEST    86           700 AM
 LOWEST     62           100 PM
 AVERAGE    74

..........................................................


THE REDMOND OR CLIMATE NORMALS FOR TODAY
                         NORMAL    RECORD    YEAR
 MAXIMUM TEMPERATURE (F)   43        63      1959
 MINIMUM TEMPERATURE (F)   24        -6      1957


SUNRISE AND SUNSET
JANUARY 17 2017.......SUNRISE   735 AM PST   SUNSET   455 PM PST
JANUARY 18 2017.......SUNRISE   735 AM PST   SUNSET   456 PM PST


-  INDICATES NEGATIVE NUMBERS.
R  INDICATES RECORD WAS SET OR TIED.
MM INDICATES DATA IS MISSING.
T  INDICATES TRACE AMOUNT.




$$
