000
CDUS46 KPDT 280830 RRA
CLIRDM

CLIMATE REPORT
NATIONAL WEATHER SERVICE PENDLETON OR
129 AM PDT SAT MAY 28 2016


...................................

...THE REDMOND OR CLIMATE SUMMARY FOR MAY 27 2016...

CLIMATE NORMAL PERIOD 1981 TO 2010
CLIMATE RECORD PERIOD 1949 TO 2016


WEATHER ITEM   OBSERVED TIME   RECORD YEAR NORMAL DEPARTURE LAST
                VALUE   (LST)  VALUE       VALUE  FROM      YEAR
                                                  NORMAL
..................................................................
TEMPERATURE (F)
 YESTERDAY
  MAXIMUM         63    257 PM  94    1983  71     -8       75
  MINIMUM         36    524 AM  25    1954  38     -2       40
  AVERAGE         50                        54     -4       58

PRECIPITATION (IN)
  YESTERDAY        0.00          0.63 1993   0.04  -0.04     0.00
  MONTH TO DATE    1.98                      0.88   1.10     2.39
  SINCE OCT 1      7.75                      6.65   1.10     8.20
  SINCE JAN 1      4.18                      3.89   0.29     3.92

DEGREE DAYS
 HEATING
  YESTERDAY       15                        11      4        7
  MONTH TO DATE  281                       384   -103      358
  SINCE MAR 1   1451                      1782   -331     1636
  SINCE JUL 1   5582                      6455   -873     5669

 COOLING
  YESTERDAY        0                         0      0        0
  MONTH TO DATE    3                         0      3        0
  SINCE MAR 1      3                         0      3        0
  SINCE JAN 1      3                         0      3        0
..................................................................


WIND (MPH)
  RESULTANT WIND SPEED   7   RESULTANT WIND DIRECTION  NW (310)
  HIGHEST WIND SPEED    23   HIGHEST WIND DIRECTION    NW (300)
  HIGHEST GUST SPEED    27   HIGHEST GUST DIRECTION    NW (310)
  AVERAGE WIND SPEED     9.0


SKY COVER
  POSSIBLE SUNSHINE  MM
  AVERAGE SKY COVER 0.0


WEATHER CONDITIONS
 THE FOLLOWING WEATHER WAS RECORDED YESTERDAY.
  NO SIGNIFICANT WEATHER WAS OBSERVED.


RELATIVE HUMIDITY (PERCENT)
 HIGHEST    70           200 AM
 LOWEST     25          1200 PM
 AVERAGE    48

..........................................................


THE REDMOND OR CLIMATE NORMALS FOR TODAY
                         NORMAL    RECORD    YEAR
 MAXIMUM TEMPERATURE (F)   71        94      1983
 MINIMUM TEMPERATURE (F)   38        26      2007
                                             1989


SUNRISE AND SUNSET
MAY 28 2016...........SUNRISE   526 AM PDT   SUNSET   839 PM PDT
MAY 29 2016...........SUNRISE   525 AM PDT   SUNSET   839 PM PDT


-  INDICATES NEGATIVE NUMBERS.
R  INDICATES RECORD WAS SET OR TIED.
MM INDICATES DATA IS MISSING.
T  INDICATES TRACE AMOUNT.

$$
