000
CDUS46 KPDT 300842
CLIRDM

CLIMATE REPORT
NATIONAL WEATHER SERVICE PENDLETON OR
142 AM PDT SUN AUG 30 2015


...................................

...THE REDMOND OR CLIMATE SUMMARY FOR AUGUST 29 2015...

CLIMATE NORMAL PERIOD 1981 TO 2010
CLIMATE RECORD PERIOD 1949 TO 2015


WEATHER ITEM   OBSERVED TIME   RECORD YEAR NORMAL DEPARTURE LAST
                VALUE   (LST)  VALUE       VALUE  FROM      YEAR
                                                  NORMAL
..................................................................
TEMPERATURE (F)
 YESTERDAY
  MAXIMUM         76    351 PM 100    1998  82     -6       86
  MINIMUM         53    421 AM  31    1969  43     10       43
  AVERAGE         65                        62      3       65

PRECIPITATION (IN)
  YESTERDAY        T             0.45 1982   0.02  -0.02     0.00
  MONTH TO DATE    0.01                      0.47  -0.46     0.94
  SINCE OCT 1      8.76                      8.46   0.30     5.69
  SINCE JAN 1      4.48                      5.70  -1.22     4.98

DEGREE DAYS
 HEATING
  YESTERDAY        0                         4     -4        0
  MONTH TO DATE   27                        72    -45       30
  SINCE JUN 1    152                       358   -206      284
  SINCE JUL 1     75                       141    -66       61

 COOLING
  YESTERDAY        0                         1     -1        0
  MONTH TO DATE  105                        78     27      103
  SINCE JUN 1    346                       199    147      297
  SINCE JAN 1    355                       204    151      297
..................................................................


WIND (MPH)
  RESULTANT WIND SPEED   8   RESULTANT WIND DIRECTION  SW (230)
  HIGHEST WIND SPEED    29   HIGHEST WIND DIRECTION    SW (220)
  HIGHEST GUST SPEED    39   HIGHEST GUST DIRECTION    SW (220)
  AVERAGE WIND SPEED    10.3


SKY COVER
  POSSIBLE SUNSHINE  MM
  AVERAGE SKY COVER 0.3


WEATHER CONDITIONS
 THE FOLLOWING WEATHER WAS RECORDED YESTERDAY.
  LIGHT RAIN


RELATIVE HUMIDITY (PERCENT)
 HIGHEST    67           600 AM
 LOWEST     25          1100 AM
 AVERAGE    46

..........................................................


THE REDMOND OR CLIMATE NORMALS FOR TODAY
                         NORMAL    RECORD    YEAR
 MAXIMUM TEMPERATURE (F)   81       101      1967
 MINIMUM TEMPERATURE (F)   42        31      1965


SUNRISE AND SUNSET
AUGUST 30 2015........SUNRISE   625 AM PDT   SUNSET   745 PM PDT
AUGUST 31 2015........SUNRISE   626 AM PDT   SUNSET   743 PM PDT


-  INDICATES NEGATIVE NUMBERS.
R  INDICATES RECORD WAS SET OR TIED.
MM INDICATES DATA IS MISSING.
T  INDICATES TRACE AMOUNT.


$$
