214
CDUS46 KPDT 220849
CLIRDM

CLIMATE REPORT
NATIONAL WEATHER SERVICE PENDLETON OR
146 AM PDT FRI MAY 22 2015


...................................

...THE REDMOND OR CLIMATE SUMMARY FOR MAY 21 2015...

CLIMATE NORMAL PERIOD 1981 TO 2010
CLIMATE RECORD PERIOD 1949 TO 2015


WEATHER ITEM   OBSERVED TIME   RECORD YEAR NORMAL DEPARTURE LAST
                VALUE   (LST)  VALUE       VALUE  FROM      YEAR
                                                  NORMAL
..................................................................
TEMPERATURE (F)
 YESTERDAY
  MAXIMUM         69    116 PM  89    1958  69      0       77
  MINIMUM         49   1045 PM  26    1960  37     12       37
  AVERAGE         59                        53      6       57

PRECIPITATION (IN)
  YESTERDAY        1.14R         1.14 2015   0.04   1.10     0.00
  MONTH TO DATE    1.98                      0.65   1.33     0.33
  SINCE OCT 1      7.79                      6.42   1.37     4.13
  SINCE JAN 1      3.51                      3.66  -0.15     3.42

DEGREE DAYS
 HEATING
  YESTERDAY        6                        12     -6        8
  MONTH TO DATE  309                       314     -5      270
  SINCE MAR 1   1587                      1712   -125     1572
  SINCE JUL 1   5620                      6385   -765     6365

 COOLING
  YESTERDAY        0                         0      0        0
  MONTH TO DATE    0                         0      0        0
  SINCE MAR 1      0                         0      0        0
  SINCE JAN 1      0                         0      0        0
..................................................................


WIND (MPH)
  RESULTANT WIND SPEED   1   RESULTANT WIND DIRECTION   E (70)
  HIGHEST WIND SPEED    23   HIGHEST WIND DIRECTION    SW (240)
  HIGHEST GUST SPEED    33   HIGHEST GUST DIRECTION    SW (240)
  AVERAGE WIND SPEED     3.1


SKY COVER
  POSSIBLE SUNSHINE  MM
  AVERAGE SKY COVER 0.9


WEATHER CONDITIONS
 THE FOLLOWING WEATHER WAS RECORDED YESTERDAY.
  THUNDERSTORM
  HEAVY RAIN
  RAIN
  LIGHT RAIN
  FOG


RELATIVE HUMIDITY (PERCENT)
 HIGHEST   100          1200 AM
 LOWEST     52          1200 PM
 AVERAGE    76

..........................................................


THE REDMOND OR CLIMATE NORMALS FOR TODAY
                         NORMAL    RECORD    YEAR
 MAXIMUM TEMPERATURE (F)   69        90      1979
 MINIMUM TEMPERATURE (F)   37        21      2013


SUNRISE AND SUNSET
MAY 22 2015...........SUNRISE   531 AM PDT   SUNSET   832 PM PDT
MAY 23 2015...........SUNRISE   530 AM PDT   SUNSET   833 PM PDT


-  INDICATES NEGATIVE NUMBERS.
R  INDICATES RECORD WAS SET OR TIED.
MM INDICATES DATA IS MISSING.
T  INDICATES TRACE AMOUNT.




$$
