000
CDUS42 KRAH 010554
CLIRDU

CLIMATE REPORT
NATIONAL WEATHER SERVICE RALEIGH NC
148 AM EDT WED JUL 1 2015


...................................

...THE RALEIGH-DURHAM INTL AIRPORT NC CLIMATE SUMMARY FOR JUNE 30 2015...

CLIMATE NORMAL PERIOD 1981 TO 2010
CLIMATE RECORD PERIOD 1887 TO 2015


WEATHER ITEM   OBSERVED TIME   RECORD YEAR NORMAL DEPARTURE LAST
                VALUE   (LST)  VALUE       VALUE  FROM      YEAR
                                                  NORMAL
..................................................................
TEMPERATURE (F)
 YESTERDAY
  MAXIMUM         92    332 PM 105    2012  90      2       90
  MINIMUM         67    340 AM  52    1919  69     -2       66
  AVERAGE         80                        79      1       78

PRECIPITATION (IN)
  YESTERDAY        0.02          1.32 1939   0.12  -0.10     0.00
  MONTH TO DATE    6.35                      3.52   2.83     3.31
  SINCE JUN 1      6.35                      3.52   2.83     3.31
  SINCE JAN 1     24.19                     20.55   3.64    22.58

DEGREE DAYS
 HEATING
  YESTERDAY        0                         0      0        0
  MONTH TO DATE    0                         0      0        0
  SINCE JUN 1      0                         4     -4        0
  SINCE JUL 1   3484                      3247    237     3478

 COOLING
  YESTERDAY       15                        14      1       13
  MONTH TO DATE  437                       347     90      377
  SINCE JUN 1    437                       347     90      377
  SINCE JAN 1    707                       556    151      590
..................................................................


WIND (MPH)
  HIGHEST WIND SPEED    23   HIGHEST WIND DIRECTION    SW (240)
  HIGHEST GUST SPEED    28   HIGHEST GUST DIRECTION    SW (240)
  AVERAGE WIND SPEED     6.7


SKY COVER
  POSSIBLE SUNSHINE  MM
  AVERAGE SKY COVER 0.5


WEATHER CONDITIONS
 THE FOLLOWING WEATHER WAS RECORDED YESTERDAY.
  THUNDERSTORM
  LIGHT RAIN
  FOG


RELATIVE HUMIDITY (PERCENT)
 HIGHEST    90          1100 PM
 LOWEST     44           300 PM
 AVERAGE    67

..........................................................


THE RALEIGH-DURHAM INTL AIRPORT NC CLIMATE NORMALS FOR TODAY
                         NORMAL    RECORD    YEAR
 MAXIMUM TEMPERATURE (F)   90       103      2012
 MINIMUM TEMPERATURE (F)   69        53      1919


SUNRISE AND SUNSET
JULY  1 2015..........SUNRISE   602 AM EDT   SUNSET   835 PM EDT
JULY  2 2015..........SUNRISE   603 AM EDT   SUNSET   835 PM EDT


-  INDICATES NEGATIVE NUMBERS.
R  INDICATES RECORD WAS SET OR TIED.
MM INDICATES DATA IS MISSING.
T  INDICATES TRACE AMOUNT.


&&

CLIMATE REPORT NWS FORECAST OFFICE
NCSU CENTENNIAL CAMPUS
RALEIGH, NC

MAXIMUM TEMPERATURE... 90

MINIMUM TEMPERATURE... 67

PRECIPITATION... 0.16

$$
PWB
