000
CDUS42 KRAH 290036
CLIRDU


CLIMATE REPORT
NATIONAL WEATHER SERVICE RALEIGH NC
833 PM EDT TUE JUL 28 2015


...................................

...THE RALEIGH-DURHAM INTL AIRPORT NC CLIMATE SUMMARY FOR JULY 28 2015...
VALID AS OF 0800 PM LOCAL TIME.

CLIMATE NORMAL PERIOD 1981 TO 2010
CLIMATE RECORD PERIOD 1887 TO 2015


WEATHER ITEM   OBSERVED TIME   RECORD YEAR NORMAL DEPARTURE LAST
                VALUE   (LST)  VALUE       VALUE  FROM      YEAR
                                                  NORMAL
..................................................................
TEMPERATURE (F)
 TODAY
  MAXIMUM         90    232 PM 104    1952  90      0       88
  MINIMUM         73    547 AM  52    1962  70      3       70
  AVERAGE         82                        80      2       79

PRECIPITATION (IN)
  TODAY            T             2.92 1903   0.15  -0.15      T
  MONTH TO DATE    5.01                      4.24   0.77     8.88
  SINCE JUN 1     11.36                      7.76   3.60    12.19
  SINCE JAN 1     29.20                     24.79   4.41    31.46

DEGREE DAYS
 HEATING
  TODAY            0                         0      0        0
  MONTH TO DATE    0                         0      0        0
  SINCE JUN 1      0                         4     -4        0
  SINCE JUL 1      0                         0      0        0

 COOLING
  TODAY           17                        15      2       14
  MONTH TO DATE  419                       420     -1      399
  SINCE JUN 1    856                       767     89      776
  SINCE JAN 1   1126                       976    150      989
..................................................................


WIND (MPH)
  RESULTANT WIND SPEED   4   RESULTANT WIND DIRECTION   S (160)
  HIGHEST WIND SPEED    14   HIGHEST WIND DIRECTION     S (170)
  HIGHEST GUST SPEED    20   HIGHEST GUST DIRECTION    SE (150)
  AVERAGE WIND SPEED     4.2


SKY COVER
  POSSIBLE SUNSHINE  MM
  AVERAGE SKY COVER 0.7


WEATHER CONDITIONS
 THE FOLLOWING WEATHER WAS RECORDED TODAY.
  LIGHT RAIN


RELATIVE HUMIDITY (PERCENT)
 HIGHEST    93           500 AM
 LOWEST     52           300 PM
 AVERAGE    73

..........................................................


THE RALEIGH-DURHAM INTL AIRPORT NC CLIMATE NORMALS FOR TOMORROW
                         NORMAL    RECORD    YEAR
 MAXIMUM TEMPERATURE (F)   90       104      2011
                                             1952
 MINIMUM TEMPERATURE (F)   70        55      1946


SUNRISE AND SUNSET
JULY 28 2015..........SUNRISE   619 AM EDT   SUNSET   823 PM EDT
JULY 29 2015..........SUNRISE   620 AM EDT   SUNSET   823 PM EDT


-  INDICATES NEGATIVE NUMBERS.
R  INDICATES RECORD WAS SET OR TIED.
MM INDICATES DATA IS MISSING.
T  INDICATES TRACE AMOUNT.

&&

CLIMATE REPORT NWS FORECAST OFFICE
NCSU CENTENNIAL CAMPUS
RALEIGH, NC

MAXIMUM TEMPERATURE... 89

MINIMUM TEMPERATURE... 72

PRECIPITATION... T


$$
