000
CDUS42 KRAH 210759
CLIRDU


CLIMATE REPORT
NATIONAL WEATHER SERVICE RALEIGH NC
356 AM EDT TUE OCT 21 2014


...................................

...THE RALEIGH-DURHAM INTL AIRPORT NC CLIMATE SUMMARY FOR OCTOBER 20 2014...

CLIMATE NORMAL PERIOD 1981 TO 2010
CLIMATE RECORD PERIOD 1887 TO 2014


WEATHER ITEM   OBSERVED TIME   RECORD YEAR NORMAL DEPARTURE LAST
                VALUE   (LST)  VALUE       VALUE  FROM      YEAR
                                                  NORMAL
..................................................................
TEMPERATURE (F)
 YESTERDAY
  MAXIMUM         71    249 PM  87    1926  72     -1       65
  MINIMUM         41    509 AM  28    1992  48     -7       43
                                      1972
  AVERAGE         56                        60     -4       54

PRECIPITATION (IN)
  YESTERDAY        T             1.71 1944   0.10  -0.10     0.00
  MONTH TO DATE    2.00                      2.14  -0.14     1.41
  SINCE SEP 1      7.91                      6.50   1.41     4.32
  SINCE JAN 1     46.32                     36.04  10.28    41.79

DEGREE DAYS
 HEATING
  YESTERDAY        9                         6      3       11
  MONTH TO DATE   50                        83    -33       41
  SINCE SEP 1     60                       103    -43       52
  SINCE JUL 1     60                       104    -44       52

 COOLING
  YESTERDAY        0                         1     -1        0
  MONTH TO DATE   60                        42     18       53
  SINCE SEP 1    294                       269     25      242
  SINCE JAN 1   1652                      1710    -58     1548
..................................................................


WIND (MPH)
  HIGHEST WIND SPEED    16   HIGHEST WIND DIRECTION    SW (230)
  HIGHEST GUST SPEED    22   HIGHEST GUST DIRECTION    SW (230)
  AVERAGE WIND SPEED     4.2


SKY COVER
  POSSIBLE SUNSHINE  MM
  AVERAGE SKY COVER 0.4


WEATHER CONDITIONS
 THE FOLLOWING WEATHER WAS RECORDED YESTERDAY.
  LIGHT RAIN


RELATIVE HUMIDITY (PERCENT)
 HIGHEST    89           100 AM
 LOWEST     37           200 PM
 AVERAGE    63

..........................................................


THE RALEIGH-DURHAM INTL AIRPORT NC CLIMATE NORMALS FOR TODAY
                         NORMAL    RECORD    YEAR
 MAXIMUM TEMPERATURE (F)   71        84      1993
                                             1979
 MINIMUM TEMPERATURE (F)   48        26      1974


SUNRISE AND SUNSET
OCTOBER 21 2014.......SUNRISE   727 AM EDT   SUNSET   632 PM EDT
OCTOBER 22 2014.......SUNRISE   728 AM EDT   SUNSET   631 PM EDT


-  INDICATES NEGATIVE NUMBERS.
R  INDICATES RECORD WAS SET OR TIED.
MM INDICATES DATA IS MISSING.
T  INDICATES TRACE AMOUNT.


&&

CLIMATE REPORT NWS FORECAST OFFICE
NCSU CENTENNIAL CAMPUS
RALEIGH, NC

MAXIMUM TEMPERATURE... 69

MINIMUM TEMPERATURE... 43

PRECIPITATION... 0.00


$$
