000
CDUS42 KRAH 250731
CLIRDU


CLIMATE REPORT
NATIONAL WEATHER SERVICE RALEIGH NC
330 AM EDT TUE JUL 25 2017


...................................

...THE RALEIGH-DURHAM INTL AIRPORT NC CLIMATE SUMMARY FOR JULY 24 2017...

CLIMATE NORMAL PERIOD 1981 TO 2010
CLIMATE RECORD PERIOD 1887 TO 2017


WEATHER ITEM   OBSERVED TIME   RECORD YEAR NORMAL DEPARTURE LAST
                VALUE   (LST)  VALUE       VALUE  FROM      YEAR
                                                  NORMAL
..................................................................
TEMPERATURE (F)
 YESTERDAY
  MAXIMUM         93    412 PM 101    2011  90      3       95
  MINIMUM         71    325 AM  57    1947  70      1       74
  AVERAGE         82                        80      2       85

PRECIPITATION (IN)
  YESTERDAY        0.00          4.18 1997   0.16  -0.16     0.00
  MONTH TO DATE    2.14                      3.62  -1.48     7.82
  SINCE JUN 1      8.30                      7.14   1.16    13.84
  SINCE JAN 1     30.16                     24.17   5.99    33.45

DEGREE DAYS
 HEATING
  YESTERDAY        0                         0      0        0
  MONTH TO DATE    0                         0      0        0
  SINCE JUN 1      1                         4     -3        0
  SINCE JUL 1      0                         0      0        0

 COOLING
  YESTERDAY       17                        15      2       20
  MONTH TO DATE  434                       360     74      393
  SINCE JUN 1    759                       707     52      752
  SINCE JAN 1   1098                       916    182      988
..................................................................


WIND (MPH)
  HIGHEST WIND SPEED    14   HIGHEST WIND DIRECTION    SW (230)
  HIGHEST GUST SPEED    18   HIGHEST GUST DIRECTION     W (260)
  AVERAGE WIND SPEED     7.1


SKY COVER
  POSSIBLE SUNSHINE  MM
  AVERAGE SKY COVER 0.7


WEATHER CONDITIONS
 THE FOLLOWING WEATHER WAS RECORDED YESTERDAY.
  NO SIGNIFICANT WEATHER WAS OBSERVED.


RELATIVE HUMIDITY (PERCENT)
 HIGHEST   100           600 AM
 LOWEST     47           500 PM
 AVERAGE    74

..........................................................


THE RALEIGH-DURHAM INTL AIRPORT NC CLIMATE NORMALS FOR TODAY
                         NORMAL    RECORD    YEAR
 MAXIMUM TEMPERATURE (F)   90       102      2010
 MINIMUM TEMPERATURE (F)   70        56      1947


SUNRISE AND SUNSET
JULY 25 2017..........SUNRISE   618 AM EDT   SUNSET   825 PM EDT
JULY 26 2017..........SUNRISE   618 AM EDT   SUNSET   825 PM EDT


-  INDICATES NEGATIVE NUMBERS.
R  INDICATES RECORD WAS SET OR TIED.
MM INDICATES DATA IS MISSING.
T  INDICATES TRACE AMOUNT.

&&

CLIMATE REPORT
NWS FORECAST OFFICE
NCSU CENTENNIAL CAMPUS RALEIGH NC

MAXIMUM TEMPERATURE... 92

MINIMUM TEMPERATURE... 70

PRECIPITATION... 0.00

$$
