000
CDUS42 KRAH 161628
CLIRDU


CLIMATE REPORT
NATIONAL WEATHER SERVICE RALEIGH NC
1227 PM EDT WED APR 16 2014


...................................

...THE RALEIGH-DURHAM INTL AIRPORT NC CLIMATE SUMMARY FOR APRIL 16 2014...
VALID AS OF 1200 PM LOCAL TIME.

CLIMATE NORMAL PERIOD 1981 TO 2010
CLIMATE RECORD PERIOD 1887 TO 2014


WEATHER ITEM   OBSERVED TIME   RECORD YEAR NORMAL DEPARTURE LAST
                VALUE   (LST)  VALUE       VALUE  FROM      YEAR
                                                  NORMAL
..................................................................
TEMPERATURE (F)
 TODAY
  MAXIMUM         46   1100 AM  92    1941  73    -27       76
  MINIMUM         33        MM  28    1950  48    -15       58
  AVERAGE         40                        60    -20       67

PRECIPITATION (IN)
  TODAY            0.00          2.64 1933   0.09  -0.09     0.00
  MONTH TO DATE    2.85                      1.62   1.23     1.83
  SINCE MAR 1      7.91                      5.73   2.18     4.78
  SINCE JAN 1     12.87                     12.46   0.41    11.96

SNOWFALL (IN)
  TODAY            0.0           T    1905   0.0    0.0      0.0
  MONTH TO DATE    0.0                       0.1   -0.1       T
  SINCE MAR 1      0.2                       0.6   -0.4       T
  SINCE JUL 1      5.8                       6.1   -0.3      1.7
  SNOW DEPTH       0

DEGREE DAYS
 HEATING
  TODAY           25                         6     19        0
  MONTH TO DATE   88                       124    -36      101
  SINCE MAR 1    671                       548    123      716
  SINCE JUL 1   3372                      3120    252     3162

 COOLING
  TODAY            0                         2     -2        2
  MONTH TO DATE   22                        19      3       29
  SINCE MAR 1     22                        30     -8       29
  SINCE JAN 1     22                        31     -9       31
..................................................................


WIND (MPH)
  RESULTANT WIND SPEED   6   RESULTANT WIND DIRECTION  NE (30)
  HIGHEST WIND SPEED    13   HIGHEST WIND DIRECTION    NE (30)
  HIGHEST GUST SPEED    22   HIGHEST GUST DIRECTION    NE (30)
  AVERAGE WIND SPEED     6.9


SKY COVER
  POSSIBLE SUNSHINE  MM
  AVERAGE SKY COVER 0.1


WEATHER CONDITIONS
 THE FOLLOWING WEATHER WAS RECORDED TODAY.
  NO SIGNIFICANT WEATHER WAS OBSERVED.


RELATIVE HUMIDITY (PERCENT)
 HIGHEST    64           100 AM
 LOWEST     38          1100 AM
 AVERAGE    51

..........................................................


THE RALEIGH-DURHAM INTL AIRPORT NC CLIMATE NORMALS FOR TOMORROW
                         NORMAL    RECORD    YEAR
 MAXIMUM TEMPERATURE (F)   73        93      1896
 MINIMUM TEMPERATURE (F)   48        29      1962


SUNRISE AND SUNSET
APRIL 16 2014.........SUNRISE   641 AM EDT   SUNSET   749 PM EDT
APRIL 17 2014.........SUNRISE   640 AM EDT   SUNSET   750 PM EDT


-  INDICATES NEGATIVE NUMBERS.
R  INDICATES RECORD WAS SET OR TIED.
MM INDICATES DATA IS MISSING.
T  INDICATES TRACE AMOUNT.




$$
