000
CDUS42 KRAH 220822
CLIRDU


CLIMATE REPORT
NATIONAL WEATHER SERVICE RALEIGH NC
319 AM EST WED FEB 22 2017


...................................

...THE RALEIGH-DURHAM INTL AIRPORT NC CLIMATE SUMMARY FOR FEBRUARY 21 2017...

CLIMATE NORMAL PERIOD 1981 TO 2010
CLIMATE RECORD PERIOD 1887 TO 2017


WEATHER ITEM   OBSERVED TIME   RECORD YEAR NORMAL DEPARTURE LAST
                VALUE   (LST)  VALUE       VALUE  FROM      YEAR
                                                  NORMAL
..................................................................
TEMPERATURE (F)
 YESTERDAY
  MAXIMUM         66    158 PM  76    2011  57      9       71
                                      1930
  MINIMUM         44    614 AM   8    1896  35      9       45
  AVERAGE         55                        46      9       58

PRECIPITATION (IN)
  YESTERDAY        0.00          1.19 1961   0.12  -0.12     0.04
  MONTH TO DATE    0.66                      2.37  -1.71     3.16
  SINCE DEC 1      6.62                      8.94  -2.32    10.96
  SINCE JAN 1      4.43                      5.87  -1.44     4.89

SNOWFALL (IN)
  YESTERDAY        0.0          10.0  1899   0.0    0.0      0.0
  MONTH TO DATE    T                         1.5   -1.5      0.2
  SINCE DEC 1      0.5                       5.0   -4.5      1.4
  SINCE JUL 1      0.5                       5.1   -4.6      1.4
  SNOW DEPTH       0

DEGREE DAYS
 HEATING
  YESTERDAY       10                        19     -9        7
  MONTH TO DATE  288                       446   -158      477
  SINCE DEC 1   1479                      1862   -383     1563
  SINCE JUL 1   1934                      2443   -509     2014

 COOLING
  YESTERDAY        0                         0      0        0
  MONTH TO DATE    6                         0      6        0
  SINCE DEC 1      6                         2      4       27
  SINCE JAN 1      6                         0      6        0
..................................................................


WIND (MPH)
  HIGHEST WIND SPEED    13   HIGHEST WIND DIRECTION    SE (130)
  HIGHEST GUST SPEED    17   HIGHEST GUST DIRECTION    SE (140)
  AVERAGE WIND SPEED     5.9


SKY COVER
  POSSIBLE SUNSHINE  MM
  AVERAGE SKY COVER 0.8


WEATHER CONDITIONS
 THE FOLLOWING WEATHER WAS RECORDED YESTERDAY.
  NO SIGNIFICANT WEATHER WAS OBSERVED.


RELATIVE HUMIDITY (PERCENT)
 HIGHEST    70           600 AM
 LOWEST     31           200 PM
 AVERAGE    51

..........................................................


THE RALEIGH-DURHAM INTL AIRPORT NC CLIMATE NORMALS FOR TODAY
                         NORMAL    RECORD    YEAR
 MAXIMUM TEMPERATURE (F)   57        75      1897
 MINIMUM TEMPERATURE (F)   35        11      1968


SUNRISE AND SUNSET
FEBRUARY 22 2017......SUNRISE   654 AM EST   SUNSET   604 PM EST
FEBRUARY 23 2017......SUNRISE   652 AM EST   SUNSET   605 PM EST


-  INDICATES NEGATIVE NUMBERS.
R  INDICATES RECORD WAS SET OR TIED.
MM INDICATES DATA IS MISSING.
T  INDICATES TRACE AMOUNT.

&&

CLIMATE REPORT
NWS FORECAST OFFICE
NCSU CENTENNIAL CAMPUS
RALEIGH NC

MAXIMUM TEMPERATURE...64

MINIMUM TEMPERATURE...46

PRECIPITATION...0.00

$$
