000
CDUS42 KRAH 280547
CLIRDU


CLIMATE REPORT
NATIONAL WEATHER SERVICE RALEIGH NC
146 AM EDT SUN MAY 28 2017


...................................

...THE RALEIGH-DURHAM INTL AIRPORT NC CLIMATE SUMMARY FOR MAY 27 2017...

CLIMATE NORMAL PERIOD 1981 TO 2010
CLIMATE RECORD PERIOD 1887 TO 2017


WEATHER ITEM   OBSERVED TIME   RECORD YEAR NORMAL DEPARTURE LAST
                VALUE   (LST)  VALUE       VALUE  FROM      YEAR
                                                  NORMAL
..................................................................
TEMPERATURE (F)
 YESTERDAY
  MAXIMUM         88    356 PM  96    1916  82      6       88
  MINIMUM         61    527 AM  41    1961  60      1       68
  AVERAGE         75                        71      4       78

PRECIPITATION (IN)
  YESTERDAY        T             3.56 1932   0.11  -0.11     0.00
  MONTH TO DATE    5.42                      2.78   2.64     3.73
  SINCE MAR 1     17.21                      9.81   7.40    10.75
  SINCE JAN 1     21.64                     16.54   5.10    17.16

DEGREE DAYS
 HEATING
  YESTERDAY        0                         1     -1        0
  MONTH TO DATE   45                        51     -6       52
  SINCE MAR 1    533                       668   -135      466
  SINCE JUL 1   2506                      3240   -734     2609

 COOLING
  YESTERDAY       10                         7      3       13
  MONTH TO DATE  142                       119     23      104
  SINCE MAR 1    286                       179    107      199
  SINCE JAN 1    294                       180    114      199
..................................................................


WIND (MPH)
  HIGHEST WIND SPEED    17   HIGHEST WIND DIRECTION    SW (220)
  HIGHEST GUST SPEED    20   HIGHEST GUST DIRECTION    SW (220)
  AVERAGE WIND SPEED     6.1


SKY COVER
  POSSIBLE SUNSHINE  MM
  AVERAGE SKY COVER 0.5


WEATHER CONDITIONS
 THE FOLLOWING WEATHER WAS RECORDED YESTERDAY.
  LIGHT RAIN


RELATIVE HUMIDITY (PERCENT)
 HIGHEST    90          1200 AM
 LOWEST     50           300 PM
 AVERAGE    70

..........................................................


THE RALEIGH-DURHAM INTL AIRPORT NC CLIMATE NORMALS FOR TODAY
                         NORMAL    RECORD    YEAR
 MAXIMUM TEMPERATURE (F)   83        99      1941
 MINIMUM TEMPERATURE (F)   60        37      1961


SUNRISE AND SUNSET
MAY 28 2017...........SUNRISE   602 AM EDT   SUNSET   824 PM EDT
MAY 29 2017...........SUNRISE   601 AM EDT   SUNSET   824 PM EDT


-  INDICATES NEGATIVE NUMBERS.
R  INDICATES RECORD WAS SET OR TIED.
MM INDICATES DATA IS MISSING.
T  INDICATES TRACE AMOUNT.

&&

CLIMATE REPORT
NWS FORECAST OFFICE
NCSU CENTENNIAL CAMPUS
RALEIGH NC

MAXIMUM TEMPERATURE... 88

MINIMUM TEMPERATURE... 63

PRECIPITATION... TRACE

$$
