000
CDUS46 KBOI 271423
CLIREO


CLIMATE REPORT
NATIONAL WEATHER SERVICE BOISE ID
823 AM MDT THU APR 27 2017


...................................

...THE ROME OR CLIMATE SUMMARY FOR APRIL 26 2017...

CLIMATE NORMAL PERIOD 1981 TO 2010
CLIMATE RECORD PERIOD 9999 TO 9999


WEATHER ITEM   OBSERVED TIME   NORMAL DEPARTURE LAST
                VALUE   (LST)  VALUE  FROM      YEAR
                                      NORMAL
......................................................
TEMPERATURE (F)
 YESTERDAY
  MAXIMUM         57    328 PM  64     -7       62
  MINIMUM         38   1041 PM  33      5       31
  AVERAGE         48            48      0       47

PRECIPITATION (IN)
  YESTERDAY        0.13          0.03   0.10     0.00
  MONTH TO DATE    0.75          0.84  -0.09     0.69
  SINCE OCT 1      7.12          5.42   1.70     6.29
  SINCE JAN 1      4.74          3.23   1.51     1.86

DEGREE DAYS
 HEATING
  YESTERDAY       17            17      0       18
  MONTH TO DATE  464           516    -52      321
  SINCE MAR 1   1011          1297   -286      942
  SINCE JUL 1   5591          6031   -440     5038

 COOLING
  YESTERDAY        0             0      0        0
  MONTH TO DATE    0             0      0        0
  SINCE MAR 1      0             0      0        0
  SINCE JAN 1      0             0      0        0
......................................................


WIND (MPH)
  RESULTANT WIND SPEED   9   RESULTANT WIND DIRECTION  SW (240)
  HIGHEST WIND SPEED    26   HIGHEST WIND DIRECTION     W (280)
  HIGHEST GUST SPEED    34   HIGHEST GUST DIRECTION     W (270)
  AVERAGE WIND SPEED    13.4


SKY COVER
  AVERAGE SKY COVER 0.0


WEATHER CONDITIONS
 THE FOLLOWING WEATHER WAS RECORDED YESTERDAY.
  NO SIGNIFICANT WEATHER WAS OBSERVED.


RELATIVE HUMIDITY (PERCENT)
 HIGHEST    86           900 AM
 LOWEST     50           600 PM
 AVERAGE    68

..........................................................


THE ROME OR CLIMATE NORMALS FOR TODAY
                         NORMAL    RECORD    YEAR
 MAXIMUM TEMPERATURE (F)   64        MM        MM
 MINIMUM TEMPERATURE (F)   33        MM        MM


SUNRISE AND SUNSET
APRIL 27 2017.........SUNRISE   551 AM PDT   SUNSET   747 PM PDT
APRIL 28 2017.........SUNRISE   550 AM PDT   SUNSET   749 PM PDT


-  INDICATES NEGATIVE NUMBERS.
R  INDICATES RECORD WAS SET OR TIED.
MM INDICATES DATA IS MISSING.
T  INDICATES TRACE AMOUNT.




$$
