000
CDUS46 KBOI 250931
CLIREO


CLIMATE REPORT
NATIONAL WEATHER SERVICE BOISE ID
331 AM MDT MON SEP 25 2017


...................................

...THE ROME OR CLIMATE SUMMARY FOR SEPTEMBER 24 2017...

CLIMATE NORMAL PERIOD 1981 TO 2010
CLIMATE RECORD PERIOD 9999 TO 9999


WEATHER ITEM   OBSERVED TIME   NORMAL DEPARTURE LAST
                VALUE   (LST)  VALUE  FROM      YEAR
                                      NORMAL
......................................................
TEMPERATURE (F)
 YESTERDAY
  MAXIMUM         65        MM  76    -11       74
  MINIMUM         30        MM  37     -7       37
  AVERAGE         48            57     -9       56

PRECIPITATION (IN)
  YESTERDAY        0.00          0.02  -0.02     0.00
  MONTH TO DATE    0.40          0.29   0.11     0.64
  SINCE OCT 1      9.50          8.81   0.69     8.74
  SINCE JAN 1      7.12          6.62   0.50     4.31

DEGREE DAYS
 HEATING
  YESTERDAY       17             9      8        9
  MONTH TO DATE  140           122     18      148
  SINCE SEP 1    140           122     18      148
  SINCE JUL 1    140           163    -23      169

 COOLING
  YESTERDAY        0             0      0        0
  MONTH TO DATE  132            39     93       24
  SINCE SEP 1    132            39     93       24
  SINCE JAN 1   1037           505    532      685
......................................................


WIND (MPH)
  RESULTANT WIND SPEED   2   RESULTANT WIND DIRECTION   N (350)
  HIGHEST WIND SPEED    16   HIGHEST WIND DIRECTION     N (360)
  HIGHEST GUST SPEED    23   HIGHEST GUST DIRECTION     N (340)
  AVERAGE WIND SPEED     7.5


SKY COVER
  AVERAGE SKY COVER 0.0


WEATHER CONDITIONS
 THE FOLLOWING WEATHER WAS RECORDED YESTERDAY.
  NO SIGNIFICANT WEATHER WAS OBSERVED.


RELATIVE HUMIDITY (PERCENT)
 HIGHEST    92           600 AM
 LOWEST     22           100 PM
 AVERAGE    57

..........................................................


THE ROME OR CLIMATE NORMALS FOR TODAY
                         NORMAL    RECORD    YEAR
 MAXIMUM TEMPERATURE (F)   75        MM        MM
 MINIMUM TEMPERATURE (F)   37        MM        MM


SUNRISE AND SUNSET
SEPTEMBER 25 2017.....SUNRISE   642 AM PDT   SUNSET   643 PM PDT
SEPTEMBER 26 2017.....SUNRISE   643 AM PDT   SUNSET   641 PM PDT


-  INDICATES NEGATIVE NUMBERS.
R  INDICATES RECORD WAS SET OR TIED.
MM INDICATES DATA IS MISSING.
T  INDICATES TRACE AMOUNT.




$$
